000
CDUS41 KBTV 162119
CLIBTV


CLIMATE REPORT
NATIONAL WEATHER SERVICE BURLINGTON VT
518 PM EDT FRI JUN 16 2017


...................................

...THE BURLINGTON VT CLIMATE SUMMARY FOR JUNE 16 2017...
VALID TODAY AS OF 0500 PM LOCAL TIME.

CLIMATE NORMAL PERIOD 1981 TO 2010
CLIMATE RECORD PERIOD 1884 TO 2017


WEATHER ITEM   OBSERVED TIME   RECORD YEAR NORMAL DEPARTURE LAST
                VALUE   (LST)  VALUE       VALUE  FROM      YEAR
                                                  NORMAL
..................................................................
TEMPERATURE (F)
 TODAY
  MAXIMUM         70   1252 AM  94    1891  77     -7       82
  MINIMUM         58    929 AM  37    1961  56      2       55
  AVERAGE         64                        66     -2       69

PRECIPITATION (IN)
  TODAY            0.40          1.11 2005   0.12   0.28     0.00
  MONTH TO DATE    1.63                      1.97  -0.34     1.88
  SINCE JUN 1      1.63                      1.97  -0.34     1.88
  SINCE JAN 1     18.31                     14.28   4.03    12.73

SNOWFALL (IN)
  TODAY            0.0           0.0  2002   0.0    0.0      0.0
                                      2001
  MONTH TO DATE    0.0                       0.0    0.0      0.0
  SINCE JUN 1      0.0                       0.0    0.0      0.0
  SINCE JUL 1    100.4                      81.2   19.2     34.3
  SNOW DEPTH       0

DEGREE DAYS
 HEATING
  TODAY            1                         2     -1        0
  MONTH TO DATE   50                        55     -5       45
  SINCE JUN 1     50                        55     -5       45
  SINCE JUL 1   6326                      7416  -1090     6223

 COOLING
  TODAY            0                         3     -3        4
  MONTH TO DATE   50                        36     14       40
  SINCE JUN 1     50                        36     14       40
  SINCE JAN 1     92                        55     37      112
..................................................................


WIND (MPH)
  HIGHEST WIND SPEED    30   HIGHEST WIND DIRECTION     S (180)
  HIGHEST GUST SPEED    39   HIGHEST GUST DIRECTION     S (170)
  AVERAGE WIND SPEED    16.0


SKY COVER
  POSSIBLE SUNSHINE  MM
  AVERAGE SKY COVER 1.0


WEATHER CONDITIONS
 THE FOLLOWING WEATHER WAS RECORDED TODAY.
  RAIN
  LIGHT RAIN
  FOG


RELATIVE HUMIDITY (PERCENT)
 HIGHEST    93           900 AM
 LOWEST     57           100 AM
 AVERAGE    75

..........................................................


THE BURLINGTON VT CLIMATE NORMALS FOR TOMORROW
                         NORMAL    RECORD    YEAR
 MAXIMUM TEMPERATURE (F)   77        96      1994
 MINIMUM TEMPERATURE (F)   56        42      1925


SUNRISE AND SUNSET
JUNE 16 2017..........SUNRISE   507 AM EDT   SUNSET   839 PM EDT
JUNE 17 2017..........SUNRISE   507 AM EDT   SUNSET   840 PM EDT


-  INDICATES NEGATIVE NUMBERS.
R  INDICATES RECORD WAS SET OR TIED.
MM INDICATES DATA IS MISSING.
T  INDICATES TRACE AMOUNT.

$$
