000
CDUS41 KBTV 050528
CLIBTV


CLIMATE REPORT
NATIONAL WEATHER SERVICE BURLINGTON VT
126 AM EDT SAT APR 5 2014


...................................

...THE BURLINGTON VT CLIMATE SUMMARY FOR APRIL 4 2014...

CLIMATE NORMAL PERIOD 1981 TO 2010
CLIMATE RECORD PERIOD 1884 TO 2014


WEATHER ITEM   OBSERVED TIME   RECORD YEAR NORMAL DEPARTURE LAST
                VALUE   (LST)  VALUE       VALUE  FROM      YEAR
                                                  NORMAL
..................................................................
TEMPERATURE (F)
 YESTERDAY
  MAXIMUM         51   1247 PM  73    1981  49      2       53
                                      1974
  MINIMUM         25    544 AM   6    1911  30     -5       28
  AVERAGE         38                        40     -2       41

PRECIPITATION (IN)
  YESTERDAY        0.09          1.18 2006   0.09   0.00     0.00
  MONTH TO DATE    0.09                      0.35  -0.26     0.09
  SINCE MAR 1      1.97                      2.57  -0.60     2.14
  SINCE JAN 1      6.25                      6.39  -0.14     4.57

SNOWFALL (IN)
  YESTERDAY        0.0           2.7  2004   0.3   -0.3      0.0
  MONTH TO DATE    0.0                       1.0   -1.0      0.7
  SINCE MAR 1     25.4                      16.8    8.6     16.9
  SINCE JUL 1     83.7                      77.6    6.1     82.6
  SNOW DEPTH       0

DEGREE DAYS
 HEATING
  YESTERDAY       27                        26      1       24
  MONTH TO DATE  108                       106      2      121
  SINCE MAR 1   1430                      1160    270     1109
  SINCE JUL 1   6895                      6570    325     5987

 COOLING
  YESTERDAY        0                         0      0        0
  MONTH TO DATE    0                         0      0        0
  SINCE MAR 1      0                         0      0        0
  SINCE JAN 1      0                         0      0        0
..................................................................


WIND (MPH)
  HIGHEST WIND SPEED    25   HIGHEST WIND DIRECTION    SE (150)
  HIGHEST GUST SPEED    34   HIGHEST GUST DIRECTION    SE (140)
  AVERAGE WIND SPEED     7.7


SKY COVER
  POSSIBLE SUNSHINE  MM
  AVERAGE SKY COVER 0.4


WEATHER CONDITIONS
 THE FOLLOWING WEATHER WAS RECORDED YESTERDAY.
  LIGHT RAIN


RELATIVE HUMIDITY (PERCENT)
 HIGHEST    81           300 AM
 LOWEST     36          1200 PM
 AVERAGE    59

..........................................................


THE BURLINGTON VT CLIMATE NORMALS FOR TODAY
                         NORMAL    RECORD    YEAR
 MAXIMUM TEMPERATURE (F)   49        75      1928
 MINIMUM TEMPERATURE (F)   31         3      1964


SUNRISE AND SUNSET
APRIL  5 2014.........SUNRISE   626 AM EDT   SUNSET   725 PM EDT
APRIL  6 2014.........SUNRISE   625 AM EDT   SUNSET   726 PM EDT


-  INDICATES NEGATIVE NUMBERS.
R  INDICATES RECORD WAS SET OR TIED.
MM INDICATES DATA IS MISSING.
T  INDICATES TRACE AMOUNT.

&&

LAKE CHAMPLAIN DATA:
LEVEL...............95.83 FEET
TEMPERATURE.........36 DEGREES

MOUNT MANSFIELD DATA:
HIGH................35 DEGREES
LOW.................15 DEGREES
PRECIPITATION.......NONE
NEW SNOW............NONE
SNOW AT STAKE.......83 INCHES

$$
