000
CDUS41 KBTV 070531
CLIBTV


CLIMATE REPORT
NATIONAL WEATHER SERVICE BURLINGTON VT
129 AM EDT MON AUG 7 2017


...................................

...THE BURLINGTON VT CLIMATE SUMMARY FOR AUGUST 6 2017...

CLIMATE NORMAL PERIOD 1981 TO 2010
CLIMATE RECORD PERIOD 1884 TO 2017


WEATHER ITEM   OBSERVED TIME   RECORD YEAR NORMAL DEPARTURE LAST
                VALUE   (LST)  VALUE       VALUE  FROM      YEAR
                                                  NORMAL
..................................................................
TEMPERATURE (F)
 YESTERDAY
  MAXIMUM         75    437 PM  93    1947  80     -5       86
                                      1931
  MINIMUM         60   1159 PM  44    1964  60      0       64
  AVERAGE         68                        70     -2       75

PRECIPITATION (IN)
  YESTERDAY        T             1.40 1900   0.14  -0.14     0.04
  MONTH TO DATE    0.12                      0.83  -0.71     0.17
  SINCE JUN 1     10.74                      8.68   2.06     6.27
  SINCE JAN 1     27.42                     20.99   6.43    17.12

SNOWFALL (IN)
  YESTERDAY        0.0           0.0  2002   0.0    0.0      0.0
                                      2001
  MONTH TO DATE    0.0                       0.0    0.0      0.0
  SINCE JUN 1      0.0                       0.0    0.0      0.0
  SINCE JUL 1      0.0                       0.0    0.0      0.0
  SNOW DEPTH       0

DEGREE DAYS
 HEATING
  YESTERDAY        0                         1     -1        0
  MONTH TO DATE    0                         2     -2        0
  SINCE JUN 1     56                        88    -32       51
  SINCE JUL 1      4                        15    -11        3

 COOLING
  YESTERDAY        3                         6     -3       10
  MONTH TO DATE   54                        36     18       61
  SINCE JUN 1    367                       320     47      450
  SINCE JAN 1    409                       339     70      522
..................................................................


WIND (MPH)
  HIGHEST WIND SPEED    20   HIGHEST WIND DIRECTION    NW (310)
  HIGHEST GUST SPEED    27   HIGHEST GUST DIRECTION     W (270)
  AVERAGE WIND SPEED    10.6


SKY COVER
  POSSIBLE SUNSHINE  MM
  AVERAGE SKY COVER 0.5


WEATHER CONDITIONS
 THE FOLLOWING WEATHER WAS RECORDED YESTERDAY.
  LIGHT RAIN


RELATIVE HUMIDITY (PERCENT)
 HIGHEST    68           900 PM
 LOWEST     41           200 PM
 AVERAGE    55

..........................................................


THE BURLINGTON VT CLIMATE NORMALS FOR TODAY
                         NORMAL    RECORD    YEAR
 MAXIMUM TEMPERATURE (F)   80        95      2001
 MINIMUM TEMPERATURE (F)   60        40      1964


SUNRISE AND SUNSET
AUGUST  7 2017........SUNRISE   546 AM EDT   SUNSET   809 PM EDT
AUGUST  8 2017........SUNRISE   548 AM EDT   SUNSET   808 PM EDT


-  INDICATES NEGATIVE NUMBERS.
R  INDICATES RECORD WAS SET OR TIED.
MM INDICATES DATA IS MISSING.
T  INDICATES TRACE AMOUNT.

&&

LAKE CHAMPLAIN DATA:
LEVEL...............96.70 FEET
TEMPERATURE.........74 DEGREES

MOUNT MANSFIELD DATA:
HIGH................59 DEGREES
LOW.................42 DEGREES
PRECIPITATION.......0.32 INCHES

$$
