506
CDUS41 KBTV 050548
CLIBTV


CLIMATE REPORT
NATIONAL WEATHER SERVICE BURLINGTON VT
1244 AM EST FRI FEB 5 2016


...................................

...THE BURLINGTON VT CLIMATE SUMMARY FOR FEBRUARY 4 2016...

CLIMATE NORMAL PERIOD 1981 TO 2010
CLIMATE RECORD PERIOD 1884 TO 2016


WEATHER ITEM   OBSERVED TIME   RECORD YEAR NORMAL DEPARTURE LAST
                VALUE   (LST)  VALUE       VALUE  FROM      YEAR
                                                  NORMAL
..................................................................
TEMPERATURE (F)
 YESTERDAY
  MAXIMUM         54R  1250 AM  52    1991  28     26       30
  MINIMUM         34   1125 PM -26    1963  11     23       17
  AVERAGE         44                        19     25       24

PRECIPITATION (IN)
  YESTERDAY        0.02          0.62 1995   0.06  -0.04     0.04
  MONTH TO DATE    0.24                      0.26  -0.02     0.41
  SINCE DEC 1      5.87                      4.70   1.17     4.55
  SINCE JAN 1      1.43                      2.32  -0.89     1.70

SNOWFALL (IN)
  YESTERDAY        0.0          16.8  1995   0.6   -0.6      0.6
  MONTH TO DATE    0.0                       2.4   -2.4      7.0
  SINCE DEC 1     20.2                      41.4  -21.2     49.6
  SINCE JUL 1     20.4                      46.8  -26.4     60.2
  SNOW DEPTH       0

DEGREE DAYS
 HEATING
  YESTERDAY       21                        46    -25       41
  MONTH TO DATE  100                       184    -84      232
  SINCE DEC 1   2129                      2833   -704     2825
  SINCE JUL 1   3368                      4378  -1010     4150

 COOLING
  YESTERDAY        0                         0      0        0
  MONTH TO DATE    0                         0      0        0
  SINCE DEC 1      0                         0      0        0
  SINCE JAN 1      0                         0      0        0
..................................................................


WIND (MPH)
  HIGHEST WIND SPEED    20   HIGHEST WIND DIRECTION     W (290)
  HIGHEST GUST SPEED    27   HIGHEST GUST DIRECTION     W (270)
  AVERAGE WIND SPEED     6.7


SKY COVER
  POSSIBLE SUNSHINE  MM
  AVERAGE SKY COVER 0.8


WEATHER CONDITIONS
 THE FOLLOWING WEATHER WAS RECORDED YESTERDAY.
  RAIN
  FOG


RELATIVE HUMIDITY (PERCENT)
 HIGHEST    83          1200 AM
 LOWEST     41           400 PM
 AVERAGE    62

..........................................................


THE BURLINGTON VT CLIMATE NORMALS FOR TODAY
                         NORMAL    RECORD    YEAR
 MAXIMUM TEMPERATURE (F)   28        51      1991
 MINIMUM TEMPERATURE (F)   11       -27      1908


SUNRISE AND SUNSET
FEBRUARY  5 2016......SUNRISE   707 AM EST   SUNSET   507 PM EST
FEBRUARY  6 2016......SUNRISE   706 AM EST   SUNSET   508 PM EST


-  INDICATES NEGATIVE NUMBERS.
R  INDICATES RECORD WAS SET OR TIED.
MM INDICATES DATA IS MISSING.
T  INDICATES TRACE AMOUNT.







&&

LAKE CHAMPLAIN DATA:
LEVEL...............95.74 FEET
TEMPERATURE.........38 DEGREES

MOUNT MANSFIELD DATA:
HIGH................44 DEGREES
LOW.................24 DEGREES
PRECIPITATION.......0.04 INCHES
NEW SNOW............TRACE
SNOW AT STAKE.......20 INCHES

$$
