295
CDUS41 KBTV 170542
CLIBTV


CLIMATE REPORT
NATIONAL WEATHER SERVICE BURLINGTON VT
139 AM EDT FRI MAR 17 2017


...................................

...THE BURLINGTON VT CLIMATE SUMMARY FOR MARCH 16 2017...

CLIMATE NORMAL PERIOD 1981 TO 2010
CLIMATE RECORD PERIOD 1884 TO 2017


WEATHER ITEM   OBSERVED TIME   RECORD YEAR NORMAL DEPARTURE LAST
                VALUE   (LST)  VALUE       VALUE  FROM      YEAR
                                                  NORMAL
..................................................................
TEMPERATURE (F)
 YESTERDAY
  MAXIMUM         28    334 PM  78    1990  40    -12       50
  MINIMUM         17    831 AM  -9    1963  22     -5       38
  AVERAGE         23                        31     -8       44

PRECIPITATION (IN)
  YESTERDAY        T             1.36 1937   0.07  -0.07     0.34
  MONTH TO DATE    1.71                      1.09   0.62     1.28
  SINCE MAR 1      1.71                      1.09   0.62     1.28
  SINCE JAN 1      6.38                      4.91   1.47     5.61

SNOWFALL (IN)
  YESTERDAY        T            12.5  1937   0.6   -0.6      0.0
  MONTH TO DATE   31.8                       9.7   22.1      0.9
  SINCE MAR 1     31.8                       9.7   22.1      0.9
  SINCE JUL 1     91.0                      70.5   20.5     29.9
  SNOW DEPTH      18

DEGREE DAYS
 HEATING
  YESTERDAY       42                        34      8       21
  MONTH TO DATE  645                       593     52      481
  SINCE MAR 1    645                       593     52      481
  SINCE JUL 1   5023                      6003   -980     4865

 COOLING
  YESTERDAY        0                         0      0        0
  MONTH TO DATE    0                         0      0        0
  SINCE MAR 1      0                         0      0        0
  SINCE JAN 1      0                         0      0        0
..................................................................


WIND (MPH)
  HIGHEST WIND SPEED    23   HIGHEST WIND DIRECTION    NW (300)
  HIGHEST GUST SPEED    32   HIGHEST GUST DIRECTION    NW (300)
  AVERAGE WIND SPEED    10.6


SKY COVER
  POSSIBLE SUNSHINE  MM
  AVERAGE SKY COVER 0.9


WEATHER CONDITIONS
 THE FOLLOWING WEATHER WAS RECORDED YESTERDAY.
  LIGHT SNOW
  HAZE


RELATIVE HUMIDITY (PERCENT)
 HIGHEST    62          1200 AM
 LOWEST     42           200 PM
 AVERAGE    52

..........................................................


THE BURLINGTON VT CLIMATE NORMALS FOR TODAY
                         NORMAL    RECORD    YEAR
 MAXIMUM TEMPERATURE (F)   40        69      1990
 MINIMUM TEMPERATURE (F)   22        -8      2014


SUNRISE AND SUNSET
MARCH 17 2017.........SUNRISE   701 AM EDT   SUNSET   702 PM EDT
MARCH 18 2017.........SUNRISE   659 AM EDT   SUNSET   703 PM EDT


-  INDICATES NEGATIVE NUMBERS.
R  INDICATES RECORD WAS SET OR TIED.
MM INDICATES DATA IS MISSING.
T  INDICATES TRACE AMOUNT.







&&

LAKE CHAMPLAIN DATA:
LEVEL...............97.24 FEET
TEMPERATURE.........34 DEGREES

MOUNT MANSFIELD DATA:
HIGH................6 DEGREES
LOW.................-2 DEGREES
PRECIPITATION.......0.51 INCHES
NEW SNOW............9.1 INCHES

$$
