000
CDUS41 KBTV 080552
CLIBTV


CLIMATE REPORT
NATIONAL WEATHER SERVICE BURLINGTON VT
152 AM EDT SUN OCT 8 2017


...................................

...THE BURLINGTON VT CLIMATE SUMMARY FOR OCTOBER 7 2017...

CLIMATE NORMAL PERIOD 1981 TO 2010
CLIMATE RECORD PERIOD 1884 TO 2017


WEATHER ITEM   OBSERVED TIME   RECORD YEAR NORMAL DEPARTURE LAST
                VALUE   (LST)  VALUE       VALUE  FROM      YEAR
                                                  NORMAL
..................................................................
TEMPERATURE (F)
 YESTERDAY
  MAXIMUM         71   1153 PM  83    1963  61     10       77
                                      1947
  MINIMUM         55    210 AM  25    1964  42     13       49
  AVERAGE         63                        51     12       63

PRECIPITATION (IN)
  YESTERDAY        0.01          1.37 1959   0.12  -0.11     0.00
  MONTH TO DATE    0.14                      0.87  -0.73     0.11
  SINCE SEP 1      2.93                      4.51  -1.58     1.50
  SINCE JAN 1     32.63                     28.58   4.05    20.70

SNOWFALL (IN)
  YESTERDAY        0.0           T    2001   0.0    0.0      0.0
  MONTH TO DATE    0.0                       0.0    0.0      0.0
  SINCE SEP 1      0.0                       T      0.0      0.0
  SINCE JUL 1      0.0                       T      0.0      0.0
  SNOW DEPTH       0

DEGREE DAYS
 HEATING
  YESTERDAY        2                        14    -12        2
  MONTH TO DATE   42                        88    -46       33
  SINCE SEP 1    128                       263   -135      112
  SINCE JUL 1    151                       305   -154      117

 COOLING
  YESTERDAY        0                         0      0        0
  MONTH TO DATE    3                         0      3        0
  SINCE SEP 1    117                        41     76      108
  SINCE JAN 1    634                       489    145      852
..................................................................


WIND (MPH)
  HIGHEST WIND SPEED    22   HIGHEST WIND DIRECTION     S (190)
  HIGHEST GUST SPEED    30   HIGHEST GUST DIRECTION     S (190)
  AVERAGE WIND SPEED    10.0


SKY COVER
  POSSIBLE SUNSHINE  MM
  AVERAGE SKY COVER 0.8


WEATHER CONDITIONS
 THE FOLLOWING WEATHER WAS RECORDED YESTERDAY.
  LIGHT RAIN


RELATIVE HUMIDITY (PERCENT)
 HIGHEST    93          1200 AM
 LOWEST     63          1000 AM
 AVERAGE    78

..........................................................


THE BURLINGTON VT CLIMATE NORMALS FOR TODAY
                         NORMAL    RECORD    YEAR
 MAXIMUM TEMPERATURE (F)   60        77      1970
 MINIMUM TEMPERATURE (F)   42        22      1964


SUNRISE AND SUNSET
OCTOBER  8 2017.......SUNRISE   659 AM EDT   SUNSET   620 PM EDT
OCTOBER  9 2017.......SUNRISE   700 AM EDT   SUNSET   618 PM EDT


-  INDICATES NEGATIVE NUMBERS.
R  INDICATES RECORD WAS SET OR TIED.
MM INDICATES DATA IS MISSING.
T  INDICATES TRACE AMOUNT.

&&

LAKE CHAMPLAIN DATA:
LEVEL...............94.00 FEET
TEMPERATURE.........66 DEGREES

MOUNT MANSFIELD DATA:
HIGH................56 DEGREES
LOW.................44 DEGREES
PRECIPITATION.......0.05 INCHES

$$
