000
CDUS41 KBTV 150524
CLIBTV


CLIMATE REPORT
NATIONAL WEATHER SERVICE BURLINGTON VT
122 AM EDT FRI AUG 15 2014


...................................

...THE BURLINGTON VT CLIMATE SUMMARY FOR AUGUST 14 2014...

CLIMATE NORMAL PERIOD 1981 TO 2010
CLIMATE RECORD PERIOD 1884 TO 2014


WEATHER ITEM   OBSERVED TIME   RECORD YEAR NORMAL DEPARTURE LAST
                VALUE   (LST)  VALUE       VALUE  FROM      YEAR
                                                  NORMAL
..................................................................
TEMPERATURE (F)
 YESTERDAY
  MAXIMUM         68    406 PM  96    2002  80    -12       68
                                      1947
                                      1944
  MINIMUM         58   1159 PM  47    1923  59     -1       54
  AVERAGE         63                        69     -6       61

PRECIPITATION (IN)
  YESTERDAY        0.06          1.14 1948   0.14  -0.08     0.17
  MONTH TO DATE    1.56                      1.90  -0.34     2.06
  SINCE JUN 1     11.45                      9.75   1.70    16.41
  SINCE JAN 1     25.21                     22.06   3.15    31.68

SNOWFALL (IN)
  YESTERDAY        0.0           0.0  2002   0.0    0.0      0.0
                                      2001
  MONTH TO DATE    0.0                       0.0    0.0      0.0
  SINCE JUN 1      0.0                       0.0    0.0      0.0
  SINCE JUL 1      0.0                       0.0    0.0      0.0
  SNOW DEPTH       0

DEGREE DAYS
 HEATING
  YESTERDAY        2                         1      1        4
  MONTH TO DATE    2                        10     -8        6
  SINCE JUN 1     23                        96    -73       78
  SINCE JUL 1      3                        23    -20       13

 COOLING
  YESTERDAY        0                         5     -5        0
  MONTH TO DATE   85                        76      9       59
  SINCE JUN 1    413                       360     53      459
  SINCE JAN 1    435                       379     56      506
..................................................................


WIND (MPH)
  HIGHEST WIND SPEED    15   HIGHEST WIND DIRECTION     W (260)
  HIGHEST GUST SPEED    22   HIGHEST GUST DIRECTION     W (260)
  AVERAGE WIND SPEED     6.6


SKY COVER
  POSSIBLE SUNSHINE  MM
  AVERAGE SKY COVER 0.8


WEATHER CONDITIONS
 THE FOLLOWING WEATHER WAS RECORDED YESTERDAY.
  LIGHT RAIN
  FOG


RELATIVE HUMIDITY (PERCENT)
 HIGHEST    93          1200 AM
 LOWEST     45           200 PM
 AVERAGE    69

..........................................................


THE BURLINGTON VT CLIMATE NORMALS FOR TODAY
                         NORMAL    RECORD    YEAR
 MAXIMUM TEMPERATURE (F)   79        97      1944
 MINIMUM TEMPERATURE (F)   59        45      1907


SUNRISE AND SUNSET
AUGUST 15 2014........SUNRISE   555 AM EDT   SUNSET   758 PM EDT
AUGUST 16 2014........SUNRISE   557 AM EDT   SUNSET   756 PM EDT


-  INDICATES NEGATIVE NUMBERS.
R  INDICATES RECORD WAS SET OR TIED.
MM INDICATES DATA IS MISSING.
T  INDICATES TRACE AMOUNT.

&&

LAKE CHAMPLAIN DATA:
LEVEL...............95.84 FEET
TEMPERATURE.........73 DEGREES

MOUNT MANSFIELD DATA:
HIGH................Missing
LOW.................Missing
PRECIPITATION.......1.04 INCHES

$$
