000
CDUS41 KBTV 120539
CLIBTV


CLIMATE REPORT
NATIONAL WEATHER SERVICE BURLINGTON VT
138 AM EDT SAT APR 12 2014


...................................

...THE BURLINGTON VT CLIMATE SUMMARY FOR APRIL 11 2014...

CLIMATE NORMAL PERIOD 1981 TO 2010
CLIMATE RECORD PERIOD 1884 TO 2014


WEATHER ITEM   OBSERVED TIME   RECORD YEAR NORMAL DEPARTURE LAST
                VALUE   (LST)  VALUE       VALUE  FROM      YEAR
                                                  NORMAL
..................................................................
TEMPERATURE (F)
 YESTERDAY
  MAXIMUM         63   1244 PM  84    1945  53     10       41
  MINIMUM         36   1151 PM  12    1974  33      3       32
  AVERAGE         50                        43      7       37

PRECIPITATION (IN)
  YESTERDAY        0.06          1.36 1992   0.09  -0.03     0.00
  MONTH TO DATE    0.46                      0.98  -0.52     0.53
  SINCE MAR 1      2.34                      3.20  -0.86     2.58
  SINCE JAN 1      6.62                      7.02  -0.40     5.01

SNOWFALL (IN)
  YESTERDAY        0.0           4.3  1992   0.2   -0.2      0.0
  MONTH TO DATE    T                         2.4   -2.4      0.7
  SINCE MAR 1     25.4                      18.2    7.2     16.9
  SINCE JUL 1     83.7                      79.0    4.7     82.6
  SNOW DEPTH       0

DEGREE DAYS
 HEATING
  YESTERDAY       15                        22     -7       28
  MONTH TO DATE  256                       272    -16      282
  SINCE MAR 1   1578                      1326    252     1270
  SINCE JUL 1   7043                      6736    307     6148

 COOLING
  YESTERDAY        0                         0      0        0
  MONTH TO DATE    0                         0      0        0
  SINCE MAR 1      0                         0      0        0
  SINCE JAN 1      0                         0      0        0
..................................................................


WIND (MPH)
  HIGHEST WIND SPEED    25   HIGHEST WIND DIRECTION     S (190)
  HIGHEST GUST SPEED    33   HIGHEST GUST DIRECTION     S (190)
  AVERAGE WIND SPEED     7.2


SKY COVER
  POSSIBLE SUNSHINE  MM
  AVERAGE SKY COVER 0.6


WEATHER CONDITIONS
 THE FOLLOWING WEATHER WAS RECORDED YESTERDAY.
  LIGHT RAIN
  FOG


RELATIVE HUMIDITY (PERCENT)
 HIGHEST    92           500 AM
 LOWEST     25           500 PM
 AVERAGE    59

..........................................................


THE BURLINGTON VT CLIMATE NORMALS FOR TODAY
                         NORMAL    RECORD    YEAR
 MAXIMUM TEMPERATURE (F)   53        82      1945
 MINIMUM TEMPERATURE (F)   34        16      1976
                                             1975
                                             1926


SUNRISE AND SUNSET
APRIL 12 2014.........SUNRISE   614 AM EDT   SUNSET   734 PM EDT
APRIL 13 2014.........SUNRISE   612 AM EDT   SUNSET   735 PM EDT


-  INDICATES NEGATIVE NUMBERS.
R  INDICATES RECORD WAS SET OR TIED.
MM INDICATES DATA IS MISSING.
T  INDICATES TRACE AMOUNT.







&&

LAKE CHAMPLAIN DATA:
LEVEL...............97.70 FEET
TEMPERATURE.........36 DEGREES

MOUNT MANSFIELD DATA:
HIGH................43 DEGREES
LOW.................32 DEGREES
PRECIPITATION.......0.10 INCHES
NEW SNOW............NONE
SNOW AT STAKE.......77 INCHES

$$
