000
CDUS41 KBTV 212102
CLIBTV


CLIMATE REPORT
NATIONAL WEATHER SERVICE BURLINGTON VT
502 PM EDT FRI APR 21 2017


...................................

...THE BURLINGTON VT CLIMATE SUMMARY FOR APRIL 21 2017...
VALID TODAY AS OF 0500 PM LOCAL TIME.

CLIMATE NORMAL PERIOD 1981 TO 2010
CLIMATE RECORD PERIOD 1884 TO 2017


WEATHER ITEM   OBSERVED TIME   RECORD YEAR NORMAL DEPARTURE LAST
                VALUE   (LST)  VALUE       VALUE  FROM      YEAR
                                                  NORMAL
..................................................................
TEMPERATURE (F)
 TODAY
  MAXIMUM         54   1214 PM  83    1987  58     -4       76
                                      1977
  MINIMUM         43    237 AM  18    1908  37      6       32
  AVERAGE         49                        47      2       54

PRECIPITATION (IN)
  TODAY            0.43          0.83 1958   0.10   0.33      T
                                      1921
  MONTH TO DATE    3.56                      1.94   1.62     1.20
  SINCE MAR 1      6.83                      4.16   2.67     3.46
  SINCE JAN 1     11.50                      7.98   3.52     7.79

SNOWFALL (IN)
  TODAY           MM             2.2  1988   0.2   MM       MM
  MONTH TO DATE    4.4                       3.9    0.5      1.4
  SINCE MAR 1     41.2                      19.7   21.5      3.2
  SINCE JUL 1    100.4                      80.5   19.9     32.2
  SNOW DEPTH       0

DEGREE DAYS
 HEATING
  TODAY           16                        18     -2       11
  MONTH TO DATE  369                       469   -100      507
  SINCE MAR 1   1526                      1523      3     1374
  SINCE JUL 1   5904                      6933  -1029     5758

 COOLING
  TODAY            0                         0      0        0
  MONTH TO DATE    6                         0      6        0
  SINCE MAR 1      6                         0      6        0
  SINCE JAN 1      6                         0      6        0
..................................................................


WIND (MPH)
  HIGHEST WIND SPEED    20   HIGHEST WIND DIRECTION    SE (150)
  HIGHEST GUST SPEED    26   HIGHEST GUST DIRECTION    SE (140)
  AVERAGE WIND SPEED     8.2


SKY COVER
  POSSIBLE SUNSHINE  MM
  AVERAGE SKY COVER 1.0


WEATHER CONDITIONS
 THE FOLLOWING WEATHER WAS RECORDED TODAY.
  RAIN
  LIGHT RAIN
  FOG


RELATIVE HUMIDITY (PERCENT)
 HIGHEST   100           200 AM
 LOWEST     66          1200 PM
 AVERAGE    83

..........................................................


THE BURLINGTON VT CLIMATE NORMALS FOR TOMORROW
                         NORMAL    RECORD    YEAR
 MAXIMUM TEMPERATURE (F)   58        80      1973
                                             1885
 MINIMUM TEMPERATURE (F)   37        21      1947


SUNRISE AND SUNSET
APRIL 21 2017.........SUNRISE   558 AM EDT   SUNSET   745 PM EDT
APRIL 22 2017.........SUNRISE   557 AM EDT   SUNSET   746 PM EDT


-  INDICATES NEGATIVE NUMBERS.
R  INDICATES RECORD WAS SET OR TIED.
MM INDICATES DATA IS MISSING.
T  INDICATES TRACE AMOUNT.




$$
