000
CDUS41 KBTV 210607
CLIBTV


CLIMATE REPORT
NATIONAL WEATHER SERVICE BURLINGTON VT
107 AM EST SAT FEB 21 2015


...................................

...THE BURLINGTON VT CLIMATE SUMMARY FOR FEBRUARY 20 2015...

CLIMATE NORMAL PERIOD 1981 TO 2010
CLIMATE RECORD PERIOD 1884 TO 2015


WEATHER ITEM   OBSERVED TIME   RECORD YEAR NORMAL DEPARTURE LAST
                VALUE   (LST)  VALUE       VALUE  FROM      YEAR
                                                  NORMAL
..................................................................
TEMPERATURE (F)
 YESTERDAY
  MAXIMUM         15    424 PM  58    1981  32    -17       41
  MINIMUM         -2    804 AM -13    1968  14    -16       20
                                      1950
  AVERAGE          7                        23    -16       31

PRECIPITATION (IN)
  YESTERDAY        0.02          0.76 1909   0.06  -0.04     0.02
  MONTH TO DATE    1.00                      1.24  -0.24     1.13
  SINCE DEC 1      5.14                      5.68  -0.54     6.12
  SINCE JAN 1      2.29                      3.30  -1.01     3.58

SNOWFALL (IN)
  YESTERDAY        0.5           9.6  1946   0.6   -0.1      0.0
  MONTH TO DATE   21.4                      11.9    9.5     22.7
  SINCE DEC 1     64.0                      50.9   13.1     50.5
  SINCE JUL 1     74.6                      56.3   18.3     56.9
  SNOW DEPTH       9

DEGREE DAYS
 HEATING
  YESTERDAY       58                        42     16       34
  MONTH TO DATE 1166                       888    278      921
  SINCE DEC 1   3759                      3537    222     3644
  SINCE JUL 1   5084                      5082      2     5137

 COOLING
  YESTERDAY        0                         0      0        0
  MONTH TO DATE    0                         0      0        0
  SINCE DEC 1      0                         0      0        0
  SINCE JAN 1      0                         0      0        0
..................................................................


WIND (MPH)
  HIGHEST WIND SPEED    24   HIGHEST WIND DIRECTION    NW (300)
  HIGHEST GUST SPEED    32   HIGHEST GUST DIRECTION    NW (310)
  AVERAGE WIND SPEED     9.6


SKY COVER
  POSSIBLE SUNSHINE  MM
  AVERAGE SKY COVER 0.5


WEATHER CONDITIONS
 THE FOLLOWING WEATHER WAS RECORDED YESTERDAY.
  LIGHT SNOW
  HAZE


RELATIVE HUMIDITY (PERCENT)
 HIGHEST    65           700 AM
 LOWEST     40           500 PM
 AVERAGE    53

..........................................................


THE BURLINGTON VT CLIMATE NORMALS FOR TODAY
                         NORMAL    RECORD    YEAR
 MAXIMUM TEMPERATURE (F)   32        59      1981
 MINIMUM TEMPERATURE (F)   14       -19      1950


SUNRISE AND SUNSET
FEBRUARY 21 2015......SUNRISE   644 AM EST   SUNSET   529 PM EST
FEBRUARY 22 2015......SUNRISE   642 AM EST   SUNSET   531 PM EST


-  INDICATES NEGATIVE NUMBERS.
R  INDICATES RECORD WAS SET OR TIED.
MM INDICATES DATA IS MISSING.
T  INDICATES TRACE AMOUNT.

&&

LAKE CHAMPLAIN DATA:
LAKE LEVEL..........95.01 FEET
WATER TEMPERATURE...34 DEGREES

MOUNT MANSFIELD DATA:
HIGH TEMPERATURE...-3 DEGREES
LOW TEMPERATURE....-22 DEGREES
PRECIPITATION......0.10 INCHES
NEW SNOW...........1.0 INCHES

$$
