000
CDUS41 KBTV 172119
CLIBTV


CLIMATE REPORT
NATIONAL WEATHER SERVICE BURLINGTON VT
518 PM EDT SAT JUN 17 2017


...................................

...THE BURLINGTON VT CLIMATE SUMMARY FOR JUNE 17 2017...
VALID TODAY AS OF 0500 PM LOCAL TIME.

CLIMATE NORMAL PERIOD 1981 TO 2010
CLIMATE RECORD PERIOD 1884 TO 2017


WEATHER ITEM   OBSERVED TIME   RECORD YEAR NORMAL DEPARTURE LAST
                VALUE   (LST)  VALUE       VALUE  FROM      YEAR
                                                  NORMAL
..................................................................
TEMPERATURE (F)
 TODAY
  MAXIMUM         84    359 PM  96    1994  77      7       83
  MINIMUM         63    348 AM  42    1925  56      7       51
  AVERAGE         74                        66      8       67

PRECIPITATION (IN)
  TODAY            0.00          1.46 1909   0.12  -0.12     0.03
  MONTH TO DATE    1.63                      2.09  -0.46     1.91
  SINCE JUN 1      1.63                      2.09  -0.46     1.91
  SINCE JAN 1     18.31                     14.40   3.91    12.76

SNOWFALL (IN)
  TODAY            0.0           0.0  2002   0.0    0.0      0.0
                                      2001
  MONTH TO DATE    0.0                       0.0    0.0      0.0
  SINCE JUN 1      0.0                       0.0    0.0      0.0
  SINCE JUL 1    100.4                      81.2   19.2     34.3
  SNOW DEPTH       0

DEGREE DAYS
 HEATING
  TODAY            0                         2     -2        0
  MONTH TO DATE   50                        57     -7       45
  SINCE JUN 1     50                        57     -7       45
  SINCE JUL 1   6326                      7418  -1092     6223

 COOLING
  TODAY            9                         3      6        2
  MONTH TO DATE   59                        39     20       42
  SINCE JUN 1     59                        39     20       42
  SINCE JAN 1    101                        58     43      114
..................................................................


WIND (MPH)
  HIGHEST WIND SPEED    18   HIGHEST WIND DIRECTION     S (190)
  HIGHEST GUST SPEED    25   HIGHEST GUST DIRECTION     S (180)
  AVERAGE WIND SPEED    10.2


SKY COVER
  POSSIBLE SUNSHINE  MM
  AVERAGE SKY COVER 0.5


WEATHER CONDITIONS
 THE FOLLOWING WEATHER WAS RECORDED TODAY.
  NO SIGNIFICANT WEATHER WAS OBSERVED.


RELATIVE HUMIDITY (PERCENT)
 HIGHEST    90          1200 AM
 LOWEST     51           400 PM
 AVERAGE    71

..........................................................


THE BURLINGTON VT CLIMATE NORMALS FOR TOMORROW
                         NORMAL    RECORD    YEAR
 MAXIMUM TEMPERATURE (F)   77        97      1994
 MINIMUM TEMPERATURE (F)   56        40      1964


SUNRISE AND SUNSET
JUNE 17 2017..........SUNRISE   507 AM EDT   SUNSET   840 PM EDT
JUNE 18 2017..........SUNRISE   508 AM EDT   SUNSET   840 PM EDT


-  INDICATES NEGATIVE NUMBERS.
R  INDICATES RECORD WAS SET OR TIED.
MM INDICATES DATA IS MISSING.
T  INDICATES TRACE AMOUNT.




$$
