000
CDUS41 KBTV 082127
CLIBTV

CLIMATE REPORT
NATIONAL WEATHER SERVICE BURLINGTON VT
426 PM EST WED NOV 8 2017

...................................

...THE BURLINGTON VT CLIMATE SUMMARY FOR NOVEMBER 8 2017...
VALID TODAY AS OF 0400 PM LOCAL TIME.

CLIMATE NORMAL PERIOD 1981 TO 2010
CLIMATE RECORD PERIOD 1884 TO 2017


WEATHER ITEM   OBSERVED TIME   RECORD YEAR NORMAL DEPARTURE LAST
                VALUE   (LST)  VALUE       VALUE  FROM      YEAR
                                                  NORMAL
..................................................................
TEMPERATURE (F)
 TODAY
  MAXIMUM         47    253 PM  74    1996  49     -2       62
  MINIMUM         24    641 AM  15    1921  33     -9       30
  AVERAGE         36                        41     -5       46

PRECIPITATION (IN)
  TODAY            0.00          1.41 1947   0.11  -0.11     0.00
  MONTH TO DATE    0.66                      0.90  -0.24     0.61
  SINCE SEP 1      7.00                      8.14  -1.14     4.66
  SINCE JAN 1     36.70                     32.21   4.49    23.86

SNOWFALL (IN)
  TODAY            0.0           2.5  1968   0.2   -0.2      0.0
  MONTH TO DATE    0.0                       0.7   -0.7       T
  SINCE SEP 1      0.0                       1.0   -1.0       T
  SINCE JUL 1      0.0                       1.0   -1.0       T
  SNOW DEPTH       0

DEGREE DAYS
 HEATING
  TODAY           29                        24      5       19
  MONTH TO DATE  157                       184    -27      170
  SINCE SEP 1    454                       883   -429      654
  SINCE JUL 1    477                       925   -448      659

 COOLING
  TODAY            0                         0      0        0
  MONTH TO DATE    0                         0      0        0
  SINCE SEP 1    135                        43     92      111
  SINCE JAN 1    652                       491    161      855
..................................................................


WIND (MPH)
  HIGHEST WIND SPEED     7   HIGHEST WIND DIRECTION    NE (50)
  HIGHEST GUST SPEED    11   HIGHEST GUST DIRECTION     S (200)
  AVERAGE WIND SPEED     1.5


SKY COVER
  POSSIBLE SUNSHINE  MM
  AVERAGE SKY COVER 0.1


WEATHER CONDITIONS
 THE FOLLOWING WEATHER WAS RECORDED TODAY.
  NO SIGNIFICANT WEATHER WAS OBSERVED.


RELATIVE HUMIDITY (PERCENT)
 HIGHEST    88           600 AM
 LOWEST     31           100 PM
 AVERAGE    60

..........................................................


THE BURLINGTON VT CLIMATE NORMALS FOR TOMORROW
                         NORMAL    RECORD    YEAR
 MAXIMUM TEMPERATURE (F)   48        68      2011
 MINIMUM TEMPERATURE (F)   33        12      1971


SUNRISE AND SUNSET
NOVEMBER  8 2017......SUNRISE   640 AM EST   SUNSET   432 PM EST
NOVEMBER  9 2017......SUNRISE   641 AM EST   SUNSET   431 PM EST


-  INDICATES NEGATIVE NUMBERS.
R  INDICATES RECORD WAS SET OR TIED.
MM INDICATES DATA IS MISSING.
T  INDICATES TRACE AMOUNT.

$$
