000
CDUS41 KBTV 172118
CLIBTV


CLIMATE REPORT
NATIONAL WEATHER SERVICE BURLINGTON VT
517 PM EDT FRI OCT 17 2014


...................................

...THE BURLINGTON VT CLIMATE SUMMARY FOR OCTOBER 17 2014...
VALID TODAY AS OF 0500 PM LOCAL TIME.

CLIMATE NORMAL PERIOD 1981 TO 2010
CLIMATE RECORD PERIOD 1884 TO 2014


WEATHER ITEM   OBSERVED TIME   RECORD YEAR NORMAL DEPARTURE LAST
                VALUE   (LST)  VALUE       VALUE  FROM      YEAR
                                                  NORMAL
..................................................................
TEMPERATURE (F)
 TODAY
  MAXIMUM         69    247 PM  85    1947  57     12       69
  MINIMUM         60    757 AM  23    1978  39     21       53
                                      1937
  AVERAGE         65                        48     17       61

PRECIPITATION (IN)
  TODAY            0.00          1.22 1933   0.11  -0.11     0.29
  MONTH TO DATE    2.33                      2.05   0.28     1.86
  SINCE SEP 1      3.96                      5.69  -1.73     6.60
  SINCE JAN 1     29.66                     29.76  -0.10    39.29

SNOWFALL (IN)
  TODAY            0.0           0.1  1970   0.0    0.0      0.0
  MONTH TO DATE    0.0                       0.0    0.0      0.0
  SINCE SEP 1      0.0                       T      0.0      0.0
  SINCE JUL 1      0.0                       T      0.0      0.0
  SNOW DEPTH       0

DEGREE DAYS
 HEATING
  TODAY            0                        17    -17        4
  MONTH TO DATE  129                       246   -117      120
  SINCE SEP 1    280                       421   -141      315
  SINCE JUL 1    293                       463   -170      331

 COOLING
  TODAY            0                         0      0        0
  MONTH TO DATE   18                         0     18        4
  SINCE SEP 1     89                        41     48       62
  SINCE JAN 1    582                       489     93      662
..................................................................


WIND (MPH)
  HIGHEST WIND SPEED    20   HIGHEST WIND DIRECTION    SW (210)
  HIGHEST GUST SPEED    26   HIGHEST GUST DIRECTION     S (190)
  AVERAGE WIND SPEED    10.0


SKY COVER
  POSSIBLE SUNSHINE  MM
  AVERAGE SKY COVER 0.6


WEATHER CONDITIONS
 THE FOLLOWING WEATHER WAS RECORDED TODAY.
  NO SIGNIFICANT WEATHER WAS OBSERVED.


RELATIVE HUMIDITY (PERCENT)
 HIGHEST    78          1200 AM
 LOWEST     45           300 PM
 AVERAGE    62

..........................................................


THE BURLINGTON VT CLIMATE NORMALS FOR TOMORROW
                         NORMAL    RECORD    YEAR
 MAXIMUM TEMPERATURE (F)   56        84      1947
 MINIMUM TEMPERATURE (F)   38        23      1922


SUNRISE AND SUNSET
OCTOBER 17 2014.......SUNRISE   710 AM EDT   SUNSET   605 PM EDT
OCTOBER 18 2014.......SUNRISE   711 AM EDT   SUNSET   603 PM EDT


-  INDICATES NEGATIVE NUMBERS.
R  INDICATES RECORD WAS SET OR TIED.
MM INDICATES DATA IS MISSING.
T  INDICATES TRACE AMOUNT.




$$
