000
CDUS41 KBTV 130534
CLIBTV


CLIMATE REPORT
NATIONAL WEATHER SERVICE BURLINGTON VT
133 AM EDT MON MAR 13 2017


...................................

...THE BURLINGTON VT CLIMATE SUMMARY FOR MARCH 12 2017...

CLIMATE NORMAL PERIOD 1981 TO 2010
CLIMATE RECORD PERIOD 1884 TO 2017


WEATHER ITEM   OBSERVED TIME   RECORD YEAR NORMAL DEPARTURE LAST
                VALUE   (LST)  VALUE       VALUE  FROM      YEAR
                                                  NORMAL
..................................................................
TEMPERATURE (F)
 YESTERDAY
  MAXIMUM         19    446 PM  63    2012  38    -19       58
  MINIMUM          4    648 AM -17    1885  20    -16       25
  AVERAGE         12                        29    -17       42

PRECIPITATION (IN)
  YESTERDAY        0.00          1.20 1888   0.07  -0.07     0.00
  MONTH TO DATE    0.58                      0.81  -0.23     0.74
  SINCE MAR 1      0.58                      0.81  -0.23     0.74
  SINCE JAN 1      5.25                      4.63   0.62     5.07

SNOWFALL (IN)
  YESTERDAY        0.0          15.2  2014   0.5   -0.5      0.0
  MONTH TO DATE    1.4                       7.4   -6.0      0.9
  SINCE MAR 1      1.4                       7.4   -6.0      0.9
  SINCE JUL 1     60.6                      68.2   -7.6     29.9
  SNOW DEPTH       0

DEGREE DAYS
 HEATING
  YESTERDAY       53                        36     17       23
  MONTH TO DATE  463                       454      9      388
  SINCE MAR 1    463                       454      9      388
  SINCE JUL 1   4841                      5864  -1023     4772

 COOLING
  YESTERDAY        0                         0      0        0
  MONTH TO DATE    0                         0      0        0
  SINCE MAR 1      0                         0      0        0
  SINCE JAN 1      0                         0      0        0
..................................................................


WIND (MPH)
  HIGHEST WIND SPEED    23   HIGHEST WIND DIRECTION    NW (320)
  HIGHEST GUST SPEED    29   HIGHEST GUST DIRECTION    NW (330)
  AVERAGE WIND SPEED    13.9


SKY COVER
  POSSIBLE SUNSHINE  MM
  AVERAGE SKY COVER 0.5


WEATHER CONDITIONS
 THE FOLLOWING WEATHER WAS RECORDED YESTERDAY.
  NO SIGNIFICANT WEATHER WAS OBSERVED.


RELATIVE HUMIDITY (PERCENT)
 HIGHEST    54           700 AM
 LOWEST     34           300 PM
 AVERAGE    44

..........................................................


THE BURLINGTON VT CLIMATE NORMALS FOR TODAY
                         NORMAL    RECORD    YEAR
 MAXIMUM TEMPERATURE (F)   39        67      2012
 MINIMUM TEMPERATURE (F)   21        -7      1948


SUNRISE AND SUNSET
MARCH 13 2017.........SUNRISE   708 AM EDT   SUNSET   656 PM EDT
MARCH 14 2017.........SUNRISE   706 AM EDT   SUNSET   658 PM EDT


-  INDICATES NEGATIVE NUMBERS.
R  INDICATES RECORD WAS SET OR TIED.
MM INDICATES DATA IS MISSING.
T  INDICATES TRACE AMOUNT.


&&

LAKE CHAMPLAIN DATA:
LEVEL...............97.38 FEET
TEMPERATURE.........34 DEGREES

MOUNT MANSFIELD DATA:
HIGH................-2 DEGREES
LOW.................-15 DEGREES
PRECIPITATION.......NONE
NEW SNOW............NONE
SNOW AT STAKE.......67 INCHES

$$
