000
CDUS41 KBTV 052124
CLIBTV


CLIMATE REPORT
NATIONAL WEATHER SERVICE BURLINGTON VT
524 PM EDT SAT JUL 5 2014


...................................

...THE BURLINGTON VT CLIMATE SUMMARY FOR JULY 5 2014...
VALID TODAY AS OF 0500 PM LOCAL TIME.

CLIMATE NORMAL PERIOD 1981 TO 2010
CLIMATE RECORD PERIOD 1884 TO 2014


WEATHER ITEM   OBSERVED TIME   RECORD YEAR NORMAL DEPARTURE LAST
                VALUE   (LST)  VALUE       VALUE  FROM      YEAR
                                                  NORMAL
..................................................................
TEMPERATURE (F)
 TODAY
  MAXIMUM         83    335 PM  98    1911  81      2       90
  MINIMUM         61    532 AM  44    1962  60      1       69
  AVERAGE         72                        70      2       80

PRECIPITATION (IN)
  TODAY            0.00          1.44 1992   0.13  -0.13     0.56
  MONTH TO DATE    0.80                      0.65   0.15     3.05
  SINCE JUN 1      5.15                      4.34   0.81    12.91
  SINCE JAN 1     18.91                     16.65   2.26    28.18

SNOWFALL (IN)
  TODAY            0.0           0.0  2002   0.0    0.0      0.0
                                      2001
  MONTH TO DATE    0.0                       0.0    0.0      0.0
  SINCE JUN 1      0.0                       0.0    0.0      0.0
  SINCE JUL 1      0.0                       0.0    0.0      0.0
  SNOW DEPTH       0

DEGREE DAYS
 HEATING
  TODAY            0                         1     -1        0
  MONTH TO DATE    0                         5     -5        0
  SINCE JUN 1     20                        78    -58       65
  SINCE JUL 1      0                         5     -5        0

 COOLING
  TODAY            7                         6      1       15
  MONTH TO DATE   55                        30     25       47
  SINCE JUN 1    175                       127     48      162
  SINCE JAN 1    197                       146     51      209
..................................................................


WIND (MPH)
  HIGHEST WIND SPEED    20   HIGHEST WIND DIRECTION    NW (300)
  HIGHEST GUST SPEED    27   HIGHEST GUST DIRECTION     W (280)
  AVERAGE WIND SPEED    11.2


SKY COVER
  POSSIBLE SUNSHINE  MM
  AVERAGE SKY COVER 0.5


WEATHER CONDITIONS
 THE FOLLOWING WEATHER WAS RECORDED TODAY.
  NO SIGNIFICANT WEATHER WAS OBSERVED.


RELATIVE HUMIDITY (PERCENT)
 HIGHEST    78          1200 AM
 LOWEST     31           200 PM
 AVERAGE    55

..........................................................


THE BURLINGTON VT CLIMATE NORMALS FOR TOMORROW
                         NORMAL    RECORD    YEAR
 MAXIMUM TEMPERATURE (F)   81        95      2010
 MINIMUM TEMPERATURE (F)   60        39      1962


SUNRISE AND SUNSET
JULY  5 2014..........SUNRISE   514 AM EDT   SUNSET   840 PM EDT
JULY  6 2014..........SUNRISE   515 AM EDT   SUNSET   839 PM EDT


-  INDICATES NEGATIVE NUMBERS.
R  INDICATES RECORD WAS SET OR TIED.
MM INDICATES DATA IS MISSING.
T  INDICATES TRACE AMOUNT.




$$
