000
CDUS41 KBTV 200555
CLIBTV


CLIMATE REPORT
NATIONAL WEATHER SERVICE BURLINGTON VT
153 AM EDT WED JUL 20 2016


...................................

...THE BURLINGTON VT CLIMATE SUMMARY FOR JULY 19 2016...

CLIMATE NORMAL PERIOD 1981 TO 2010
CLIMATE RECORD PERIOD 1884 TO 2016


WEATHER ITEM   OBSERVED TIME   RECORD YEAR NORMAL DEPARTURE LAST
                VALUE   (LST)  VALUE       VALUE  FROM      YEAR
                                                  NORMAL
..................................................................
TEMPERATURE (F)
 YESTERDAY
  MAXIMUM         75    456 PM  98    2013  81     -6       89
  MINIMUM         58   1159 PM  48    1970  61     -3       69
                                      1929
  AVERAGE         67                        71     -4       79

PRECIPITATION (IN)
  YESTERDAY        0.00          1.28 1920   0.14  -0.14     0.11
  MONTH TO DATE    2.07                      2.54  -0.47     3.34
  SINCE JUN 1      5.12                      6.23  -1.11    12.01
  SINCE JAN 1     15.97                     18.54  -2.57    20.85

SNOWFALL (IN)
  YESTERDAY        0.0           0.0  2002   0.0    0.0      0.0
                                      2001
  MONTH TO DATE    0.0                       0.0    0.0      0.0
  SINCE JUN 1      0.0                       0.0    0.0      0.0
  SINCE JUL 1      0.0                       0.0    0.0      0.0
  SNOW DEPTH       0

DEGREE DAYS
 HEATING
  YESTERDAY        0                         0      0        0
  MONTH TO DATE    3                         8     -5        5
  SINCE JUN 1     51                        81    -30       76
  SINCE JUL 1      3                         8     -5        5

 COOLING
  YESTERDAY        2                         6     -4       14
  MONTH TO DATE  152                       114     38      112
  SINCE JUN 1    285                       211     74      187
  SINCE JAN 1    357                       230    127      280
..................................................................


WIND (MPH)
  HIGHEST WIND SPEED    21   HIGHEST WIND DIRECTION    NW (320)
  HIGHEST GUST SPEED    23   HIGHEST GUST DIRECTION    NW (320)
  AVERAGE WIND SPEED     8.0


SKY COVER
  POSSIBLE SUNSHINE  MM
  AVERAGE SKY COVER 0.7


WEATHER CONDITIONS
 THE FOLLOWING WEATHER WAS RECORDED YESTERDAY.
  NO SIGNIFICANT WEATHER WAS OBSERVED.


RELATIVE HUMIDITY (PERCENT)
 HIGHEST    84          1200 AM
 LOWEST     41          1100 AM
 AVERAGE    63

..........................................................


THE BURLINGTON VT CLIMATE NORMALS FOR TODAY
                         NORMAL    RECORD    YEAR
 MAXIMUM TEMPERATURE (F)   81        99      1977
 MINIMUM TEMPERATURE (F)   61        43      1929


SUNRISE AND SUNSET
JULY 20 2016..........SUNRISE   527 AM EDT   SUNSET   830 PM EDT
JULY 21 2016..........SUNRISE   528 AM EDT   SUNSET   829 PM EDT


-  INDICATES NEGATIVE NUMBERS.
R  INDICATES RECORD WAS SET OR TIED.
MM INDICATES DATA IS MISSING.
T  INDICATES TRACE AMOUNT.







&&

LAKE CHAMPLAIN DATA:
LEVEL...............94.78 FEET
TEMPERATURE.........70 DEGREES

MOUNT MANSFIELD DATA:
HIGH................61 DEGREES
LOW.................44 DEGREES
PRECIPITATION.......TRACE

$$
