000
CDUS41 KBTV 170546
CLIBTV


CLIMATE REPORT
NATIONAL WEATHER SERVICE BURLINGTON VT
1246 AM EST FRI FEB 17 2017


...................................

...THE BURLINGTON VT CLIMATE SUMMARY FOR FEBRUARY 16 2017...

CLIMATE NORMAL PERIOD 1981 TO 2010
CLIMATE RECORD PERIOD 1884 TO 2017


WEATHER ITEM   OBSERVED TIME   RECORD YEAR NORMAL DEPARTURE LAST
                VALUE   (LST)  VALUE       VALUE  FROM      YEAR
                                                  NORMAL
..................................................................
TEMPERATURE (F)
 YESTERDAY
  MAXIMUM         28    334 PM  55    2016  31     -3       55
  MINIMUM         25   1159 PM -26    1943  13     12       22
  AVERAGE         27                        22      5       39

PRECIPITATION (IN)
  YESTERDAY        0.14          1.34 1954   0.06   0.08     0.64
  MONTH TO DATE    1.74                      1.00   0.74     1.03
  SINCE DEC 1      6.09                      5.44   0.65     6.66
  SINCE JAN 1      3.74                      3.06   0.68     2.22

SNOWFALL (IN)
  YESTERDAY        2.9          12.1  1958   0.6    2.3      1.0
  MONTH TO DATE   30.4                       9.6   20.8      5.4
  SINCE DEC 1     54.7                      48.6    6.1     25.6
  SINCE JUL 1     59.0                      54.0    5.0     25.8
  SNOW DEPTH      15

DEGREE DAYS
 HEATING
  YESTERDAY       38                        43     -5       26
  MONTH TO DATE  663                       717    -54      649
  SINCE DEC 1   2860                      3366   -506     2678
  SINCE JUL 1   4065                      4911   -846     3917

 COOLING
  YESTERDAY        0                         0      0        0
  MONTH TO DATE    0                         0      0        0
  SINCE DEC 1      0                         0      0        0
  SINCE JAN 1      0                         0      0        0
..................................................................


WIND (MPH)
  HIGHEST WIND SPEED    20   HIGHEST WIND DIRECTION     W (290)
  HIGHEST GUST SPEED    28   HIGHEST GUST DIRECTION    NW (300)
  AVERAGE WIND SPEED    10.4


SKY COVER
  POSSIBLE SUNSHINE  MM
  AVERAGE SKY COVER 1.0


WEATHER CONDITIONS
 THE FOLLOWING WEATHER WAS RECORDED YESTERDAY.
  LIGHT SNOW
  FOG
  HAZE


RELATIVE HUMIDITY (PERCENT)
 HIGHEST    92           400 AM
 LOWEST     63           900 PM
 AVERAGE    78

..........................................................


THE BURLINGTON VT CLIMATE NORMALS FOR TODAY
                         NORMAL    RECORD    YEAR
 MAXIMUM TEMPERATURE (F)   31        53      1981
 MINIMUM TEMPERATURE (F)   13       -21      1963


SUNRISE AND SUNSET
FEBRUARY 17 2017......SUNRISE   649 AM EST   SUNSET   525 PM EST
FEBRUARY 18 2017......SUNRISE   648 AM EST   SUNSET   526 PM EST


-  INDICATES NEGATIVE NUMBERS.
R  INDICATES RECORD WAS SET OR TIED.
MM INDICATES DATA IS MISSING.
T  INDICATES TRACE AMOUNT.

&&

LAKE CHAMPLAIN DATA:
LEVEL...............95.10 FEET
TEMPERATURE.........35 DEGREES

MOUNT MANSFIELD DATA:
HIGH................23 DEGREES
LOW.................10 DEGREES
PRECIPITATION.......0.55 INCHES
NEW SNOW............9.0 INCHES
SNOW AT STAKE.......102 INCHES

$$
