000
CDUS41 KBTV 060552
CLIBTV


CLIMATE REPORT
NATIONAL WEATHER SERVICE BURLINGTON VT
150 AM EDT SUN AUG 6 2017


...................................

...THE BURLINGTON VT CLIMATE SUMMARY FOR AUGUST 5 2017...

CLIMATE NORMAL PERIOD 1981 TO 2010
CLIMATE RECORD PERIOD 1884 TO 2017


WEATHER ITEM   OBSERVED TIME   RECORD YEAR NORMAL DEPARTURE LAST
                VALUE   (LST)  VALUE       VALUE  FROM      YEAR
                                                  NORMAL
..................................................................
TEMPERATURE (F)
 YESTERDAY
  MAXIMUM         80    427 PM  95    1955  80      0       91
  MINIMUM         66   1159 PM  43    1972  60      6       71
  AVERAGE         73                        70      3       81

PRECIPITATION (IN)
  YESTERDAY        0.05          1.36 1953   0.13  -0.08     0.03
  MONTH TO DATE    0.12                      0.69  -0.57     0.13
  SINCE JUN 1     10.74                      8.54   2.20     6.23
  SINCE JAN 1     27.42                     20.85   6.57    17.08

SNOWFALL (IN)
  YESTERDAY        0.0           0.0  2002   0.0    0.0      0.0
                                      2001
  MONTH TO DATE    0.0                       0.0    0.0      0.0
  SINCE JUN 1      0.0                       0.0    0.0      0.0
  SINCE JUL 1      0.0                       0.0    0.0      0.0
  SNOW DEPTH       0

DEGREE DAYS
 HEATING
  YESTERDAY        0                         1     -1        0
  MONTH TO DATE    0                         1     -1        0
  SINCE JUN 1     56                        87    -31       51
  SINCE JUL 1      4                        14    -10        3

 COOLING
  YESTERDAY        8                         6      2       16
  MONTH TO DATE   51                        30     21       51
  SINCE JUN 1    364                       314     50      440
  SINCE JAN 1    406                       333     73      512
..................................................................


WIND (MPH)
  HIGHEST WIND SPEED    18   HIGHEST WIND DIRECTION     S (170)
  HIGHEST GUST SPEED    29   HIGHEST GUST DIRECTION     W (290)
  AVERAGE WIND SPEED     8.5


SKY COVER
  POSSIBLE SUNSHINE  MM
  AVERAGE SKY COVER 0.8


WEATHER CONDITIONS
 THE FOLLOWING WEATHER WAS RECORDED YESTERDAY.
  THUNDERSTORM
  FOG


RELATIVE HUMIDITY (PERCENT)
 HIGHEST    93          1200 PM
 LOWEST     49           700 PM
 AVERAGE    71

..........................................................


THE BURLINGTON VT CLIMATE NORMALS FOR TODAY
                         NORMAL    RECORD    YEAR
 MAXIMUM TEMPERATURE (F)   80        93      1947
                                             1931
 MINIMUM TEMPERATURE (F)   60        44      1964


SUNRISE AND SUNSET
AUGUST  6 2017........SUNRISE   545 AM EDT   SUNSET   811 PM EDT
AUGUST  7 2017........SUNRISE   546 AM EDT   SUNSET   809 PM EDT


-  INDICATES NEGATIVE NUMBERS.
R  INDICATES RECORD WAS SET OR TIED.
MM INDICATES DATA IS MISSING.
T  INDICATES TRACE AMOUNT.







&&

LAKE CHAMPLAIN DATA:
LEVEL...............96.74 FEET
TEMPERATURE.........74 DEGREES

MOUNT MANSFIELD DATA:
HIGH................69 DEGREES
LOW.................55 DEGREES
PRECIPITATION.......1.18 INCHES

$$
