000
CDUS41 KBTV 152132
CLIBTV


CLIMATE REPORT
NATIONAL WEATHER SERVICE BURLINGTON VT
531 PM EDT FRI AUG 15 2014


...................................

...THE BURLINGTON VT CLIMATE SUMMARY FOR AUGUST 15 2014...
VALID TODAY AS OF 0500 PM LOCAL TIME.

CLIMATE NORMAL PERIOD 1981 TO 2010
CLIMATE RECORD PERIOD 1884 TO 2014


WEATHER ITEM   OBSERVED TIME   RECORD YEAR NORMAL DEPARTURE LAST
                VALUE   (LST)  VALUE       VALUE  FROM      YEAR
                                                  NORMAL
..................................................................
TEMPERATURE (F)
 TODAY
  MAXIMUM         66   1233 PM  97    1944  79    -13       77
  MINIMUM         56    531 AM  45    1907  59     -3       50
  AVERAGE         61                        69     -8       64

PRECIPITATION (IN)
  TODAY            0.01          1.63 1981   0.13  -0.12     0.00
  MONTH TO DATE    1.57                      2.03  -0.46     2.06
  SINCE JUN 1     11.46                      9.88   1.58    16.41
  SINCE JAN 1     25.22                     22.19   3.03    31.68

SNOWFALL (IN)
  TODAY            0.0           0.0  2002   0.0    0.0      0.0
                                      2001
  MONTH TO DATE    0.0                       0.0    0.0      0.0
  SINCE JUN 1      0.0                       0.0    0.0      0.0
  SINCE JUL 1      0.0                       0.0    0.0      0.0
  SNOW DEPTH       0

DEGREE DAYS
 HEATING
  TODAY            4                         1      3        1
  MONTH TO DATE    6                        11     -5        7
  SINCE JUN 1     27                        97    -70       79
  SINCE JUL 1      7                        24    -17       14

 COOLING
  TODAY            0                         5     -5        0
  MONTH TO DATE   85                        81      4       59
  SINCE JUN 1    413                       365     48      459
  SINCE JAN 1    435                       384     51      506
..................................................................


WIND (MPH)
  HIGHEST WIND SPEED    15   HIGHEST WIND DIRECTION     S (170)
  HIGHEST GUST SPEED    19   HIGHEST GUST DIRECTION     S (190)
  AVERAGE WIND SPEED     8.4


SKY COVER
  POSSIBLE SUNSHINE  MM
  AVERAGE SKY COVER 1.0


WEATHER CONDITIONS
 THE FOLLOWING WEATHER WAS RECORDED TODAY.
  LIGHT RAIN


RELATIVE HUMIDITY (PERCENT)
 HIGHEST    80           700 AM
 LOWEST     60           200 PM
 AVERAGE    70

..........................................................


THE BURLINGTON VT CLIMATE NORMALS FOR TOMORROW
                         NORMAL    RECORD    YEAR
 MAXIMUM TEMPERATURE (F)   79        96      1944
 MINIMUM TEMPERATURE (F)   59        43      1972
                                             1923


SUNRISE AND SUNSET
AUGUST 15 2014........SUNRISE   555 AM EDT   SUNSET   758 PM EDT
AUGUST 16 2014........SUNRISE   557 AM EDT   SUNSET   756 PM EDT


-  INDICATES NEGATIVE NUMBERS.
R  INDICATES RECORD WAS SET OR TIED.
MM INDICATES DATA IS MISSING.
T  INDICATES TRACE AMOUNT.




$$
