000
CDUS41 KBTV 200615
CLIBTV


CLIMATE REPORT
NATIONAL WEATHER SERVICE BURLINGTON VT
214 AM EDT WED APR 20 2016


...................................

...THE BURLINGTON VT CLIMATE SUMMARY FOR APRIL 19 2016...

CLIMATE NORMAL PERIOD 1981 TO 2010
CLIMATE RECORD PERIOD 1884 TO 2016


WEATHER ITEM   OBSERVED TIME   RECORD YEAR NORMAL DEPARTURE LAST
                VALUE   (LST)  VALUE       VALUE  FROM      YEAR
                                                  NORMAL
..................................................................
TEMPERATURE (F)
 YESTERDAY
  MAXIMUM         59    311 PM  91    1976  57      2       55
  MINIMUM         39    416 AM  22    1918  36      3       38
  AVERAGE         49                        46      3       47

PRECIPITATION (IN)
  YESTERDAY        0.07          0.76 1969   0.09  -0.02     0.00
  MONTH TO DATE    1.20                      1.75  -0.55     1.25
  SINCE MAR 1      3.46                      3.97  -0.51     2.15
  SINCE JAN 1      7.79                      7.79   0.00     4.53

SNOWFALL (IN)
  YESTERDAY        0.0           6.0  1925   0.1   -0.1      0.0
  MONTH TO DATE    1.4                       3.6   -2.2      3.1
  SINCE MAR 1      3.2                      19.4  -16.2      7.5
  SINCE JUL 1     32.2                      80.2  -48.0     83.4
  SNOW DEPTH       0

DEGREE DAYS
 HEATING
  YESTERDAY       16                        19     -3       18
  MONTH TO DATE  477                       433     44      398
  SINCE MAR 1   1344                      1487   -143     1588
  SINCE JUL 1   5728                      6897  -1169     7105

 COOLING
  YESTERDAY        0                         0      0        0
  MONTH TO DATE    0                         0      0        0
  SINCE MAR 1      0                         0      0        0
  SINCE JAN 1      0                         0      0        0
..................................................................


WIND (MPH)
  HIGHEST WIND SPEED    22   HIGHEST WIND DIRECTION     N (340)
  HIGHEST GUST SPEED    29   HIGHEST GUST DIRECTION     N (340)
  AVERAGE WIND SPEED    14.2


SKY COVER
  POSSIBLE SUNSHINE  MM
  AVERAGE SKY COVER 0.5


WEATHER CONDITIONS
 THE FOLLOWING WEATHER WAS RECORDED YESTERDAY.
  RAIN
  LIGHT RAIN
  FOG


RELATIVE HUMIDITY (PERCENT)
 HIGHEST    89          1200 AM
 LOWEST     28           200 PM
 AVERAGE    59

..........................................................


THE BURLINGTON VT CLIMATE NORMALS FOR TODAY
                         NORMAL    RECORD    YEAR
 MAXIMUM TEMPERATURE (F)   57        86      1941
 MINIMUM TEMPERATURE (F)   37        16      1897


SUNRISE AND SUNSET
APRIL 20 2016.........SUNRISE   600 AM EDT   SUNSET   744 PM EDT
APRIL 21 2016.........SUNRISE   558 AM EDT   SUNSET   745 PM EDT


-  INDICATES NEGATIVE NUMBERS.
R  INDICATES RECORD WAS SET OR TIED.
MM INDICATES DATA IS MISSING.
T  INDICATES TRACE AMOUNT.




$$
