000
CDUS41 KBTV 110526
CLIBTV


CLIMATE REPORT
NATIONAL WEATHER SERVICE BURLINGTON VT
126 AM EDT THU AUG 11 2016


...................................

...THE BURLINGTON VT CLIMATE SUMMARY FOR AUGUST 10 2016...

CLIMATE NORMAL PERIOD 1981 TO 2010
CLIMATE RECORD PERIOD 1884 TO 2016


WEATHER ITEM   OBSERVED TIME   RECORD YEAR NORMAL DEPARTURE LAST
                VALUE   (LST)  VALUE       VALUE  FROM      YEAR
                                                  NORMAL
..................................................................
TEMPERATURE (F)
 YESTERDAY
  MAXIMUM         88    447 PM  97    1949  80      8       85
  MINIMUM         73    634 AM  47    1964  59     14       59
                                      1927
                                      1922
  AVERAGE         81                        70     11       72

PRECIPITATION (IN)
  YESTERDAY        0.00          1.51 1953   0.14  -0.14     0.00
  MONTH TO DATE    0.20                      1.37  -1.17     0.07
  SINCE JUN 1      6.30                      9.22  -2.92    13.41
  SINCE JAN 1     17.15                     21.53  -4.38    22.25

SNOWFALL (IN)
  YESTERDAY        0.0           0.0  2002   0.0    0.0      0.0
                                      2001
  MONTH TO DATE    0.0                       0.0    0.0      0.0
  SINCE JUN 1      0.0                       0.0    0.0      0.0
  SINCE JUL 1      0.0                       0.0    0.0      0.0
  SNOW DEPTH       0

DEGREE DAYS
 HEATING
  YESTERDAY        0                         1     -1        0
  MONTH TO DATE    0                         6     -6        1
  SINCE JUN 1     51                        92    -41       77
  SINCE JUL 1      3                        19    -16        6

 COOLING
  YESTERDAY       16                         5     11        7
  MONTH TO DATE   97                        56     41       60
  SINCE JUN 1    486                       340    146      354
  SINCE JAN 1    558                       359    199      447
..................................................................


WIND (MPH)
  HIGHEST WIND SPEED    21   HIGHEST WIND DIRECTION     S (190)
  HIGHEST GUST SPEED    27   HIGHEST GUST DIRECTION     S (180)
  AVERAGE WIND SPEED    11.4


SKY COVER
  POSSIBLE SUNSHINE  MM
  AVERAGE SKY COVER 0.4


WEATHER CONDITIONS
 THE FOLLOWING WEATHER WAS RECORDED YESTERDAY.
  NO SIGNIFICANT WEATHER WAS OBSERVED.


RELATIVE HUMIDITY (PERCENT)
 HIGHEST    76          1100 PM
 LOWEST     49          1200 AM
 AVERAGE    63

..........................................................


THE BURLINGTON VT CLIMATE NORMALS FOR TODAY
                         NORMAL    RECORD    YEAR
 MAXIMUM TEMPERATURE (F)   80       101      1944
 MINIMUM TEMPERATURE (F)   59        46      1972
                                             1963


SUNRISE AND SUNSET
AUGUST 11 2016........SUNRISE   551 AM EDT   SUNSET   803 PM EDT
AUGUST 12 2016........SUNRISE   553 AM EDT   SUNSET   802 PM EDT


-  INDICATES NEGATIVE NUMBERS.
R  INDICATES RECORD WAS SET OR TIED.
MM INDICATES DATA IS MISSING.
T  INDICATES TRACE AMOUNT.

&&

LAKE CHAMPLAIN DATA:
LAKE LEVEL..........94.29 FEET
WATER TEMPERATURE...75 DEGREES

MOUNT MANSFIELD DATA:
HIGH TEMPERATURE...71 DEGREES
LOW TEMPERATURE....59 DEGREES
PRECIPITATION......TRACE

$$
