000
CDUS41 KBTV 192126
CLIBTV


CLIMATE REPORT...CORRECTED
NATIONAL WEATHER SERVICE BURLINGTON VT
526 PM EDT MON JUN 19 2017


...................................

...THE BURLINGTON VT CLIMATE SUMMARY FOR JUNE 19 2017...
VALID TODAY AS OF 0500 PM LOCAL TIME.

CLIMATE NORMAL PERIOD 1981 TO 2010
CLIMATE RECORD PERIOD 1884 TO 2017


WEATHER ITEM   OBSERVED TIME   RECORD YEAR NORMAL DEPARTURE LAST
                VALUE   (LST)  VALUE       VALUE  FROM      YEAR
                                                  NORMAL
..................................................................
TEMPERATURE (F)
 TODAY
  MAXIMUM         83   1235 PM 100    1995  77      6       90
  MINIMUM         70    209 PM  37    1946  57     13       61
  AVERAGE         77                        67     10       76

PRECIPITATION (IN)
  TODAY            0.48          1.32 1914   0.12   0.36     0.00
  MONTH TO DATE    2.69                      2.33   0.36     1.91
  SINCE JUN 1      2.69                      2.33   0.36     1.91
  SINCE JAN 1     19.37                     14.64   4.73    12.76

SNOWFALL (IN)
  TODAY            0.0           0.0  2002   0.0    0.0      0.0
                                      2001
  MONTH TO DATE    0.0                       0.0    0.0      0.0
  SINCE JUN 1      0.0                       0.0    0.0      0.0
  SINCE JUL 1    100.4                      81.2   19.2     34.3
  SNOW DEPTH       0

DEGREE DAYS
 HEATING
  TODAY            0                         2     -2        0
  MONTH TO DATE   50                        61    -11       45
  SINCE JUN 1     50                        61    -11       45
  SINCE JUL 1   6326                      7422  -1096     6223

 COOLING
  TODAY           12                         4      8       11
  MONTH TO DATE   87                        47     40       60
  SINCE JUN 1     87                        47     40       60
  SINCE JAN 1    129                        66     63      132
..................................................................


WIND (MPH)
  HIGHEST WIND SPEED    20   HIGHEST WIND DIRECTION     S (190)
  HIGHEST GUST SPEED    29   HIGHEST GUST DIRECTION     S (190)
  AVERAGE WIND SPEED    12.0


SKY COVER
  POSSIBLE SUNSHINE  MM
  AVERAGE SKY COVER 0.7


WEATHER CONDITIONS
 THE FOLLOWING WEATHER WAS RECORDED TODAY.
  HEAVY RAIN
  RAIN
  LIGHT RAIN
  FOG


RELATIVE HUMIDITY (PERCENT)
 HIGHEST    93           200 AM
 LOWEST     74          1100 AM
 AVERAGE    84

..........................................................


THE BURLINGTON VT CLIMATE NORMALS FOR TOMORROW
                         NORMAL    RECORD    YEAR
 MAXIMUM TEMPERATURE (F)   78        95      2012
 MINIMUM TEMPERATURE (F)   57        35      1918


SUNRISE AND SUNSET
JUNE 19 2017..........SUNRISE   508 AM EDT   SUNSET   840 PM EDT
JUNE 20 2017..........SUNRISE   508 AM EDT   SUNSET   841 PM EDT


-  INDICATES NEGATIVE NUMBERS.
R  INDICATES RECORD WAS SET OR TIED.
MM INDICATES DATA IS MISSING.
T  INDICATES TRACE AMOUNT.




$$
