000
CDUS41 KBTV 140553 AAA
CLIBTV

CLIMATE REPORT
NATIONAL WEATHER SERVICE BURLINGTON VT
149 AM EDT SAT OCT 14 2017


...................................

...THE BURLINGTON VT CLIMATE SUMMARY FOR OCTOBER 13 2017...

CLIMATE NORMAL PERIOD 1981 TO 2010
CLIMATE RECORD PERIOD 1884 TO 2017


WEATHER ITEM   OBSERVED TIME   RECORD YEAR NORMAL DEPARTURE LAST
                VALUE   (LST)  VALUE       VALUE  FROM      YEAR
                                                  NORMAL
..................................................................
TEMPERATURE (F)
 YESTERDAY
  MAXIMUM         65    308 PM  81    1995  58      7       61
  MINIMUM         40    348 AM  26    2012  40      0       48
                                      1993
                                      1963
  AVERAGE         53                        49      4       55

PRECIPITATION (IN)
  YESTERDAY        0.00          1.51 1927   0.12  -0.12     0.13
  MONTH TO DATE    1.47                      1.59  -0.12     0.26
  SINCE SEP 1      4.26                      5.23  -0.97     1.65
  SINCE JAN 1     33.96                     29.30   4.66    20.85

SNOWFALL (IN)
  YESTERDAY        0.0           0.0  2002   0.0    0.0      0.0
                                      2001
  MONTH TO DATE    0.0                       0.0    0.0      0.0
  SINCE SEP 1      0.0                       T      0.0      0.0
  SINCE JUL 1      0.0                       T      0.0      0.0
  SNOW DEPTH       0

DEGREE DAYS
 HEATING
  YESTERDAY       12                        16     -4       10
  MONTH TO DATE   84                       179    -95       98
  SINCE SEP 1    170                       354   -184      177
  SINCE JUL 1    193                       396   -203      182

 COOLING
  YESTERDAY        0                         0      0        0
  MONTH TO DATE   11                         0     11        0
  SINCE SEP 1    125                        41     84      108
  SINCE JAN 1    642                       489    153      852
..................................................................


WIND (MPH)
  HIGHEST WIND SPEED    20   HIGHEST WIND DIRECTION     S (200)
  HIGHEST GUST SPEED    26   HIGHEST GUST DIRECTION     S (200)
  AVERAGE WIND SPEED    10.4


SKY COVER
  POSSIBLE SUNSHINE  MM
  AVERAGE SKY COVER 0.4


WEATHER CONDITIONS
 THE FOLLOWING WEATHER WAS RECORDED YESTERDAY.
  NO SIGNIFICANT WEATHER WAS OBSERVED.


RELATIVE HUMIDITY (PERCENT)
 HIGHEST    89          1200 AM
 LOWEST     42          1100 AM
 AVERAGE    66

..........................................................


THE BURLINGTON VT CLIMATE NORMALS FOR TODAY
                         NORMAL    RECORD    YEAR
 MAXIMUM TEMPERATURE (F)   58        79      2014
 MINIMUM TEMPERATURE (F)   39        22      1937


SUNRISE AND SUNSET
OCTOBER 14 2017.......SUNRISE   707 AM EDT   SUNSET   610 PM EDT
OCTOBER 15 2017.......SUNRISE   708 AM EDT   SUNSET   608 PM EDT


-  INDICATES NEGATIVE NUMBERS.
R  INDICATES RECORD WAS SET OR TIED.
MM INDICATES DATA IS MISSING.
T  INDICATES TRACE AMOUNT.

&&

LAKE CHAMPLAIN DATA:
LEVEL...............94.62 FEET
TEMPERATURE.........62 DEGREES

MOUNT MANSFIELD DATA:
HIGH................48 DEGREES
LOW.................36 DEGREES
PRECIPITATION.......NONE

$$
