000
CDUS41 KBTV 100615
CLIBTV


CLIMATE REPORT
NATIONAL WEATHER SERVICE BURLINGTON VT
214 AM EDT WED SEP 10 2014


...................................

...THE BURLINGTON VT CLIMATE SUMMARY FOR SEPTEMBER 9 2014...

CLIMATE NORMAL PERIOD 1981 TO 2010
CLIMATE RECORD PERIOD 1884 TO 2014


WEATHER ITEM   OBSERVED TIME   RECORD YEAR NORMAL DEPARTURE LAST
                VALUE   (LST)  VALUE       VALUE  FROM      YEAR
                                                  NORMAL
..................................................................
TEMPERATURE (F)
 YESTERDAY
  MAXIMUM         75    214 PM  98    2002  73      2       69
  MINIMUM         54    504 AM  37    1938  53      1       41
  AVERAGE         65                        63      2       55

PRECIPITATION (IN)
  YESTERDAY        0.00          1.90 1885   0.12  -0.12     0.00
  MONTH TO DATE    0.92                      0.99  -0.07     1.43
  SINCE SEP 1      0.92                      0.99  -0.07     1.43
  SINCE JAN 1     26.62                     25.06   1.56    34.12

SNOWFALL (IN)
  YESTERDAY        0.0           0.0  2002   0.0    0.0     MM
                                      2001
  MONTH TO DATE    0.0                       0.0    0.0      0.0
  SINCE SEP 1      0.0                       0.0    0.0      0.0
  SINCE JUL 1      0.0                       0.0    0.0      0.0
  SNOW DEPTH       0

DEGREE DAYS
 HEATING
  YESTERDAY        0                         4     -4       10
  MONTH TO DATE    1                        25    -24       42
  SINCE SEP 1      1                        25    -24       42
  SINCE JUL 1     14                        67    -53       58

 COOLING
  YESTERDAY        0                         2     -2        0
  MONTH TO DATE   56                        23     33       28
  SINCE SEP 1     56                        23     33       28
  SINCE JAN 1    549                       471     78      628
..................................................................


WIND (MPH)
  HIGHEST WIND SPEED    16   HIGHEST WIND DIRECTION     S (180)
  HIGHEST GUST SPEED    22   HIGHEST GUST DIRECTION     S (190)
  AVERAGE WIND SPEED     7.2


SKY COVER
  POSSIBLE SUNSHINE  MM
  AVERAGE SKY COVER 0.1


WEATHER CONDITIONS
 THE FOLLOWING WEATHER WAS RECORDED YESTERDAY.
  NO SIGNIFICANT WEATHER WAS OBSERVED.


RELATIVE HUMIDITY (PERCENT)
 HIGHEST    83           300 AM
 LOWEST     41           100 PM
 AVERAGE    62

..........................................................


THE BURLINGTON VT CLIMATE NORMALS FOR TODAY
                         NORMAL    RECORD    YEAR
 MAXIMUM TEMPERATURE (F)   73        93      2002
 MINIMUM TEMPERATURE (F)   53        33      1913


SUNRISE AND SUNSET
SEPTEMBER 10 2014.....SUNRISE   626 AM EDT   SUNSET   713 PM EDT
SEPTEMBER 11 2014.....SUNRISE   627 AM EDT   SUNSET   711 PM EDT


-  INDICATES NEGATIVE NUMBERS.
R  INDICATES RECORD WAS SET OR TIED.
MM INDICATES DATA IS MISSING.
T  INDICATES TRACE AMOUNT.

&&

LAKE CHAMPLAIN DATA:
LEVEL...............95.06 FEET
TEMPERATURE.........71 DEGREES

MOUNT MANSFIELD DATA:
HIGH................61 DEGREES
LOW.................43 DEGREES
PRECIPITATION.......NONE

$$
