000
CDUS41 KBTV 250533
CLIBTV


CLIMATE REPORT
NATIONAL WEATHER SERVICE BURLINGTON VT
133 AM EDT FRI JUL 25 2014


...................................

...THE BURLINGTON VT CLIMATE SUMMARY FOR JULY 24 2014...

CLIMATE NORMAL PERIOD 1981 TO 2010
CLIMATE RECORD PERIOD 1884 TO 2014


WEATHER ITEM   OBSERVED TIME   RECORD YEAR NORMAL DEPARTURE LAST
                VALUE   (LST)  VALUE       VALUE  FROM      YEAR
                                                  NORMAL
..................................................................
TEMPERATURE (F)
 YESTERDAY
  MAXIMUM         74    353 PM  95    1987  81     -7       71
  MINIMUM         56   1159 PM  45    1912  61     -5       54
  AVERAGE         65                        71     -6       63

PRECIPITATION (IN)
  YESTERDAY        0.00          1.15 1897   0.13  -0.13     0.27
  MONTH TO DATE    2.56                      3.21  -0.65     4.32
  SINCE JUN 1      6.91                      6.90   0.01    14.18
  SINCE JAN 1     20.67                     19.21   1.46    29.45

SNOWFALL (IN)
  YESTERDAY        0.0           0.0  2002   0.0    0.0      0.0
                                      2001
  MONTH TO DATE    0.0                       0.0    0.0      0.0
  SINCE JUN 1      0.0                       0.0    0.0      0.0
  SINCE JUL 1      0.0                       0.0    0.0      0.0
  SNOW DEPTH       0

DEGREE DAYS
 HEATING
  YESTERDAY        0                         0      0        2
  MONTH TO DATE    0                         8     -8        2
  SINCE JUN 1     20                        81    -61       67
  SINCE JUL 1      0                         8     -8        2

 COOLING
  YESTERDAY        0                         6     -6        0
  MONTH TO DATE  193                       144     49      254
  SINCE JUN 1    313                       241     72      369
  SINCE JAN 1    335                       260     75      416
..................................................................


WIND (MPH)
  HIGHEST WIND SPEED    16   HIGHEST WIND DIRECTION    NW (330)
  HIGHEST GUST SPEED    21   HIGHEST GUST DIRECTION    NW (330)
  AVERAGE WIND SPEED     8.1


SKY COVER
  POSSIBLE SUNSHINE  MM
  AVERAGE SKY COVER 0.4


WEATHER CONDITIONS
 THE FOLLOWING WEATHER WAS RECORDED YESTERDAY.
  NO SIGNIFICANT WEATHER WAS OBSERVED.


RELATIVE HUMIDITY (PERCENT)
 HIGHEST    86          1100 PM
 LOWEST     44           200 PM
 AVERAGE    65

..........................................................


THE BURLINGTON VT CLIMATE NORMALS FOR TODAY
                         NORMAL    RECORD    YEAR
 MAXIMUM TEMPERATURE (F)   81        97      1963
 MINIMUM TEMPERATURE (F)   61        45      1912


SUNRISE AND SUNSET
JULY 25 2014..........SUNRISE   532 AM EDT   SUNSET   826 PM EDT
JULY 26 2014..........SUNRISE   533 AM EDT   SUNSET   825 PM EDT


-  INDICATES NEGATIVE NUMBERS.
R  INDICATES RECORD WAS SET OR TIED.
MM INDICATES DATA IS MISSING.
T  INDICATES TRACE AMOUNT.




$$
