000
CDUS41 KBTV 062206
CLIBTV


CLIMATE REPORT
NATIONAL WEATHER SERVICE BURLINGTON VT
505 PM EST TUE FEB 6 2018


...................................

...THE BURLINGTON VT CLIMATE SUMMARY FOR FEBRUARY 6 2018...
VALID TODAY AS OF 0500 PM LOCAL TIME.

CLIMATE NORMAL PERIOD 1981 TO 2010
CLIMATE RECORD PERIOD 1884 TO 2018


WEATHER ITEM   OBSERVED TIME   RECORD YEAR NORMAL DEPARTURE LAST
                VALUE   (LST)  VALUE       VALUE  FROM      YEAR
                                                  NORMAL
..................................................................
TEMPERATURE (F)
 TODAY
  MAXIMUM         27    359 PM  50    2012  29     -2       29
                                      2005
  MINIMUM         12   1213 AM -24    1993  11      1       15
  AVERAGE         20                        20      0       22

PRECIPITATION (IN)
  TODAY            T             0.67 2008   0.06  -0.06     0.07
  MONTH TO DATE    0.23                      0.38  -0.15     0.23
  SINCE DEC 1      4.95                      4.82   0.13     4.58
  SINCE JAN 1      2.77                      2.44   0.33     2.23

SNOWFALL (IN)
  TODAY            T            11.3  2008   0.6   -0.6      2.9
  MONTH TO DATE    4.7                       3.6    1.1      6.4
  SINCE DEC 1     43.4                      42.6    0.8     30.7
  SINCE JUL 1     46.4                      48.0   -1.6     35.0
  SNOW DEPTH       3

DEGREE DAYS
 HEATING
  TODAY           45                        45      0       43
  MONTH TO DATE  256                       274    -18      240
  SINCE DEC 1   2959                      2923     36     2437
  SINCE JUL 1   4098                      4468   -370     3642

 COOLING
  TODAY            0                         0      0        0
  MONTH TO DATE    0                         0      0        0
  SINCE DEC 1      0                         0      0        0
  SINCE JAN 1      0                         0      0        0
..................................................................


WIND (MPH)
  HIGHEST WIND SPEED    20   HIGHEST WIND DIRECTION     S (190)
  HIGHEST GUST SPEED    26   HIGHEST GUST DIRECTION     S (200)
  AVERAGE WIND SPEED    11.1


SKY COVER
  POSSIBLE SUNSHINE  MM
  AVERAGE SKY COVER 0.9


WEATHER CONDITIONS
 THE FOLLOWING WEATHER WAS RECORDED TODAY.
  LIGHT SNOW


RELATIVE HUMIDITY (PERCENT)
 HIGHEST    68          1000 AM
 LOWEST     55           100 PM
 AVERAGE    62

..........................................................


THE BURLINGTON VT CLIMATE NORMALS FOR TOMORROW
                         NORMAL    RECORD    YEAR
 MAXIMUM TEMPERATURE (F)   29        49      2005
 MINIMUM TEMPERATURE (F)   11       -27      1993


SUNRISE AND SUNSET
FEBRUARY  6 2018......SUNRISE   705 AM EST   SUNSET   509 PM EST
FEBRUARY  7 2018......SUNRISE   704 AM EST   SUNSET   510 PM EST


-  INDICATES NEGATIVE NUMBERS.
R  INDICATES RECORD WAS SET OR TIED.
MM INDICATES DATA IS MISSING.
T  INDICATES TRACE AMOUNT.




$$
