000
CDUS41 KBTV 092055
CLIBTV


CLIMATE REPORT
NATIONAL WEATHER SERVICE BURLINGTON VT
455 PM EDT TUE MAY 9 2017


...................................

...THE BURLINGTON VT CLIMATE SUMMARY FOR MAY 9 2017...
VALID TODAY AS OF 0400 PM LOCAL TIME.

CLIMATE NORMAL PERIOD 1981 TO 2010
CLIMATE RECORD PERIOD 1884 TO 2017


WEATHER ITEM   OBSERVED TIME   RECORD YEAR NORMAL DEPARTURE LAST
                VALUE   (LST)  VALUE       VALUE  FROM      YEAR
                                                  NORMAL
..................................................................
TEMPERATURE (F)
 TODAY
  MAXIMUM         50    213 PM  92    1979  65    -15       54
  MINIMUM         35    509 AM  28    1985  43     -8       37
                                      1950
  AVERAGE         43                        54    -11       46

PRECIPITATION (IN)
  TODAY            T             1.91 2000   0.10  -0.10      T
  MONTH TO DATE    1.67                      0.91   0.76     1.24
  SINCE MAR 1      8.77                      5.95   2.82     5.30
  SINCE JAN 1     13.44                      9.77   3.67     9.63

SNOWFALL (IN)
  TODAY           MM             3.5  1966  -0.2   MM         T
  MONTH TO DATE    0.0                       0.0    0.0       T
  SINCE MAR 1     41.2                      20.4   20.8      5.3
  SINCE JUL 1    100.4                      81.2   19.2     34.3
  SNOW DEPTH       0

DEGREE DAYS
 HEATING
  TODAY           22                        11     11       19
  MONTH TO DATE  133                       112     21      124
  SINCE MAR 1   1760                      1776    -16     1687
  SINCE JUL 1   6138                      7186  -1048     6071

 COOLING
  TODAY            0                         0      0        0
  MONTH TO DATE    0                         0      0        0
  SINCE MAR 1     15                         2     13        0
  SINCE JAN 1     15                         2     13        0
..................................................................


WIND (MPH)
  HIGHEST WIND SPEED     9   HIGHEST WIND DIRECTION     N (360)
  HIGHEST GUST SPEED    14   HIGHEST GUST DIRECTION    NW (310)
  AVERAGE WIND SPEED     3.2


SKY COVER
  POSSIBLE SUNSHINE  MM
  AVERAGE SKY COVER 0.8


WEATHER CONDITIONS
 THE FOLLOWING WEATHER WAS RECORDED TODAY.
  NO SIGNIFICANT WEATHER WAS OBSERVED.


RELATIVE HUMIDITY (PERCENT)
 HIGHEST   100           400 AM
 LOWEST     49          1100 AM
 AVERAGE    75

..........................................................


THE BURLINGTON VT CLIMATE NORMALS FOR TOMORROW
                         NORMAL    RECORD    YEAR
 MAXIMUM TEMPERATURE (F)   65        89      2007
 MINIMUM TEMPERATURE (F)   43        25      1947


SUNRISE AND SUNSET
MAY  9 2017...........SUNRISE   532 AM EDT   SUNSET   807 PM EDT
MAY 10 2017...........SUNRISE   531 AM EDT   SUNSET   808 PM EDT


-  INDICATES NEGATIVE NUMBERS.
R  INDICATES RECORD WAS SET OR TIED.
MM INDICATES DATA IS MISSING.
T  INDICATES TRACE AMOUNT.




$$
