358
CDUS41 KBTV 212044
CLIBTV


CLIMATE REPORT
NATIONAL WEATHER SERVICE BURLINGTON VT
443 PM EDT WED SEP 21 2016


...................................

...THE BURLINGTON VT CLIMATE SUMMARY FOR SEPTEMBER 21 2016...
VALID TODAY AS OF 0400 PM LOCAL TIME.

CLIMATE NORMAL PERIOD 1981 TO 2010
CLIMATE RECORD PERIOD 1884 TO 2016


WEATHER ITEM   OBSERVED TIME   RECORD YEAR NORMAL DEPARTURE LAST
                VALUE   (LST)  VALUE       VALUE  FROM      YEAR
                                                  NORMAL
..................................................................
TEMPERATURE (F)
 TODAY
  MAXIMUM         82    150 PM  89    1914  68     14       71
  MINIMUM         55    526 AM  29    1929  49      6       43
  AVERAGE         69                        58     11       57

PRECIPITATION (IN)
  TODAY            0.00          3.11 1983   0.13  -0.13     0.00
  MONTH TO DATE    0.74                      2.46  -1.72     1.50
  SINCE SEP 1      0.74                      2.46  -1.72     1.50
  SINCE JAN 1     19.94                     26.53  -6.59    25.66

SNOWFALL (IN)
  TODAY            0.0           0.0  2002   0.0    0.0      0.0
                                      2001
  MONTH TO DATE    0.0                       0.0    0.0      0.0
  SINCE SEP 1      0.0                       0.0    0.0      0.0
  SINCE JUL 1      0.0                       0.0    0.0      0.0
  SNOW DEPTH       0

DEGREE DAYS
 HEATING
  TODAY            0                         7     -7        8
  MONTH TO DATE   22                        91    -69       17
  SINCE SEP 1     22                        91    -69       17
  SINCE JUL 1     27                       133   -106       23

 COOLING
  TODAY            4                         1      3        0
  MONTH TO DATE  102                        39     63      141
  SINCE SEP 1    102                        39     63      141
  SINCE JAN 1    846                       487    359      763
..................................................................


WIND (MPH)
  HIGHEST WIND SPEED    13   HIGHEST WIND DIRECTION     S (180)
  HIGHEST GUST SPEED    17   HIGHEST GUST DIRECTION     S (190)
  AVERAGE WIND SPEED     4.8


SKY COVER
  POSSIBLE SUNSHINE  MM
  AVERAGE SKY COVER 0.2


WEATHER CONDITIONS
 THE FOLLOWING WEATHER WAS RECORDED TODAY.
  NO SIGNIFICANT WEATHER WAS OBSERVED.


RELATIVE HUMIDITY (PERCENT)
 HIGHEST    83           600 AM
 LOWEST     28           100 PM
 AVERAGE    56

..........................................................


THE BURLINGTON VT CLIMATE NORMALS FOR TOMORROW
                         NORMAL    RECORD    YEAR
 MAXIMUM TEMPERATURE (F)   68        88      1965
                                             1914
 MINIMUM TEMPERATURE (F)   48        31      1962


SUNRISE AND SUNSET
SEPTEMBER 21 2016.....SUNRISE   639 AM EDT   SUNSET   651 PM EDT
SEPTEMBER 22 2016.....SUNRISE   640 AM EDT   SUNSET   649 PM EDT


-  INDICATES NEGATIVE NUMBERS.
R  INDICATES RECORD WAS SET OR TIED.
MM INDICATES DATA IS MISSING.
T  INDICATES TRACE AMOUNT.




$$
