000
CDUS41 KBTV 230545
CLIBTV

CLIMATE REPORT
NATIONAL WEATHER SERVICE BURLINGTON VT
1243 AM EST FRI JAN 23 2015

...................................

...THE BURLINGTON VT CLIMATE SUMMARY FOR JANUARY 22 2015...

CLIMATE NORMAL PERIOD 1981 TO 2010
CLIMATE RECORD PERIOD 1884 TO 2015


WEATHER ITEM   OBSERVED TIME   RECORD YEAR NORMAL DEPARTURE LAST
                VALUE   (LST)  VALUE       VALUE  FROM      YEAR
                                                  NORMAL
..................................................................
TEMPERATURE (F)
 YESTERDAY
  MAXIMUM         23    159 PM  59    1906  27     -4       -2
  MINIMUM          4    717 AM -22    1970  10     -6      -13
  AVERAGE         14                        18     -4       -7

PRECIPITATION (IN)
  YESTERDAY        0.00          0.86 1958   0.07  -0.07     0.00
  MONTH TO DATE    1.05                      1.46  -0.41     2.45
  SINCE DEC 1      3.90                      3.84   0.06     4.99
  SINCE JAN 1      1.05                      1.46  -0.41     2.45

SNOWFALL (IN)
  YESTERDAY        0.0           4.8  1987   0.7   -0.7      0.0
  MONTH TO DATE    8.7                      14.9   -6.2     12.5
  SINCE DEC 1     30.6                      32.8   -2.2     27.8
  SINCE JUL 1     41.2                      38.2    3.0     34.2
  SNOW DEPTH       1

DEGREE DAYS
 HEATING
  YESTERDAY       51                        47      4       72
  MONTH TO DATE 1053                      1019     34      978
  SINCE DEC 1   2131                      2233   -102     2258
  SINCE JUL 1   3456                      3778   -322     3751

 COOLING
  YESTERDAY        0                         0      0        0
  MONTH TO DATE    0                         0      0        0
  SINCE DEC 1      0                         0      0        0
  SINCE JAN 1      0                         0      0        0
..................................................................


WIND (MPH)
  HIGHEST WIND SPEED    10   HIGHEST WIND DIRECTION     N (340)
  HIGHEST GUST SPEED    12   HIGHEST GUST DIRECTION     N (340)
  AVERAGE WIND SPEED     2.7


SKY COVER
  POSSIBLE SUNSHINE  MM
  AVERAGE SKY COVER 0.4


WEATHER CONDITIONS
 THE FOLLOWING WEATHER WAS RECORDED YESTERDAY.
  LIGHT SNOW
  FOG
  HAZE


RELATIVE HUMIDITY (PERCENT)
 HIGHEST    88           400 AM
 LOWEST     62           500 PM
 AVERAGE    75

..........................................................


THE BURLINGTON VT CLIMATE NORMALS FOR TODAY
                         NORMAL    RECORD    YEAR
 MAXIMUM TEMPERATURE (F)   27        64      1906
 MINIMUM TEMPERATURE (F)   10       -19      1970


SUNRISE AND SUNSET
JANUARY 23 2015.......SUNRISE   720 AM EST   SUNSET   449 PM EST
JANUARY 24 2015.......SUNRISE   719 AM EST   SUNSET   450 PM EST


-  INDICATES NEGATIVE NUMBERS.
R  INDICATES RECORD WAS SET OR TIED.
MM INDICATES DATA IS MISSING.
T  INDICATES TRACE AMOUNT.

&&

LAKE CHAMPLAIN DATA:
LEVEL...............95.84 FEET
TEMPERATURE.........36 DEGREES

MOUNT MANSFIELD DATA:
HIGH................15 DEGREES
LOW.................7 DEGREES
PRECIPITATION.......NONE
NEW SNOW............NONE
SNOW AT STAKE.......58 INCHES

$$
