000
CDUS41 KBTV 120601
CLIBTV


CLIMATE REPORT
NATIONAL WEATHER SERVICE BURLINGTON VT
134 AM EDT FRI MAY 12 2017


...................................

...THE BURLINGTON VT CLIMATE SUMMARY FOR MAY 11 2017...

CLIMATE NORMAL PERIOD 1981 TO 2010
CLIMATE RECORD PERIOD 1884 TO 2017


WEATHER ITEM   OBSERVED TIME   RECORD YEAR NORMAL DEPARTURE LAST
                VALUE   (LST)  VALUE       VALUE  FROM      YEAR
                                                  NORMAL
..................................................................
TEMPERATURE (F)
 YESTERDAY
  MAXIMUM         59    327 PM  90    1911  66     -7       70
  MINIMUM         44    436 AM  27    1966  44      0       38
                                      1962
  AVERAGE         52                        55     -3       54

PRECIPITATION (IN)
  YESTERDAY        0.00          1.51 1976   0.10  -0.10     0.00
  MONTH TO DATE    1.67                      1.12   0.55     1.24
  SINCE MAR 1      8.77                      6.16   2.61     5.30
  SINCE JAN 1     13.44                      9.98   3.46     9.63

SNOWFALL (IN)
  YESTERDAY        0.0           0.1  1907   0.0    0.0      0.0
  MONTH TO DATE    0.0                       0.0    0.0       T
  SINCE MAR 1     41.2                      20.4   20.8      5.3
  SINCE JUL 1    100.4                      81.2   19.2     34.3
  SNOW DEPTH       0

DEGREE DAYS
 HEATING
  YESTERDAY       13                        11      2       11
  MONTH TO DATE  162                       134     28      149
  SINCE MAR 1   1789                      1798     -9     1712
  SINCE JUL 1   6167                      7208  -1041     6096

 COOLING
  YESTERDAY        0                         0      0        0
  MONTH TO DATE    0                         0      0        0
  SINCE MAR 1     15                         2     13        0
  SINCE JAN 1     15                         2     13        0
..................................................................


WIND (MPH)
  HIGHEST WIND SPEED    21   HIGHEST WIND DIRECTION    NW (310)
  HIGHEST GUST SPEED    24   HIGHEST GUST DIRECTION    NW (320)
  AVERAGE WIND SPEED     7.1


SKY COVER
  POSSIBLE SUNSHINE  MM
  AVERAGE SKY COVER 0.7


WEATHER CONDITIONS
 THE FOLLOWING WEATHER WAS RECORDED YESTERDAY.
  NO SIGNIFICANT WEATHER WAS OBSERVED.


RELATIVE HUMIDITY (PERCENT)
 HIGHEST    86          1100 PM
 LOWEST     55           200 PM
 AVERAGE    71

..........................................................


THE BURLINGTON VT CLIMATE NORMALS FOR TODAY
                         NORMAL    RECORD    YEAR
 MAXIMUM TEMPERATURE (F)   66        84      2004
 MINIMUM TEMPERATURE (F)   44        28      1963


SUNRISE AND SUNSET
MAY 12 2017...........SUNRISE   528 AM EDT   SUNSET   810 PM EDT
MAY 13 2017...........SUNRISE   527 AM EDT   SUNSET   811 PM EDT


-  INDICATES NEGATIVE NUMBERS.
R  INDICATES RECORD WAS SET OR TIED.
MM INDICATES DATA IS MISSING.
T  INDICATES TRACE AMOUNT.

&&

LAKE CHAMPLAIN DATA:
LEVEL...............99.24 FEET
TEMPERATURE.........40 DEGREES

MOUNT MANSFIELD DATA:
HIGH................45 DEGREES
LOW.................29 DEGREES
PRECIPITATION.......NONE
NEW SNOW............NONE
SNOW AT STAKE.......37 INCHES

$$
