000
CDUS41 KBTV 170527
CLIBTV

CLIMATE REPORT
NATIONAL WEATHER SERVICE BURLINGTON VT
127 AM EDT SAT SEP 17 2016

...................................

...THE BURLINGTON VT CLIMATE SUMMARY FOR SEPTEMBER 16 2016...

CLIMATE NORMAL PERIOD 1981 TO 2010
CLIMATE RECORD PERIOD 1884 TO 2016


WEATHER ITEM   OBSERVED TIME   RECORD YEAR NORMAL DEPARTURE LAST
                VALUE   (LST)  VALUE       VALUE  FROM      YEAR
                                                  NORMAL
..................................................................
TEMPERATURE (F)
 YESTERDAY
  MAXIMUM         75    353 PM  92    1939  70      5       85
  MINIMUM         43    555 AM  30    1964  51     -8       57
  AVERAGE         59                        61     -2       71

PRECIPITATION (IN)
  YESTERDAY        0.00          2.28 1999   0.12  -0.12     0.00
  MONTH TO DATE    0.62                      1.82  -1.20     1.37
  SINCE SEP 1      0.62                      1.82  -1.20     1.37
  SINCE JAN 1     19.82                     25.89  -6.07    25.53

SNOWFALL (IN)
  YESTERDAY        0.0           0.0  2002   0.0    0.0      0.0
                                      2001
  MONTH TO DATE    0.0                       0.0    0.0      0.0
  SINCE SEP 1      0.0                       0.0    0.0      0.0
  SINCE JUL 1      0.0                       0.0    0.0      0.0
  SNOW DEPTH       0

DEGREE DAYS
 HEATING
  YESTERDAY        6                         6      0        0
  MONTH TO DATE   22                        58    -36        2
  SINCE SEP 1     22                        58    -36        2
  SINCE JUL 1     27                       100    -73        8

 COOLING
  YESTERDAY        0                         1     -1        6
  MONTH TO DATE   69                        34     35      114
  SINCE SEP 1     69                        34     35      114
  SINCE JAN 1    813                       482    331      736
..................................................................


WIND (MPH)
  HIGHEST WIND SPEED    14   HIGHEST WIND DIRECTION    SW (210)
  HIGHEST GUST SPEED    16   HIGHEST GUST DIRECTION     S (170)
  AVERAGE WIND SPEED     3.8


SKY COVER
  POSSIBLE SUNSHINE  MM
  AVERAGE SKY COVER 0.2


WEATHER CONDITIONS
 THE FOLLOWING WEATHER WAS RECORDED YESTERDAY.
  HAZE


RELATIVE HUMIDITY (PERCENT)
 HIGHEST    89           600 AM
 LOWEST     33           300 PM
 AVERAGE    61

..........................................................


THE BURLINGTON VT CLIMATE NORMALS FOR TODAY
                         NORMAL    RECORD    YEAR
 MAXIMUM TEMPERATURE (F)   70        86      2015
 MINIMUM TEMPERATURE (F)   50        34      1961


SUNRISE AND SUNSET
SEPTEMBER 17 2016.....SUNRISE   634 AM EDT   SUNSET   659 PM EDT
SEPTEMBER 18 2016.....SUNRISE   636 AM EDT   SUNSET   657 PM EDT


-  INDICATES NEGATIVE NUMBERS.
R  INDICATES RECORD WAS SET OR TIED.
MM INDICATES DATA IS MISSING.
T  INDICATES TRACE AMOUNT.

&&

LAKE CHAMPLAIN DATA:
LEVEL...............94.08 FEET
TEMPERATURE.........70 DEGREES

MOUNT MANSFIELD DATA:
HIGH................58 DEGREES
LOW.................43 DEGREES
PRECIPITATION.......NONE

$$
