075
CDUS41 KBTV 150604
CLIBTV


CLIMATE REPORT
NATIONAL WEATHER SERVICE BURLINGTON VT
156 AM EDT SAT JUL 15 2017


...................................

...THE BURLINGTON VT CLIMATE SUMMARY FOR JULY 14 2017...

CLIMATE NORMAL PERIOD 1981 TO 2010
CLIMATE RECORD PERIOD 1884 TO 2017


WEATHER ITEM   OBSERVED TIME   RECORD YEAR NORMAL DEPARTURE LAST
                VALUE   (LST)  VALUE       VALUE  FROM      YEAR
                                                  NORMAL
..................................................................
TEMPERATURE (F)
 YESTERDAY
  MAXIMUM         71    412 PM 100    1995  81    -10       87
  MINIMUM         61   1227 AM  48    1940  61      0       73
  AVERAGE         66                        71     -5       80

PRECIPITATION (IN)
  YESTERDAY        0.04          2.87 1897   0.13  -0.09     0.39
  MONTH TO DATE    1.35                      1.86  -0.51     1.81
  SINCE JUN 1      8.52                      5.55   2.97     4.86
  SINCE JAN 1     25.20                     17.86   7.34    15.71

SNOWFALL (IN)
  YESTERDAY        0.0           0.0  2002   0.0    0.0      0.0
                                      2001
  MONTH TO DATE    0.0                       0.0    0.0      0.0
  SINCE JUN 1      0.0                       0.0    0.0      0.0
  SINCE JUL 1      0.0                       0.0    0.0      0.0
  SNOW DEPTH       0

DEGREE DAYS
 HEATING
  YESTERDAY        0                         0      0        0
  MONTH TO DATE    2                         8     -6        3
  SINCE JUN 1     54                        81    -27       51
  SINCE JUL 1      2                         8     -6        3

 COOLING
  YESTERDAY        1                         6     -5       15
  MONTH TO DATE   89                        84      5      107
  SINCE JUN 1    215                       181     34      240
  SINCE JAN 1    257                       200     57      312
..................................................................


WIND (MPH)
  HIGHEST WIND SPEED    20   HIGHEST WIND DIRECTION    SE (140)
  HIGHEST GUST SPEED    23   HIGHEST GUST DIRECTION    SE (140)
  AVERAGE WIND SPEED     7.5


SKY COVER
  POSSIBLE SUNSHINE  MM
  AVERAGE SKY COVER 1.0


WEATHER CONDITIONS
 THE FOLLOWING WEATHER WAS RECORDED YESTERDAY.
  THUNDERSTORM
  LIGHT RAIN
  FOG


RELATIVE HUMIDITY (PERCENT)
 HIGHEST    93           700 AM
 LOWEST     76           500 PM
 AVERAGE    85

..........................................................


THE BURLINGTON VT CLIMATE NORMALS FOR TODAY
                         NORMAL    RECORD    YEAR
 MAXIMUM TEMPERATURE (F)   81        93      2013
                                             1955
                                             1901
 MINIMUM TEMPERATURE (F)   61        44      1960


SUNRISE AND SUNSET
JULY 15 2017..........SUNRISE   522 AM EDT   SUNSET   834 PM EDT
JULY 16 2017..........SUNRISE   523 AM EDT   SUNSET   834 PM EDT


-  INDICATES NEGATIVE NUMBERS.
R  INDICATES RECORD WAS SET OR TIED.
MM INDICATES DATA IS MISSING.
T  INDICATES TRACE AMOUNT.




&&

LAKE CHAMPLAIN DATA:
LEVEL...............97.92 FEET
TEMPERATURE.........67 DEGREES

MOUNT MANSFIELD DATA:
HIGH................58 DEGREES
LOW.................47 DEGREES
PRECIPITATION.......0.28 INCHES

$$
