000
CDUS41 KBTV 092131
CLIBTV


CLIMATE REPORT
NATIONAL WEATHER SERVICE BURLINGTON VT
431 PM EST THU NOV 9 2017


...................................

...THE BURLINGTON VT CLIMATE SUMMARY FOR NOVEMBER 9 2017...
VALID TODAY AS OF 0400 PM LOCAL TIME.

CLIMATE NORMAL PERIOD 1981 TO 2010
CLIMATE RECORD PERIOD 1884 TO 2017


WEATHER ITEM   OBSERVED TIME   RECORD YEAR NORMAL DEPARTURE LAST
                VALUE   (LST)  VALUE       VALUE  FROM      YEAR
                                                  NORMAL
..................................................................
TEMPERATURE (F)
 TODAY
  MAXIMUM         46    359 PM  68    2011  48     -2       49
  MINIMUM         27    655 AM  12    1971  33     -6       37
  AVERAGE         37                        41     -4       43

PRECIPITATION (IN)
  TODAY            0.00          2.05 1895   0.11  -0.11     0.03
  MONTH TO DATE    0.66                      1.01  -0.35     0.64
  SINCE SEP 1      7.00                      8.25  -1.25     4.69
  SINCE JAN 1     36.70                     32.32   4.38    23.89

SNOWFALL (IN)
  TODAY            0.0           3.7  1952   0.1   -0.1      0.0
  MONTH TO DATE    0.0                       0.8   -0.8       T
  SINCE SEP 1      0.0                       1.1   -1.1       T
  SINCE JUL 1      0.0                       1.1   -1.1       T
  SNOW DEPTH       0

DEGREE DAYS
 HEATING
  TODAY           28                        24      4       22
  MONTH TO DATE  185                       208    -23      192
  SINCE SEP 1    482                       907   -425      676
  SINCE JUL 1    505                       949   -444      681

 COOLING
  TODAY            0                         0      0        0
  MONTH TO DATE    0                         0      0        0
  SINCE SEP 1    135                        43     92      111
  SINCE JAN 1    652                       491    161      855
..................................................................


WIND (MPH)
  HIGHEST WIND SPEED    22   HIGHEST WIND DIRECTION     S (180)
  HIGHEST GUST SPEED    32   HIGHEST GUST DIRECTION     S (190)
  AVERAGE WIND SPEED     6.4


SKY COVER
  POSSIBLE SUNSHINE  MM
  AVERAGE SKY COVER 0.5


WEATHER CONDITIONS
 THE FOLLOWING WEATHER WAS RECORDED TODAY.
  NO SIGNIFICANT WEATHER WAS OBSERVED.


RELATIVE HUMIDITY (PERCENT)
 HIGHEST    81           300 AM
 LOWEST     40          1100 AM
 AVERAGE    61

..........................................................


THE BURLINGTON VT CLIMATE NORMALS FOR TOMORROW
                         NORMAL    RECORD    YEAR
 MAXIMUM TEMPERATURE (F)   48        74      1948
 MINIMUM TEMPERATURE (F)   33        15      2004
                                             1991


SUNRISE AND SUNSET
NOVEMBER  9 2017......SUNRISE   641 AM EST   SUNSET   431 PM EST
NOVEMBER 10 2017......SUNRISE   642 AM EST   SUNSET   430 PM EST


-  INDICATES NEGATIVE NUMBERS.
R  INDICATES RECORD WAS SET OR TIED.
MM INDICATES DATA IS MISSING.
T  INDICATES TRACE AMOUNT.




$$
