000
CDUS41 KBTV 172040
CLIBTV


CLIMATE REPORT
NATIONAL WEATHER SERVICE BURLINGTON VT
440 PM EDT TUE MAY 17 2016


...................................

...THE BURLINGTON VT CLIMATE SUMMARY FOR MAY 17 2016...
VALID TODAY AS OF 0400 PM LOCAL TIME.

CLIMATE NORMAL PERIOD 1981 TO 2010
CLIMATE RECORD PERIOD 1884 TO 2016


WEATHER ITEM   OBSERVED TIME   RECORD YEAR NORMAL DEPARTURE LAST
                VALUE   (LST)  VALUE       VALUE  FROM      YEAR
                                                  NORMAL
..................................................................
TEMPERATURE (F)
 TODAY
  MAXIMUM         65    252 PM  90    1977  68     -3       79
  MINIMUM         36    241 AM  29    1957  46    -10       57
  AVERAGE         51                        57     -6       68

PRECIPITATION (IN)
  TODAY            0.00          1.62 1916   0.11  -0.11     0.00
  MONTH TO DATE    1.75                      1.76  -0.01     1.30
  SINCE MAR 1      5.81                      6.80  -0.99     4.84
  SINCE JAN 1     10.14                     10.62  -0.48     7.22

SNOWFALL (IN)
  TODAY            0.0           0.0  2002   0.0    0.0      0.0
                                      2001
  MONTH TO DATE    T                         0.0    0.0      0.0
  SINCE MAR 1      5.3                      20.4  -15.1      7.5
  SINCE JUL 1     34.3                      81.2  -46.9     83.4
  SNOW DEPTH       0

DEGREE DAYS
 HEATING
  TODAY           14                         9      5        0
  MONTH TO DATE  209                       191     18       75
  SINCE MAR 1   1772                      1855    -83     1864
  SINCE JUL 1   6156                      7265  -1109     7381

 COOLING
  TODAY            0                         0      0        3
  MONTH TO DATE    0                         0      0       30
  SINCE MAR 1      0                         2     -2       30
  SINCE JAN 1      0                         2     -2       30
..................................................................


WIND (MPH)
  HIGHEST WIND SPEED    17   HIGHEST WIND DIRECTION     N (360)
  HIGHEST GUST SPEED    20   HIGHEST GUST DIRECTION    NW (330)
  AVERAGE WIND SPEED     4.4


SKY COVER
  POSSIBLE SUNSHINE  MM
  AVERAGE SKY COVER 0.6


WEATHER CONDITIONS
 THE FOLLOWING WEATHER WAS RECORDED TODAY.
  NO SIGNIFICANT WEATHER WAS OBSERVED.


RELATIVE HUMIDITY (PERCENT)
 HIGHEST    82           400 AM
 LOWEST     25           100 PM
 AVERAGE    54

..........................................................


THE BURLINGTON VT CLIMATE NORMALS FOR TOMORROW
                         NORMAL    RECORD    YEAR
 MAXIMUM TEMPERATURE (F)   68        89      1989
                                             1962
 MINIMUM TEMPERATURE (F)   46        29      1983


SUNRISE AND SUNSET
MAY 17 2016...........SUNRISE   523 AM EDT   SUNSET   816 PM EDT
MAY 18 2016...........SUNRISE   522 AM EDT   SUNSET   817 PM EDT


-  INDICATES NEGATIVE NUMBERS.
R  INDICATES RECORD WAS SET OR TIED.
MM INDICATES DATA IS MISSING.
T  INDICATES TRACE AMOUNT.




$$
