000
CDUS41 KBTV 070527
CLIBTV


CLIMATE REPORT
NATIONAL WEATHER SERVICE BURLINGTON VT
122 AM EDT THU SEP 7 2017


...................................

...THE BURLINGTON VT CLIMATE SUMMARY FOR SEPTEMBER 6 2017...

CLIMATE NORMAL PERIOD 1981 TO 2010
CLIMATE RECORD PERIOD 1884 TO 2017


WEATHER ITEM   OBSERVED TIME   RECORD YEAR NORMAL DEPARTURE LAST
                VALUE   (LST)  VALUE       VALUE  FROM      YEAR
                                                  NORMAL
..................................................................
TEMPERATURE (F)
 YESTERDAY
  MAXIMUM         65    326 PM  90    2015  75    -10       87
                                      1945
  MINIMUM         58    621 AM  37    1942  54      4       56
                                      1938
  AVERAGE         62                        64     -2       72

PRECIPITATION (IN)
  YESTERDAY        0.20          1.63 1979   0.11   0.09     0.00
  MONTH TO DATE    2.15                      0.65   1.50     0.00
  SINCE SEP 1      2.15                      0.65   1.50     0.00
  SINCE JAN 1     31.85                     24.72   7.13    19.20

SNOWFALL (IN)
  YESTERDAY        0.0           0.0  2002   0.0    0.0      0.0
                                      2001
  MONTH TO DATE    0.0                       0.0    0.0      0.0
  SINCE SEP 1      0.0                       0.0    0.0      0.0
  SINCE JUL 1      0.0                       0.0    0.0      0.0
  SNOW DEPTH       0

DEGREE DAYS
 HEATING
  YESTERDAY        3                         3      0        0
  MONTH TO DATE   32                        15     17        3
  SINCE SEP 1     32                        15     17        3
  SINCE JUL 1     55                        57     -2        8

 COOLING
  YESTERDAY        0                         2     -2        7
  MONTH TO DATE    3                        17    -14       20
  SINCE SEP 1      3                        17    -14       20
  SINCE JAN 1    520                       465     55      764
..................................................................


WIND (MPH)
  HIGHEST WIND SPEED    12   HIGHEST WIND DIRECTION    SE (120)
  HIGHEST GUST SPEED    14   HIGHEST GUST DIRECTION    SE (130)
  AVERAGE WIND SPEED     2.7


SKY COVER
  POSSIBLE SUNSHINE  MM
  AVERAGE SKY COVER 0.8


WEATHER CONDITIONS
 THE FOLLOWING WEATHER WAS RECORDED YESTERDAY.
  LIGHT RAIN
  FOG


RELATIVE HUMIDITY (PERCENT)
 HIGHEST   100           200 AM
 LOWEST     78           300 PM
 AVERAGE    89

..........................................................


THE BURLINGTON VT CLIMATE NORMALS FOR TODAY
                         NORMAL    RECORD    YEAR
 MAXIMUM TEMPERATURE (F)   74        94      2015
                                             1945
 MINIMUM TEMPERATURE (F)   54        36      1962


SUNRISE AND SUNSET
SEPTEMBER  7 2017.....SUNRISE   622 AM EDT   SUNSET   718 PM EDT
SEPTEMBER  8 2017.....SUNRISE   624 AM EDT   SUNSET   716 PM EDT


-  INDICATES NEGATIVE NUMBERS.
R  INDICATES RECORD WAS SET OR TIED.
MM INDICATES DATA IS MISSING.
T  INDICATES TRACE AMOUNT.

&&

LAKE CHAMPLAIN DATA:
LEVEL...............95.44 FEET
TEMPERATURE.........67 DEGREES

MOUNT MANSFIELD DATA:
HIGH................52 DEGREES
LOW.................45 DEGREES
PRECIPITATION.......0.64 INCHES

$$
