569
CDUS41 KBTV 180533
CLIBTV


CLIMATE REPORT
NATIONAL WEATHER SERVICE BURLINGTON VT
1231 AM EST SUN FEB 18 2018


...................................

...THE BURLINGTON VT CLIMATE SUMMARY FOR FEBRUARY 17 2018...

CLIMATE NORMAL PERIOD 1981 TO 2010
CLIMATE RECORD PERIOD 1884 TO 2018


WEATHER ITEM   OBSERVED TIME   RECORD YEAR NORMAL DEPARTURE LAST
                VALUE   (LST)  VALUE       VALUE  FROM      YEAR
                                                  NORMAL
..................................................................
TEMPERATURE (F)
 YESTERDAY
  MAXIMUM         33   1023 PM  53    1981  31      2       32
  MINIMUM         15    711 AM -21    1963  13      2       15
  AVERAGE         24                        22      2       24

PRECIPITATION (IN)
  YESTERDAY        T             0.80 1954   0.06  -0.06      T
  MONTH TO DATE    0.92                      1.06  -0.14     1.74
  SINCE DEC 1      5.64                      5.50   0.14     6.09
  SINCE JAN 1      3.46                      3.12   0.34     3.74

SNOWFALL (IN)
  YESTERDAY        T             9.4  1952   0.6   -0.6       T
  MONTH TO DATE   11.7                      10.2    1.5     30.4
  SINCE DEC 1     50.4                      49.2    1.2     54.7
  SINCE JUL 1     53.4                      54.6   -1.2     59.0
  SNOW DEPTH       2

DEGREE DAYS
 HEATING
  YESTERDAY       41                        43     -2       41
  MONTH TO DATE  670                       760    -90      704
  SINCE DEC 1   3373                      3409    -36     2901
  SINCE JUL 1   4512                      4954   -442     4106

 COOLING
  YESTERDAY        0                         0      0        0
  MONTH TO DATE    0                         0      0        0
  SINCE DEC 1      0                         0      0        0
  SINCE JAN 1      0                         0      0        0
..................................................................


WIND (MPH)
  HIGHEST WIND SPEED    20   HIGHEST WIND DIRECTION     S (170)
  HIGHEST GUST SPEED    26   HIGHEST GUST DIRECTION     S (170)
  AVERAGE WIND SPEED     9.2


SKY COVER
  POSSIBLE SUNSHINE  MM
  AVERAGE SKY COVER 0.5


WEATHER CONDITIONS
 THE FOLLOWING WEATHER WAS RECORDED YESTERDAY.
  LIGHT SNOW


RELATIVE HUMIDITY (PERCENT)
 HIGHEST    80           500 AM
 LOWEST     32           400 PM
 AVERAGE    56

..........................................................


THE BURLINGTON VT CLIMATE NORMALS FOR TODAY
                         NORMAL    RECORD    YEAR
 MAXIMUM TEMPERATURE (F)   31        58      1981
 MINIMUM TEMPERATURE (F)   13       -25      1979


SUNRISE AND SUNSET
FEBRUARY 18 2018......SUNRISE   648 AM EST   SUNSET   526 PM EST
FEBRUARY 19 2018......SUNRISE   646 AM EST   SUNSET   527 PM EST


-  INDICATES NEGATIVE NUMBERS.
R  INDICATES RECORD WAS SET OR TIED.
MM INDICATES DATA IS MISSING.
T  INDICATES TRACE AMOUNT.

&&

LAKE CHAMPLAIN DATA:
LEVEL...............95.83 FEET
TEMPERATURE.........34 DEGREES

MOUNT MANSFIELD DATA:
HIGH................22 DEGREES
LOW.................3 DEGREES
PRECIPITATION.......0.05 INCHES
SNOW AT STAKE.......58 INCHES

$$
