000
CDUS41 KBTV 240537
CLIBTV

CLIMATE REPORT
NATIONAL WEATHER SERVICE BURLINGTON VT
1235 AM EST TUE FEB 24 2015

...................................

...THE BURLINGTON VT CLIMATE SUMMARY FOR FEBRUARY 23 2015...

CLIMATE NORMAL PERIOD 1981 TO 2010
CLIMATE RECORD PERIOD 1884 TO 2015


WEATHER ITEM   OBSERVED TIME   RECORD YEAR NORMAL DEPARTURE LAST
                VALUE   (LST)  VALUE       VALUE  FROM      YEAR
                                                  NORMAL
..................................................................
TEMPERATURE (F)
 YESTERDAY
  MAXIMUM         29   1202 AM  56    1984  33     -4       46
  MINIMUM        -15   1155 PM -22    1972  14    -29       27
  AVERAGE          7                        24    -17       37

PRECIPITATION (IN)
  YESTERDAY        T             0.61 1971   0.06  -0.06     0.00
  MONTH TO DATE    1.09                      1.43  -0.34     1.78
  SINCE DEC 1      5.23                      5.87  -0.64     6.77
  SINCE JAN 1      2.38                      3.49  -1.11     4.23

SNOWFALL (IN)
  YESTERDAY       MM             5.6  1971   0.6   MM        0.0
  MONTH TO DATE   22.7                      13.6    9.1     22.8
  SINCE DEC 1     65.3                      52.6   12.7     50.6
  SINCE JUL 1     75.9                      58.0   17.9     57.0
  SNOW DEPTH       8

DEGREE DAYS
 HEATING
  YESTERDAY       58                        42     16       28
  MONTH TO DATE 1314                      1014    300     1002
  SINCE DEC 1   3907                      3663    244     3725
  SINCE JUL 1   5232                      5208     24     5218

 COOLING
  YESTERDAY        0                         0      0        0
  MONTH TO DATE    0                         0      0        0
  SINCE DEC 1      0                         0      0        0
  SINCE JAN 1      0                         0      0        0
..................................................................


WIND (MPH)
  HIGHEST WIND SPEED    24   HIGHEST WIND DIRECTION    NW (320)
  HIGHEST GUST SPEED    31   HIGHEST GUST DIRECTION    NW (320)
  AVERAGE WIND SPEED    12.1


SKY COVER
  POSSIBLE SUNSHINE  MM
  AVERAGE SKY COVER 0.4


WEATHER CONDITIONS
 THE FOLLOWING WEATHER WAS RECORDED YESTERDAY.
  LIGHT SNOW


RELATIVE HUMIDITY (PERCENT)
 HIGHEST    65           200 AM
 LOWEST     39           400 PM
 AVERAGE    52

..........................................................


THE BURLINGTON VT CLIMATE NORMALS FOR TODAY
                         NORMAL    RECORD    YEAR
 MAXIMUM TEMPERATURE (F)   33        55      1930
 MINIMUM TEMPERATURE (F)   15       -18      1914


SUNRISE AND SUNSET
FEBRUARY 24 2015......SUNRISE   639 AM EST   SUNSET   533 PM EST
FEBRUARY 25 2015......SUNRISE   637 AM EST   SUNSET   535 PM EST


-  INDICATES NEGATIVE NUMBERS.
R  INDICATES RECORD WAS SET OR TIED.
MM INDICATES DATA IS MISSING.
T  INDICATES TRACE AMOUNT.

&&

LAKE CHAMPLAIN DATA:
LEVEL...............94.98 FEET
TEMPERATURE.........34 DEGREES

MOUNT MANSFIELD DATA:
HIGH................13 DEGREES
LOW.................-16 DEGREES
PRECIPITATION.......0.05 INCHES
NEW SNOW............4.0 INCHES
SNOW AT STAKE.......83 INCHES

$$
