000
CDUS41 KBTV 300543
CLIBTV


CLIMATE REPORT
NATIONAL WEATHER SERVICE BURLINGTON VT
143 AM EDT SUN AUG 30 2015


...................................

...THE BURLINGTON VT CLIMATE SUMMARY FOR AUGUST 29 2015...

CLIMATE NORMAL PERIOD 1981 TO 2010
CLIMATE RECORD PERIOD 1884 TO 2015


WEATHER ITEM   OBSERVED TIME   RECORD YEAR NORMAL DEPARTURE LAST
                VALUE   (LST)  VALUE       VALUE  FROM      YEAR
                                                  NORMAL
..................................................................
TEMPERATURE (F)
 YESTERDAY
  MAXIMUM         79    408 PM  92    1977  77      2       75
                                      1953
  MINIMUM         56    533 AM  41    1986  57     -1       54
                                      1941
  AVERAGE         68                        67      1       65

PRECIPITATION (IN)
  YESTERDAY        0.00          2.31 1949   0.11  -0.11     0.00
  MONTH TO DATE    1.98                      3.69  -1.71     1.97
  SINCE JUN 1     15.32                     11.54   3.78    11.86
  SINCE JAN 1     24.16                     23.85   0.31    25.62

SNOWFALL (IN)
  YESTERDAY        0.0           0.0  2002   0.0    0.0      0.0
                                      2001
  MONTH TO DATE    0.0                       0.0    0.0      0.0
  SINCE JUN 1      0.0                       0.0    0.0      0.0
  SINCE JUL 1      0.0                       0.0    0.0      0.0
  SNOW DEPTH       0

DEGREE DAYS
 HEATING
  YESTERDAY        0                         2     -2        0
  MONTH TO DATE    1                        28    -27       12
  SINCE JUN 1     77                       114    -37       33
  SINCE JUL 1      6                        41    -35       13

 COOLING
  YESTERDAY        3                         3      0        0
  MONTH TO DATE  219                       139     80      131
  SINCE JUN 1    513                       423     90      459
  SINCE JAN 1    606                       442    164      481
..................................................................


WIND (MPH)
  HIGHEST WIND SPEED    12   HIGHEST WIND DIRECTION     S (190)
  HIGHEST GUST SPEED    16   HIGHEST GUST DIRECTION     W (250)
  AVERAGE WIND SPEED     2.9


SKY COVER
  POSSIBLE SUNSHINE  MM
  AVERAGE SKY COVER 0.5


WEATHER CONDITIONS
 THE FOLLOWING WEATHER WAS RECORDED YESTERDAY.
  NO SIGNIFICANT WEATHER WAS OBSERVED.


RELATIVE HUMIDITY (PERCENT)
 HIGHEST    93           400 AM
 LOWEST     42           400 PM
 AVERAGE    68

..........................................................


THE BURLINGTON VT CLIMATE NORMALS FOR TODAY
                         NORMAL    RECORD    YEAR
 MAXIMUM TEMPERATURE (F)   77        93      1991
 MINIMUM TEMPERATURE (F)   56        39      1965


SUNRISE AND SUNSET
AUGUST 30 2015........SUNRISE   613 AM EDT   SUNSET   733 PM EDT
AUGUST 31 2015........SUNRISE   614 AM EDT   SUNSET   731 PM EDT


-  INDICATES NEGATIVE NUMBERS.
R  INDICATES RECORD WAS SET OR TIED.
MM INDICATES DATA IS MISSING.
T  INDICATES TRACE AMOUNT.

&&

LAKE CHAMPLAIN DATA:
LAKE LEVEL..........95.82 FEET
WATER TEMPERATURE...73 DEGREES

MOUNT MANSFIELD DATA:
HIGH TEMPERATURE...60 DEGREES
LOW TEMPERATURE....49 DEGREES
PRECIPITATION......NONE

$$
