000
CDUS41 KBTV 240544
CLIBTV


CLIMATE REPORT
NATIONAL WEATHER SERVICE BURLINGTON VT
1239 AM EST SAT FEB 24 2018


...................................

...THE BURLINGTON VT CLIMATE SUMMARY FOR FEBRUARY 23 2018...

CLIMATE NORMAL PERIOD 1981 TO 2010
CLIMATE RECORD PERIOD 1884 TO 2018


WEATHER ITEM   OBSERVED TIME   RECORD YEAR NORMAL DEPARTURE LAST
                VALUE   (LST)  VALUE       VALUE  FROM      YEAR
                                                  NORMAL
..................................................................
TEMPERATURE (F)
 YESTERDAY
  MAXIMUM         39   1159 PM  63    2017  33      6       63
  MINIMUM         18    536 AM -22    1972  14      4       42
  AVERAGE         29                        24      5       53

PRECIPITATION (IN)
  YESTERDAY        0.04          0.61 1971   0.06  -0.02     0.00
  MONTH TO DATE    1.16                      1.43  -0.27     1.74
  SINCE DEC 1      5.88                      5.87   0.01     6.09
  SINCE JAN 1      3.70                      3.49   0.21     3.74

SNOWFALL (IN)
  YESTERDAY        0.0           5.6  1971   0.6   -0.6      0.0
  MONTH TO DATE   12.3                      13.6   -1.3     30.4
  SINCE DEC 1     51.0                      52.6   -1.6     54.7
  SINCE JUL 1     54.0                      58.0   -4.0     59.0
  SNOW DEPTH       0

DEGREE DAYS
 HEATING
  YESTERDAY       36                        42     -6       12
  MONTH TO DATE  828                      1014   -186      859
  SINCE DEC 1   3531                      3663   -132     3056
  SINCE JUL 1   4670                      5208   -538     4261

 COOLING
  YESTERDAY        0                         0      0        0
  MONTH TO DATE    0                         0      0        0
  SINCE DEC 1      0                         0      0        0
  SINCE JAN 1      0                         0      0        0
..................................................................


WIND (MPH)
  HIGHEST WIND SPEED    31   HIGHEST WIND DIRECTION     S (190)
  HIGHEST GUST SPEED    44   HIGHEST GUST DIRECTION     S (190)
  AVERAGE WIND SPEED    13.8


SKY COVER
  POSSIBLE SUNSHINE  MM
  AVERAGE SKY COVER 0.7


WEATHER CONDITIONS
 THE FOLLOWING WEATHER WAS RECORDED YESTERDAY.
  LIGHT RAIN
  LT FREEZING RAIN
  FOG


RELATIVE HUMIDITY (PERCENT)
 HIGHEST    85          1000 PM
 LOWEST     51          1100 AM
 AVERAGE    68

..........................................................


THE BURLINGTON VT CLIMATE NORMALS FOR TODAY
                         NORMAL    RECORD    YEAR
 MAXIMUM TEMPERATURE (F)   33        55      1930
 MINIMUM TEMPERATURE (F)   15       -19      2015


SUNRISE AND SUNSET
FEBRUARY 24 2018......SUNRISE   638 AM EST   SUNSET   534 PM EST
FEBRUARY 25 2018......SUNRISE   637 AM EST   SUNSET   535 PM EST


-  INDICATES NEGATIVE NUMBERS.
R  INDICATES RECORD WAS SET OR TIED.
MM INDICATES DATA IS MISSING.
T  INDICATES TRACE AMOUNT.




&&

LAKE CHAMPLAIN DATA:
LEVEL...............96.52 FEET
TEMPERATURE.........35 DEGREES

MOUNT MANSFIELD DATA:
HIGH................24 DEGREES
LOW.................18 DEGREES
PRECIPITATION.......0.13 INCHES
SNOW AT STAKE.......46 INCHES

$$
