000
CDUS41 KBTV 042142
CLIBTV


CLIMATE REPORT
NATIONAL WEATHER SERVICE BURLINGTON VT
542 PM EDT TUE AUG 4 2015


...................................

...THE BURLINGTON VT CLIMATE SUMMARY FOR AUGUST 4 2015...
VALID TODAY AS OF 0500 PM LOCAL TIME.

CLIMATE NORMAL PERIOD 1981 TO 2010
CLIMATE RECORD PERIOD 1884 TO 2015


WEATHER ITEM   OBSERVED TIME   RECORD YEAR NORMAL DEPARTURE LAST
                VALUE   (LST)  VALUE       VALUE  FROM      YEAR
                                                  NORMAL
..................................................................
TEMPERATURE (F)
 TODAY
  MAXIMUM         80    140 PM  95    1944  80      0       84
  MINIMUM         66    435 AM  44    1914  60      6       66
  AVERAGE         73                        70      3       75

PRECIPITATION (IN)
  TODAY            0.01          1.74 1995   0.14  -0.13     0.08
  MONTH TO DATE    0.03                      0.56  -0.53     0.10
  SINCE JUN 1     13.37                      8.41   4.96     9.99
  SINCE JAN 1     22.21                     20.72   1.49    23.75

SNOWFALL (IN)
  TODAY            0.0           0.0  2002   0.0    0.0      0.0
                                      2001
  MONTH TO DATE    0.0                       0.0    0.0      0.0
  SINCE JUN 1      0.0                       0.0    0.0      0.0
  SINCE JUL 1      0.0                       0.0    0.0      0.0
  SNOW DEPTH       0

DEGREE DAYS
 HEATING
  TODAY            0                         0      0        0
  MONTH TO DATE    0                         0      0        0
  SINCE JUN 1     76                        86    -10       21
  SINCE JUL 1      5                        13     -8        1

 COOLING
  TODAY            8                         6      2       10
  MONTH TO DATE   23                        24     -1       33
  SINCE JUN 1    317                       308      9      361
  SINCE JAN 1    410                       327     83      383
..................................................................


WIND (MPH)
  HIGHEST WIND SPEED    15   HIGHEST WIND DIRECTION     S (200)
  HIGHEST GUST SPEED    20   HIGHEST GUST DIRECTION    SW (230)
  AVERAGE WIND SPEED     7.9


SKY COVER
  POSSIBLE SUNSHINE  MM
  AVERAGE SKY COVER 0.7


WEATHER CONDITIONS
 THE FOLLOWING WEATHER WAS RECORDED TODAY.
  NO SIGNIFICANT WEATHER WAS OBSERVED.


RELATIVE HUMIDITY (PERCENT)
 HIGHEST    76           600 AM
 LOWEST     45           200 PM
 AVERAGE    61

..........................................................


THE BURLINGTON VT CLIMATE NORMALS FOR TOMORROW
                         NORMAL    RECORD    YEAR
 MAXIMUM TEMPERATURE (F)   80        95      1955
 MINIMUM TEMPERATURE (F)   60        43      1972


SUNRISE AND SUNSET
AUGUST  4 2015........SUNRISE   542 AM EDT   SUNSET   814 PM EDT
AUGUST  5 2015........SUNRISE   544 AM EDT   SUNSET   813 PM EDT


-  INDICATES NEGATIVE NUMBERS.
R  INDICATES RECORD WAS SET OR TIED.
MM INDICATES DATA IS MISSING.
T  INDICATES TRACE AMOUNT.




$$
