000
CDUS41 KBTV 180600
CLIBTV


CLIMATE REPORT
NATIONAL WEATHER SERVICE BURLINGTON VT
156 AM EDT WED OCT 18 2017


...................................

...THE BURLINGTON VT CLIMATE SUMMARY FOR OCTOBER 17 2017...

CLIMATE NORMAL PERIOD 1981 TO 2010
CLIMATE RECORD PERIOD 1884 TO 2017


WEATHER ITEM   OBSERVED TIME   RECORD YEAR NORMAL DEPARTURE LAST
                VALUE   (LST)  VALUE       VALUE  FROM      YEAR
                                                  NORMAL
..................................................................
TEMPERATURE (F)
 YESTERDAY
  MAXIMUM         57    307 PM  85    1947  57      0       64
  MINIMUM         32    650 AM  23    1978  39     -7       48
                                      1937
  AVERAGE         45                        48     -3       56

PRECIPITATION (IN)
  YESTERDAY        0.00          1.22 1933   0.11  -0.11     0.01
  MONTH TO DATE    1.47                      2.05  -0.58     0.27
  SINCE SEP 1      4.26                      5.69  -1.43     1.66
  SINCE JAN 1     33.96                     29.76   4.20    20.86

SNOWFALL (IN)
  YESTERDAY        0.0           0.1  1970   0.0    0.0      0.0
  MONTH TO DATE    0.0                       0.0    0.0      0.0
  SINCE SEP 1      0.0                       T      0.0      0.0
  SINCE JUL 1      0.0                       T      0.0      0.0
  SNOW DEPTH       0

DEGREE DAYS
 HEATING
  YESTERDAY       20                        17      3        9
  MONTH TO DATE  120                       246   -126      149
  SINCE SEP 1    206                       421   -215      228
  SINCE JUL 1    229                       463   -234      233

 COOLING
  YESTERDAY        0                         0      0        0
  MONTH TO DATE   13                         0     13        0
  SINCE SEP 1    127                        41     86      108
  SINCE JAN 1    644                       489    155      852
..................................................................


WIND (MPH)
  HIGHEST WIND SPEED    20   HIGHEST WIND DIRECTION     S (180)
  HIGHEST GUST SPEED    28   HIGHEST GUST DIRECTION     S (170)
  AVERAGE WIND SPEED     9.6


SKY COVER
  POSSIBLE SUNSHINE  MM
  AVERAGE SKY COVER 0.3


WEATHER CONDITIONS
 THE FOLLOWING WEATHER WAS RECORDED YESTERDAY.
  NO SIGNIFICANT WEATHER WAS OBSERVED.


RELATIVE HUMIDITY (PERCENT)
 HIGHEST    92           600 AM
 LOWEST     35           200 PM
 AVERAGE    64

..........................................................


THE BURLINGTON VT CLIMATE NORMALS FOR TODAY
                         NORMAL    RECORD    YEAR
 MAXIMUM TEMPERATURE (F)   56        84      1947
 MINIMUM TEMPERATURE (F)   38        23      1922


SUNRISE AND SUNSET
OCTOBER 18 2017.......SUNRISE   712 AM EDT   SUNSET   603 PM EDT
OCTOBER 19 2017.......SUNRISE   713 AM EDT   SUNSET   601 PM EDT


-  INDICATES NEGATIVE NUMBERS.
R  INDICATES RECORD WAS SET OR TIED.
MM INDICATES DATA IS MISSING.
T  INDICATES TRACE AMOUNT.







&&

LAKE CHAMPLAIN DATA:
LEVEL...............94.42 FEET
TEMPERATURE.........59 DEGREES

MOUNT MANSFIELD DATA:
HIGH................34 DEGREES
LOW.................22 DEGREES
PRECIPITATION.......NONE

$$
