000
CDUS41 KBTV 180530
CLIBTV

CLIMATE REPORT
NATIONAL WEATHER SERVICE BURLINGTON VT
128 AM EDT FRI AUG 18 2017

...................................

...THE BURLINGTON VT CLIMATE SUMMARY FOR AUGUST 17 2017...

CLIMATE NORMAL PERIOD 1981 TO 2010
CLIMATE RECORD PERIOD 1884 TO 2017


WEATHER ITEM   OBSERVED TIME   RECORD YEAR NORMAL DEPARTURE LAST
                VALUE   (LST)  VALUE       VALUE  FROM      YEAR
                                                  NORMAL
..................................................................
TEMPERATURE (F)
 YESTERDAY
  MAXIMUM         80    234 PM  95    1987  79      1       79
  MINIMUM         52    533 AM  42    1979  59     -7       64
                                      1961
  AVERAGE         66                        69     -3       72

PRECIPITATION (IN)
  YESTERDAY        0.00          3.59 1955   0.13  -0.13     0.02
  MONTH TO DATE    0.82                      2.29  -1.47     1.73
  SINCE JUN 1     11.44                     10.14   1.30     7.83
  SINCE JAN 1     28.12                     22.45   5.67    18.68

SNOWFALL (IN)
  YESTERDAY        0.0           0.0  2002   0.0    0.0      0.0
                                      2001
  MONTH TO DATE    0.0                       0.0    0.0      0.0
  SINCE JUN 1      0.0                       0.0    0.0      0.0
  SINCE JUL 1      0.0                       0.0    0.0      0.0
  SNOW DEPTH       0

DEGREE DAYS
 HEATING
  YESTERDAY        0                         1     -1        0
  MONTH TO DATE    0                        13    -13        0
  SINCE JUN 1     56                        99    -43       51
  SINCE JUL 1      4                        26    -22        3

 COOLING
  YESTERDAY        1                         5     -4        7
  MONTH TO DATE  110                        91     19      174
  SINCE JUN 1    423                       375     48      563
  SINCE JAN 1    465                       394     71      635
..................................................................


WIND (MPH)
  HIGHEST WIND SPEED    10   HIGHEST WIND DIRECTION     N (340)
  HIGHEST GUST SPEED    15   HIGHEST GUST DIRECTION    NW (310)
  AVERAGE WIND SPEED     3.4


SKY COVER
  POSSIBLE SUNSHINE  MM
  AVERAGE SKY COVER 0.5


WEATHER CONDITIONS
 THE FOLLOWING WEATHER WAS RECORDED YESTERDAY.
  NO SIGNIFICANT WEATHER WAS OBSERVED.


RELATIVE HUMIDITY (PERCENT)
 HIGHEST    96           300 AM
 LOWEST     39           100 PM
 AVERAGE    68

..........................................................


THE BURLINGTON VT CLIMATE NORMALS FOR TODAY
                         NORMAL    RECORD    YEAR
 MAXIMUM TEMPERATURE (F)   79        93      2002
 MINIMUM TEMPERATURE (F)   59        40      1918


SUNRISE AND SUNSET
AUGUST 18 2017........SUNRISE   559 AM EDT   SUNSET   753 PM EDT
AUGUST 19 2017........SUNRISE   600 AM EDT   SUNSET   751 PM EDT


-  INDICATES NEGATIVE NUMBERS.
R  INDICATES RECORD WAS SET OR TIED.
MM INDICATES DATA IS MISSING.
T  INDICATES TRACE AMOUNT.

&&

LAKE CHAMPLAIN DATA:
LEVEL...............96.16 FEET
TEMPERATURE.........71 DEGREES

MOUNT MANSFIELD DATA:
HIGH................61 DEGREES
LOW.................45 DEGREES
PRECIPITATION.......NONE

$$
