000
CDUS41 KBTV 212148
CLIBTV


CLIMATE REPORT
NATIONAL WEATHER SERVICE BURLINGTON VT
547 PM EDT SAT MAR 21 2015


...................................

...THE BURLINGTON VT CLIMATE SUMMARY FOR MARCH 21 2015...
VALID TODAY AS OF 0500 PM LOCAL TIME.

CLIMATE NORMAL PERIOD 1981 TO 2010
CLIMATE RECORD PERIOD 1884 TO 2015


WEATHER ITEM   OBSERVED TIME   RECORD YEAR NORMAL DEPARTURE LAST
                VALUE   (LST)  VALUE       VALUE  FROM      YEAR
                                                  NORMAL
..................................................................
TEMPERATURE (F)
 TODAY
  MAXIMUM         41    330 PM  81    2012  42     -1       39
  MINIMUM         29    354 AM  -2    2007  24      5       21
  AVERAGE         35                        33      2       30

PRECIPITATION (IN)
  TODAY            T             0.90 1901   0.08  -0.08      T
  MONTH TO DATE    0.47                      1.46  -0.99     1.04
  SINCE MAR 1      0.47                      1.46  -0.99     1.04
  SINCE JAN 1      2.85                      5.28  -2.43     5.32

SNOWFALL (IN)
  TODAY            0.0           7.0  1974   0.5   -0.5       T
  MONTH TO DATE    4.4                      12.2   -7.8     24.8
  SINCE MAR 1      4.4                      12.2   -7.8     24.8
  SINCE JUL 1     80.3                      73.0    7.3     83.1
  SNOW DEPTH       0

DEGREE DAYS
 HEATING
  TODAY           30                        32     -2       35
  MONTH TO DATE  819                       758     61      944
  SINCE MAR 1    819                       758     61      944
  SINCE JUL 1   6336                      6168    168     6409

 COOLING
  TODAY            0                         0      0        0
  MONTH TO DATE    0                         0      0        0
  SINCE MAR 1      0                         0      0        0
  SINCE JAN 1      0                         0      0        0
..................................................................


WIND (MPH)
  HIGHEST WIND SPEED    21   HIGHEST WIND DIRECTION     S (190)
  HIGHEST GUST SPEED    29   HIGHEST GUST DIRECTION     S (200)
  AVERAGE WIND SPEED    12.5


SKY COVER
  POSSIBLE SUNSHINE  MM
  AVERAGE SKY COVER 0.7


WEATHER CONDITIONS
 THE FOLLOWING WEATHER WAS RECORDED TODAY.
  LIGHT RAIN


RELATIVE HUMIDITY (PERCENT)
 HIGHEST    75           100 AM
 LOWEST     59          1200 PM
 AVERAGE    67

..........................................................


THE BURLINGTON VT CLIMATE NORMALS FOR TOMORROW
                         NORMAL    RECORD    YEAR
 MAXIMUM TEMPERATURE (F)   42        81      2012
 MINIMUM TEMPERATURE (F)   24         1      1885


SUNRISE AND SUNSET
MARCH 21 2015.........SUNRISE   654 AM EDT   SUNSET   706 PM EDT
MARCH 22 2015.........SUNRISE   653 AM EDT   SUNSET   707 PM EDT


-  INDICATES NEGATIVE NUMBERS.
R  INDICATES RECORD WAS SET OR TIED.
MM INDICATES DATA IS MISSING.
T  INDICATES TRACE AMOUNT.




$$
