000
CDUS41 KBTV 200550
CLIBTV


CLIMATE REPORT
NATIONAL WEATHER SERVICE BURLINGTON VT
149 AM EDT WED AUG 20 2014


...................................

...THE BURLINGTON VT CLIMATE SUMMARY FOR AUGUST 19 2014...

CLIMATE NORMAL PERIOD 1981 TO 2010
CLIMATE RECORD PERIOD 1884 TO 2014


WEATHER ITEM   OBSERVED TIME   RECORD YEAR NORMAL DEPARTURE LAST
                VALUE   (LST)  VALUE       VALUE  FROM      YEAR
                                                  NORMAL
..................................................................
TEMPERATURE (F)
 YESTERDAY
  MAXIMUM         76    428 PM  93    1899  79     -3       85
  MINIMUM         49    528 AM  40    1963  58     -9       57
  AVERAGE         63                        69     -6       71

PRECIPITATION (IN)
  YESTERDAY        0.00          1.38 1965   0.12  -0.12     0.00
  MONTH TO DATE    1.76                      2.55  -0.79     2.08
  SINCE JUN 1     11.65                     10.40   1.25    16.43
  SINCE JAN 1     25.41                     22.71   2.70    31.70

SNOWFALL (IN)
  YESTERDAY        0.0           0.0  2002   0.0    0.0      0.0
                                      2001
  MONTH TO DATE    0.0                       0.0    0.0      0.0
  SINCE JUN 1      0.0                       0.0    0.0      0.0
  SINCE JUL 1      0.0                       0.0    0.0      0.0
  SNOW DEPTH       0

DEGREE DAYS
 HEATING
  YESTERDAY        2                         1      1        0
  MONTH TO DATE   12                        15     -3        7
  SINCE JUN 1     33                       101    -68       79
  SINCE JUL 1     13                        28    -15       14

 COOLING
  YESTERDAY        0                         4     -4        6
  MONTH TO DATE   87                       100    -13       70
  SINCE JUN 1    415                       384     31      470
  SINCE JAN 1    437                       403     34      517
..................................................................


WIND (MPH)
  HIGHEST WIND SPEED     8   HIGHEST WIND DIRECTION     W (260)
  HIGHEST GUST SPEED    14   HIGHEST GUST DIRECTION    NW (300)
  AVERAGE WIND SPEED     3.2


SKY COVER
  POSSIBLE SUNSHINE  MM
  AVERAGE SKY COVER 0.2


WEATHER CONDITIONS
 THE FOLLOWING WEATHER WAS RECORDED YESTERDAY.
  NO SIGNIFICANT WEATHER WAS OBSERVED.


RELATIVE HUMIDITY (PERCENT)
 HIGHEST    93           400 AM
 LOWEST     38           400 PM
 AVERAGE    66

..........................................................


THE BURLINGTON VT CLIMATE NORMALS FOR TODAY
                         NORMAL    RECORD    YEAR
 MAXIMUM TEMPERATURE (F)   79        94      1916
 MINIMUM TEMPERATURE (F)   58        42      1953


SUNRISE AND SUNSET
AUGUST 20 2014........SUNRISE   601 AM EDT   SUNSET   750 PM EDT
AUGUST 21 2014........SUNRISE   602 AM EDT   SUNSET   748 PM EDT


-  INDICATES NEGATIVE NUMBERS.
R  INDICATES RECORD WAS SET OR TIED.
MM INDICATES DATA IS MISSING.
T  INDICATES TRACE AMOUNT.

&&

LAKE CHAMPLAIN DATA:
LEVEL...............95.77 FEET
TEMPERATURE.........68 DEGREES

MOUNT MANSFIELD DATA:
HIGH................58 DEGREES
LOW.................43 DEGREES
PRECIPITATION.......NONE

$$
