000
CDUS41 KBTV 140523
CLIBTV


CLIMATE REPORT
NATIONAL WEATHER SERVICE BURLINGTON VT
121 AM EDT SAT MAY 14 2016


...................................

...THE BURLINGTON VT CLIMATE SUMMARY FOR MAY 13 2016...

CLIMATE NORMAL PERIOD 1981 TO 2010
CLIMATE RECORD PERIOD 1884 TO 2016


WEATHER ITEM   OBSERVED TIME   RECORD YEAR NORMAL DEPARTURE LAST
                VALUE   (LST)  VALUE       VALUE  FROM      YEAR
                                                  NORMAL
..................................................................
TEMPERATURE (F)
 YESTERDAY
  MAXIMUM         70    902 AM  84    1985  66      4       61
  MINIMUM         59   1134 PM  30    2010  44     15       41
                                      1967
                                      1940
  AVERAGE         65                        55     10       51

PRECIPITATION (IN)
  YESTERDAY        0.25          1.28 2002   0.10   0.15     0.02
  MONTH TO DATE    1.49                      1.33   0.16     1.20
  SINCE MAR 1      5.55                      6.37  -0.82     4.74
  SINCE JAN 1      9.88                     10.19  -0.31     7.12

SNOWFALL (IN)
  YESTERDAY        0.0           0.0  2002   0.0    0.0      0.0
                                      2001
  MONTH TO DATE    T                         0.0    0.0      0.0
  SINCE MAR 1      5.3                      20.4  -15.1      7.5
  SINCE JUL 1     34.3                      81.2  -46.9     83.4
  SNOW DEPTH       0

DEGREE DAYS
 HEATING
  YESTERDAY        0                        10    -10       14
  MONTH TO DATE  151                       154     -3       51
  SINCE MAR 1   1714                      1818   -104     1840
  SINCE JUL 1   6098                      7228  -1130     7357

 COOLING
  YESTERDAY        0                         0      0        0
  MONTH TO DATE    0                         0      0       25
  SINCE MAR 1      0                         2     -2       25
  SINCE JAN 1      0                         2     -2       25
..................................................................


WIND (MPH)
  HIGHEST WIND SPEED    23   HIGHEST WIND DIRECTION     S (190)
  HIGHEST GUST SPEED    30   HIGHEST GUST DIRECTION     S (190)
  AVERAGE WIND SPEED    11.4


SKY COVER
  POSSIBLE SUNSHINE  MM
  AVERAGE SKY COVER 0.6


WEATHER CONDITIONS
 THE FOLLOWING WEATHER WAS RECORDED YESTERDAY.
  RAIN
  LIGHT RAIN
  FOG


RELATIVE HUMIDITY (PERCENT)
 HIGHEST    90           400 PM
 LOWEST     29           600 AM
 AVERAGE    60

..........................................................


THE BURLINGTON VT CLIMATE NORMALS FOR TODAY
                         NORMAL    RECORD    YEAR
 MAXIMUM TEMPERATURE (F)   67        86      1961
 MINIMUM TEMPERATURE (F)   45        30      1967
                                             1966
                                             1965


SUNRISE AND SUNSET
MAY 14 2016...........SUNRISE   526 AM EDT   SUNSET   813 PM EDT
MAY 15 2016...........SUNRISE   525 AM EDT   SUNSET   814 PM EDT


-  INDICATES NEGATIVE NUMBERS.
R  INDICATES RECORD WAS SET OR TIED.
MM INDICATES DATA IS MISSING.
T  INDICATES TRACE AMOUNT.

&&

LAKE CHAMPLAIN DATA:
LEVEL............... Missing
TEMPERATURE......... Missing

MOUNT MANSFIELD DATA:
HIGH................66 DEGREES
LOW.................45 DEGREES
PRECIPITATION.......0.22 INCHES
NEW SNOW............NONE
SNOW AT STAKE.......15 INCHES

$$
