000
CDUS41 KBTV 020559
CLIBTV


CLIMATE REPORT
NATIONAL WEATHER SERVICE BURLINGTON VT
159 AM EDT WED JUL 2 2014


...................................

...THE BURLINGTON VT CLIMATE SUMMARY FOR JULY 1 2014...

CLIMATE NORMAL PERIOD 1981 TO 2010
CLIMATE RECORD PERIOD 1884 TO 2014


WEATHER ITEM   OBSERVED TIME   RECORD YEAR NORMAL DEPARTURE LAST
                VALUE   (LST)  VALUE       VALUE  FROM      YEAR
                                                  NORMAL
..................................................................
TEMPERATURE (F)
 YESTERDAY
  MAXIMUM         92    316 PM  96    1931  80     12       76
  MINIMUM         75    513 AM  44    1978  59     16       62
                                      1912
  AVERAGE         84                        70     14       69

PRECIPITATION (IN)
  YESTERDAY        0.00          2.54 1998   0.13  -0.13     0.37
  MONTH TO DATE    0.00                      0.13  -0.13     0.37
  SINCE JUN 1      4.35                      3.82   0.53    10.23
  SINCE JAN 1     18.11                     16.13   1.98    25.50

SNOWFALL (IN)
  YESTERDAY        0.0           0.0  2002   0.0    0.0      0.0
                                      2001
  MONTH TO DATE    0.0                       0.0    0.0      0.0
  SINCE JUN 1      0.0                       0.0    0.0      0.0
  SINCE JUL 1      0.0                       0.0    0.0      0.0
  SNOW DEPTH       0

DEGREE DAYS
 HEATING
  YESTERDAY        0                         1     -1        0
  MONTH TO DATE    0                         1     -1        0
  SINCE JUN 1     20                        74    -54       65
  SINCE JUL 1      0                         1     -1        0

 COOLING
  YESTERDAY       19                         6     13        4
  MONTH TO DATE   19                         6     13        4
  SINCE JUN 1    139                       103     36      119
  SINCE JAN 1    161                       122     39      166
..................................................................


WIND (MPH)
  HIGHEST WIND SPEED    25   HIGHEST WIND DIRECTION     S (190)
  HIGHEST GUST SPEED    35   HIGHEST GUST DIRECTION     S (200)
  AVERAGE WIND SPEED    13.3


SKY COVER
  POSSIBLE SUNSHINE  MM
  AVERAGE SKY COVER 0.4


WEATHER CONDITIONS
 THE FOLLOWING WEATHER WAS RECORDED YESTERDAY.
  NO SIGNIFICANT WEATHER WAS OBSERVED.


RELATIVE HUMIDITY (PERCENT)
 HIGHEST    74          1200 AM
 LOWEST     49           300 PM
 AVERAGE    62

..........................................................


THE BURLINGTON VT CLIMATE NORMALS FOR TODAY
                         NORMAL    RECORD    YEAR
 MAXIMUM TEMPERATURE (F)   80        96      1963
 MINIMUM TEMPERATURE (F)   59        40      1992
                                             1978


SUNRISE AND SUNSET
JULY  2 2014..........SUNRISE   512 AM EDT   SUNSET   841 PM EDT
JULY  3 2014..........SUNRISE   513 AM EDT   SUNSET   840 PM EDT


-  INDICATES NEGATIVE NUMBERS.
R  INDICATES RECORD WAS SET OR TIED.
MM INDICATES DATA IS MISSING.
T  INDICATES TRACE AMOUNT.

&&

LAKE CHAMPLAIN DATA:
LEVEL...............97.24 FEET
TEMPERATURE.........71 DEGREES

MOUNT MANSFIELD DATA:
HIGH................77 DEGREES
LOW.................62 DEGREES
PRECIPITATION.......NONE

$$
