189
CDUS41 KBTV 142133
CLIBTV


CLIMATE REPORT
NATIONAL WEATHER SERVICE BURLINGTON VT
433 PM EST WED FEB 14 2018


...................................

...THE BURLINGTON VT CLIMATE SUMMARY FOR FEBRUARY 14 2018...
VALID TODAY AS OF 0400 PM LOCAL TIME.

CLIMATE NORMAL PERIOD 1981 TO 2010
CLIMATE RECORD PERIOD 1884 TO 2018


WEATHER ITEM   OBSERVED TIME   RECORD YEAR NORMAL DEPARTURE LAST
                VALUE   (LST)  VALUE       VALUE  FROM      YEAR
                                                  NORMAL
..................................................................
TEMPERATURE (F)
 TODAY
  MAXIMUM         40    359 PM  55    1946  30     10       34
  MINIMUM         27   1201 AM -19    1987  12     15       14
                                      1979
  AVERAGE         34                        21     13       24

PRECIPITATION (IN)
  TODAY            0.00          1.94 2007   0.06  -0.06      T
  MONTH TO DATE    0.85                      0.88  -0.03     1.22
  SINCE DEC 1      5.57                      5.32   0.25     5.57
  SINCE JAN 1      3.39                      2.94   0.45     3.22

SNOWFALL (IN)
  TODAY            0.0          25.3  2007   0.6   -0.6       T
  MONTH TO DATE   11.4                       8.5    2.9     21.1
  SINCE DEC 1     50.1                      47.5    2.6     45.4
  SINCE JUL 1     53.1                      52.9    0.2     49.7
  SNOW DEPTH       5

DEGREE DAYS
 HEATING
  TODAY           31                        44    -13       41
  MONTH TO DATE  577                       630    -53      591
  SINCE DEC 1   3280                      3279      1     2788
  SINCE JUL 1   4419                      4824   -405     3993

 COOLING
  TODAY            0                         0      0        0
  MONTH TO DATE    0                         0      0        0
  SINCE DEC 1      0                         0      0        0
  SINCE JAN 1      0                         0      0        0
..................................................................


WIND (MPH)
  HIGHEST WIND SPEED    22   HIGHEST WIND DIRECTION     S (190)
  HIGHEST GUST SPEED    34   HIGHEST GUST DIRECTION     S (180)
  AVERAGE WIND SPEED    17.2


SKY COVER
  POSSIBLE SUNSHINE  MM
  AVERAGE SKY COVER 0.7


WEATHER CONDITIONS
 THE FOLLOWING WEATHER WAS RECORDED TODAY.
  NO SIGNIFICANT WEATHER WAS OBSERVED.


RELATIVE HUMIDITY (PERCENT)
 HIGHEST    64          1100 AM
 LOWEST     42          1200 AM
 AVERAGE    53

..........................................................


THE BURLINGTON VT CLIMATE NORMALS FOR TOMORROW
                         NORMAL    RECORD    YEAR
 MAXIMUM TEMPERATURE (F)   31        54      2006
 MINIMUM TEMPERATURE (F)   12       -26      1943


SUNRISE AND SUNSET
FEBRUARY 14 2018......SUNRISE   654 AM EST   SUNSET   520 PM EST
FEBRUARY 15 2018......SUNRISE   653 AM EST   SUNSET   521 PM EST


-  INDICATES NEGATIVE NUMBERS.
R  INDICATES RECORD WAS SET OR TIED.
MM INDICATES DATA IS MISSING.
T  INDICATES TRACE AMOUNT.




$$
