364
CDUS41 KBTV 112133
CLIBTV


CLIMATE REPORT
NATIONAL WEATHER SERVICE BURLINGTON VT
433 PM EST WED JAN 11 2017


...................................

...THE BURLINGTON VT CLIMATE SUMMARY FOR JANUARY 11 2017...
VALID TODAY AS OF 0400 PM LOCAL TIME.

CLIMATE NORMAL PERIOD 1981 TO 2010
CLIMATE RECORD PERIOD 1884 TO 2017


WEATHER ITEM   OBSERVED TIME   RECORD YEAR NORMAL DEPARTURE LAST
                VALUE   (LST)  VALUE       VALUE  FROM      YEAR
                                                  NORMAL
..................................................................
TEMPERATURE (F)
 TODAY
  MAXIMUM         52    133 PM  56    1980  27     25       39
  MINIMUM         35    259 AM -27    1968  10     25       17
  AVERAGE         44                        19     25       28

PRECIPITATION (IN)
  TODAY            0.19          1.27 1924   0.07   0.12      T
  MONTH TO DATE    0.50                      0.73  -0.23     0.55
  SINCE DEC 1      2.85                      3.11  -0.26     4.99
  SINCE JAN 1      0.50                      0.73  -0.23     0.55

SNOWFALL (IN)
  TODAY            T             6.5  1922   0.7   -0.7       T
  MONTH TO DATE    0.8                       7.4   -6.6      4.8
  SINCE DEC 1     17.5                      25.3   -7.8     11.9
  SINCE JUL 1     21.8                      30.7   -8.9     12.1
  SNOW DEPTH       0

DEGREE DAYS
 HEATING
  TODAY           21                        46    -25       37
  MONTH TO DATE  422                       502    -80      415
  SINCE DEC 1   1530                      1716   -186     1209
  SINCE JUL 1   2735                      3261   -526     2448

 COOLING
  TODAY            0                         0      0        0
  MONTH TO DATE    0                         0      0        0
  SINCE DEC 1      0                         0      0        0
  SINCE JAN 1      0                         0      0        0
..................................................................


WIND (MPH)
  HIGHEST WIND SPEED    32   HIGHEST WIND DIRECTION     S (190)
  HIGHEST GUST SPEED    46   HIGHEST GUST DIRECTION     S (180)
  AVERAGE WIND SPEED    17.3


SKY COVER
  POSSIBLE SUNSHINE  MM
  AVERAGE SKY COVER 0.5


WEATHER CONDITIONS
 THE FOLLOWING WEATHER WAS RECORDED TODAY.
  LIGHT RAIN
  LIGHT SNOW
  FOG


RELATIVE HUMIDITY (PERCENT)
 HIGHEST    89           300 AM
 LOWEST     30           200 PM
 AVERAGE    60

..........................................................


THE BURLINGTON VT CLIMATE NORMALS FOR TOMORROW
                         NORMAL    RECORD    YEAR
 MAXIMUM TEMPERATURE (F)   27        55      1980
 MINIMUM TEMPERATURE (F)   10       -23      1968


SUNRISE AND SUNSET
JANUARY 11 2017.......SUNRISE   727 AM EST   SUNSET   434 PM EST
JANUARY 12 2017.......SUNRISE   727 AM EST   SUNSET   436 PM EST


-  INDICATES NEGATIVE NUMBERS.
R  INDICATES RECORD WAS SET OR TIED.
MM INDICATES DATA IS MISSING.
T  INDICATES TRACE AMOUNT.




$$
