000
CDUS41 KBTV 090531
CLIBTV


CLIMATE REPORT
NATIONAL WEATHER SERVICE BURLINGTON VT
130 AM EDT WED AUG 9 2017


...................................

...THE BURLINGTON VT CLIMATE SUMMARY FOR AUGUST 8 2017...

CLIMATE NORMAL PERIOD 1981 TO 2010
CLIMATE RECORD PERIOD 1884 TO 2017


WEATHER ITEM   OBSERVED TIME   RECORD YEAR NORMAL DEPARTURE LAST
                VALUE   (LST)  VALUE       VALUE  FROM      YEAR
                                                  NORMAL
..................................................................
TEMPERATURE (F)
 YESTERDAY
  MAXIMUM         76    429 PM  97    1949  80     -4       85
  MINIMUM         59   1159 PM  45    1929  60     -1       56
  AVERAGE         68                        70     -2       71

PRECIPITATION (IN)
  YESTERDAY        0.05          1.06 1983   0.14  -0.09     0.00
  MONTH TO DATE    0.64                      1.10  -0.46     0.20
  SINCE JUN 1     11.26                      8.95   2.31     6.30
  SINCE JAN 1     27.94                     21.26   6.68    17.15

SNOWFALL (IN)
  YESTERDAY        0.0           0.0  2002   0.0    0.0      0.0
                                      2001
  MONTH TO DATE    0.0                       0.0    0.0      0.0
  SINCE JUN 1      0.0                       0.0    0.0      0.0
  SINCE JUL 1      0.0                       0.0    0.0      0.0
  SNOW DEPTH       0

DEGREE DAYS
 HEATING
  YESTERDAY        0                         1     -1        0
  MONTH TO DATE    0                         4     -4        0
  SINCE JUN 1     56                        90    -34       51
  SINCE JUL 1      4                        17    -13        3

 COOLING
  YESTERDAY        3                         5     -2        6
  MONTH TO DATE   59                        46     13       73
  SINCE JUN 1    372                       330     42      462
  SINCE JAN 1    414                       349     65      534
..................................................................


WIND (MPH)
  HIGHEST WIND SPEED    10   HIGHEST WIND DIRECTION     N (360)
  HIGHEST GUST SPEED    15   HIGHEST GUST DIRECTION     N (340)
  AVERAGE WIND SPEED     4.1


SKY COVER
  POSSIBLE SUNSHINE  MM
  AVERAGE SKY COVER 0.6


WEATHER CONDITIONS
 THE FOLLOWING WEATHER WAS RECORDED YESTERDAY.
  LIGHT RAIN
  FOG
  FOG W/VISIBILITY <= 1/4 MILE


RELATIVE HUMIDITY (PERCENT)
 HIGHEST   100           100 AM
 LOWEST     50           200 PM
 AVERAGE    75

..........................................................


THE BURLINGTON VT CLIMATE NORMALS FOR TODAY
                         NORMAL    RECORD    YEAR
 MAXIMUM TEMPERATURE (F)   80        99      2001
 MINIMUM TEMPERATURE (F)   60        44      1922


SUNRISE AND SUNSET
AUGUST  9 2017........SUNRISE   549 AM EDT   SUNSET   807 PM EDT
AUGUST 10 2017........SUNRISE   550 AM EDT   SUNSET   805 PM EDT


-  INDICATES NEGATIVE NUMBERS.
R  INDICATES RECORD WAS SET OR TIED.
MM INDICATES DATA IS MISSING.
T  INDICATES TRACE AMOUNT.







&&

LAKE CHAMPLAIN DATA:
LEVEL...............96.54 FEET
TEMPERATURE.........73 DEGREES

MOUNT MANSFIELD DATA:
HIGH................59 DEGREES
LOW.................47 DEGREES
PRECIPITATION.......0.50 INCHES

$$
