000
CDUS41 KBTV 282118
CLIBTV


CLIMATE REPORT
NATIONAL WEATHER SERVICE BURLINGTON VT
518 PM EDT SUN JUN 28 2015


...................................

...THE BURLINGTON VT CLIMATE SUMMARY FOR JUNE 28 2015...
VALID TODAY AS OF 0500 PM LOCAL TIME.

CLIMATE NORMAL PERIOD 1981 TO 2010
CLIMATE RECORD PERIOD 1884 TO 2015


WEATHER ITEM   OBSERVED TIME   RECORD YEAR NORMAL DEPARTURE LAST
                VALUE   (LST)  VALUE       VALUE  FROM      YEAR
                                                  NORMAL
..................................................................
TEMPERATURE (F)
 TODAY
  MAXIMUM         65   1207 AM  95    1991  80    -15       87
  MINIMUM         57    946 AM  43    1927  59     -2       57
                                      1919
  AVERAGE         61                        69     -8       72

PRECIPITATION (IN)
  TODAY            0.74          1.50 1892   0.12   0.62     0.00
  MONTH TO DATE    8.44                      3.44   5.00     4.35
  SINCE JUN 1      8.44                      3.44   5.00     4.35
  SINCE JAN 1     17.28                     15.75   1.53    18.11

SNOWFALL (IN)
  TODAY            0.0           0.0  2002   0.0    0.0      0.0
                                      2001
  MONTH TO DATE    0.0                       0.0    0.0      0.0
  SINCE JUN 1      0.0                       0.0    0.0      0.0
  SINCE JUL 1     83.4                      81.2    2.2     86.5
  SNOW DEPTH       0

DEGREE DAYS
 HEATING
  TODAY            4                         1      3        0
  MONTH TO DATE   69                        71     -2       20
  SINCE JUN 1     69                        71     -2       20
  SINCE JUL 1   7505                      7432     73     7613

 COOLING
  TODAY            0                         5     -5        7
  MONTH TO DATE   73                        87    -14       96
  SINCE JUN 1     73                        87    -14       96
  SINCE JAN 1    166                       106     60      118
..................................................................


WIND (MPH)
  HIGHEST WIND SPEED    18   HIGHEST WIND DIRECTION    SE (140)
  HIGHEST GUST SPEED    24   HIGHEST GUST DIRECTION    SE (140)
  AVERAGE WIND SPEED     8.1


SKY COVER
  POSSIBLE SUNSHINE  MM
  AVERAGE SKY COVER 0.9


WEATHER CONDITIONS
 THE FOLLOWING WEATHER WAS RECORDED TODAY.
  RAIN
  LIGHT RAIN
  FOG


RELATIVE HUMIDITY (PERCENT)
 HIGHEST    86           300 AM
 LOWEST     72           100 AM
 AVERAGE    79

..........................................................


THE BURLINGTON VT CLIMATE NORMALS FOR TOMORROW
                         NORMAL    RECORD    YEAR
 MAXIMUM TEMPERATURE (F)   80        96      1946
                                             1944
 MINIMUM TEMPERATURE (F)   59        37      1919


SUNRISE AND SUNSET
JUNE 28 2015..........SUNRISE   510 AM EDT   SUNSET   841 PM EDT
JUNE 29 2015..........SUNRISE   511 AM EDT   SUNSET   841 PM EDT


-  INDICATES NEGATIVE NUMBERS.
R  INDICATES RECORD WAS SET OR TIED.
MM INDICATES DATA IS MISSING.
T  INDICATES TRACE AMOUNT.




$$
