000
CDUS41 KBTV 082123
CLIBTV


CLIMATE REPORT
NATIONAL WEATHER SERVICE BURLINGTON VT
522 PM EDT THU JUN 8 2017


...................................

...THE BURLINGTON VT CLIMATE SUMMARY FOR JUNE 8 2017...
VALID TODAY AS OF 0500 PM LOCAL TIME.

CLIMATE NORMAL PERIOD 1981 TO 2010
CLIMATE RECORD PERIOD 1884 TO 2017


WEATHER ITEM   OBSERVED TIME   RECORD YEAR NORMAL DEPARTURE LAST
                VALUE   (LST)  VALUE       VALUE  FROM      YEAR
                                                  NORMAL
..................................................................
TEMPERATURE (F)
 TODAY
  MAXIMUM         83    224 PM  91    2011  74      9       66
                                      2008
                                      1984
  MINIMUM         50    434 AM  36    1960  53     -3       49
                                      1912
  AVERAGE         67                        64      3       58

PRECIPITATION (IN)
  TODAY            0.00          1.04 1987   0.12  -0.12     0.08
  MONTH TO DATE    1.23                      0.97   0.26     1.75
  SINCE JUN 1      1.23                      0.97   0.26     1.75
  SINCE JAN 1     17.91                     13.28   4.63    12.60

SNOWFALL (IN)
  TODAY            0.0           0.0  2002   0.0    0.0     MM
                                      2001
  MONTH TO DATE    0.0                       0.0    0.0      0.0
  SINCE JUN 1      0.0                       0.0    0.0      0.0
  SINCE JUL 1    100.4                      81.2   19.2     34.3
  SNOW DEPTH       0

DEGREE DAYS
 HEATING
  TODAY            0                         3     -3        7
  MONTH TO DATE   45                        34     11        7
  SINCE JUN 1     45                        34     11        7
  SINCE JUL 1   6321                      7395  -1074     6185

 COOLING
  TODAY            2                         2      0        0
  MONTH TO DATE    2                        14    -12       32
  SINCE JUN 1      2                        14    -12       32
  SINCE JAN 1     44                        33     11      104
..................................................................


WIND (MPH)
  HIGHEST WIND SPEED    13   HIGHEST WIND DIRECTION     S (190)
  HIGHEST GUST SPEED    15   HIGHEST GUST DIRECTION     S (200)
  AVERAGE WIND SPEED     4.7


SKY COVER
  POSSIBLE SUNSHINE  MM
  AVERAGE SKY COVER 0.3


WEATHER CONDITIONS
 THE FOLLOWING WEATHER WAS RECORDED TODAY.
  NO SIGNIFICANT WEATHER WAS OBSERVED.


RELATIVE HUMIDITY (PERCENT)
 HIGHEST    93           400 AM
 LOWEST     28           100 PM
 AVERAGE    61

..........................................................


THE BURLINGTON VT CLIMATE NORMALS FOR TOMORROW
                         NORMAL    RECORD    YEAR
 MAXIMUM TEMPERATURE (F)   75        93      1933
 MINIMUM TEMPERATURE (F)   54        37      1983


SUNRISE AND SUNSET
JUNE  8 2017..........SUNRISE   508 AM EDT   SUNSET   835 PM EDT
JUNE  9 2017..........SUNRISE   508 AM EDT   SUNSET   836 PM EDT


-  INDICATES NEGATIVE NUMBERS.
R  INDICATES RECORD WAS SET OR TIED.
MM INDICATES DATA IS MISSING.
T  INDICATES TRACE AMOUNT.

$$
