086
CDUS41 KBTV 020604
CLIBTV


CLIMATE REPORT
NATIONAL WEATHER SERVICE BURLINGTON VT
1259 AM EST TUE FEB 2 2016


...................................

...THE BURLINGTON VT CLIMATE SUMMARY FOR FEBRUARY 1 2016...

CLIMATE NORMAL PERIOD 1981 TO 2010
CLIMATE RECORD PERIOD 1884 TO 2016


WEATHER ITEM   OBSERVED TIME   RECORD YEAR NORMAL DEPARTURE LAST
                VALUE   (LST)  VALUE       VALUE  FROM      YEAR
                                                  NORMAL
..................................................................
TEMPERATURE (F)
 YESTERDAY
  MAXIMUM         53R   721 AM  50    1988  28     25        9
  MINIMUM         30    922 PM -28    1920  10     20       -5
  AVERAGE         42                        19     23        2

PRECIPITATION (IN)
  YESTERDAY        T             1.25 1898   0.07  -0.07      T
  MONTH TO DATE    T                         0.07  -0.07      T
  SINCE DEC 1      5.63                      4.51   1.12     4.14
  SINCE JAN 1      1.19                      2.13  -0.94     1.29

SNOWFALL (IN)
  YESTERDAY       MM             8.0  1908   0.6   MM         T
  MONTH TO DATE   MM                         0.6   MM         T
  SINCE DEC 1     20.2                      39.6  -19.4     42.6
  SINCE JUL 1     20.4                      45.0  -24.6     53.2
  SNOW DEPTH       0

DEGREE DAYS
 HEATING
  YESTERDAY       23                        46    -23       63
  MONTH TO DATE   23                        46    -23       63
  SINCE DEC 1   2052                      2695   -643     2656
  SINCE JUL 1   3291                      4240   -949     3981

 COOLING
  YESTERDAY        0                         0      0        0
  MONTH TO DATE    0                         0      0        0
  SINCE DEC 1      0                         0      0        0
  SINCE JAN 1      0                         0      0        0
..................................................................


WIND (MPH)
  HIGHEST WIND SPEED    24   HIGHEST WIND DIRECTION     W (250)
  HIGHEST GUST SPEED    34   HIGHEST GUST DIRECTION     W (250)
  AVERAGE WIND SPEED    10.7


SKY COVER
  POSSIBLE SUNSHINE  MM
  AVERAGE SKY COVER 0.8


WEATHER CONDITIONS
 THE FOLLOWING WEATHER WAS RECORDED YESTERDAY.
  LIGHT RAIN


RELATIVE HUMIDITY (PERCENT)
 HIGHEST    69           900 PM
 LOWEST     40           500 PM
 AVERAGE    55

..........................................................


THE BURLINGTON VT CLIMATE NORMALS FOR TODAY
                         NORMAL    RECORD    YEAR
 MAXIMUM TEMPERATURE (F)   28        47      1981
 MINIMUM TEMPERATURE (F)   10       -25      1962


SUNRISE AND SUNSET
FEBRUARY  2 2016......SUNRISE   711 AM EST   SUNSET   503 PM EST
FEBRUARY  3 2016......SUNRISE   709 AM EST   SUNSET   504 PM EST


-  INDICATES NEGATIVE NUMBERS.
R  INDICATES RECORD WAS SET OR TIED.
MM INDICATES DATA IS MISSING.
T  INDICATES TRACE AMOUNT.







&&

LAKE CHAMPLAIN DATA:
LEVEL...............95.78 FEET
TEMPERATURE.........38 DEGREES

MOUNT MANSFIELD DATA:
HIGH................40 DEGREES
LOW.................21 DEGREES
PRECIPITATION.......NONE
NEW SNOW............NONE
SNOW AT STAKE.......23 INCHES

$$
