000
CDUS41 KBTV 150537
CLIBTV


CLIMATE REPORT
NATIONAL WEATHER SERVICE BURLINGTON VT
135 AM EDT SUN MAY 15 2016


...................................

...THE BURLINGTON VT CLIMATE SUMMARY FOR MAY 14 2016...

CLIMATE NORMAL PERIOD 1981 TO 2010
CLIMATE RECORD PERIOD 1884 TO 2016


WEATHER ITEM   OBSERVED TIME   RECORD YEAR NORMAL DEPARTURE LAST
                VALUE   (LST)  VALUE       VALUE  FROM      YEAR
                                                  NORMAL
..................................................................
TEMPERATURE (F)
 YESTERDAY
  MAXIMUM         73   1224 PM  86    1961  67      6       66
  MINIMUM         47    443 AM  30    1967  45      2       36
                                      1966
                                      1965
  AVERAGE         60                        56      4       51

PRECIPITATION (IN)
  YESTERDAY        0.10          1.21 1960   0.11  -0.01     0.00
                                      1937
  MONTH TO DATE    1.59                      1.44   0.15     1.20
  SINCE MAR 1      5.65                      6.48  -0.83     4.74
  SINCE JAN 1      9.98                     10.30  -0.32     7.12

SNOWFALL (IN)
  YESTERDAY        0.0           0.0  2002   0.0    0.0      0.0
                                      2001
  MONTH TO DATE    T                         0.0    0.0      0.0
  SINCE MAR 1      5.3                      20.4  -15.1      7.5
  SINCE JUL 1     34.3                      81.2  -46.9     83.4
  SNOW DEPTH       0

DEGREE DAYS
 HEATING
  YESTERDAY        5                        10     -5       14
  MONTH TO DATE  156                       164     -8       65
  SINCE MAR 1   1719                      1828   -109     1854
  SINCE JUL 1   6103                      7238  -1135     7371

 COOLING
  YESTERDAY        0                         0      0        0
  MONTH TO DATE    0                         0      0       25
  SINCE MAR 1      0                         2     -2       25
  SINCE JAN 1      0                         2     -2       25
..................................................................


WIND (MPH)
  HIGHEST WIND SPEED    24   HIGHEST WIND DIRECTION    SW (240)
  HIGHEST GUST SPEED    30   HIGHEST GUST DIRECTION    SW (230)
  AVERAGE WIND SPEED     7.9


SKY COVER
  POSSIBLE SUNSHINE  MM
  AVERAGE SKY COVER 0.6


WEATHER CONDITIONS
 THE FOLLOWING WEATHER WAS RECORDED YESTERDAY.
  LIGHT RAIN


RELATIVE HUMIDITY (PERCENT)
 HIGHEST    86           400 AM
 LOWEST     35          1200 PM
 AVERAGE    61

..........................................................


THE BURLINGTON VT CLIMATE NORMALS FOR TODAY
                         NORMAL    RECORD    YEAR
 MAXIMUM TEMPERATURE (F)   67        88      1961
 MINIMUM TEMPERATURE (F)   45        28      1913


SUNRISE AND SUNSET
MAY 15 2016...........SUNRISE   525 AM EDT   SUNSET   814 PM EDT
MAY 16 2016...........SUNRISE   524 AM EDT   SUNSET   815 PM EDT


-  INDICATES NEGATIVE NUMBERS.
R  INDICATES RECORD WAS SET OR TIED.
MM INDICATES DATA IS MISSING.
T  INDICATES TRACE AMOUNT.







&&

LAKE CHAMPLAIN DATA:
LEVEL...............96.82 FEET
TEMPERATURE.........48 DEGREES

MOUNT MANSFIELD DATA:
HIGH................57 DEGREES
LOW.................38 DEGREES
PRECIPITATION.......0.09 INCHES
NEW SNOW............NONE
SNOW AT STAKE.......16 INCHES

$$
