000
CDUS41 KBTV 200554
CLIBTV


CLIMATE REPORT
NATIONAL WEATHER SERVICE BURLINGTON VT
151 AM EDT TUE SEP 20 2016


...................................

...THE BURLINGTON VT CLIMATE SUMMARY FOR SEPTEMBER 19 2016...

CLIMATE NORMAL PERIOD 1981 TO 2010
CLIMATE RECORD PERIOD 1884 TO 2016


WEATHER ITEM   OBSERVED TIME   RECORD YEAR NORMAL DEPARTURE LAST
                VALUE   (LST)  VALUE       VALUE  FROM      YEAR
                                                  NORMAL
..................................................................
TEMPERATURE (F)
 YESTERDAY
  MAXIMUM         79    346 PM  85    2015  69     10       85
                                      1946
  MINIMUM         66   1159 PM  32    2014  50     16       68
                                      1959
  AVERAGE         73                        59     14       77

PRECIPITATION (IN)
  YESTERDAY        0.01          1.56 1954   0.13  -0.12     0.11
  MONTH TO DATE    0.74                      2.20  -1.46     1.48
  SINCE SEP 1      0.74                      2.20  -1.46     1.48
  SINCE JAN 1     19.94                     26.27  -6.33    25.64

SNOWFALL (IN)
  YESTERDAY        0.0           0.0  2002   0.0    0.0      0.0
                                      2001
  MONTH TO DATE    0.0                       0.0    0.0      0.0
  SINCE SEP 1      0.0                       0.0    0.0      0.0
  SINCE JUL 1      0.0                       0.0    0.0      0.0
  SNOW DEPTH       0

DEGREE DAYS
 HEATING
  YESTERDAY        0                         7     -7        0
  MONTH TO DATE   22                        77    -55        2
  SINCE SEP 1     22                        77    -55        2
  SINCE JUL 1     27                       119    -92        8

 COOLING
  YESTERDAY        8                         1      7       12
  MONTH TO DATE   89                        37     52      141
  SINCE SEP 1     89                        37     52      141
  SINCE JAN 1    833                       485    348      763
..................................................................


WIND (MPH)
  HIGHEST WIND SPEED    13   HIGHEST WIND DIRECTION     S (180)
  HIGHEST GUST SPEED    16   HIGHEST GUST DIRECTION     S (190)
  AVERAGE WIND SPEED     5.8


SKY COVER
  POSSIBLE SUNSHINE  MM
  AVERAGE SKY COVER 0.6


WEATHER CONDITIONS
 THE FOLLOWING WEATHER WAS RECORDED YESTERDAY.
  LIGHT RAIN


RELATIVE HUMIDITY (PERCENT)
 HIGHEST    87           600 AM
 LOWEST     62           200 PM
 AVERAGE    75

..........................................................


THE BURLINGTON VT CLIMATE NORMALS FOR TODAY
                         NORMAL    RECORD    YEAR
 MAXIMUM TEMPERATURE (F)   69        89      1946
 MINIMUM TEMPERATURE (F)   49        29      1929


SUNRISE AND SUNSET
SEPTEMBER 20 2016.....SUNRISE   638 AM EDT   SUNSET   653 PM EDT
SEPTEMBER 21 2016.....SUNRISE   639 AM EDT   SUNSET   651 PM EDT


-  INDICATES NEGATIVE NUMBERS.
R  INDICATES RECORD WAS SET OR TIED.
MM INDICATES DATA IS MISSING.
T  INDICATES TRACE AMOUNT.


&&

LAKE CHAMPLAIN DATA:
LEVEL...............93.96 FEET
TEMPERATURE.........71 DEGREES

MOUNT MANSFIELD DATA:
HIGH................Missing
LOW.................Missing
PRECIPITATION.......Missing

$$
