000
CDUS41 KBTV 080531
CLIBTV


CLIMATE REPORT
NATIONAL WEATHER SERVICE BURLINGTON VT
1229 AM EST WED FEB 8 2017


...................................

...THE BURLINGTON VT CLIMATE SUMMARY FOR FEBRUARY 7 2017...

CLIMATE NORMAL PERIOD 1981 TO 2010
CLIMATE RECORD PERIOD 1884 TO 2017


WEATHER ITEM   OBSERVED TIME   RECORD YEAR NORMAL DEPARTURE LAST
                VALUE   (LST)  VALUE       VALUE  FROM      YEAR
                                                  NORMAL
..................................................................
TEMPERATURE (F)
 YESTERDAY
  MAXIMUM         32   1159 PM  49    2005  29      3       36
  MINIMUM         17    917 AM -27    1993  11      6       19
  AVERAGE         25                        20      5       28

PRECIPITATION (IN)
  YESTERDAY        0.18          1.71 1951   0.07   0.11      T
  MONTH TO DATE    0.41                      0.45  -0.04     0.24
  SINCE DEC 1      4.76                      4.89  -0.13     5.87
  SINCE JAN 1      2.41                      2.51  -0.10     1.43

SNOWFALL (IN)
  YESTERDAY        1.1          11.0  1983   0.6    0.5       T
  MONTH TO DATE    7.5                       4.2    3.3       T
  SINCE DEC 1     31.8                      43.2  -11.4     20.2
  SINCE JUL 1     36.1                      48.6  -12.5     20.4
  SNOW DEPTH       5

DEGREE DAYS
 HEATING
  YESTERDAY       40                        45     -5       37
  MONTH TO DATE  280                       319    -39      211
  SINCE DEC 1   2477                      2968   -491     2240
  SINCE JUL 1   3682                      4513   -831     3479

 COOLING
  YESTERDAY        0                         0      0        0
  MONTH TO DATE    0                         0      0        0
  SINCE DEC 1      0                         0      0        0
  SINCE JAN 1      0                         0      0        0
..................................................................


WIND (MPH)
  HIGHEST WIND SPEED    20   HIGHEST WIND DIRECTION     S (190)
  HIGHEST GUST SPEED    26   HIGHEST GUST DIRECTION     S (190)
  AVERAGE WIND SPEED     6.6


SKY COVER
  POSSIBLE SUNSHINE  MM
  AVERAGE SKY COVER 1.0


WEATHER CONDITIONS
 THE FOLLOWING WEATHER WAS RECORDED YESTERDAY.
  LT FREEZING RAIN
  LIGHT SNOW
  SLEET
  FOG


RELATIVE HUMIDITY (PERCENT)
 HIGHEST    92          1200 AM
 LOWEST     77           100 PM
 AVERAGE    85

..........................................................


THE BURLINGTON VT CLIMATE NORMALS FOR TODAY
                         NORMAL    RECORD    YEAR
 MAXIMUM TEMPERATURE (F)   29        51      1925
 MINIMUM TEMPERATURE (F)   11       -25      1934


SUNRISE AND SUNSET
FEBRUARY  8 2017......SUNRISE   702 AM EST   SUNSET   512 PM EST
FEBRUARY  9 2017......SUNRISE   701 AM EST   SUNSET   513 PM EST


-  INDICATES NEGATIVE NUMBERS.
R  INDICATES RECORD WAS SET OR TIED.
MM INDICATES DATA IS MISSING.
T  INDICATES TRACE AMOUNT.

&&

LAKE CHAMPLAIN DATA:
LEVEL...............95.10 FEET
TEMPERATURE.........34 DEGREES

MOUNT MANSFIELD DATA:
HIGH................13 DEGREES
LOW.................4 DEGREES
PRECIPITATION.......0.33 INCHES
NEW SNOW............3.5 INCHES
SNOW AT STAKE.......79 INCHES

$$
