000
CDUS41 KBTV 032215
CLIBTV


CLIMATE REPORT
NATIONAL WEATHER SERVICE BURLINGTON VT
514 PM EST WED JAN 3 2018


...................................

...THE BURLINGTON VT CLIMATE SUMMARY FOR JANUARY 3 2018...
VALID TODAY AS OF 0500 PM LOCAL TIME.

CLIMATE NORMAL PERIOD 1981 TO 2010
CLIMATE RECORD PERIOD 1884 TO 2018


WEATHER ITEM   OBSERVED TIME   RECORD YEAR NORMAL DEPARTURE LAST
                VALUE   (LST)  VALUE       VALUE  FROM      YEAR
                                                  NORMAL
..................................................................
TEMPERATURE (F)
 TODAY
  MAXIMUM         23    405 PM  55    2000  28     -5       42
  MINIMUM         16    858 AM -21    1981  12      4       30
  AVERAGE         20                        20      0       36

PRECIPITATION (IN)
  TODAY            0.00          0.71 1999   0.07  -0.07     0.14
  MONTH TO DATE    T                         0.20  -0.20     0.14
  SINCE DEC 1      2.18                      2.58  -0.40     2.49
  SINCE JAN 1      T                         0.20  -0.20     0.14

SNOWFALL (IN)
  TODAY            0.0          16.4  2010   0.7   -0.7      0.0
  MONTH TO DATE    0.2                       2.1   -1.9       T
  SINCE DEC 1     23.7                      20.0    3.7     16.7
  SINCE JUL 1     26.7                      25.4    1.3     21.0
  SNOW DEPTH       7

DEGREE DAYS
 HEATING
  TODAY           45                        45      0       29
  MONTH TO DATE  179                       135     44       98
  SINCE DEC 1   1496                      1349    147     1206
  SINCE JUL 1   2635                      2894   -259     2411

 COOLING
  TODAY            0                         0      0        0
  MONTH TO DATE    0                         0      0        0
  SINCE DEC 1      0                         0      0        0
  SINCE JAN 1      0                         0      0        0
..................................................................


WIND (MPH)
  HIGHEST WIND SPEED    24   HIGHEST WIND DIRECTION     S (200)
  HIGHEST GUST SPEED    31   HIGHEST GUST DIRECTION     S (180)
  AVERAGE WIND SPEED    16.1


SKY COVER
  POSSIBLE SUNSHINE  MM
  AVERAGE SKY COVER 0.6


WEATHER CONDITIONS
 THE FOLLOWING WEATHER WAS RECORDED TODAY.
  NO SIGNIFICANT WEATHER WAS OBSERVED.


RELATIVE HUMIDITY (PERCENT)
 HIGHEST    67           300 AM
 LOWEST     39           400 PM
 AVERAGE    53

..........................................................


THE BURLINGTON VT CLIMATE NORMALS FOR TOMORROW
                         NORMAL    RECORD    YEAR
 MAXIMUM TEMPERATURE (F)   28        63      1950
 MINIMUM TEMPERATURE (F)   11       -27      1981


SUNRISE AND SUNSET
JANUARY  3 2018.......SUNRISE   729 AM EST   SUNSET   426 PM EST
JANUARY  4 2018.......SUNRISE   729 AM EST   SUNSET   426 PM EST


-  INDICATES NEGATIVE NUMBERS.
R  INDICATES RECORD WAS SET OR TIED.
MM INDICATES DATA IS MISSING.
T  INDICATES TRACE AMOUNT.




$$
