000
CDUS41 KBTV 200532
CLIBTV


CLIMATE REPORT
NATIONAL WEATHER SERVICE BURLINGTON VT
129 AM EDT FRI MAR 20 2015


...................................

...THE BURLINGTON VT CLIMATE SUMMARY FOR MARCH 19 2015...

CLIMATE NORMAL PERIOD 1981 TO 2010
CLIMATE RECORD PERIOD 1884 TO 2015


WEATHER ITEM   OBSERVED TIME   RECORD YEAR NORMAL DEPARTURE LAST
                VALUE   (LST)  VALUE       VALUE  FROM      YEAR
                                                  NORMAL
..................................................................
TEMPERATURE (F)
 YESTERDAY
  MAXIMUM         29    432 PM  79    2012  41    -12       40
  MINIMUM         11    619 AM -10    1993  23    -12       12
  AVERAGE         20                        32    -12       26

PRECIPITATION (IN)
  YESTERDAY        0.00          0.73 2008   0.07  -0.07     0.09
  MONTH TO DATE    0.47                      1.31  -0.84     1.02
  SINCE MAR 1      0.47                      1.31  -0.84     1.02
  SINCE JAN 1      2.85                      5.13  -2.28     5.30

SNOWFALL (IN)
  YESTERDAY        0.0           8.9  2013   0.5   -0.5      1.0
  MONTH TO DATE    4.4                      11.2   -6.8     24.5
  SINCE MAR 1      4.4                      11.2   -6.8     24.5
  SINCE JUL 1     80.3                      72.0    8.3     82.8
  SNOW DEPTH       1

DEGREE DAYS
 HEATING
  YESTERDAY       45                        33     12       39
  MONTH TO DATE  750                       693     57      882
  SINCE MAR 1    750                       693     57      882
  SINCE JUL 1   6267                      6103    164     6347

 COOLING
  YESTERDAY        0                         0      0        0
  MONTH TO DATE    0                         0      0        0
  SINCE MAR 1      0                         0      0        0
  SINCE JAN 1      0                         0      0        0
..................................................................


WIND (MPH)
  HIGHEST WIND SPEED    23   HIGHEST WIND DIRECTION     N (350)
  HIGHEST GUST SPEED    33   HIGHEST GUST DIRECTION    NW (330)
  AVERAGE WIND SPEED     6.8


SKY COVER
  POSSIBLE SUNSHINE  MM
  AVERAGE SKY COVER 0.0


WEATHER CONDITIONS
 THE FOLLOWING WEATHER WAS RECORDED YESTERDAY.
  NO SIGNIFICANT WEATHER WAS OBSERVED.


RELATIVE HUMIDITY (PERCENT)
 HIGHEST    66           400 AM
 LOWEST     27           200 PM
 AVERAGE    47

..........................................................


THE BURLINGTON VT CLIMATE NORMALS FOR TODAY
                         NORMAL    RECORD    YEAR
 MAXIMUM TEMPERATURE (F)   41        80      2012
 MINIMUM TEMPERATURE (F)   24        -2      1949


SUNRISE AND SUNSET
MARCH 20 2015.........SUNRISE   656 AM EDT   SUNSET   705 PM EDT
MARCH 21 2015.........SUNRISE   654 AM EDT   SUNSET   706 PM EDT


-  INDICATES NEGATIVE NUMBERS.
R  INDICATES RECORD WAS SET OR TIED.
MM INDICATES DATA IS MISSING.
T  INDICATES TRACE AMOUNT.







&&

LAKE CHAMPLAIN DATA:
LEVEL...............94.71 FEET
TEMPERATURE.........35 DEGREES

MOUNT MANSFIELD DATA:
HIGH................7 DEGREES
LOW.................-5 DEGREES
PRECIPITATION.......NONE
NEW SNOW............NONE
SNOW AT STAKE.......85 INCHES

$$
