000
CDUS41 KBTV 022120
CLIBTV


CLIMATE REPORT
NATIONAL WEATHER SERVICE BURLINGTON VT
520 PM EDT WED JUL 2 2014


...................................

...THE BURLINGTON VT CLIMATE SUMMARY FOR JULY 2 2014...
VALID TODAY AS OF 0500 PM LOCAL TIME.

CLIMATE NORMAL PERIOD 1981 TO 2010
CLIMATE RECORD PERIOD 1884 TO 2014


WEATHER ITEM   OBSERVED TIME   RECORD YEAR NORMAL DEPARTURE LAST
                VALUE   (LST)  VALUE       VALUE  FROM      YEAR
                                                  NORMAL
..................................................................
TEMPERATURE (F)
 TODAY
  MAXIMUM         90    218 PM  96    1963  80     10       79
  MINIMUM         72    528 AM  40    1992  59     13       59
                                      1978
  AVERAGE         81                        70     11       69

PRECIPITATION (IN)
  TODAY            0.03          1.83 1961   0.13  -0.10     0.11
  MONTH TO DATE    0.03                      0.26  -0.23     0.48
  SINCE JUN 1      4.38                      3.95   0.43    10.34
  SINCE JAN 1     18.14                     16.26   1.88    25.61

SNOWFALL (IN)
  TODAY            0.0           0.0  2002   0.0    0.0      0.0
                                      2001
  MONTH TO DATE    0.0                       0.0    0.0      0.0
  SINCE JUN 1      0.0                       0.0    0.0      0.0
  SINCE JUL 1      0.0                       0.0    0.0      0.0
  SNOW DEPTH       0

DEGREE DAYS
 HEATING
  TODAY            0                         1     -1        0
  MONTH TO DATE    0                         2     -2        0
  SINCE JUN 1     20                        75    -55       65
  SINCE JUL 1      0                         2     -2        0

 COOLING
  TODAY           16                         6     10        4
  MONTH TO DATE   35                        12     23        8
  SINCE JUN 1    155                       109     46      123
  SINCE JAN 1    177                       128     49      170
..................................................................


WIND (MPH)
  HIGHEST WIND SPEED    20   HIGHEST WIND DIRECTION     S (180)
  HIGHEST GUST SPEED    26   HIGHEST GUST DIRECTION     S (180)
  AVERAGE WIND SPEED    10.4


SKY COVER
  POSSIBLE SUNSHINE  MM
  AVERAGE SKY COVER 0.6


WEATHER CONDITIONS
 THE FOLLOWING WEATHER WAS RECORDED TODAY.
  LIGHT RAIN


RELATIVE HUMIDITY (PERCENT)
 HIGHEST    82           700 AM
 LOWEST     43           300 PM
 AVERAGE    63

..........................................................


THE BURLINGTON VT CLIMATE NORMALS FOR TOMORROW
                         NORMAL    RECORD    YEAR
 MAXIMUM TEMPERATURE (F)   80       100      1911
 MINIMUM TEMPERATURE (F)   60        40      1978


SUNRISE AND SUNSET
JULY  2 2014..........SUNRISE   512 AM EDT   SUNSET   841 PM EDT
JULY  3 2014..........SUNRISE   513 AM EDT   SUNSET   840 PM EDT


-  INDICATES NEGATIVE NUMBERS.
R  INDICATES RECORD WAS SET OR TIED.
MM INDICATES DATA IS MISSING.
T  INDICATES TRACE AMOUNT.




$$
