944
CDUS41 KBTV 172046
CLIBTV

CLIMATE REPORT
NATIONAL WEATHER SERVICE BURLINGTON VT
445 PM EDT MON APR 17 2017

...................................

...THE BURLINGTON VT CLIMATE SUMMARY FOR APRIL 17 2017...
VALID TODAY AS OF 0400 PM LOCAL TIME.

CLIMATE NORMAL PERIOD 1981 TO 2010
CLIMATE RECORD PERIOD 1884 TO 2017


WEATHER ITEM   OBSERVED TIME   RECORD YEAR NORMAL DEPARTURE LAST
                VALUE   (LST)  VALUE       VALUE  FROM      YEAR
                                                  NORMAL
..................................................................
TEMPERATURE (F)
 TODAY
  MAXIMUM         54    135 PM  90    2002  56     -2       73
  MINIMUM         49   1033 AM  13    1971  36     13       34
  AVERAGE         52                        46      6       54

PRECIPITATION (IN)
  TODAY            T             1.07 1982   0.10  -0.10     0.00
  MONTH TO DATE    2.71                      1.56   1.15     1.04
  SINCE MAR 1      5.98                      3.78   2.20     3.30
  SINCE JAN 1     10.65                      7.60   3.05     7.63

SNOWFALL (IN)
  TODAY            0.0          11.3  1983   0.2   -0.2      0.0
  MONTH TO DATE    4.4                       3.4    1.0      1.4
  SINCE MAR 1     41.2                      19.2   22.0      3.2
  SINCE JUL 1    100.4                      80.0   20.4     32.2
  SNOW DEPTH       0

DEGREE DAYS
 HEATING
  TODAY           13                        19     -6       11
  MONTH TO DATE  291                       395   -104      446
  SINCE MAR 1   1448                      1449     -1     1313
  SINCE JUL 1   5826                      6859  -1033     5697

 COOLING
  TODAY            0                         0      0        0
  MONTH TO DATE    6                         0      6        0
  SINCE MAR 1      6                         0      6        0
  SINCE JAN 1      6                         0      6        0
..................................................................


WIND (MPH)
  HIGHEST WIND SPEED    22   HIGHEST WIND DIRECTION    NW (300)
  HIGHEST GUST SPEED    32   HIGHEST GUST DIRECTION     W (290)
  AVERAGE WIND SPEED     9.4


SKY COVER
  POSSIBLE SUNSHINE  MM
  AVERAGE SKY COVER 0.7


WEATHER CONDITIONS
 THE FOLLOWING WEATHER WAS RECORDED TODAY.
  LIGHT RAIN


RELATIVE HUMIDITY (PERCENT)
 HIGHEST    96           100 AM
 LOWEST     50           300 PM
 AVERAGE    73

..........................................................


THE BURLINGTON VT CLIMATE NORMALS FOR TOMORROW
                         NORMAL    RECORD    YEAR
 MAXIMUM TEMPERATURE (F)   56        91      1976
 MINIMUM TEMPERATURE (F)   36        21      1948


SUNRISE AND SUNSET
APRIL 17 2017.........SUNRISE   605 AM EDT   SUNSET   740 PM EDT
APRIL 18 2017.........SUNRISE   603 AM EDT   SUNSET   741 PM EDT


-  INDICATES NEGATIVE NUMBERS.
R  INDICATES RECORD WAS SET OR TIED.
MM INDICATES DATA IS MISSING.
T  INDICATES TRACE AMOUNT.

$$
