000
CDUS41 KBTV 160528
CLIBTV


CLIMATE REPORT
NATIONAL WEATHER SERVICE BURLINGTON VT
127 AM EDT SAT APR 16 2016


...................................

...THE BURLINGTON VT CLIMATE SUMMARY FOR APRIL 15 2016...

CLIMATE NORMAL PERIOD 1981 TO 2010
CLIMATE RECORD PERIOD 1884 TO 2016


WEATHER ITEM   OBSERVED TIME   RECORD YEAR NORMAL DEPARTURE LAST
                VALUE   (LST)  VALUE       VALUE  FROM      YEAR
                                                  NORMAL
..................................................................
TEMPERATURE (F)
 YESTERDAY
  MAXIMUM         59    355 PM  82    2003  55      4       57
  MINIMUM         28    518 AM  18    1926  35     -7       31
  AVERAGE         44                        45     -1       44

PRECIPITATION (IN)
  YESTERDAY        0.00          1.67 2014   0.10  -0.10     0.00
  MONTH TO DATE    1.04                      1.37  -0.33     1.07
  SINCE MAR 1      3.30                      3.59  -0.29     1.97
  SINCE JAN 1      7.63                      7.41   0.22     4.35

SNOWFALL (IN)
  YESTERDAY        0.0           3.8  2007   0.2   -0.2      0.0
  MONTH TO DATE    1.4                       3.1   -1.7      3.1
  SINCE MAR 1      3.2                      18.9  -15.7      7.5
  SINCE JUL 1     32.2                      79.7  -47.5     83.4
  SNOW DEPTH       0

DEGREE DAYS
 HEATING
  YESTERDAY       21                        20      1       21
  MONTH TO DATE  416                       356     60      344
  SINCE MAR 1   1283                      1410   -127     1534
  SINCE JUL 1   5667                      6820  -1153     7051

 COOLING
  YESTERDAY        0                         0      0        0
  MONTH TO DATE    0                         0      0        0
  SINCE MAR 1      0                         0      0        0
  SINCE JAN 1      0                         0      0        0
..................................................................


WIND (MPH)
  HIGHEST WIND SPEED    22   HIGHEST WIND DIRECTION    NW (330)
  HIGHEST GUST SPEED    26   HIGHEST GUST DIRECTION    NW (330)
  AVERAGE WIND SPEED     6.9


SKY COVER
  POSSIBLE SUNSHINE  MM
  AVERAGE SKY COVER 0.1


WEATHER CONDITIONS
 THE FOLLOWING WEATHER WAS RECORDED YESTERDAY.
  NO SIGNIFICANT WEATHER WAS OBSERVED.


RELATIVE HUMIDITY (PERCENT)
 HIGHEST    78           400 AM
 LOWEST     21           200 PM
 AVERAGE    50

..........................................................


THE BURLINGTON VT CLIMATE NORMALS FOR TODAY
                         NORMAL    RECORD    YEAR
 MAXIMUM TEMPERATURE (F)   55        86      2002
 MINIMUM TEMPERATURE (F)   35        18      1908


SUNRISE AND SUNSET
APRIL 16 2016.........SUNRISE   606 AM EDT   SUNSET   739 PM EDT
APRIL 17 2016.........SUNRISE   605 AM EDT   SUNSET   740 PM EDT


-  INDICATES NEGATIVE NUMBERS.
R  INDICATES RECORD WAS SET OR TIED.
MM INDICATES DATA IS MISSING.
T  INDICATES TRACE AMOUNT.

&&

LAKE CHAMPLAIN DATA:
LAKE LEVEL..........98.00 FEET
WATER TEMPERATURE...38 DEGREES

MOUNT MANSFIELD DATA:
HIGH TEMPERATURE...44 DEGREES
LOW TEMPERATURE....19 DEGREES
PRECIPITATION......NONE
NEW SNOW...........NONE
SNOW AT STAKE......35 INCHES

$$
