000
CDUS41 KBTV 092044
CLIBTV


CLIMATE REPORT
NATIONAL WEATHER SERVICE BURLINGTON VT
444 PM EDT SAT SEP 9 2017


...................................

...THE BURLINGTON VT CLIMATE SUMMARY FOR SEPTEMBER 9 2017...
VALID TODAY AS OF 0400 PM LOCAL TIME.

CLIMATE NORMAL PERIOD 1981 TO 2010
CLIMATE RECORD PERIOD 1884 TO 2017


WEATHER ITEM   OBSERVED TIME   RECORD YEAR NORMAL DEPARTURE LAST
                VALUE   (LST)  VALUE       VALUE  FROM      YEAR
                                                  NORMAL
..................................................................
TEMPERATURE (F)
 TODAY
  MAXIMUM         65    259 PM  98    2002  73     -8       87
  MINIMUM         53    643 AM  37    1938  53      0       67
  AVERAGE         59                        63     -4       77

PRECIPITATION (IN)
  TODAY            0.01          1.90 1885   0.12  -0.11     0.00
  MONTH TO DATE    2.78                      0.99   1.79     0.11
  SINCE SEP 1      2.78                      0.99   1.79     0.11
  SINCE JAN 1     32.48                     25.06   7.42    19.31

SNOWFALL (IN)
  TODAY            0.0           0.0  2002   0.0    0.0      0.0
                                      2001
  MONTH TO DATE    0.0                       0.0    0.0      0.0
  SINCE SEP 1      0.0                       0.0    0.0      0.0
  SINCE JUL 1      0.0                       0.0    0.0      0.0
  SNOW DEPTH       0

DEGREE DAYS
 HEATING
  TODAY            6                         4      2        0
  MONTH TO DATE   46                        25     21        3
  SINCE SEP 1     46                        25     21        3
  SINCE JUL 1     69                        67      2        8

 COOLING
  TODAY            0                         2     -2       12
  MONTH TO DATE    3                        23    -20       56
  SINCE SEP 1      3                        23    -20       56
  SINCE JAN 1    520                       471     49      800
..................................................................


WIND (MPH)
  HIGHEST WIND SPEED    13   HIGHEST WIND DIRECTION     N (340)
  HIGHEST GUST SPEED    14   HIGHEST GUST DIRECTION     N (340)
  AVERAGE WIND SPEED     4.3


SKY COVER
  POSSIBLE SUNSHINE  MM
  AVERAGE SKY COVER 0.9


WEATHER CONDITIONS
 THE FOLLOWING WEATHER WAS RECORDED TODAY.
  LIGHT RAIN
  FOG


RELATIVE HUMIDITY (PERCENT)
 HIGHEST   100          1200 PM
 LOWEST     72           300 PM
 AVERAGE    86

..........................................................


THE BURLINGTON VT CLIMATE NORMALS FOR TOMORROW
                         NORMAL    RECORD    YEAR
 MAXIMUM TEMPERATURE (F)   73        93      2002
 MINIMUM TEMPERATURE (F)   53        33      1913


SUNRISE AND SUNSET
SEPTEMBER  9 2017.....SUNRISE   625 AM EDT   SUNSET   714 PM EDT
SEPTEMBER 10 2017.....SUNRISE   626 AM EDT   SUNSET   712 PM EDT


-  INDICATES NEGATIVE NUMBERS.
R  INDICATES RECORD WAS SET OR TIED.
MM INDICATES DATA IS MISSING.
T  INDICATES TRACE AMOUNT.




$$
