253
CDUS41 KBTV 130611
CLIBTV


CLIMATE REPORT
NATIONAL WEATHER SERVICE BURLINGTON VT
145 AM EDT THU JUL 13 2017


...................................

...THE BURLINGTON VT CLIMATE SUMMARY FOR JULY 12 2017...

CLIMATE NORMAL PERIOD 1981 TO 2010
CLIMATE RECORD PERIOD 1884 TO 2017


WEATHER ITEM   OBSERVED TIME   RECORD YEAR NORMAL DEPARTURE LAST
                VALUE   (LST)  VALUE       VALUE  FROM      YEAR
                                                  NORMAL
..................................................................
TEMPERATURE (F)
 YESTERDAY
  MAXIMUM         78   1232 PM  96    1948  81     -3       85
  MINIMUM         65   1159 PM  46    1971  61      4       57
                                      1913
  AVERAGE         72                        71      1       71

PRECIPITATION (IN)
  YESTERDAY        0.00          1.17 1897   0.14  -0.14     0.00
  MONTH TO DATE    1.24                      1.60  -0.36     1.20
  SINCE JUN 1      8.41                      5.29   3.12     4.25
  SINCE JAN 1     25.09                     17.60   7.49    15.10

SNOWFALL (IN)
  YESTERDAY        0.0           0.0  2002   0.0    0.0      0.0
                                      2001
  MONTH TO DATE    0.0                       0.0    0.0      0.0
  SINCE JUN 1      0.0                       0.0    0.0      0.0
  SINCE JUL 1      0.0                       0.0    0.0      0.0
  SNOW DEPTH       0

DEGREE DAYS
 HEATING
  YESTERDAY        0                         0      0        0
  MONTH TO DATE    0                         8     -8        3
  SINCE JUN 1     52                        81    -29       51
  SINCE JUL 1      0                         8     -8        3

 COOLING
  YESTERDAY        7                         6      1        6
  MONTH TO DATE   88                        72     16       78
  SINCE JUN 1    214                       169     45      211
  SINCE JAN 1    256                       188     68      283
..................................................................


WIND (MPH)
  HIGHEST WIND SPEED    20   HIGHEST WIND DIRECTION    NW (320)
  HIGHEST GUST SPEED    23   HIGHEST GUST DIRECTION    NW (300)
  AVERAGE WIND SPEED     8.4


SKY COVER
  POSSIBLE SUNSHINE  MM
  AVERAGE SKY COVER 0.8


WEATHER CONDITIONS
 THE FOLLOWING WEATHER WAS RECORDED YESTERDAY.
  NO SIGNIFICANT WEATHER WAS OBSERVED.


RELATIVE HUMIDITY (PERCENT)
 HIGHEST    97           300 AM
 LOWEST     53           300 PM
 AVERAGE    75

..........................................................


THE BURLINGTON VT CLIMATE NORMALS FOR TODAY
                         NORMAL    RECORD    YEAR
 MAXIMUM TEMPERATURE (F)   81        96      1995
 MINIMUM TEMPERATURE (F)   61        45      1940


SUNRISE AND SUNSET
JULY 13 2017..........SUNRISE   521 AM EDT   SUNSET   836 PM EDT
JULY 14 2017..........SUNRISE   521 AM EDT   SUNSET   835 PM EDT


-  INDICATES NEGATIVE NUMBERS.
R  INDICATES RECORD WAS SET OR TIED.
MM INDICATES DATA IS MISSING.
T  INDICATES TRACE AMOUNT.







&&

LAKE CHAMPLAIN DATA:
LEVEL...............98.00 FEET
TEMPERATURE.........70 DEGREES

MOUNT MANSFIELD DATA:
HIGH................69 DEGREES
LOW.................55 DEGREES
PRECIPITATION.......0.03 INCHES

$$
