000
CDUS41 KBTV 112145
CLIBTV


CLIMATE REPORT
NATIONAL WEATHER SERVICE BURLINGTON VT
545 PM EDT THU SEP 11 2014


...................................

...THE BURLINGTON VT CLIMATE SUMMARY FOR SEPTEMBER 11 2014...
VALID TODAY AS OF 0500 PM LOCAL TIME.

CLIMATE NORMAL PERIOD 1981 TO 2010
CLIMATE RECORD PERIOD 1884 TO 2014


WEATHER ITEM   OBSERVED TIME   RECORD YEAR NORMAL DEPARTURE LAST
                VALUE   (LST)  VALUE       VALUE  FROM      YEAR
                                                  NORMAL
..................................................................
TEMPERATURE (F)
 TODAY
  MAXIMUM         76    315 PM  95    1931  73      3       91
  MINIMUM         67   1104 AM  33    1918  53     14       70
  AVERAGE         72                        63      9       81

PRECIPITATION (IN)
  TODAY            0.08          1.58 1955   0.12  -0.04     0.32
  MONTH TO DATE    1.00                      1.22  -0.22     2.30
  SINCE SEP 1      1.00                      1.22  -0.22     2.30
  SINCE JAN 1     26.70                     25.29   1.41    34.99

SNOWFALL (IN)
  TODAY            0.0           0.0  2002   0.0    0.0      0.0
                                      2001
  MONTH TO DATE    0.0                       0.0    0.0      0.0
  SINCE SEP 1      0.0                       0.0    0.0      0.0
  SINCE JUL 1      0.0                       0.0    0.0      0.0
  SNOW DEPTH       0

DEGREE DAYS
 HEATING
  TODAY            0                         4     -4        0
  MONTH TO DATE    1                        33    -32       42
  SINCE SEP 1      1                        33    -32       42
  SINCE JUL 1     14                        75    -61       58

 COOLING
  TODAY            7                         2      5       16
  MONTH TO DATE   64                        27     37       47
  SINCE SEP 1     64                        27     37       47
  SINCE JAN 1    557                       475     82      647
..................................................................


WIND (MPH)
  HIGHEST WIND SPEED    32   HIGHEST WIND DIRECTION     S (190)
  HIGHEST GUST SPEED    45   HIGHEST GUST DIRECTION     S (180)
  AVERAGE WIND SPEED    17.3


SKY COVER
  POSSIBLE SUNSHINE  MM
  AVERAGE SKY COVER 0.6


WEATHER CONDITIONS
 THE FOLLOWING WEATHER WAS RECORDED TODAY.
  RAIN
  LIGHT RAIN
  FOG


RELATIVE HUMIDITY (PERCENT)
 HIGHEST    87          1000 AM
 LOWEST     57           400 PM
 AVERAGE    72

..........................................................


THE BURLINGTON VT CLIMATE NORMALS FOR TOMORROW
                         NORMAL    RECORD    YEAR
 MAXIMUM TEMPERATURE (F)   72        90      1947
 MINIMUM TEMPERATURE (F)   52        37      1967
                                             1964
                                             1946


SUNRISE AND SUNSET
SEPTEMBER 11 2014.....SUNRISE   627 AM EDT   SUNSET   711 PM EDT
SEPTEMBER 12 2014.....SUNRISE   628 AM EDT   SUNSET   709 PM EDT


-  INDICATES NEGATIVE NUMBERS.
R  INDICATES RECORD WAS SET OR TIED.
MM INDICATES DATA IS MISSING.
T  INDICATES TRACE AMOUNT.




$$
