000
CDUS41 KBTV 160536
CLIBTV


CLIMATE REPORT
NATIONAL WEATHER SERVICE BURLINGTON VT
134 AM EDT THU OCT 16 2014


...................................

...THE BURLINGTON VT CLIMATE SUMMARY FOR OCTOBER 15 2014...

CLIMATE NORMAL PERIOD 1981 TO 2010
CLIMATE RECORD PERIOD 1884 TO 2014


WEATHER ITEM   OBSERVED TIME   RECORD YEAR NORMAL DEPARTURE LAST
                VALUE   (LST)  VALUE       VALUE  FROM      YEAR
                                                  NORMAL
..................................................................
TEMPERATURE (F)
 YESTERDAY
  MAXIMUM         80R   141 PM  79    1956  57     23       64
                                      1947
  MINIMUM         68    557 AM  24    1980  39     29       48
  AVERAGE         74                        48     26       56

PRECIPITATION (IN)
  YESTERDAY        T             2.14 2010   0.12  -0.12     0.00
  MONTH TO DATE    1.21                      1.83  -0.62     1.53
  SINCE SEP 1      2.84                      5.47  -2.63     6.27
  SINCE JAN 1     28.54                     29.54  -1.00    38.96

SNOWFALL (IN)
  YESTERDAY        0.0           0.0  2002   0.0    0.0      0.0
                                      2001
  MONTH TO DATE    0.0                       0.0    0.0      0.0
  SINCE SEP 1      0.0                       T      0.0      0.0
  SINCE JUL 1      0.0                       T      0.0      0.0
  SNOW DEPTH       0

DEGREE DAYS
 HEATING
  YESTERDAY        0                        17    -17        9
  MONTH TO DATE  129                       212    -83      110
  SINCE SEP 1    280                       387   -107      305
  SINCE JUL 1    293                       429   -136      321

 COOLING
  YESTERDAY        9                         0      9        0
  MONTH TO DATE   14                         0     14        4
  SINCE SEP 1     85                        41     44       62
  SINCE JAN 1    578                       489     89      662
..................................................................


WIND (MPH)
  HIGHEST WIND SPEED    23   HIGHEST WIND DIRECTION     S (190)
  HIGHEST GUST SPEED    34   HIGHEST GUST DIRECTION     S (200)
  AVERAGE WIND SPEED    11.2


SKY COVER
  POSSIBLE SUNSHINE  MM
  AVERAGE SKY COVER 0.6


WEATHER CONDITIONS
 THE FOLLOWING WEATHER WAS RECORDED YESTERDAY.
  LIGHT RAIN


RELATIVE HUMIDITY (PERCENT)
 HIGHEST    76           600 AM
 LOWEST     54           100 PM
 AVERAGE    65

..........................................................


THE BURLINGTON VT CLIMATE NORMALS FOR TODAY
                         NORMAL    RECORD    YEAR
 MAXIMUM TEMPERATURE (F)   57        84      1947
 MINIMUM TEMPERATURE (F)   39        24      1978


SUNRISE AND SUNSET
OCTOBER 16 2014.......SUNRISE   709 AM EDT   SUNSET   607 PM EDT
OCTOBER 17 2014.......SUNRISE   710 AM EDT   SUNSET   605 PM EDT


-  INDICATES NEGATIVE NUMBERS.
R  INDICATES RECORD WAS SET OR TIED.
MM INDICATES DATA IS MISSING.
T  INDICATES TRACE AMOUNT.







&&

LAKE CHAMPLAIN DATA:
LEVEL...............94.08 FEET
TEMPERATURE.........58 DEGREES

MOUNT MANSFIELD DATA:
HIGH................64 DEGREES
LOW.................55 DEGREES
PRECIPITATION.......TRACE

$$
