000
CDUS41 KBTV 190631
CLIBTV


CLIMATE REPORT
NATIONAL WEATHER SERVICE BURLINGTON VT
131 AM EST WED NOV 19 2014


...................................

...THE BURLINGTON VT CLIMATE SUMMARY FOR NOVEMBER 18 2014...

CLIMATE NORMAL PERIOD 1981 TO 2010
CLIMATE RECORD PERIOD 1884 TO 2014


WEATHER ITEM   OBSERVED TIME   RECORD YEAR NORMAL DEPARTURE LAST
                VALUE   (LST)  VALUE       VALUE  FROM      YEAR
                                                  NORMAL
..................................................................
TEMPERATURE (F)
 YESTERDAY
  MAXIMUM         40    103 AM  70    1892  45     -5       64
  MINIMUM         24   1036 PM   9    1936  31     -7       38
                                      1924
                                      1914
  AVERAGE         32                        38     -6       51

PRECIPITATION (IN)
  YESTERDAY        T             2.29 1918   0.10  -0.10     0.31
  MONTH TO DATE    1.05                      1.95  -0.90     0.92
  SINCE SEP 1      6.85                      9.19  -2.34     8.25
  SINCE JAN 1     32.55                     33.26  -0.71    40.94

SNOWFALL (IN)
  YESTERDAY        T             9.8  1980   0.1   -0.1       T
  MONTH TO DATE    0.6                       2.0   -1.4      0.3
  SINCE SEP 1      0.6                       2.3   -1.7      0.3
  SINCE JUL 1      0.6                       2.3   -1.7      0.3
  SNOW DEPTH       0

DEGREE DAYS
 HEATING
  YESTERDAY       33                        27      6       14
  MONTH TO DATE  435                       442     -7      421
  SINCE SEP 1    952                      1141   -189     1024
  SINCE JUL 1    965                      1183   -218     1040

 COOLING
  YESTERDAY        0                         0      0        0
  MONTH TO DATE    0                         0      0        0
  SINCE SEP 1     89                        43     46       62
  SINCE JAN 1    582                       491     91      662
..................................................................


WIND (MPH)
  HIGHEST WIND SPEED    24   HIGHEST WIND DIRECTION    SW (240)
  HIGHEST GUST SPEED    37   HIGHEST GUST DIRECTION    SW (220)
  AVERAGE WIND SPEED    15.5


SKY COVER
  POSSIBLE SUNSHINE  MM
  AVERAGE SKY COVER 0.8


WEATHER CONDITIONS
 THE FOLLOWING WEATHER WAS RECORDED YESTERDAY.
  LIGHT SNOW


RELATIVE HUMIDITY (PERCENT)
 HIGHEST    85          1200 AM
 LOWEST     31           100 PM
 AVERAGE    58

..........................................................


THE BURLINGTON VT CLIMATE NORMALS FOR TODAY
                         NORMAL    RECORD    YEAR
 MAXIMUM TEMPERATURE (F)   44        70      1921
 MINIMUM TEMPERATURE (F)   30         7      1924


SUNRISE AND SUNSET
NOVEMBER 19 2014......SUNRISE   654 AM EST   SUNSET   422 PM EST
NOVEMBER 20 2014......SUNRISE   655 AM EST   SUNSET   421 PM EST


-  INDICATES NEGATIVE NUMBERS.
R  INDICATES RECORD WAS SET OR TIED.
MM INDICATES DATA IS MISSING.
T  INDICATES TRACE AMOUNT.

&&

LAKE CHAMPLAIN DATA:
LEVEL...............94.24 FEET
TEMPERATURE.........48 DEGREES

MOUNT MANSFIELD DATA:
HIGH................32 DEGREES
LOW.................7 DEGREES
PRECIPITATION.......0.23 INCHES
NEW SNOW............0.5 INCHES
SNOW AT STAKE.......6 INCHES

$$
