000
CDUS41 KBTV 130531
CLIBTV

CLIMATE REPORT
NATIONAL WEATHER SERVICE BURLINGTON VT
130 AM EDT WED JUL 13 2016

...................................

...THE BURLINGTON VT CLIMATE SUMMARY FOR JULY 12 2016...

CLIMATE NORMAL PERIOD 1981 TO 2010
CLIMATE RECORD PERIOD 1884 TO 2016


WEATHER ITEM   OBSERVED TIME   RECORD YEAR NORMAL DEPARTURE LAST
                VALUE   (LST)  VALUE       VALUE  FROM      YEAR
                                                  NORMAL
..................................................................
TEMPERATURE (F)
 YESTERDAY
  MAXIMUM         85    409 PM  96    1948  81      4       89
  MINIMUM         57    512 AM  46    1971  61     -4       66
                                      1913
  AVERAGE         71                        71      0       78

PRECIPITATION (IN)
  YESTERDAY        0.00          1.17 1897   0.14  -0.14     0.00
  MONTH TO DATE    1.20                      1.60  -0.40     2.58
  SINCE JUN 1      4.25                      5.29  -1.04    11.25
  SINCE JAN 1     15.10                     17.60  -2.50    20.09

SNOWFALL (IN)
  YESTERDAY        0.0           0.0  2002   0.0    0.0      0.0
                                      2001
  MONTH TO DATE    0.0                       0.0    0.0      0.0
  SINCE JUN 1      0.0                       0.0    0.0      0.0
  SINCE JUL 1      0.0                       0.0    0.0      0.0
  SNOW DEPTH       0

DEGREE DAYS
 HEATING
  YESTERDAY        0                         0      0        0
  MONTH TO DATE    3                         8     -5        1
  SINCE JUN 1     51                        81    -30       72
  SINCE JUL 1      3                         8     -5        1

 COOLING
  YESTERDAY        6                         6      0       13
  MONTH TO DATE   78                        72      6       60
  SINCE JUN 1    211                       169     42      135
  SINCE JAN 1    283                       188     95      228
..................................................................


WIND (MPH)
  HIGHEST WIND SPEED    14   HIGHEST WIND DIRECTION     S (200)
  HIGHEST GUST SPEED    20   HIGHEST GUST DIRECTION     S (180)
  AVERAGE WIND SPEED     5.4


SKY COVER
  POSSIBLE SUNSHINE  MM
  AVERAGE SKY COVER 0.3


WEATHER CONDITIONS
 THE FOLLOWING WEATHER WAS RECORDED YESTERDAY.
  NO SIGNIFICANT WEATHER WAS OBSERVED.


RELATIVE HUMIDITY (PERCENT)
 HIGHEST    86           300 AM
 LOWEST     31           300 PM
 AVERAGE    59

..........................................................


THE BURLINGTON VT CLIMATE NORMALS FOR TODAY
                         NORMAL    RECORD    YEAR
 MAXIMUM TEMPERATURE (F)   81        96      1995
 MINIMUM TEMPERATURE (F)   61        45      1940


SUNRISE AND SUNSET
JULY 13 2016..........SUNRISE   521 AM EDT   SUNSET   836 PM EDT
JULY 14 2016..........SUNRISE   522 AM EDT   SUNSET   835 PM EDT


-  INDICATES NEGATIVE NUMBERS.
R  INDICATES RECORD WAS SET OR TIED.
MM INDICATES DATA IS MISSING.
T  INDICATES TRACE AMOUNT.

&&

LAKE CHAMPLAIN DATA:
LEVEL...............94.88 FEET
TEMPERATURE.........69 DEGREES

MOUNT MANSFIELD DATA:
HIGH................68 DEGREES
LOW.................55 DEGREES
PRECIPITATION.......NONE

$$
