000
CDUS41 KBTV 232222
CLIBTV


CLIMATE REPORT
NATIONAL WEATHER SERVICE BURLINGTON VT
621 PM EDT TUE JUN 23 2015


...................................

...THE BURLINGTON VT CLIMATE SUMMARY FOR JUNE 23 2015...
VALID TODAY AS OF 0500 PM LOCAL TIME.

CLIMATE NORMAL PERIOD 1981 TO 2010
CLIMATE RECORD PERIOD 1884 TO 2015


WEATHER ITEM   OBSERVED TIME   RECORD YEAR NORMAL DEPARTURE LAST
                VALUE   (LST)  VALUE       VALUE  FROM      YEAR
                                                  NORMAL
..................................................................
TEMPERATURE (F)
 TODAY
  MAXIMUM         85    416 PM  93    1975  79      6       84
                                      1888
  MINIMUM         65    542 AM  41    1940  58      7       52
  AVERAGE         75                        68      7       68

PRECIPITATION (IN)
  TODAY            0.56          1.53 1906   0.12   0.44     0.00
  MONTH TO DATE    7.64                      2.81   4.83     2.82
  SINCE JUN 1      7.64                      2.81   4.83     2.82
  SINCE JAN 1     16.48                     15.12   1.36    16.58

SNOWFALL (IN)
  TODAY            0.0           0.0  2002   0.0    0.0      0.0
                                      2001
  MONTH TO DATE    0.0                       0.0    0.0      0.0
  SINCE JUN 1      0.0                       0.0    0.0      0.0
  SINCE JUL 1     83.4                      81.2    2.2     86.5
  SNOW DEPTH       0

DEGREE DAYS
 HEATING
  TODAY            0                         1     -1        0
  MONTH TO DATE   64                        66     -2       20
  SINCE JUN 1     64                        66     -2       20
  SINCE JUL 1   7500                      7427     73     7613

 COOLING
  TODAY           10                         4      6        3
  MONTH TO DATE   66                        63      3       67
  SINCE JUN 1     66                        63      3       67
  SINCE JAN 1    159                        82     77       89
..................................................................


WIND (MPH)
  HIGHEST WIND SPEED    24   HIGHEST WIND DIRECTION     S (180)
  HIGHEST GUST SPEED    35   HIGHEST GUST DIRECTION     W (250)
  AVERAGE WIND SPEED    11.5


SKY COVER
  POSSIBLE SUNSHINE  MM
  AVERAGE SKY COVER 0.7


WEATHER CONDITIONS
 THE FOLLOWING WEATHER WAS RECORDED TODAY.
  HEAVY RAIN
  RAIN
  LIGHT RAIN
  FOG


RELATIVE HUMIDITY (PERCENT)
 HIGHEST    93           900 AM
 LOWEST     42           500 PM
 AVERAGE    68

..........................................................


THE BURLINGTON VT CLIMATE NORMALS FOR TOMORROW
                         NORMAL    RECORD    YEAR
 MAXIMUM TEMPERATURE (F)   79        96      2003
 MINIMUM TEMPERATURE (F)   58        40      1988


SUNRISE AND SUNSET
JUNE 23 2015..........SUNRISE   508 AM EDT   SUNSET   841 PM EDT
JUNE 24 2015..........SUNRISE   509 AM EDT   SUNSET   841 PM EDT


-  INDICATES NEGATIVE NUMBERS.
R  INDICATES RECORD WAS SET OR TIED.
MM INDICATES DATA IS MISSING.
T  INDICATES TRACE AMOUNT.

$$
