000
CDUS41 KBTV 040521
CLIBTV


CLIMATE REPORT
NATIONAL WEATHER SERVICE BURLINGTON VT
1220 AM EST SUN FEB 4 2018


...................................

...THE BURLINGTON VT CLIMATE SUMMARY FOR FEBRUARY 3 2018...

CLIMATE NORMAL PERIOD 1981 TO 2010
CLIMATE RECORD PERIOD 1884 TO 2018


WEATHER ITEM   OBSERVED TIME   RECORD YEAR NORMAL DEPARTURE LAST
                VALUE   (LST)  VALUE       VALUE  FROM      YEAR
                                                  NORMAL
..................................................................
TEMPERATURE (F)
 YESTERDAY
  MAXIMUM         25   1159 PM  54    2016  28     -3       25
  MINIMUM         -2    525 AM -25    1971  10    -12       19
  AVERAGE         12                        19     -7       22

PRECIPITATION (IN)
  YESTERDAY        T             0.88 1983   0.07  -0.07     0.07
  MONTH TO DATE    0.07                      0.20  -0.13     0.16
  SINCE DEC 1      4.79                      4.64   0.15     4.51
  SINCE JAN 1      2.61                      2.26   0.35     2.16

SNOWFALL (IN)
  YESTERDAY        T             6.2  1910   0.6   -0.6      1.6
  MONTH TO DATE    2.1                       1.8    0.3      3.3
  SINCE DEC 1     40.8                      40.8    0.0     27.6
  SINCE JUL 1     43.8                      46.2   -2.4     31.9
  SNOW DEPTH       1

DEGREE DAYS
 HEATING
  YESTERDAY       53                        46      7       43
  MONTH TO DATE  132                       138     -6      120
  SINCE DEC 1   2835                      2787     48     2317
  SINCE JUL 1   3974                      4332   -358     3522

 COOLING
  YESTERDAY        0                         0      0        0
  MONTH TO DATE    0                         0      0        0
  SINCE DEC 1      0                         0      0        0
  SINCE JAN 1      0                         0      0        0
..................................................................


WIND (MPH)
  HIGHEST WIND SPEED    21   HIGHEST WIND DIRECTION     S (180)
  HIGHEST GUST SPEED    29   HIGHEST GUST DIRECTION     S (190)
  AVERAGE WIND SPEED     8.8


SKY COVER
  POSSIBLE SUNSHINE  MM
  AVERAGE SKY COVER 0.6


WEATHER CONDITIONS
 THE FOLLOWING WEATHER WAS RECORDED YESTERDAY.
  LIGHT SNOW
  BLOWING SNOW


RELATIVE HUMIDITY (PERCENT)
 HIGHEST    72           400 AM
 LOWEST     46          1100 PM
 AVERAGE    59

..........................................................


THE BURLINGTON VT CLIMATE NORMALS FOR TODAY
                         NORMAL    RECORD    YEAR
 MAXIMUM TEMPERATURE (F)   28        54      2016
 MINIMUM TEMPERATURE (F)   11       -26      1963


SUNRISE AND SUNSET
FEBRUARY  4 2018......SUNRISE   708 AM EST   SUNSET   506 PM EST
FEBRUARY  5 2018......SUNRISE   706 AM EST   SUNSET   507 PM EST


-  INDICATES NEGATIVE NUMBERS.
R  INDICATES RECORD WAS SET OR TIED.
MM INDICATES DATA IS MISSING.
T  INDICATES TRACE AMOUNT.

&&

LAKE CHAMPLAIN DATA:
LEVEL...............96.28 FEET
TEMPERATURE.........35 DEGREES

MOUNT MANSFIELD DATA:
HIGH................6 DEGREES
LOW.................-12 DEGREES
PRECIPITATION.......0.04 INCHES
NEW SNOW............MISSING
SNOW AT STAKE.......46 INCHES

$$
