000
CDUS41 KBTV 280539
CLIBTV


CLIMATE REPORT
NATIONAL WEATHER SERVICE BURLINGTON VT
137 AM EDT TUE JUL 28 2015


...................................

...THE BURLINGTON VT CLIMATE SUMMARY FOR JULY 27 2015...

CLIMATE NORMAL PERIOD 1981 TO 2010
CLIMATE RECORD PERIOD 1884 TO 2015


WEATHER ITEM   OBSERVED TIME   RECORD YEAR NORMAL DEPARTURE LAST
                VALUE   (LST)  VALUE       VALUE  FROM      YEAR
                                                  NORMAL
..................................................................
TEMPERATURE (F)
 YESTERDAY
  MAXIMUM         87    235 PM  98    1949  81      6       80
  MINIMUM         65    439 AM  46    2001  60      5       63
  AVERAGE         76                        71      5       72

PRECIPITATION (IN)
  YESTERDAY        T             1.78 1949   0.13  -0.13     1.06
  MONTH TO DATE    4.30                      3.61   0.69     3.62
  SINCE JUN 1     12.97                      7.30   5.67     7.97
  SINCE JAN 1     21.81                     19.61   2.20    21.73

SNOWFALL (IN)
  YESTERDAY        0.0           0.0  2002   0.0    0.0      0.0
                                      2001
  MONTH TO DATE    0.0                       0.0    0.0      0.0
  SINCE JUN 1      0.0                       0.0    0.0      0.0
  SINCE JUL 1      0.0                       0.0    0.0      0.0
  SNOW DEPTH       0

DEGREE DAYS
 HEATING
  YESTERDAY        0                         0      0        0
  MONTH TO DATE    5                         8     -3        0
  SINCE JUN 1     76                        81     -5       20
  SINCE JUL 1      5                         8     -3        0

 COOLING
  YESTERDAY       11                         6      5        7
  MONTH TO DATE  170                       162      8      207
  SINCE JUN 1    245                       259    -14      327
  SINCE JAN 1    338                       278     60      349
..................................................................


WIND (MPH)
  HIGHEST WIND SPEED    16   HIGHEST WIND DIRECTION     N (350)
  HIGHEST GUST SPEED    20   HIGHEST GUST DIRECTION     N (350)
  AVERAGE WIND SPEED     4.2


SKY COVER
  POSSIBLE SUNSHINE  MM
  AVERAGE SKY COVER 0.4


WEATHER CONDITIONS
 THE FOLLOWING WEATHER WAS RECORDED YESTERDAY.
  LIGHT RAIN


RELATIVE HUMIDITY (PERCENT)
 HIGHEST    93           300 AM
 LOWEST     44           300 PM
 AVERAGE    69

..........................................................


THE BURLINGTON VT CLIMATE NORMALS FOR TODAY
                         NORMAL    RECORD    YEAR
 MAXIMUM TEMPERATURE (F)   81        96      1964
 MINIMUM TEMPERATURE (F)   60        45      2001


SUNRISE AND SUNSET
JULY 28 2015..........SUNRISE   535 AM EDT   SUNSET   823 PM EDT
JULY 29 2015..........SUNRISE   536 AM EDT   SUNSET   822 PM EDT


-  INDICATES NEGATIVE NUMBERS.
R  INDICATES RECORD WAS SET OR TIED.
MM INDICATES DATA IS MISSING.
T  INDICATES TRACE AMOUNT.

&&

LAKE CHAMPLAIN DATA:
LEVEL...............97.34 FEET
TEMPERATURE.........73 DEGREES

MOUNT MANSFIELD DATA:
HIGH................69 DEGREES
LOW.................59 DEGREES
PRECIPITATION.......TRACE

$$
