000
CDUS41 KBTV 120529
CLIBTV

CLIMATE REPORT
NATIONAL WEATHER SERVICE BURLINGTON VT
128 AM EDT TUE JUL 12 2016

...................................

...THE BURLINGTON VT CLIMATE SUMMARY FOR JULY 11 2016...

CLIMATE NORMAL PERIOD 1981 TO 2010
CLIMATE RECORD PERIOD 1884 TO 2016


WEATHER ITEM   OBSERVED TIME   RECORD YEAR NORMAL DEPARTURE LAST
                VALUE   (LST)  VALUE       VALUE  FROM      YEAR
                                                  NORMAL
..................................................................
TEMPERATURE (F)
 YESTERDAY
  MAXIMUM         81    533 PM  96    1911  81      0       88
  MINIMUM         57    557 AM  48    1977  60     -3       59
                                      1968
  AVERAGE         69                        71     -2       74

PRECIPITATION (IN)
  YESTERDAY        0.00          1.11 1970   0.13  -0.13     0.00
  MONTH TO DATE    1.20                      1.46  -0.26     2.58
  SINCE JUN 1      4.25                      5.15  -0.90    11.25
  SINCE JAN 1     15.10                     17.46  -2.36    20.09

SNOWFALL (IN)
  YESTERDAY        0.0           0.0  2002   0.0    0.0      0.0
                                      2001
  MONTH TO DATE    0.0                       0.0    0.0      0.0
  SINCE JUN 1      0.0                       0.0    0.0      0.0
  SINCE JUL 1      0.0                       0.0    0.0      0.0
  SNOW DEPTH       0

DEGREE DAYS
 HEATING
  YESTERDAY        0                         0      0        0
  MONTH TO DATE    3                         8     -5        1
  SINCE JUN 1     51                        81    -30       72
  SINCE JUL 1      3                         8     -5        1

 COOLING
  YESTERDAY        4                         6     -2        9
  MONTH TO DATE   72                        66      6       47
  SINCE JUN 1    205                       163     42      122
  SINCE JAN 1    277                       182     95      215
..................................................................


WIND (MPH)
  HIGHEST WIND SPEED    12   HIGHEST WIND DIRECTION    NW (320)
  HIGHEST GUST SPEED    14   HIGHEST GUST DIRECTION    NW (320)
  AVERAGE WIND SPEED     3.1


SKY COVER
  POSSIBLE SUNSHINE  MM
  AVERAGE SKY COVER 0.4


WEATHER CONDITIONS
 THE FOLLOWING WEATHER WAS RECORDED YESTERDAY.
  NO SIGNIFICANT WEATHER WAS OBSERVED.


RELATIVE HUMIDITY (PERCENT)
 HIGHEST    93           300 AM
 LOWEST     30           200 PM
 AVERAGE    62

..........................................................


THE BURLINGTON VT CLIMATE NORMALS FOR TODAY
                         NORMAL    RECORD    YEAR
 MAXIMUM TEMPERATURE (F)   81        96      1948
 MINIMUM TEMPERATURE (F)   61        46      1971
                                             1913


SUNRISE AND SUNSET
JULY 12 2016..........SUNRISE   520 AM EDT   SUNSET   836 PM EDT
JULY 13 2016..........SUNRISE   521 AM EDT   SUNSET   836 PM EDT


-  INDICATES NEGATIVE NUMBERS.
R  INDICATES RECORD WAS SET OR TIED.
MM INDICATES DATA IS MISSING.
T  INDICATES TRACE AMOUNT.

&&

LAKE CHAMPLAIN DATA:
LEVEL...............94.95 FEET
TEMPERATURE.........70 DEGREES

MOUNT MANSFIELD DATA:
HIGH................63 DEGREES
LOW.................45 DEGREES
PRECIPITATION.......0.60 INCHES

$$
