000
CDUS41 KBTV 090527
CLIBTV


CLIMATE REPORT
NATIONAL WEATHER SERVICE BURLINGTON VT
127 AM EDT WED APR 9 2014


...................................

...THE BURLINGTON VT CLIMATE SUMMARY FOR APRIL 8 2014...

CLIMATE NORMAL PERIOD 1981 TO 2010
CLIMATE RECORD PERIOD 1884 TO 2014


WEATHER ITEM   OBSERVED TIME   RECORD YEAR NORMAL DEPARTURE LAST
                VALUE   (LST)  VALUE       VALUE  FROM      YEAR
                                                  NORMAL
..................................................................
TEMPERATURE (F)
 YESTERDAY
  MAXIMUM         58   1103 AM  73    1991  51      7       54
  MINIMUM         39   1159 PM  11    1972  32      7       41
  AVERAGE         49                        41      8       48

PRECIPITATION (IN)
  YESTERDAY        0.26          1.29 1914   0.09   0.17     0.03
  MONTH TO DATE    0.40                      0.70  -0.30     0.13
  SINCE MAR 1      2.28                      2.92  -0.64     2.18
  SINCE JAN 1      6.56                      6.74  -0.18     4.61

SNOWFALL (IN)
  YESTERDAY       MM             4.9  1907   0.2   MM        0.0
  MONTH TO DATE    0.0                       1.8   -1.8      0.7
  SINCE MAR 1     25.4                      17.6    7.8     16.9
  SINCE JUL 1     83.7                      78.4    5.3     82.6
  SNOW DEPTH       0

DEGREE DAYS
 HEATING
  YESTERDAY       16                        24     -8       17
  MONTH TO DATE  192                       204    -12      217
  SINCE MAR 1   1514                      1258    256     1205
  SINCE JUL 1   6979                      6668    311     6083

 COOLING
  YESTERDAY        0                         0      0        0
  MONTH TO DATE    0                         0      0        0
  SINCE MAR 1      0                         0      0        0
  SINCE JAN 1      0                         0      0        0
..................................................................


WIND (MPH)
  HIGHEST WIND SPEED    24   HIGHEST WIND DIRECTION     S (180)
  HIGHEST GUST SPEED    31   HIGHEST GUST DIRECTION     S (190)
  AVERAGE WIND SPEED     9.5


SKY COVER
  POSSIBLE SUNSHINE  MM
  AVERAGE SKY COVER 0.9


WEATHER CONDITIONS
 THE FOLLOWING WEATHER WAS RECORDED YESTERDAY.
  HEAVY RAIN
  RAIN
  LIGHT RAIN
  FOG


RELATIVE HUMIDITY (PERCENT)
 HIGHEST    93           500 AM
 LOWEST     62           600 PM
 AVERAGE    78

..........................................................


THE BURLINGTON VT CLIMATE NORMALS FOR TODAY
                         NORMAL    RECORD    YEAR
 MAXIMUM TEMPERATURE (F)   51        76      1945
 MINIMUM TEMPERATURE (F)   32        14      1997
                                             1885


SUNRISE AND SUNSET
APRIL  9 2014.........SUNRISE   619 AM EDT   SUNSET   730 PM EDT
APRIL 10 2014.........SUNRISE   618 AM EDT   SUNSET   731 PM EDT


-  INDICATES NEGATIVE NUMBERS.
R  INDICATES RECORD WAS SET OR TIED.
MM INDICATES DATA IS MISSING.
T  INDICATES TRACE AMOUNT.

&&

LAKE CHAMPLAIN DATA:
LEVEL...............96.71 FEET
TEMPERATURE.........36 DEGREES

MOUNT MANSFIELD DATA:
HIGH................40 DEGREES
LOW.................27 DEGREES
PRECIPITATION.......0.24 INCHES
NEW SNOW............TRACE
SNOW AT STAKE.......80 INCHES

$$
