000
CDUS41 KBTV 110532
CLIBTV


CLIMATE REPORT
NATIONAL WEATHER SERVICE BURLINGTON VT
1230 AM EST TUE NOV 11 2014


...................................

...THE BURLINGTON VT CLIMATE SUMMARY FOR NOVEMBER 10 2014...

CLIMATE NORMAL PERIOD 1981 TO 2010
CLIMATE RECORD PERIOD 1884 TO 2014


WEATHER ITEM   OBSERVED TIME   RECORD YEAR NORMAL DEPARTURE LAST
                VALUE   (LST)  VALUE       VALUE  FROM      YEAR
                                                  NORMAL
..................................................................
TEMPERATURE (F)
 YESTERDAY
  MAXIMUM         51    329 PM  74    1948  48      3       47
  MINIMUM         39   1211 AM  15    2004  33      6       38
                                      1991
  AVERAGE         45                        40      5       43

PRECIPITATION (IN)
  YESTERDAY        0.00          2.46 1990   0.10  -0.10     0.12
  MONTH TO DATE    0.56                      1.11  -0.55     0.54
  SINCE SEP 1      6.36                      8.35  -1.99     7.87
  SINCE JAN 1     32.06                     32.42  -0.36    40.56

SNOWFALL (IN)
  YESTERDAY        0.0           5.3  1990   0.1   -0.1      0.0
  MONTH TO DATE    T                         0.9   -0.9      0.0
  SINCE SEP 1      T                         1.2   -1.2       T
  SINCE JUL 1      T                         1.2   -1.2       T
  SNOW DEPTH       0

DEGREE DAYS
 HEATING
  YESTERDAY       20                        25     -5       22
  MONTH TO DATE  225                       233     -8      223
  SINCE SEP 1    742                       932   -190      826
  SINCE JUL 1    755                       974   -219      842

 COOLING
  YESTERDAY        0                         0      0        0
  MONTH TO DATE    0                         0      0        0
  SINCE SEP 1     89                        43     46       62
  SINCE JAN 1    582                       491     91      662
..................................................................


WIND (MPH)
  HIGHEST WIND SPEED    16   HIGHEST WIND DIRECTION     S (180)
  HIGHEST GUST SPEED    22   HIGHEST GUST DIRECTION     S (180)
  AVERAGE WIND SPEED     7.8


SKY COVER
  POSSIBLE SUNSHINE  MM
  AVERAGE SKY COVER 0.7


WEATHER CONDITIONS
 THE FOLLOWING WEATHER WAS RECORDED YESTERDAY.
  NO SIGNIFICANT WEATHER WAS OBSERVED.


RELATIVE HUMIDITY (PERCENT)
 HIGHEST    79          1100 PM
 LOWEST     50          1200 PM
 AVERAGE    65

..........................................................


THE BURLINGTON VT CLIMATE NORMALS FOR TODAY
                         NORMAL    RECORD    YEAR
 MAXIMUM TEMPERATURE (F)   48        71      2002
 MINIMUM TEMPERATURE (F)   33        16      1936


SUNRISE AND SUNSET
NOVEMBER 11 2014......SUNRISE   643 AM EST   SUNSET   429 PM EST
NOVEMBER 12 2014......SUNRISE   645 AM EST   SUNSET   428 PM EST


-  INDICATES NEGATIVE NUMBERS.
R  INDICATES RECORD WAS SET OR TIED.
MM INDICATES DATA IS MISSING.
T  INDICATES TRACE AMOUNT.

&&

LAKE CHAMPLAIN DATA:
LEVEL...............94.44 FEET
TEMPERATURE.........50 DEGREES

MOUNT MANSFIELD DATA:
HIGH................31 DEGREES
LOW.................23 DEGREES
PRECIPITATION.......NONE
NEW SNOW............NONE
SNOW AT STAKE.......5 INCHES

$$
