000
CDUS41 KBTV 192220
CLIBTV


CLIMATE REPORT
NATIONAL WEATHER SERVICE BURLINGTON VT
519 PM EST MON JAN 19 2015


...................................

...THE BURLINGTON VT CLIMATE SUMMARY FOR JANUARY 19 2015...
VALID TODAY AS OF 0500 PM LOCAL TIME.

CLIMATE NORMAL PERIOD 1981 TO 2010
CLIMATE RECORD PERIOD 1884 TO 2015


WEATHER ITEM   OBSERVED TIME   RECORD YEAR NORMAL DEPARTURE LAST
                VALUE   (LST)  VALUE       VALUE  FROM      YEAR
                                                  NORMAL
..................................................................
TEMPERATURE (F)
 TODAY
  MAXIMUM         37    209 PM  65    1996  27     10       32
  MINIMUM         32    459 PM -24    1976  10     22       26
  AVERAGE         35                        18     17       29

PRECIPITATION (IN)
  TODAY            0.10          1.62 1996   0.07   0.03     0.17
  MONTH TO DATE    1.05                      1.26  -0.21     2.35
  SINCE DEC 1      3.90                      3.64   0.26     4.89
  SINCE JAN 1      1.05                      1.26  -0.21     2.35

SNOWFALL (IN)
  TODAY            1.3           9.0  1931   0.7    0.6      3.0
  MONTH TO DATE    8.7                      12.9   -4.2      9.2
  SINCE DEC 1     30.6                      30.8   -0.2     24.5
  SINCE JUL 1     41.2                      36.2    5.0     30.9
  SNOW DEPTH       2

DEGREE DAYS
 HEATING
  TODAY           30                        47    -17       36
  MONTH TO DATE  894                       878     16      789
  SINCE DEC 1   1972                      2092   -120     2069
  SINCE JUL 1   3297                      3637   -340     3562

 COOLING
  TODAY            0                         0      0        0
  MONTH TO DATE    0                         0      0        0
  SINCE DEC 1      0                         0      0        0
  SINCE JAN 1      0                         0      0        0
..................................................................


WIND (MPH)
  HIGHEST WIND SPEED    16   HIGHEST WIND DIRECTION    NW (320)
  HIGHEST GUST SPEED    20   HIGHEST GUST DIRECTION     W (280)
  AVERAGE WIND SPEED     4.4


SKY COVER
  POSSIBLE SUNSHINE  MM
  AVERAGE SKY COVER 0.9


WEATHER CONDITIONS
 THE FOLLOWING WEATHER WAS RECORDED TODAY.
  LIGHT SNOW
  FOG


RELATIVE HUMIDITY (PERCENT)
 HIGHEST    89          1200 AM
 LOWEST     64           500 PM
 AVERAGE    77

..........................................................


THE BURLINGTON VT CLIMATE NORMALS FOR TOMORROW
                         NORMAL    RECORD    YEAR
 MAXIMUM TEMPERATURE (F)   27        52      1951
 MINIMUM TEMPERATURE (F)   10       -22      1970


SUNRISE AND SUNSET
JANUARY 19 2015.......SUNRISE   723 AM EST   SUNSET   444 PM EST
JANUARY 20 2015.......SUNRISE   723 AM EST   SUNSET   445 PM EST


-  INDICATES NEGATIVE NUMBERS.
R  INDICATES RECORD WAS SET OR TIED.
MM INDICATES DATA IS MISSING.
T  INDICATES TRACE AMOUNT.

$$
