000
CDUS41 KBTV 152057
CLIBTV


CLIMATE REPORT
NATIONAL WEATHER SERVICE BURLINGTON VT
457 PM EDT SUN MAY 15 2016


...................................

...THE BURLINGTON VT CLIMATE SUMMARY FOR MAY 15 2016...
VALID TODAY AS OF 0400 PM LOCAL TIME.

CLIMATE NORMAL PERIOD 1981 TO 2010
CLIMATE RECORD PERIOD 1884 TO 2016


WEATHER ITEM   OBSERVED TIME   RECORD YEAR NORMAL DEPARTURE LAST
                VALUE   (LST)  VALUE       VALUE  FROM      YEAR
                                                  NORMAL
..................................................................
TEMPERATURE (F)
 TODAY
  MAXIMUM         52    140 PM  88    1961  67    -15       72
  MINIMUM         46    601 AM  28    1913  45      1       38
  AVERAGE         49                        56     -7       55

PRECIPITATION (IN)
  TODAY            0.12          1.13 2011   0.11   0.01     0.00
  MONTH TO DATE    1.71                      1.55   0.16     1.20
  SINCE MAR 1      5.77                      6.59  -0.82     4.74
  SINCE JAN 1     10.10                     10.41  -0.31     7.12

SNOWFALL (IN)
  TODAY            0.0           T    1917   0.0    0.0      0.0
  MONTH TO DATE    T                         0.0    0.0      0.0
  SINCE MAR 1      5.3                      20.4  -15.1      7.5
  SINCE JUL 1     34.3                      81.2  -46.9     83.4
  SNOW DEPTH       0

DEGREE DAYS
 HEATING
  TODAY           16                         9      7       10
  MONTH TO DATE  172                       173     -1       75
  SINCE MAR 1   1735                      1837   -102     1864
  SINCE JUL 1   6119                      7247  -1128     7381

 COOLING
  TODAY            0                         0      0        0
  MONTH TO DATE    0                         0      0       25
  SINCE MAR 1      0                         2     -2       25
  SINCE JAN 1      0                         2     -2       25
..................................................................


WIND (MPH)
  HIGHEST WIND SPEED    21   HIGHEST WIND DIRECTION    NW (310)
  HIGHEST GUST SPEED    31   HIGHEST GUST DIRECTION    NW (310)
  AVERAGE WIND SPEED    10.1


SKY COVER
  POSSIBLE SUNSHINE  MM
  AVERAGE SKY COVER 1.0


WEATHER CONDITIONS
 THE FOLLOWING WEATHER WAS RECORDED TODAY.
  LIGHT RAIN


RELATIVE HUMIDITY (PERCENT)
 HIGHEST    86           400 AM
 LOWEST     44          1100 AM
 AVERAGE    65

..........................................................


THE BURLINGTON VT CLIMATE NORMALS FOR TOMORROW
                         NORMAL    RECORD    YEAR
 MAXIMUM TEMPERATURE (F)   67        88      1932
 MINIMUM TEMPERATURE (F)   45        29      1987
                                             1936


SUNRISE AND SUNSET
MAY 15 2016...........SUNRISE   525 AM EDT   SUNSET   814 PM EDT
MAY 16 2016...........SUNRISE   524 AM EDT   SUNSET   815 PM EDT


-  INDICATES NEGATIVE NUMBERS.
R  INDICATES RECORD WAS SET OR TIED.
MM INDICATES DATA IS MISSING.
T  INDICATES TRACE AMOUNT.

$$
