000
CDUS41 KBTV 112101
CLIBTV


CLIMATE REPORT
NATIONAL WEATHER SERVICE BURLINGTON VT
500 PM EDT TUE JUL 11 2017


...................................

...THE BURLINGTON VT CLIMATE SUMMARY FOR JULY 11 2017...
VALID TODAY AS OF 0500 PM LOCAL TIME.

CLIMATE NORMAL PERIOD 1981 TO 2010
CLIMATE RECORD PERIOD 1884 TO 2017


WEATHER ITEM   OBSERVED TIME   RECORD YEAR NORMAL DEPARTURE LAST
                VALUE   (LST)  VALUE       VALUE  FROM      YEAR
                                                  NORMAL
..................................................................
TEMPERATURE (F)
 TODAY
  MAXIMUM         83    259 PM  96    1911  81      2       81
  MINIMUM         67    556 AM  48    1977  60      7       57
                                      1968
  AVERAGE         75                        71      4       69

PRECIPITATION (IN)
  TODAY            0.02          1.11 1970   0.13  -0.11     0.00
  MONTH TO DATE    1.22                      1.46  -0.24     1.20
  SINCE JUN 1      8.39                      5.15   3.24     4.25
  SINCE JAN 1     25.07                     17.46   7.61    15.10

SNOWFALL (IN)
  TODAY            0.0           0.0  2002   0.0    0.0      0.0
                                      2001
  MONTH TO DATE    0.0                       0.0    0.0      0.0
  SINCE JUN 1      0.0                       0.0    0.0      0.0
  SINCE JUL 1      0.0                       0.0    0.0      0.0
  SNOW DEPTH       0

DEGREE DAYS
 HEATING
  TODAY            0                         0      0        0
  MONTH TO DATE    0                         8     -8        3
  SINCE JUN 1     52                        81    -29       51
  SINCE JUL 1      0                         8     -8        3

 COOLING
  TODAY           10                         6      4        4
  MONTH TO DATE   81                        66     15       72
  SINCE JUN 1    207                       163     44      205
  SINCE JAN 1    249                       182     67      277
..................................................................


WIND (MPH)
  HIGHEST WIND SPEED    15   HIGHEST WIND DIRECTION     S (190)
  HIGHEST GUST SPEED    20   HIGHEST GUST DIRECTION     S (200)
  AVERAGE WIND SPEED    10.4


SKY COVER
  POSSIBLE SUNSHINE  MM
  AVERAGE SKY COVER 0.4


WEATHER CONDITIONS
 THE FOLLOWING WEATHER WAS RECORDED TODAY.
  LIGHT RAIN


RELATIVE HUMIDITY (PERCENT)
 HIGHEST    87           500 AM
 LOWEST     55           200 PM
 AVERAGE    71

..........................................................


THE BURLINGTON VT CLIMATE NORMALS FOR TOMORROW
                         NORMAL    RECORD    YEAR
 MAXIMUM TEMPERATURE (F)   81        96      1948
 MINIMUM TEMPERATURE (F)   61        46      1971
                                             1913


SUNRISE AND SUNSET
JULY 11 2017..........SUNRISE   519 AM EDT   SUNSET   837 PM EDT
JULY 12 2017..........SUNRISE   520 AM EDT   SUNSET   836 PM EDT


-  INDICATES NEGATIVE NUMBERS.
R  INDICATES RECORD WAS SET OR TIED.
MM INDICATES DATA IS MISSING.
T  INDICATES TRACE AMOUNT.




$$
