000
CDUS41 KBTV 210532
CLIBTV


CLIMATE REPORT
NATIONAL WEATHER SERVICE BURLINGTON VT
125 AM EDT SAT MAR 21 2015


...................................

...THE BURLINGTON VT CLIMATE SUMMARY FOR MARCH 20 2015...

CLIMATE NORMAL PERIOD 1981 TO 2010
CLIMATE RECORD PERIOD 1884 TO 2015


WEATHER ITEM   OBSERVED TIME   RECORD YEAR NORMAL DEPARTURE LAST
                VALUE   (LST)  VALUE       VALUE  FROM      YEAR
                                                  NORMAL
..................................................................
TEMPERATURE (F)
 YESTERDAY
  MAXIMUM         37    335 PM  80    2012  41     -4       43
  MINIMUM         14    437 AM  -2    1949  24    -10       33
  AVERAGE         26                        32     -6       38

PRECIPITATION (IN)
  YESTERDAY        0.00          1.04 1975   0.07  -0.07     0.02
  MONTH TO DATE    0.47                      1.38  -0.91     1.04
  SINCE MAR 1      0.47                      1.38  -0.91     1.04
  SINCE JAN 1      2.85                      5.20  -2.35     5.32

SNOWFALL (IN)
  YESTERDAY        0.0           3.4  1951   0.5   -0.5      0.3
  MONTH TO DATE    4.4                      11.7   -7.3     24.8
  SINCE MAR 1      4.4                      11.7   -7.3     24.8
  SINCE JUL 1     80.3                      72.5    7.8     83.1
  SNOW DEPTH       0

DEGREE DAYS
 HEATING
  YESTERDAY       39                        33      6       27
  MONTH TO DATE  789                       726     63      909
  SINCE MAR 1    789                       726     63      909
  SINCE JUL 1   6306                      6136    170     6374

 COOLING
  YESTERDAY        0                         0      0        0
  MONTH TO DATE    0                         0      0        0
  SINCE MAR 1      0                         0      0        0
  SINCE JAN 1      0                         0      0        0
..................................................................


WIND (MPH)
  HIGHEST WIND SPEED    24   HIGHEST WIND DIRECTION     S (180)
  HIGHEST GUST SPEED    32   HIGHEST GUST DIRECTION     S (180)
  AVERAGE WIND SPEED    10.4


SKY COVER
  POSSIBLE SUNSHINE  MM
  AVERAGE SKY COVER 0.6


WEATHER CONDITIONS
 THE FOLLOWING WEATHER WAS RECORDED YESTERDAY.
  NO SIGNIFICANT WEATHER WAS OBSERVED.


RELATIVE HUMIDITY (PERCENT)
 HIGHEST    69          1100 PM
 LOWEST     22           100 PM
 AVERAGE    46

..........................................................


THE BURLINGTON VT CLIMATE NORMALS FOR TODAY
                         NORMAL    RECORD    YEAR
 MAXIMUM TEMPERATURE (F)   42        81      2012
 MINIMUM TEMPERATURE (F)   24        -2      2007


SUNRISE AND SUNSET
MARCH 21 2015.........SUNRISE   654 AM EDT   SUNSET   706 PM EDT
MARCH 22 2015.........SUNRISE   653 AM EDT   SUNSET   707 PM EDT


-  INDICATES NEGATIVE NUMBERS.
R  INDICATES RECORD WAS SET OR TIED.
MM INDICATES DATA IS MISSING.
T  INDICATES TRACE AMOUNT.

&&

LAKE CHAMPLAIN DATA:
LEVEL...............94.69 FEET
TEMPERATURE.........35 DEGREES

MOUNT MANSFIELD DATA:
HIGH................22 DEGREES
LOW.................3 DEGREES
PRECIPITATION.......NONE
NEW SNOW............NONE
SNOW AT STAKE.......84 INCHES

$$
