000
CDUS41 KBTV 220550
CLIBTV


CLIMATE REPORT
NATIONAL WEATHER SERVICE BURLINGTON VT
1250 AM EST SUN FEB 22 2015


...................................

...THE BURLINGTON VT CLIMATE SUMMARY FOR FEBRUARY 21 2015...

CLIMATE NORMAL PERIOD 1981 TO 2010
CLIMATE RECORD PERIOD 1884 TO 2015


WEATHER ITEM   OBSERVED TIME   RECORD YEAR NORMAL DEPARTURE LAST
                VALUE   (LST)  VALUE       VALUE  FROM      YEAR
                                                  NORMAL
..................................................................
TEMPERATURE (F)
 YESTERDAY
  MAXIMUM         23   1158 PM  59    1981  32     -9       41
  MINIMUM          3   1249 AM -19    1950  14    -11       32
  AVERAGE         13                        23    -10       37

PRECIPITATION (IN)
  YESTERDAY        0.09          0.65 2014   0.06   0.03     0.65
  MONTH TO DATE    1.09                      1.30  -0.21     1.78
  SINCE DEC 1      5.23                      5.74  -0.51     6.77
  SINCE JAN 1      2.38                      3.36  -0.98     4.23

SNOWFALL (IN)
  YESTERDAY        1.2           6.5  1912   0.6    0.6      0.1
  MONTH TO DATE   22.6                      12.5   10.1     22.8
  SINCE DEC 1     65.2                      51.5   13.7     50.6
  SINCE JUL 1     75.8                      56.9   18.9     57.0
  SNOW DEPTH       9

DEGREE DAYS
 HEATING
  YESTERDAY       52                        42     10       28
  MONTH TO DATE 1218                       930    288      949
  SINCE DEC 1   3811                      3579    232     3672
  SINCE JUL 1   5136                      5124     12     5165

 COOLING
  YESTERDAY        0                         0      0        0
  MONTH TO DATE    0                         0      0        0
  SINCE DEC 1      0                         0      0        0
  SINCE JAN 1      0                         0      0        0
..................................................................


WIND (MPH)
  HIGHEST WIND SPEED    29   HIGHEST WIND DIRECTION     S (180)
  HIGHEST GUST SPEED    38   HIGHEST GUST DIRECTION     S (180)
  AVERAGE WIND SPEED    13.9


SKY COVER
  POSSIBLE SUNSHINE  MM
  AVERAGE SKY COVER 0.7


WEATHER CONDITIONS
 THE FOLLOWING WEATHER WAS RECORDED YESTERDAY.
  HEAVY SNOW
  SNOW
  LIGHT SNOW
  HAZE
  BLOWING SNOW


RELATIVE HUMIDITY (PERCENT)
 HIGHEST    84           700 PM
 LOWEST     35           200 PM
 AVERAGE    60

..........................................................


THE BURLINGTON VT CLIMATE NORMALS FOR TODAY
                         NORMAL    RECORD    YEAR
 MAXIMUM TEMPERATURE (F)   32        61      1981
 MINIMUM TEMPERATURE (F)   14       -20      1963


SUNRISE AND SUNSET
FEBRUARY 22 2015......SUNRISE   642 AM EST   SUNSET   531 PM EST
FEBRUARY 23 2015......SUNRISE   640 AM EST   SUNSET   532 PM EST


-  INDICATES NEGATIVE NUMBERS.
R  INDICATES RECORD WAS SET OR TIED.
MM INDICATES DATA IS MISSING.
T  INDICATES TRACE AMOUNT.

&&

LAKE CHAMPLAIN DATA:
LAKE LEVEL..........95.00 FEET
WATER TEMPERATURE...34 DEGREES

MOUNT MANSFIELD DATA:
HIGH TEMPERATURE...8 DEGREES
LOW TEMPERATURE....-10 DEGREES
PRECIPITATION......0.08 INCHES
NEW SNOW...........1.1 INCHES
SNOW AT STAKE......74 INCHES

$$
