000
CDUS41 KBTV 020601
CLIBTV


CLIMATE REPORT
NATIONAL WEATHER SERVICE BURLINGTON VT
1259 AM EST MON JAN 2 2017


...................................

...THE BURLINGTON VT CLIMATE SUMMARY FOR JANUARY 1 2017...

CLIMATE NORMAL PERIOD 1981 TO 2010
CLIMATE RECORD PERIOD 1884 TO 2017


WEATHER ITEM   OBSERVED TIME   RECORD YEAR NORMAL DEPARTURE LAST
                VALUE   (LST)  VALUE       VALUE  FROM      YEAR
                                                  NORMAL
..................................................................
TEMPERATURE (F)
 YESTERDAY
  MAXIMUM         38    119 PM  56    1966  28     10       37
  MINIMUM         23   1148 PM -17    1970  12     11       31
  AVERAGE         31                        20     11       34

PRECIPITATION (IN)
  YESTERDAY        T             1.46 1945   0.07  -0.07     0.01
  MONTH TO DATE    T                         0.07  -0.07     0.01
  SINCE DEC 1      2.35                      2.45  -0.10     4.45
  SINCE JAN 1      T                         0.07  -0.07     0.01

SNOWFALL (IN)
  YESTERDAY        T            14.5  1961   0.7   -0.7       T
  MONTH TO DATE    T                         0.7   -0.7       T
  SINCE DEC 1     16.7                      18.6   -1.9      7.1
  SINCE JUL 1     21.0                      24.0   -3.0      7.3
  SNOW DEPTH       2

DEGREE DAYS
 HEATING
  YESTERDAY       34                        45    -11       31
  MONTH TO DATE   34                        45    -11       31
  SINCE DEC 1   1142                      1259   -117      825
  SINCE JUL 1   2347                      2804   -457     2064

 COOLING
  YESTERDAY        0                         0      0        0
  MONTH TO DATE    0                         0      0        0
  SINCE DEC 1      0                         0      0        0
  SINCE JAN 1      0                         0      0        0
..................................................................


WIND (MPH)
  HIGHEST WIND SPEED    24   HIGHEST WIND DIRECTION     S (190)
  HIGHEST GUST SPEED    31   HIGHEST GUST DIRECTION     S (180)
  AVERAGE WIND SPEED    10.0


SKY COVER
  POSSIBLE SUNSHINE  MM
  AVERAGE SKY COVER 0.7


WEATHER CONDITIONS
 THE FOLLOWING WEATHER WAS RECORDED YESTERDAY.
  LIGHT SNOW
  FOG


RELATIVE HUMIDITY (PERCENT)
 HIGHEST    82           300 AM
 LOWEST     44           100 PM
 AVERAGE    63

..........................................................


THE BURLINGTON VT CLIMATE NORMALS FOR TODAY
                         NORMAL    RECORD    YEAR
 MAXIMUM TEMPERATURE (F)   28        59      1890
 MINIMUM TEMPERATURE (F)   12       -21      1968


SUNRISE AND SUNSET
JANUARY  2 2017.......SUNRISE   729 AM EST   SUNSET   425 PM EST
JANUARY  3 2017.......SUNRISE   729 AM EST   SUNSET   426 PM EST


-  INDICATES NEGATIVE NUMBERS.
R  INDICATES RECORD WAS SET OR TIED.
MM INDICATES DATA IS MISSING.
T  INDICATES TRACE AMOUNT.

&&

LAKE CHAMPLAIN DATA:
LEVEL...............94.91 FEET
TEMPERATURE.........39 DEGREES

MOUNT MANSFIELD DATA:
HIGH................22 DEGREES
LOW.................13 DEGREES
PRECIPITATION.......0.12 INCHES
NEW SNOW............1.0 INCHES
SNOW AT STAKE.......52 INCHES

$$
