000
CDUS41 KBTV 100530
CLIBTV


CLIMATE REPORT
NATIONAL WEATHER SERVICE BURLINGTON VT
128 AM EDT MON APR 10 2017


...................................

...THE BURLINGTON VT CLIMATE SUMMARY FOR APRIL 9 2017...

CLIMATE NORMAL PERIOD 1981 TO 2010
CLIMATE RECORD PERIOD 1884 TO 2017


WEATHER ITEM   OBSERVED TIME   RECORD YEAR NORMAL DEPARTURE LAST
                VALUE   (LST)  VALUE       VALUE  FROM      YEAR
                                                  NORMAL
..................................................................
TEMPERATURE (F)
 YESTERDAY
  MAXIMUM         65    433 PM  76    1945  51     14       36
  MINIMUM         27    533 AM  14    1997  32     -5       24
                                      1885
  AVERAGE         46                        42      4       30

PRECIPITATION (IN)
  YESTERDAY        0.00          1.03 2000   0.09  -0.09     0.01
  MONTH TO DATE    2.00                      0.79   1.21     0.83
  SINCE MAR 1      5.27                      3.01   2.26     3.09
  SINCE JAN 1      9.94                      6.83   3.11     7.42

SNOWFALL (IN)
  YESTERDAY        0.0          14.3  2000   0.2   -0.2      0.2
  MONTH TO DATE    4.4                       2.0    2.4      1.4
  SINCE MAR 1     41.2                      17.8   23.4      3.2
  SINCE JUL 1    100.4                      78.6   21.8     32.2
  SNOW DEPTH       0

DEGREE DAYS
 HEATING
  YESTERDAY       19                        23     -4       35
  MONTH TO DATE  211                       227    -16      268
  SINCE MAR 1   1368                      1281     87     1135
  SINCE JUL 1   5746                      6691   -945     5519

 COOLING
  YESTERDAY        0                         0      0        0
  MONTH TO DATE    0                         0      0        0
  SINCE MAR 1      0                         0      0        0
  SINCE JAN 1      0                         0      0        0
..................................................................


WIND (MPH)
  HIGHEST WIND SPEED    15   HIGHEST WIND DIRECTION     S (190)
  HIGHEST GUST SPEED    20   HIGHEST GUST DIRECTION     S (190)
  AVERAGE WIND SPEED     6.5


SKY COVER
  POSSIBLE SUNSHINE  MM
  AVERAGE SKY COVER 0.4


WEATHER CONDITIONS
 THE FOLLOWING WEATHER WAS RECORDED YESTERDAY.
  NO SIGNIFICANT WEATHER WAS OBSERVED.


RELATIVE HUMIDITY (PERCENT)
 HIGHEST    92           200 AM
 LOWEST     23           100 PM
 AVERAGE    58

..........................................................


THE BURLINGTON VT CLIMATE NORMALS FOR TODAY
                         NORMAL    RECORD    YEAR
 MAXIMUM TEMPERATURE (F)   52        81      1945
 MINIMUM TEMPERATURE (F)   33        16      1975


SUNRISE AND SUNSET
APRIL 10 2017.........SUNRISE   617 AM EDT   SUNSET   731 PM EDT
APRIL 11 2017.........SUNRISE   615 AM EDT   SUNSET   733 PM EDT


-  INDICATES NEGATIVE NUMBERS.
R  INDICATES RECORD WAS SET OR TIED.
MM INDICATES DATA IS MISSING.
T  INDICATES TRACE AMOUNT.







&&

LAKE CHAMPLAIN DATA:
LEVEL...............98.84 FEET
TEMPERATURE.........36 DEGREES

MOUNT MANSFIELD DATA:
HIGH................32 DEGREES
LOW.................21 DEGREES
PRECIPITATION.......TRACE
NEW SNOW............TRACE
SNOW AT STAKE.......112 INCHES

$$
