000
CDUS41 KBTV 070602
CLIBTV


CLIMATE REPORT
NATIONAL WEATHER SERVICE BURLINGTON VT
202 AM EDT THU JUL 7 2016


...................................

...THE BURLINGTON VT CLIMATE SUMMARY FOR JULY 6 2016...

CLIMATE NORMAL PERIOD 1981 TO 2010
CLIMATE RECORD PERIOD 1884 TO 2016


WEATHER ITEM   OBSERVED TIME   RECORD YEAR NORMAL DEPARTURE LAST
                VALUE   (LST)  VALUE       VALUE  FROM      YEAR
                                                  NORMAL
..................................................................
TEMPERATURE (F)
 YESTERDAY
  MAXIMUM         93    301 PM  95    2010  81     12       84
  MINIMUM         65    429 AM  39    1962  60      5       59
  AVERAGE         79                        70      9       72

PRECIPITATION (IN)
  YESTERDAY        0.00          1.47 1984   0.14  -0.14     0.00
  MONTH TO DATE    0.16                      0.79  -0.63     2.46
  SINCE JUN 1      3.21                      4.48  -1.27    11.13
  SINCE JAN 1     14.06                     16.79  -2.73    19.97

SNOWFALL (IN)
  YESTERDAY        0.0           0.0  2002   0.0    0.0      0.0
                                      2001
  MONTH TO DATE    0.0                       0.0    0.0      0.0
  SINCE JUN 1      0.0                       0.0    0.0      0.0
  SINCE JUL 1      0.0                       0.0    0.0      0.0
  SNOW DEPTH       0

DEGREE DAYS
 HEATING
  YESTERDAY        0                         1     -1        0
  MONTH TO DATE    2                         6     -4        1
  SINCE JUN 1     50                        79    -29       72
  SINCE JUL 1      2                         6     -4        1

 COOLING
  YESTERDAY       14                         6      8        7
  MONTH TO DATE   44                        36      8       18
  SINCE JUN 1    177                       133     44       93
  SINCE JAN 1    249                       152     97      186
..................................................................


WIND (MPH)
  HIGHEST WIND SPEED    14   HIGHEST WIND DIRECTION     S (180)
  HIGHEST GUST SPEED    18   HIGHEST GUST DIRECTION     S (190)
  AVERAGE WIND SPEED     4.6


SKY COVER
  POSSIBLE SUNSHINE  MM
  AVERAGE SKY COVER 0.5


WEATHER CONDITIONS
 THE FOLLOWING WEATHER WAS RECORDED YESTERDAY.
  HAZE


RELATIVE HUMIDITY (PERCENT)
 HIGHEST    78           400 AM
 LOWEST     34           200 PM
 AVERAGE    56

..........................................................


THE BURLINGTON VT CLIMATE NORMALS FOR TODAY
                         NORMAL    RECORD    YEAR
 MAXIMUM TEMPERATURE (F)   81        96      1908
 MINIMUM TEMPERATURE (F)   60        43      1969
                                             1965


SUNRISE AND SUNSET
JULY  7 2016..........SUNRISE   516 AM EDT   SUNSET   839 PM EDT
JULY  8 2016..........SUNRISE   517 AM EDT   SUNSET   838 PM EDT


-  INDICATES NEGATIVE NUMBERS.
R  INDICATES RECORD WAS SET OR TIED.
MM INDICATES DATA IS MISSING.
T  INDICATES TRACE AMOUNT.

&&

LAKE CHAMPLAIN DATA:
LEVEL...............94.90 FEET
TEMPERATURE.........72 DEGREES

MOUNT MANSFIELD DATA:
HIGH................73 DEGREES
LOW.................57 DEGREES
PRECIPITATION.......NONE

$$
