387
CDUS41 KBTV 200533
CLIBTV


CLIMATE REPORT
NATIONAL WEATHER SERVICE BURLINGTON VT
131 AM EDT SAT MAY 20 2017


...................................

...THE BURLINGTON VT CLIMATE SUMMARY FOR MAY 19 2017...

CLIMATE NORMAL PERIOD 1981 TO 2010
CLIMATE RECORD PERIOD 1884 TO 2017


WEATHER ITEM   OBSERVED TIME   RECORD YEAR NORMAL DEPARTURE LAST
                VALUE   (LST)  VALUE       VALUE  FROM      YEAR
                                                  NORMAL
..................................................................
TEMPERATURE (F)
 YESTERDAY
  MAXIMUM         74   1246 AM  91    1989  68      6       69
  MINIMUM         50   1147 PM  31    1987  46      4       48
  AVERAGE         62                        57      5       59

PRECIPITATION (IN)
  YESTERDAY        0.01          1.99 2006   0.12  -0.11     0.00
  MONTH TO DATE    2.39                      2.00   0.39     1.75
  SINCE MAR 1      9.49                      7.04   2.45     5.81
  SINCE JAN 1     14.16                     10.86   3.30    10.14

SNOWFALL (IN)
  YESTERDAY        0.0           T    1976   0.0    0.0      0.0
  MONTH TO DATE    0.0                       0.0    0.0       T
  SINCE MAR 1     41.2                      20.4   20.8      5.3
  SINCE JUL 1    100.4                      81.2   19.2     34.3
  SNOW DEPTH       0

DEGREE DAYS
 HEATING
  YESTERDAY        3                         8     -5        6
  MONTH TO DATE  209                       208      1      224
  SINCE MAR 1   1836                      1872    -36     1787
  SINCE JUL 1   6214                      7282  -1068     6171

 COOLING
  YESTERDAY        0                         1     -1        0
  MONTH TO DATE   26                         2     24        0
  SINCE MAR 1     41                         4     37        0
  SINCE JAN 1     41                         4     37        0
..................................................................


WIND (MPH)
  HIGHEST WIND SPEED    22   HIGHEST WIND DIRECTION    NW (330)
  HIGHEST GUST SPEED    28   HIGHEST GUST DIRECTION     N (360)
  AVERAGE WIND SPEED     9.6


SKY COVER
  POSSIBLE SUNSHINE  MM
  AVERAGE SKY COVER 0.6


WEATHER CONDITIONS
 THE FOLLOWING WEATHER WAS RECORDED YESTERDAY.
  LIGHT RAIN


RELATIVE HUMIDITY (PERCENT)
 HIGHEST    83          1100 AM
 LOWEST     46           600 PM
 AVERAGE    65

..........................................................


THE BURLINGTON VT CLIMATE NORMALS FOR TODAY
                         NORMAL    RECORD    YEAR
 MAXIMUM TEMPERATURE (F)   69        91      1975
 MINIMUM TEMPERATURE (F)   47        30      2002


SUNRISE AND SUNSET
MAY 20 2017...........SUNRISE   520 AM EDT   SUNSET   819 PM EDT
MAY 21 2017...........SUNRISE   519 AM EDT   SUNSET   820 PM EDT


-  INDICATES NEGATIVE NUMBERS.
R  INDICATES RECORD WAS SET OR TIED.
MM INDICATES DATA IS MISSING.
T  INDICATES TRACE AMOUNT.

&&

LAKE CHAMPLAIN DATA:
LEVEL...............98.62 FEET
TEMPERATURE.........49 DEGREES

MOUNT MANSFIELD DATA:
HIGH................74 DEGREES
LOW.................38 DEGREES
PRECIPITATION.......0.18 INCHES
NEW SNOW............NONE
SNOW AT STAKE.......9 INCHES

$$
