082
CDUS41 KBTV 240606
CLIBTV


CLIMATE REPORT
NATIONAL WEATHER SERVICE BURLINGTON VT
104 AM EST THU NOV 24 2016


...................................

...THE BURLINGTON VT CLIMATE SUMMARY FOR NOVEMBER 23 2016...

CLIMATE NORMAL PERIOD 1981 TO 2010
CLIMATE RECORD PERIOD 1884 TO 2016


WEATHER ITEM   OBSERVED TIME   RECORD YEAR NORMAL DEPARTURE LAST
                VALUE   (LST)  VALUE       VALUE  FROM      YEAR
                                                  NORMAL
..................................................................
TEMPERATURE (F)
 YESTERDAY
  MAXIMUM         36    305 PM  68    1953  42     -6       35
  MINIMUM         30    915 AM   2    1972  29      1       26
                                      1888
  AVERAGE         33                        36     -3       31

PRECIPITATION (IN)
  YESTERDAY        0.00          1.32 1924   0.10  -0.10     0.00
  MONTH TO DATE    1.71                      2.47  -0.76     1.03
  SINCE SEP 1      5.76                      9.71  -3.95     9.06
  SINCE JAN 1     24.96                     33.78  -8.82    33.22

SNOWFALL (IN)
  YESTERDAY        0.0           7.5  1943   0.3   -0.3      0.0
  MONTH TO DATE    3.1                       3.1    0.0       T
  SINCE SEP 1      3.1                       3.4   -0.3       T
  SINCE JUL 1      3.1                       3.4   -0.3       T
  SNOW DEPTH       2

DEGREE DAYS
 HEATING
  YESTERDAY       32                        29      3       34
  MONTH TO DATE  524                       585    -61      435
  SINCE SEP 1   1008                      1284   -276     1030
  SINCE JUL 1   1013                      1326   -313     1036

 COOLING
  YESTERDAY        0                         0      0        0
  MONTH TO DATE    0                         0      0        0
  SINCE SEP 1    111                        43     68      146
  SINCE JAN 1    855                       491    364      768
..................................................................


WIND (MPH)
  HIGHEST WIND SPEED    18   HIGHEST WIND DIRECTION    NW (310)
  HIGHEST GUST SPEED    26   HIGHEST GUST DIRECTION    NW (320)
  AVERAGE WIND SPEED     7.0


SKY COVER
  POSSIBLE SUNSHINE  MM
  AVERAGE SKY COVER 0.9


WEATHER CONDITIONS
 THE FOLLOWING WEATHER WAS RECORDED YESTERDAY.
  NO SIGNIFICANT WEATHER WAS OBSERVED.


RELATIVE HUMIDITY (PERCENT)
 HIGHEST    72           700 PM
 LOWEST     61          1200 PM
 AVERAGE    67

..........................................................


THE BURLINGTON VT CLIMATE NORMALS FOR TODAY
                         NORMAL    RECORD    YEAR
 MAXIMUM TEMPERATURE (F)   42        67      2014
 MINIMUM TEMPERATURE (F)   28         2      1956


SUNRISE AND SUNSET
NOVEMBER 24 2016......SUNRISE   701 AM EST   SUNSET   418 PM EST
NOVEMBER 25 2016......SUNRISE   702 AM EST   SUNSET   417 PM EST


-  INDICATES NEGATIVE NUMBERS.
R  INDICATES RECORD WAS SET OR TIED.
MM INDICATES DATA IS MISSING.
T  INDICATES TRACE AMOUNT.

&&

LAKE CHAMPLAIN DATA:
LEVEL...............94.16 FEET
TEMPERATURE.........46 DEGREES

MOUNT MANSFIELD DATA:
HIGH................18 DEGREES
LOW.................13 DEGREES
PRECIPITATION.......0.12 INCHES
NEW SNOW............0.2 INCHES
SNOW AT STAKE.......14 INCHES

$$
