000
CDUS41 KBTV 070522
CLIBTV


CLIMATE REPORT
NATIONAL WEATHER SERVICE BURLINGTON VT
119 AM EDT WED JUN 7 2017


...................................

...THE BURLINGTON VT CLIMATE SUMMARY FOR JUNE 6 2017...

CLIMATE NORMAL PERIOD 1981 TO 2010
CLIMATE RECORD PERIOD 1884 TO 2017


WEATHER ITEM   OBSERVED TIME   RECORD YEAR NORMAL DEPARTURE LAST
                VALUE   (LST)  VALUE       VALUE  FROM      YEAR
                                                  NORMAL
..................................................................
TEMPERATURE (F)
 YESTERDAY
  MAXIMUM         56    146 AM  94    1925  74    -18       81
  MINIMUM         50   1159 PM  37    1971  53     -3       60
                                      1964
  AVERAGE         53                        63    -10       71

PRECIPITATION (IN)
  YESTERDAY        1.04          1.79 1922   0.12   0.92      T
  MONTH TO DATE    1.23                      0.73   0.50     1.45
  SINCE JUN 1      1.23                      0.73   0.50     1.45
  SINCE JAN 1     17.91                     13.04   4.87    12.30

SNOWFALL (IN)
  YESTERDAY        0.0           0.0  2002   0.0    0.0      0.0
                                      2001
  MONTH TO DATE    0.0                       0.0    0.0      0.0
  SINCE JUN 1      0.0                       0.0    0.0      0.0
  SINCE JUL 1    100.4                      81.2   19.2     34.3
  SNOW DEPTH       0

DEGREE DAYS
 HEATING
  YESTERDAY       12                         4      8        0
  MONTH TO DATE   42                        27     15        0
  SINCE JUN 1     42                        27     15        0
  SINCE JUL 1   6318                      7388  -1070     6178

 COOLING
  YESTERDAY        0                         2     -2        6
  MONTH TO DATE    0                        10    -10       32
  SINCE JUN 1      0                        10    -10       32
  SINCE JAN 1     42                        29     13      104
..................................................................


WIND (MPH)
  HIGHEST WIND SPEED    13   HIGHEST WIND DIRECTION    SE (120)
  HIGHEST GUST SPEED    17   HIGHEST GUST DIRECTION     E (110)
  AVERAGE WIND SPEED     4.8


SKY COVER
  POSSIBLE SUNSHINE  MM
  AVERAGE SKY COVER 0.9


WEATHER CONDITIONS
 THE FOLLOWING WEATHER WAS RECORDED YESTERDAY.
  RAIN
  LIGHT RAIN
  FOG


RELATIVE HUMIDITY (PERCENT)
 HIGHEST    96           700 AM
 LOWEST     83           400 AM
 AVERAGE    90

..........................................................


THE BURLINGTON VT CLIMATE NORMALS FOR TODAY
                         NORMAL    RECORD    YEAR
 MAXIMUM TEMPERATURE (F)   74        94      1999
 MINIMUM TEMPERATURE (F)   53        35      1958


SUNRISE AND SUNSET
JUNE  7 2017..........SUNRISE   509 AM EDT   SUNSET   835 PM EDT
JUNE  8 2017..........SUNRISE   508 AM EDT   SUNSET   835 PM EDT


-  INDICATES NEGATIVE NUMBERS.
R  INDICATES RECORD WAS SET OR TIED.
MM INDICATES DATA IS MISSING.
T  INDICATES TRACE AMOUNT.

$$
