000
CDUS41 KBTV 200538
CLIBTV


CLIMATE REPORT
NATIONAL WEATHER SERVICE BURLINGTON VT
137 AM EDT WED MAY 20 2015


...................................

...THE BURLINGTON VT CLIMATE SUMMARY FOR MAY 19 2015...

CLIMATE NORMAL PERIOD 1981 TO 2010
CLIMATE RECORD PERIOD 1884 TO 2015


WEATHER ITEM   OBSERVED TIME   RECORD YEAR NORMAL DEPARTURE LAST
                VALUE   (LST)  VALUE       VALUE  FROM      YEAR
                                                  NORMAL
..................................................................
TEMPERATURE (F)
 YESTERDAY
  MAXIMUM         79    514 PM  91    1989  68     11       68
  MINIMUM         58   1159 PM  31    1987  46     12       41
  AVERAGE         69                        57     12       55

PRECIPITATION (IN)
  YESTERDAY        0.01          1.99 2006   0.12  -0.11      T
  MONTH TO DATE    1.31                      2.00  -0.69     2.35
  SINCE MAR 1      4.85                      7.04  -2.19     7.89
  SINCE JAN 1      7.23                     10.86  -3.63    12.17

SNOWFALL (IN)
  YESTERDAY        0.0           T    1976   0.0    0.0      0.0
  MONTH TO DATE    0.0                       0.0    0.0      0.0
  SINCE MAR 1      7.5                      20.4  -12.9     28.2
  SINCE JUL 1     83.4                      81.2    2.2     86.5
  SNOW DEPTH       0

DEGREE DAYS
 HEATING
  YESTERDAY        0                         8     -8       10
  MONTH TO DATE   75                       208   -133      148
  SINCE MAR 1   1864                      1872     -8     2075
  SINCE JUL 1   7381                      7282     99     7540

 COOLING
  YESTERDAY        4                         1      3        0
  MONTH TO DATE   38                         2     36       20
  SINCE MAR 1     38                         4     34       20
  SINCE JAN 1     38                         4     34       20
..................................................................


WIND (MPH)
  HIGHEST WIND SPEED    24   HIGHEST WIND DIRECTION     W (290)
  HIGHEST GUST SPEED    35   HIGHEST GUST DIRECTION    NW (300)
  AVERAGE WIND SPEED    13.8


SKY COVER
  POSSIBLE SUNSHINE  MM
  AVERAGE SKY COVER 0.6


WEATHER CONDITIONS
 THE FOLLOWING WEATHER WAS RECORDED YESTERDAY.
  LIGHT RAIN


RELATIVE HUMIDITY (PERCENT)
 HIGHEST    84           400 AM
 LOWEST     38           600 PM
 AVERAGE    61

..........................................................


THE BURLINGTON VT CLIMATE NORMALS FOR TODAY
                         NORMAL    RECORD    YEAR
 MAXIMUM TEMPERATURE (F)   69        91      1975
 MINIMUM TEMPERATURE (F)   47        30      2002


SUNRISE AND SUNSET
MAY 20 2015...........SUNRISE   520 AM EDT   SUNSET   819 PM EDT
MAY 21 2015...........SUNRISE   519 AM EDT   SUNSET   820 PM EDT


-  INDICATES NEGATIVE NUMBERS.
R  INDICATES RECORD WAS SET OR TIED.
MM INDICATES DATA IS MISSING.
T  INDICATES TRACE AMOUNT.

&&

LAKE CHAMPLAIN DATA:
LEVEL...............97.04 FEET
TEMPERATURE.........54 DEGREES

MOUNT MANSFIELD DATA:
HIGH................66 DEGREES
LOW.................53 DEGREES
PRECIPITATION.......TRACE
NEW SNOW............NONE
SNOW AT STAKE.......7 INCHES

$$
