000
CDUS41 KBTV 162223
CLIBTV


CLIMATE REPORT
NATIONAL WEATHER SERVICE BURLINGTON VT
523 PM EST SUN NOV 16 2014


...................................

...THE BURLINGTON VT CLIMATE SUMMARY FOR NOVEMBER 16 2014...
VALID TODAY AS OF 0500 PM LOCAL TIME.

CLIMATE NORMAL PERIOD 1981 TO 2010
CLIMATE RECORD PERIOD 1884 TO 2014


WEATHER ITEM   OBSERVED TIME   RECORD YEAR NORMAL DEPARTURE LAST
                VALUE   (LST)  VALUE       VALUE  FROM      YEAR
                                                  NORMAL
..................................................................
TEMPERATURE (F)
 TODAY
  MAXIMUM         39    418 PM  73    1989  45     -6       57
  MINIMUM         32    742 AM   6    1967  31      1       32
                                      1933
  AVERAGE         36                        38     -2       45

PRECIPITATION (IN)
  TODAY            0.00          1.10 1926   0.11  -0.11     0.00
  MONTH TO DATE    0.68                      1.74  -1.06     0.58
  SINCE SEP 1      6.48                      8.98  -2.50     7.91
  SINCE JAN 1     32.18                     33.05  -0.87    40.60

SNOWFALL (IN)
  TODAY            0.0          13.0  1906   0.1   -0.1      0.0
  MONTH TO DATE    0.3                       1.7   -1.4      0.3
  SINCE SEP 1      0.3                       2.0   -1.7      0.3
  SINCE JUL 1      0.3                       2.0   -1.7      0.3
  SNOW DEPTH       0

DEGREE DAYS
 HEATING
  TODAY           29                        27      2       20
  MONTH TO DATE  374                       388    -14      391
  SINCE SEP 1    891                      1087   -196      994
  SINCE JUL 1    904                      1129   -225     1010

 COOLING
  TODAY            0                         0      0        0
  MONTH TO DATE    0                         0      0        0
  SINCE SEP 1     89                        43     46       62
  SINCE JAN 1    582                       491     91      662
..................................................................


WIND (MPH)
  HIGHEST WIND SPEED    20   HIGHEST WIND DIRECTION     S (190)
  HIGHEST GUST SPEED    26   HIGHEST GUST DIRECTION     S (190)
  AVERAGE WIND SPEED    12.5


SKY COVER
  POSSIBLE SUNSHINE  MM
  AVERAGE SKY COVER 1.0


WEATHER CONDITIONS
 THE FOLLOWING WEATHER WAS RECORDED TODAY.
  NO SIGNIFICANT WEATHER WAS OBSERVED.


RELATIVE HUMIDITY (PERCENT)
 HIGHEST    63           500 AM
 LOWEST     40           400 PM
 AVERAGE    52

..........................................................


THE BURLINGTON VT CLIMATE NORMALS FOR TOMORROW
                         NORMAL    RECORD    YEAR
 MAXIMUM TEMPERATURE (F)   45        70      2006
 MINIMUM TEMPERATURE (F)   31         7      1924


SUNRISE AND SUNSET
NOVEMBER 16 2014......SUNRISE   650 AM EST   SUNSET   424 PM EST
NOVEMBER 17 2014......SUNRISE   651 AM EST   SUNSET   423 PM EST


-  INDICATES NEGATIVE NUMBERS.
R  INDICATES RECORD WAS SET OR TIED.
MM INDICATES DATA IS MISSING.
T  INDICATES TRACE AMOUNT.

$$
