000
CDUS41 KBTV 092050
CLIBTV


CLIMATE REPORT
NATIONAL WEATHER SERVICE BURLINGTON VT
443 PM EDT FRI SEP 9 2016


...................................

...THE BURLINGTON VT CLIMATE SUMMARY FOR SEPTEMBER 9 2016...
VALID TODAY AS OF 0400 PM LOCAL TIME.

CLIMATE NORMAL PERIOD 1981 TO 2010
CLIMATE RECORD PERIOD 1884 TO 2016


WEATHER ITEM   OBSERVED TIME   RECORD YEAR NORMAL DEPARTURE LAST
                VALUE   (LST)  VALUE       VALUE  FROM      YEAR
                                                  NORMAL
..................................................................
TEMPERATURE (F)
 TODAY
  MAXIMUM         87    259 PM  98    2002  73     14       92
  MINIMUM         74    405 AM  37    1938  53     21       67
  AVERAGE         81                        63     18       80

PRECIPITATION (IN)
  TODAY            0.00          1.90 1885   0.12  -0.12     0.07
  MONTH TO DATE    0.11                      0.99  -0.88     0.41
  SINCE SEP 1      0.11                      0.99  -0.88     0.41
  SINCE JAN 1     19.31                     25.06  -5.75    24.57

SNOWFALL (IN)
  TODAY            0.0           0.0  2002   0.0    0.0      0.0
                                      2001
  MONTH TO DATE    0.0                       0.0    0.0      0.0
  SINCE SEP 1      0.0                       0.0    0.0      0.0
  SINCE JUL 1      0.0                       0.0    0.0      0.0
  SNOW DEPTH       0

DEGREE DAYS
 HEATING
  TODAY            0                         4     -4        0
  MONTH TO DATE    3                        25    -22        0
  SINCE SEP 1      3                        25    -22        0
  SINCE JUL 1      8                        67    -59        6

 COOLING
  TODAY           16                         2     14       15
  MONTH TO DATE   60                        23     37       91
  SINCE SEP 1     60                        23     37       91
  SINCE JAN 1    804                       471    333      713
..................................................................


WIND (MPH)
  HIGHEST WIND SPEED    14   HIGHEST WIND DIRECTION    NW (320)
  HIGHEST GUST SPEED    23   HIGHEST GUST DIRECTION    NW (310)
  AVERAGE WIND SPEED     6.3


SKY COVER
  POSSIBLE SUNSHINE  MM
  AVERAGE SKY COVER 0.6


WEATHER CONDITIONS
 THE FOLLOWING WEATHER WAS RECORDED TODAY.
  NO SIGNIFICANT WEATHER WAS OBSERVED.


RELATIVE HUMIDITY (PERCENT)
 HIGHEST    82          1200 AM
 LOWEST     40           300 PM
 AVERAGE    61

..........................................................


THE BURLINGTON VT CLIMATE NORMALS FOR TOMORROW
                         NORMAL    RECORD    YEAR
 MAXIMUM TEMPERATURE (F)   73        93      2002
 MINIMUM TEMPERATURE (F)   53        33      1913


SUNRISE AND SUNSET
SEPTEMBER  9 2016.....SUNRISE   625 AM EDT   SUNSET   714 PM EDT
SEPTEMBER 10 2016.....SUNRISE   626 AM EDT   SUNSET   712 PM EDT


-  INDICATES NEGATIVE NUMBERS.
R  INDICATES RECORD WAS SET OR TIED.
MM INDICATES DATA IS MISSING.
T  INDICATES TRACE AMOUNT.


$$
