000
CDUS41 KBTV 022122
CLIBTV


CLIMATE REPORT
NATIONAL WEATHER SERVICE BURLINGTON VT
422 PM EST THU FEB 2 2017


...................................

...THE BURLINGTON VT CLIMATE SUMMARY FOR FEBRUARY 2 2017...
VALID TODAY AS OF 0400 PM LOCAL TIME.

CLIMATE NORMAL PERIOD 1981 TO 2010
CLIMATE RECORD PERIOD 1884 TO 2017


WEATHER ITEM   OBSERVED TIME   RECORD YEAR NORMAL DEPARTURE LAST
                VALUE   (LST)  VALUE       VALUE  FROM      YEAR
                                                  NORMAL
..................................................................
TEMPERATURE (F)
 TODAY
  MAXIMUM         32    339 AM  47    1981  28      4       39
  MINIMUM         25   1251 AM -25    1962  10     15       26
  AVERAGE         29                        19     10       33

PRECIPITATION (IN)
  TODAY            0.00          1.75 1981   0.06  -0.06      T
  MONTH TO DATE    0.08                      0.13  -0.05      T
  SINCE DEC 1      4.43                      4.57  -0.14     5.63
  SINCE JAN 1      2.08                      2.19  -0.11     1.19

SNOWFALL (IN)
  TODAY            0.0          11.3  2011   0.6   -0.6      0.0
  MONTH TO DATE    1.4                       1.2    0.2      0.0
  SINCE DEC 1     25.7                      40.2  -14.5     20.2
  SINCE JUL 1     30.0                      45.6  -15.6     20.4
  SNOW DEPTH       2

DEGREE DAYS
 HEATING
  TODAY           36                        46    -10       32
  MONTH TO DATE   75                        92    -17       55
  SINCE DEC 1   2272                      2741   -469     2084
  SINCE JUL 1   3477                      4286   -809     3323

 COOLING
  TODAY            0                         0      0        0
  MONTH TO DATE    0                         0      0        0
  SINCE DEC 1      0                         0      0        0
  SINCE JAN 1      0                         0      0        0
..................................................................


WIND (MPH)
  HIGHEST WIND SPEED    21   HIGHEST WIND DIRECTION     W (270)
  HIGHEST GUST SPEED    27   HIGHEST GUST DIRECTION     W (270)
  AVERAGE WIND SPEED     9.3


SKY COVER
  POSSIBLE SUNSHINE  MM
  AVERAGE SKY COVER 0.8


WEATHER CONDITIONS
 THE FOLLOWING WEATHER WAS RECORDED TODAY.
  NO SIGNIFICANT WEATHER WAS OBSERVED.


RELATIVE HUMIDITY (PERCENT)
 HIGHEST    81           200 AM
 LOWEST     35           300 PM
 AVERAGE    58

..........................................................


THE BURLINGTON VT CLIMATE NORMALS FOR TOMORROW
                         NORMAL    RECORD    YEAR
 MAXIMUM TEMPERATURE (F)   28        54      2016
 MINIMUM TEMPERATURE (F)   10       -25      1971


SUNRISE AND SUNSET
FEBRUARY  2 2017......SUNRISE   710 AM EST   SUNSET   504 PM EST
FEBRUARY  3 2017......SUNRISE   708 AM EST   SUNSET   505 PM EST


-  INDICATES NEGATIVE NUMBERS.
R  INDICATES RECORD WAS SET OR TIED.
MM INDICATES DATA IS MISSING.
T  INDICATES TRACE AMOUNT.

$$
