000
CDUS41 KBTV 120613
CLIBTV


CLIMATE REPORT
NATIONAL WEATHER SERVICE BURLINGTON VT
211 AM EDT THU OCT 12 2017


...................................

...THE BURLINGTON VT CLIMATE SUMMARY FOR OCTOBER 11 2017...

CLIMATE NORMAL PERIOD 1981 TO 2010
CLIMATE RECORD PERIOD 1884 TO 2017


WEATHER ITEM   OBSERVED TIME   RECORD YEAR NORMAL DEPARTURE LAST
                VALUE   (LST)  VALUE       VALUE  FROM      YEAR
                                                  NORMAL
..................................................................
TEMPERATURE (F)
 YESTERDAY
  MAXIMUM         62    136 AM  85    1949  59      3       68
  MINIMUM         44   1159 PM  24    1993  40      4       34
                                      1964
  AVERAGE         53                        50      3       51

PRECIPITATION (IN)
  YESTERDAY        0.00          1.35 1905   0.13  -0.13     0.00
  MONTH TO DATE    1.47                      1.36   0.11     0.13
  SINCE SEP 1      4.26                      5.00  -0.74     1.52
  SINCE JAN 1     33.96                     29.07   4.89    20.72

SNOWFALL (IN)
  YESTERDAY        0.0           0.6  1987   0.0    0.0      0.0
  MONTH TO DATE    0.0                       0.0    0.0      0.0
  SINCE SEP 1      0.0                       T      0.0      0.0
  SINCE JUL 1      0.0                       T      0.0      0.0
  SNOW DEPTH       0

DEGREE DAYS
 HEATING
  YESTERDAY       12                        15     -3       14
  MONTH TO DATE   56                       147    -91       82
  SINCE SEP 1    142                       322   -180      161
  SINCE JUL 1    165                       364   -199      166

 COOLING
  YESTERDAY        0                         0      0        0
  MONTH TO DATE   11                         0     11        0
  SINCE SEP 1    125                        41     84      108
  SINCE JAN 1    642                       489    153      852
..................................................................


WIND (MPH)
  HIGHEST WIND SPEED    16   HIGHEST WIND DIRECTION     N (340)
  HIGHEST GUST SPEED    21   HIGHEST GUST DIRECTION    NW (330)
  AVERAGE WIND SPEED     7.8


SKY COVER
  POSSIBLE SUNSHINE  MM
  AVERAGE SKY COVER 0.8


WEATHER CONDITIONS
 THE FOLLOWING WEATHER WAS RECORDED YESTERDAY.
  NO SIGNIFICANT WEATHER WAS OBSERVED.


RELATIVE HUMIDITY (PERCENT)
 HIGHEST    84           100 AM
 LOWEST     47          1000 AM
 AVERAGE    66

..........................................................


THE BURLINGTON VT CLIMATE NORMALS FOR TODAY
                         NORMAL    RECORD    YEAR
 MAXIMUM TEMPERATURE (F)   59        83      1928
 MINIMUM TEMPERATURE (F)   40        22      1964


SUNRISE AND SUNSET
OCTOBER 12 2017.......SUNRISE   704 AM EDT   SUNSET   613 PM EDT
OCTOBER 13 2017.......SUNRISE   705 AM EDT   SUNSET   611 PM EDT


-  INDICATES NEGATIVE NUMBERS.
R  INDICATES RECORD WAS SET OR TIED.
MM INDICATES DATA IS MISSING.
T  INDICATES TRACE AMOUNT.







&&

LAKE CHAMPLAIN DATA:
LEVEL...............94.64 FEET
TEMPERATURE.........65 DEGREES

MOUNT MANSFIELD DATA:
HIGH................56 DEGREES
LOW.................38 DEGREES
PRECIPITATION.......NONE

$$
