000
CDUS41 KBTV 190541
CLIBTV


CLIMATE REPORT
NATIONAL WEATHER SERVICE BURLINGTON VT
1239 AM EST FRI DEC 19 2014


...................................

...THE BURLINGTON VT CLIMATE SUMMARY FOR DECEMBER 18 2014...

CLIMATE NORMAL PERIOD 1981 TO 2010
CLIMATE RECORD PERIOD 1884 TO 2014


WEATHER ITEM   OBSERVED TIME   RECORD YEAR NORMAL DEPARTURE LAST
                VALUE   (LST)  VALUE       VALUE  FROM      YEAR
                                                  NORMAL
..................................................................
TEMPERATURE (F)
 YESTERDAY
  MAXIMUM         37   1052 AM  57    1921  32      5       28
  MINIMUM         29   1159 PM -13    1919  17     12       13
  AVERAGE         33                        25      8       21

PRECIPITATION (IN)
  YESTERDAY        0.06          0.85 1954   0.07  -0.01      T
  MONTH TO DATE    2.21                      1.48   0.73     1.01
  SINCE DEC 1      2.21                      1.48   0.73     1.01
  SINCE JAN 1     35.69                     35.92  -0.23    43.46

SNOWFALL (IN)
  YESTERDAY        0.2           9.6  1951   0.6   -0.4      0.1
  MONTH TO DATE   19.4                       9.4   10.0      8.7
  SINCE DEC 1     19.4                       9.4   10.0      8.7
  SINCE JUL 1     30.0                      14.8   15.2     15.1
  SNOW DEPTH       7

DEGREE DAYS
 HEATING
  YESTERDAY       32                        40     -8       44
  MONTH TO DATE  632                       659    -27      736
  SINCE DEC 1    632                       659    -27      736
  SINCE JUL 1   1957                      2204   -247     2229

 COOLING
  YESTERDAY        0                         0      0        0
  MONTH TO DATE    0                         0      0        0
  SINCE DEC 1      0                         0      0        0
  SINCE JAN 1    582                       491     91      662
..................................................................


WIND (MPH)
  HIGHEST WIND SPEED    18   HIGHEST WIND DIRECTION    NW (310)
  HIGHEST GUST SPEED    25   HIGHEST GUST DIRECTION    NW (300)
  AVERAGE WIND SPEED     7.4


SKY COVER
  POSSIBLE SUNSHINE  MM
  AVERAGE SKY COVER 1.0


WEATHER CONDITIONS
 THE FOLLOWING WEATHER WAS RECORDED YESTERDAY.
  LIGHT RAIN
  LIGHT SNOW
  FOG


RELATIVE HUMIDITY (PERCENT)
 HIGHEST    92           100 AM
 LOWEST     64           100 PM
 AVERAGE    78

..........................................................


THE BURLINGTON VT CLIMATE NORMALS FOR TODAY
                         NORMAL    RECORD    YEAR
 MAXIMUM TEMPERATURE (F)   32        49      1895
 MINIMUM TEMPERATURE (F)   17       -16      1942


SUNRISE AND SUNSET
DECEMBER 19 2014......SUNRISE   725 AM EST   SUNSET   415 PM EST
DECEMBER 20 2014......SUNRISE   725 AM EST   SUNSET   415 PM EST


-  INDICATES NEGATIVE NUMBERS.
R  INDICATES RECORD WAS SET OR TIED.
MM INDICATES DATA IS MISSING.
T  INDICATES TRACE AMOUNT.

&&

LAKE CHAMPLAIN DATA:
LEVEL...............94.84 FEET
TEMPERATURE.........42 DEGREES

MOUNT MANSFIELD DATA:
HIGH................29 DEGREES
LOW.................17 DEGREES
PRECIPITATION.......0.50 INCHES
NEW SNOW............3.3 INCHES
SNOW AT STAKE.......33 INCHES

$$
