000
CDUS41 KBTV 040541
CLIBTV


CLIMATE REPORT
NATIONAL WEATHER SERVICE BURLINGTON VT
135 AM EDT FRI AUG 4 2017


...................................

...THE BURLINGTON VT CLIMATE SUMMARY FOR AUGUST 3 2017...

CLIMATE NORMAL PERIOD 1981 TO 2010
CLIMATE RECORD PERIOD 1884 TO 2017


WEATHER ITEM   OBSERVED TIME   RECORD YEAR NORMAL DEPARTURE LAST
                VALUE   (LST)  VALUE       VALUE  FROM      YEAR
                                                  NORMAL
..................................................................
TEMPERATURE (F)
 YESTERDAY
  MAXIMUM         86    101 PM  97    1988  81      5       86
  MINIMUM         67   1159 PM  42    1964  60      7       61
  AVERAGE         77                        70      7       74

PRECIPITATION (IN)
  YESTERDAY        0.07          1.05 2004   0.14  -0.07     0.00
  MONTH TO DATE    0.07                      0.42  -0.35     0.10
  SINCE JUN 1     10.69                      8.27   2.42     6.20
  SINCE JAN 1     27.37                     20.58   6.79    17.05

SNOWFALL (IN)
  YESTERDAY        0.0           0.0  2002   0.0    0.0      0.0
                                      2001
  MONTH TO DATE    0.0                       0.0    0.0      0.0
  SINCE JUN 1      0.0                       0.0    0.0      0.0
  SINCE JUL 1      0.0                       0.0    0.0      0.0
  SNOW DEPTH       0

DEGREE DAYS
 HEATING
  YESTERDAY        0                         0      0        0
  MONTH TO DATE    0                         0      0        0
  SINCE JUN 1     56                        86    -30       51
  SINCE JUL 1      4                        13     -9        3

 COOLING
  YESTERDAY       12                         6      6        9
  MONTH TO DATE   30                        18     12       20
  SINCE JUN 1    343                       302     41      409
  SINCE JAN 1    385                       321     64      481
..................................................................


WIND (MPH)
  HIGHEST WIND SPEED    16   HIGHEST WIND DIRECTION    NW (320)
  HIGHEST GUST SPEED    20   HIGHEST GUST DIRECTION     N (340)
  AVERAGE WIND SPEED     5.7


SKY COVER
  POSSIBLE SUNSHINE  MM
  AVERAGE SKY COVER 0.5


WEATHER CONDITIONS
 THE FOLLOWING WEATHER WAS RECORDED YESTERDAY.
  LIGHT RAIN


RELATIVE HUMIDITY (PERCENT)
 HIGHEST    93           800 PM
 LOWEST     48           100 PM
 AVERAGE    71

..........................................................


THE BURLINGTON VT CLIMATE NORMALS FOR TODAY
                         NORMAL    RECORD    YEAR
 MAXIMUM TEMPERATURE (F)   80        95      1944
 MINIMUM TEMPERATURE (F)   60        44      1914


SUNRISE AND SUNSET
AUGUST  4 2017........SUNRISE   543 AM EDT   SUNSET   814 PM EDT
AUGUST  5 2017........SUNRISE   544 AM EDT   SUNSET   812 PM EDT


-  INDICATES NEGATIVE NUMBERS.
R  INDICATES RECORD WAS SET OR TIED.
MM INDICATES DATA IS MISSING.
T  INDICATES TRACE AMOUNT.







&&

LAKE CHAMPLAIN DATA:
LEVEL...............96.84 FEET
TEMPERATURE.........73 DEGREES

MOUNT MANSFIELD DATA:
HIGH................72 DEGREES
LOW.................56 DEGREES
PRECIPITATION.......NONE

$$
