000
CDUS41 KBTV 270533
CLIBTV


CLIMATE REPORT
NATIONAL WEATHER SERVICE BURLINGTON VT
1230 AM EST SUN NOV 27 2016


...................................

...THE BURLINGTON VT CLIMATE SUMMARY FOR NOVEMBER 26 2016...

CLIMATE NORMAL PERIOD 1981 TO 2010
CLIMATE RECORD PERIOD 1884 TO 2016


WEATHER ITEM   OBSERVED TIME   RECORD YEAR NORMAL DEPARTURE LAST
                VALUE   (LST)  VALUE       VALUE  FROM      YEAR
                                                  NORMAL
..................................................................
TEMPERATURE (F)
 YESTERDAY
  MAXIMUM         43    307 PM  64    1979  41      2       51
  MINIMUM         35   1159 PM  -3    1938  28      7       40
  AVERAGE         39                        34      5       46

PRECIPITATION (IN)
  YESTERDAY        0.03          1.47 1979   0.09  -0.06     0.00
  MONTH TO DATE    1.90                      2.76  -0.86     1.03
  SINCE SEP 1      5.95                     10.00  -4.05     9.06
  SINCE JAN 1     25.15                     34.07  -8.92    33.22

SNOWFALL (IN)
  YESTERDAY        0.0           9.6  1977   0.3   -0.3      0.0
  MONTH TO DATE    4.3                       3.9    0.4       T
  SINCE SEP 1      4.3                       4.2    0.1       T
  SINCE JUL 1      4.3                       4.2    0.1       T
  SNOW DEPTH       0

DEGREE DAYS
 HEATING
  YESTERDAY       26                        31     -5       19
  MONTH TO DATE  608                       676    -68      521
  SINCE SEP 1   1092                      1375   -283     1116
  SINCE JUL 1   1097                      1417   -320     1122

 COOLING
  YESTERDAY        0                         0      0        0
  MONTH TO DATE    0                         0      0        0
  SINCE SEP 1    111                        43     68      146
  SINCE JAN 1    855                       491    364      768
..................................................................


WIND (MPH)
  HIGHEST WIND SPEED    10   HIGHEST WIND DIRECTION     N (20)
  HIGHEST GUST SPEED    14   HIGHEST GUST DIRECTION     N (350)
  AVERAGE WIND SPEED     3.1


SKY COVER
  POSSIBLE SUNSHINE  MM
  AVERAGE SKY COVER 1.0


WEATHER CONDITIONS
 THE FOLLOWING WEATHER WAS RECORDED YESTERDAY.
  LIGHT RAIN
  FOG


RELATIVE HUMIDITY (PERCENT)
 HIGHEST   100           200 AM
 LOWEST     85           500 PM
 AVERAGE    93

..........................................................


THE BURLINGTON VT CLIMATE NORMALS FOR TODAY
                         NORMAL    RECORD    YEAR
 MAXIMUM TEMPERATURE (F)   41        66      1896
 MINIMUM TEMPERATURE (F)   27        -1      1957


SUNRISE AND SUNSET
NOVEMBER 27 2016......SUNRISE   705 AM EST   SUNSET   416 PM EST
NOVEMBER 28 2016......SUNRISE   706 AM EST   SUNSET   415 PM EST


-  INDICATES NEGATIVE NUMBERS.
R  INDICATES RECORD WAS SET OR TIED.
MM INDICATES DATA IS MISSING.
T  INDICATES TRACE AMOUNT.

&&

LAKE CHAMPLAIN DATA:
LEVEL...............94.24 FEET
TEMPERATURE.........48 DEGREES

MOUNT MANSFIELD DATA:
HIGH................30 DEGREES
LOW.................27 DEGREES
PRECIPITATION.......0.26 INCHES
NEW SNOW............1.0 INCHES
SNOW AT STAKE.......12 INCHES

$$
