000
CDUS41 KBTV 140522
CLIBTV


CLIMATE REPORT
NATIONAL WEATHER SERVICE BURLINGTON VT
121 AM EDT SUN AUG 14 2016


...................................

...THE BURLINGTON VT CLIMATE SUMMARY FOR AUGUST 13 2016...

CLIMATE NORMAL PERIOD 1981 TO 2010
CLIMATE RECORD PERIOD 1884 TO 2016


WEATHER ITEM   OBSERVED TIME   RECORD YEAR NORMAL DEPARTURE LAST
                VALUE   (LST)  VALUE       VALUE  FROM      YEAR
                                                  NORMAL
..................................................................
TEMPERATURE (F)
 YESTERDAY
  MAXIMUM         77    926 PM  97    1947  80     -3       78
  MINIMUM         67    249 AM  43    1930  59      8       62
  AVERAGE         72                        69      3       70

PRECIPITATION (IN)
  YESTERDAY        0.32          1.83 1955   0.13   0.19     0.00
  MONTH TO DATE    0.76                      1.76  -1.00     1.22
  SINCE JUN 1      6.86                      9.61  -2.75    14.56
  SINCE JAN 1     17.71                     21.92  -4.21    23.40

SNOWFALL (IN)
  YESTERDAY        0.0           0.0  2002   0.0    0.0      0.0
                                      2001
  MONTH TO DATE    0.0                       0.0    0.0      0.0
  SINCE JUN 1      0.0                       0.0    0.0      0.0
  SINCE JUL 1      0.0                       0.0    0.0      0.0
  SNOW DEPTH       0

DEGREE DAYS
 HEATING
  YESTERDAY        0                         1     -1        0
  MONTH TO DATE    0                         9     -9        1
  SINCE JUN 1     51                        95    -44       77
  SINCE JUL 1      3                        22    -19        6

 COOLING
  YESTERDAY        7                         5      2        5
  MONTH TO DATE  138                        71     67       76
  SINCE JUN 1    527                       355    172      370
  SINCE JAN 1    599                       374    225      463
..................................................................


WIND (MPH)
  HIGHEST WIND SPEED    17   HIGHEST WIND DIRECTION     S (180)
  HIGHEST GUST SPEED    27   HIGHEST GUST DIRECTION     S (170)
  AVERAGE WIND SPEED     5.7


SKY COVER
  POSSIBLE SUNSHINE  MM
  AVERAGE SKY COVER 1.0


WEATHER CONDITIONS
 THE FOLLOWING WEATHER WAS RECORDED YESTERDAY.
  THUNDERSTORM
  RAIN
  LIGHT RAIN
  FOG
  HAZE


RELATIVE HUMIDITY (PERCENT)
 HIGHEST    93           200 AM
 LOWEST     82          1000 PM
 AVERAGE    88

..........................................................


THE BURLINGTON VT CLIMATE NORMALS FOR TODAY
                         NORMAL    RECORD    YEAR
 MAXIMUM TEMPERATURE (F)   80        96      2002
                                             1947
                                             1944
 MINIMUM TEMPERATURE (F)   59        47      1923


SUNRISE AND SUNSET
AUGUST 14 2016........SUNRISE   555 AM EDT   SUNSET   759 PM EDT
AUGUST 15 2016........SUNRISE   556 AM EDT   SUNSET   757 PM EDT


-  INDICATES NEGATIVE NUMBERS.
R  INDICATES RECORD WAS SET OR TIED.
MM INDICATES DATA IS MISSING.
T  INDICATES TRACE AMOUNT.

&&

LAKE CHAMPLAIN DATA:
LAKE LEVEL..........94.34 FEET
WATER TEMPERATURE...75 DEGREES

MOUNT MANSFIELD DATA:
HIGH TEMPERATURE...68 DEGREES
LOW TEMPERATURE....62 DEGREES
PRECIPITATION......0.36 INCHES

$$
