000
CDUS41 KBTV 260555
CLIBTV


CLIMATE REPORT
NATIONAL WEATHER SERVICE BURLINGTON VT
154 AM EDT FRI JUN 26 2015


...................................

...THE BURLINGTON VT CLIMATE SUMMARY FOR JUNE 25 2015...

CLIMATE NORMAL PERIOD 1981 TO 2010
CLIMATE RECORD PERIOD 1884 TO 2015


WEATHER ITEM   OBSERVED TIME   RECORD YEAR NORMAL DEPARTURE LAST
                VALUE   (LST)  VALUE       VALUE  FROM      YEAR
                                                  NORMAL
..................................................................
TEMPERATURE (F)
 YESTERDAY
  MAXIMUM         75    339 PM  94    1995  79     -4       71
  MINIMUM         57    304 AM  39    1979  58     -1       66
  AVERAGE         66                        68     -2       69

PRECIPITATION (IN)
  YESTERDAY        0.00          2.32 1988   0.12  -0.12     1.48
  MONTH TO DATE    7.70                      3.06   4.64     4.35
  SINCE JUN 1      7.70                      3.06   4.64     4.35
  SINCE JAN 1     16.54                     15.37   1.17    18.11

SNOWFALL (IN)
  YESTERDAY        0.0           0.0  2002   0.0    0.0      0.0
                                      2001
  MONTH TO DATE    0.0                       0.0    0.0      0.0
  SINCE JUN 1      0.0                       0.0    0.0      0.0
  SINCE JUL 1     83.4                      81.2    2.2     86.5
  SNOW DEPTH       0

DEGREE DAYS
 HEATING
  YESTERDAY        0                         1     -1        0
  MONTH TO DATE   64                        68     -4       20
  SINCE JUN 1     64                        68     -4       20
  SINCE JUL 1   7500                      7429     71     7613

 COOLING
  YESTERDAY        1                         5     -4        4
  MONTH TO DATE   71                        72     -1       78
  SINCE JUN 1     71                        72     -1       78
  SINCE JAN 1    164                        91     73      100
..................................................................


WIND (MPH)
  HIGHEST WIND SPEED    14   HIGHEST WIND DIRECTION     N (10)
  HIGHEST GUST SPEED    20   HIGHEST GUST DIRECTION     N (360)
  AVERAGE WIND SPEED     4.2


SKY COVER
  POSSIBLE SUNSHINE  MM
  AVERAGE SKY COVER 0.6


WEATHER CONDITIONS
 THE FOLLOWING WEATHER WAS RECORDED YESTERDAY.
  NO SIGNIFICANT WEATHER WAS OBSERVED.


RELATIVE HUMIDITY (PERCENT)
 HIGHEST    93           200 AM
 LOWEST     43           300 PM
 AVERAGE    68

..........................................................


THE BURLINGTON VT CLIMATE NORMALS FOR TODAY
                         NORMAL    RECORD    YEAR
 MAXIMUM TEMPERATURE (F)   79        96      2007
 MINIMUM TEMPERATURE (F)   58        41      1979


SUNRISE AND SUNSET
JUNE 26 2015..........SUNRISE   509 AM EDT   SUNSET   841 PM EDT
JUNE 27 2015..........SUNRISE   510 AM EDT   SUNSET   841 PM EDT


-  INDICATES NEGATIVE NUMBERS.
R  INDICATES RECORD WAS SET OR TIED.
MM INDICATES DATA IS MISSING.
T  INDICATES TRACE AMOUNT.

&&

LAKE CHAMPLAIN DATA:
LEVEL...............98.38 FEET
TEMPERATURE.........60 DEGREES

MOUNT MANSFIELD DATA:
HIGH................57 DEGREES
LOW.................44 DEGREES
PRECIPITATION.......0.21 INCHES

$$
