000
CDUS41 KBTV 050533
CLIBTV


CLIMATE REPORT
NATIONAL WEATHER SERVICE BURLINGTON VT
132 AM EDT FRI SEP 5 2014


...................................

...THE BURLINGTON VT CLIMATE SUMMARY FOR SEPTEMBER 4 2014...

CLIMATE NORMAL PERIOD 1981 TO 2010
CLIMATE RECORD PERIOD 1884 TO 2014


WEATHER ITEM   OBSERVED TIME   RECORD YEAR NORMAL DEPARTURE LAST
                VALUE   (LST)  VALUE       VALUE  FROM      YEAR
                                                  NORMAL
..................................................................
TEMPERATURE (F)
 YESTERDAY
  MAXIMUM         84    329 PM  93    1999  75      9       74
  MINIMUM         56    549 AM  40    1987  55      1       60
                                      1946
                                      1924
  AVERAGE         70                        65      5       67

PRECIPITATION (IN)
  YESTERDAY        0.00          1.48 1904   0.11  -0.11     0.20
  MONTH TO DATE    0.46                      0.44   0.02     1.12
  SINCE SEP 1      0.46                      0.44   0.02     1.12
  SINCE JAN 1     26.16                     24.51   1.65    33.81

SNOWFALL (IN)
  YESTERDAY        0.0           0.0  2002   0.0    0.0      0.0
                                      2001
  MONTH TO DATE    0.0                       0.0    0.0      0.0
  SINCE SEP 1      0.0                       0.0    0.0      0.0
  SINCE JUL 1      0.0                       0.0    0.0      0.0
  SNOW DEPTH       0

DEGREE DAYS
 HEATING
  YESTERDAY        0                         3     -3        0
  MONTH TO DATE    0                         9     -9        0
  SINCE SEP 1      0                         9     -9        0
  SINCE JUL 1     13                        51    -38       16

 COOLING
  YESTERDAY        5                         3      2        2
  MONTH TO DATE   38                        12     26       28
  SINCE SEP 1     38                        12     26       28
  SINCE JAN 1    531                       460     71      628
..................................................................


WIND (MPH)
  HIGHEST WIND SPEED    17   HIGHEST WIND DIRECTION     S (180)
  HIGHEST GUST SPEED    22   HIGHEST GUST DIRECTION     S (190)
  AVERAGE WIND SPEED     5.8


SKY COVER
  POSSIBLE SUNSHINE  MM
  AVERAGE SKY COVER 0.2


WEATHER CONDITIONS
 THE FOLLOWING WEATHER WAS RECORDED YESTERDAY.
  NO SIGNIFICANT WEATHER WAS OBSERVED.


RELATIVE HUMIDITY (PERCENT)
 HIGHEST    93           100 AM
 LOWEST     46           200 PM
 AVERAGE    70

..........................................................


THE BURLINGTON VT CLIMATE NORMALS FOR TODAY
                         NORMAL    RECORD    YEAR
 MAXIMUM TEMPERATURE (F)   75        90      1973
 MINIMUM TEMPERATURE (F)   55        37      1963


SUNRISE AND SUNSET
SEPTEMBER  5 2014.....SUNRISE   620 AM EDT   SUNSET   722 PM EDT
SEPTEMBER  6 2014.....SUNRISE   621 AM EDT   SUNSET   720 PM EDT


-  INDICATES NEGATIVE NUMBERS.
R  INDICATES RECORD WAS SET OR TIED.
MM INDICATES DATA IS MISSING.
T  INDICATES TRACE AMOUNT.

&&

LAKE CHAMPLAIN DATA:
LEVEL...............95.25 FEET
TEMPERATURE.........72 DEGREES

MOUNT MANSFIELD DATA:
HIGH................66 DEGREES
LOW.................51 DEGREES
PRECIPITATION.......NONE

$$
