000
CDUS41 KBTV 120528
CLIBTV


CLIMATE REPORT
NATIONAL WEATHER SERVICE BURLINGTON VT
127 AM EDT SUN OCT 12 2014


...................................

...THE BURLINGTON VT CLIMATE SUMMARY FOR OCTOBER 11 2014...

CLIMATE NORMAL PERIOD 1981 TO 2010
CLIMATE RECORD PERIOD 1884 TO 2014


WEATHER ITEM   OBSERVED TIME   RECORD YEAR NORMAL DEPARTURE LAST
                VALUE   (LST)  VALUE       VALUE  FROM      YEAR
                                                  NORMAL
..................................................................
TEMPERATURE (F)
 YESTERDAY
  MAXIMUM         56    212 PM  85    1949  59     -3       70
  MINIMUM         40    618 AM  24    1993  40      0       43
                                      1964
  AVERAGE         48                        50     -2       57

PRECIPITATION (IN)
  YESTERDAY        T             0.52 1908   0.13  -0.13     0.00
  MONTH TO DATE    1.21                      1.36  -0.15     1.41
  SINCE SEP 1      2.84                      5.00  -2.16     6.15
  SINCE JAN 1     28.54                     29.07  -0.53    38.84

SNOWFALL (IN)
  YESTERDAY        0.0           0.6  1987   0.0    0.0      0.0
  MONTH TO DATE    0.0                       0.0    0.0      0.0
  SINCE SEP 1      0.0                       T      0.0      0.0
  SINCE JUL 1      0.0                       T      0.0      0.0
  SNOW DEPTH       0

DEGREE DAYS
 HEATING
  YESTERDAY       17                        15      2        8
  MONTH TO DATE   95                       147    -52       78
  SINCE SEP 1    246                       322    -76      273
  SINCE JUL 1    259                       364   -105      289

 COOLING
  YESTERDAY        0                         0      0        0
  MONTH TO DATE    0                         0      0        4
  SINCE SEP 1     71                        41     30       62
  SINCE JAN 1    564                       489     75      662
..................................................................


WIND (MPH)
  HIGHEST WIND SPEED    10   HIGHEST WIND DIRECTION     N (350)
  HIGHEST GUST SPEED    13   HIGHEST GUST DIRECTION     N (350)
  AVERAGE WIND SPEED     1.5


SKY COVER
  POSSIBLE SUNSHINE  MM
  AVERAGE SKY COVER 0.7


WEATHER CONDITIONS
 THE FOLLOWING WEATHER WAS RECORDED YESTERDAY.
  LIGHT RAIN


RELATIVE HUMIDITY (PERCENT)
 HIGHEST    92           600 AM
 LOWEST     47           100 PM
 AVERAGE    70

..........................................................


THE BURLINGTON VT CLIMATE NORMALS FOR TODAY
                         NORMAL    RECORD    YEAR
 MAXIMUM TEMPERATURE (F)   59        83      1928
 MINIMUM TEMPERATURE (F)   40        22      1964


SUNRISE AND SUNSET
OCTOBER 12 2014.......SUNRISE   704 AM EDT   SUNSET   614 PM EDT
OCTOBER 13 2014.......SUNRISE   705 AM EDT   SUNSET   612 PM EDT


-  INDICATES NEGATIVE NUMBERS.
R  INDICATES RECORD WAS SET OR TIED.
MM INDICATES DATA IS MISSING.
T  INDICATES TRACE AMOUNT.




$$
