000
CDUS41 KBTV 190545
CLIBTV


CLIMATE REPORT
NATIONAL WEATHER SERVICE BURLINGTON VT
144 AM EDT TUE MAY 19 2015


...................................

...THE BURLINGTON VT CLIMATE SUMMARY FOR MAY 18 2015...

CLIMATE NORMAL PERIOD 1981 TO 2010
CLIMATE RECORD PERIOD 1884 TO 2015


WEATHER ITEM   OBSERVED TIME   RECORD YEAR NORMAL DEPARTURE LAST
                VALUE   (LST)  VALUE       VALUE  FROM      YEAR
                                                  NORMAL
..................................................................
TEMPERATURE (F)
 YESTERDAY
  MAXIMUM         85    259 PM  89    1989  68     17       65
                                      1962
  MINIMUM         52    438 AM  29    1983  46      6       40
  AVERAGE         69                        57     12       53

PRECIPITATION (IN)
  YESTERDAY        0.00          1.39 1996   0.12  -0.12     0.00
  MONTH TO DATE    1.30                      1.88  -0.58     2.35
  SINCE MAR 1      4.84                      6.92  -2.08     7.89
  SINCE JAN 1      7.22                     10.74  -3.52    12.17

SNOWFALL (IN)
  YESTERDAY        0.0           0.0  2002   0.0    0.0      0.0
                                      2001
  MONTH TO DATE    0.0                       0.0    0.0      0.0
  SINCE MAR 1      7.5                      20.4  -12.9     28.2
  SINCE JUL 1     83.4                      81.2    2.2     86.5
  SNOW DEPTH       0

DEGREE DAYS
 HEATING
  YESTERDAY        0                         9     -9       12
  MONTH TO DATE   75                       200   -125      138
  SINCE MAR 1   1864                      1864      0     2065
  SINCE JUL 1   7381                      7274    107     7530

 COOLING
  YESTERDAY        4                         1      3        0
  MONTH TO DATE   34                         1     33       20
  SINCE MAR 1     34                         3     31       20
  SINCE JAN 1     34                         3     31       20
..................................................................


WIND (MPH)
  HIGHEST WIND SPEED    23   HIGHEST WIND DIRECTION     S (180)
  HIGHEST GUST SPEED    31   HIGHEST GUST DIRECTION     S (180)
  AVERAGE WIND SPEED    11.1


SKY COVER
  POSSIBLE SUNSHINE  MM
  AVERAGE SKY COVER 0.5


WEATHER CONDITIONS
 THE FOLLOWING WEATHER WAS RECORDED YESTERDAY.
  NO SIGNIFICANT WEATHER WAS OBSERVED.


RELATIVE HUMIDITY (PERCENT)
 HIGHEST    89           300 AM
 LOWEST     42          1200 PM
 AVERAGE    66

..........................................................


THE BURLINGTON VT CLIMATE NORMALS FOR TODAY
                         NORMAL    RECORD    YEAR
 MAXIMUM TEMPERATURE (F)   68        91      1989
 MINIMUM TEMPERATURE (F)   46        31      1987


SUNRISE AND SUNSET
MAY 19 2015...........SUNRISE   521 AM EDT   SUNSET   817 PM EDT
MAY 20 2015...........SUNRISE   520 AM EDT   SUNSET   819 PM EDT


-  INDICATES NEGATIVE NUMBERS.
R  INDICATES RECORD WAS SET OR TIED.
MM INDICATES DATA IS MISSING.
T  INDICATES TRACE AMOUNT.

&&

LAKE CHAMPLAIN DATA:
LEVEL...............97.14 FEET
TEMPERATURE.........51 DEGREES

MOUNT MANSFIELD DATA:
HIGH................68 DEGREES
LOW.................50 DEGREES
PRECIPITATION.......NONE
NEW SNOW............NONE
SNOW AT STAKE.......12 INCHES

$$
