000
CDUS41 KBTV 310534
CLIBTV


CLIMATE REPORT
NATIONAL WEATHER SERVICE BURLINGTON VT
132 AM EDT TUE OCT 31 2017


...................................

...THE BURLINGTON VT CLIMATE SUMMARY FOR OCTOBER 30 2017...

CLIMATE NORMAL PERIOD 1981 TO 2010
CLIMATE RECORD PERIOD 1884 TO 2017


WEATHER ITEM   OBSERVED TIME   RECORD YEAR NORMAL DEPARTURE LAST
                VALUE   (LST)  VALUE       VALUE  FROM      YEAR
                                                  NORMAL
..................................................................
TEMPERATURE (F)
 YESTERDAY
  MAXIMUM         69    427 AM  70    2012  52     17       49
                                      1989
                                      1946
  MINIMUM         48   1159 PM  20    1966  35     13       41
                                      1925
  AVERAGE         59                        44     15       45

PRECIPITATION (IN)
  YESTERDAY        0.06          1.55 1917   0.11  -0.05      T
  MONTH TO DATE    3.54                      3.49   0.05     2.64
  SINCE SEP 1      6.33                      7.13  -0.80     4.03
  SINCE JAN 1     36.03                     31.20   4.83    23.23

SNOWFALL (IN)
  YESTERDAY        0.0           0.4  2000   0.1   MM        0.0
  MONTH TO DATE    0.0                       0.3   -0.3       T
  SINCE SEP 1      0.0                       0.3   -0.3       T
  SINCE JUL 1      0.0                       0.3   -0.3       T
  SNOW DEPTH       0

DEGREE DAYS
 HEATING
  YESTERDAY        6                        21    -15       20
  MONTH TO DATE  193                       501   -308      378
  SINCE SEP 1    279                       676   -397      457
  SINCE JUL 1    302                       718   -416      462

 COOLING
  YESTERDAY        0                         0      0        0
  MONTH TO DATE   21                         0     21        3
  SINCE SEP 1    135                        41     94      111
  SINCE JAN 1    652                       489    163      855
..................................................................


WIND (MPH)
  HIGHEST WIND SPEED    41   HIGHEST WIND DIRECTION    SE (120)
  HIGHEST GUST SPEED    63   HIGHEST GUST DIRECTION    SE (130)
  AVERAGE WIND SPEED    17.8


SKY COVER
  POSSIBLE SUNSHINE  MM
  AVERAGE SKY COVER 0.8


WEATHER CONDITIONS
 THE FOLLOWING WEATHER WAS RECORDED YESTERDAY.
  LIGHT RAIN
  FOG


RELATIVE HUMIDITY (PERCENT)
 HIGHEST    90          1200 AM
 LOWEST     43           300 PM
 AVERAGE    67

..........................................................


THE BURLINGTON VT CLIMATE NORMALS FOR TODAY
                         NORMAL    RECORD    YEAR
 MAXIMUM TEMPERATURE (F)   52        69      1946
 MINIMUM TEMPERATURE (F)   35        17      1925


SUNRISE AND SUNSET
OCTOBER 31 2017.......SUNRISE   729 AM EDT   SUNSET   543 PM EDT
NOVEMBER  1 2017......SUNRISE   730 AM EDT   SUNSET   541 PM EDT


-  INDICATES NEGATIVE NUMBERS.
R  INDICATES RECORD WAS SET OR TIED.
MM INDICATES DATA IS MISSING.
T  INDICATES TRACE AMOUNT.

&&

LAKE CHAMPLAIN DATA:
LEVEL...............94.44 FEET
TEMPERATURE.........58 DEGREES

MOUNT MANSFIELD DATA:
HIGH................52 DEGREES
LOW.................32 DEGREES
PRECIPITATION.......0.95 INCHES

$$
