000
CDUS41 KBTV 080556
CLIBTV


CLIMATE REPORT
NATIONAL WEATHER SERVICE BURLINGTON VT
154 AM EDT MON SEP 8 2014


...................................

...THE BURLINGTON VT CLIMATE SUMMARY FOR SEPTEMBER 7 2014...

CLIMATE NORMAL PERIOD 1981 TO 2010
CLIMATE RECORD PERIOD 1884 TO 2014


WEATHER ITEM   OBSERVED TIME   RECORD YEAR NORMAL DEPARTURE LAST
                VALUE   (LST)  VALUE       VALUE  FROM      YEAR
                                                  NORMAL
..................................................................
TEMPERATURE (F)
 YESTERDAY
  MAXIMUM         75    248 PM  94    1945  74      1       67
  MINIMUM         53    620 AM  36    1962  54     -1       56
  AVERAGE         64                        64      0       62

PRECIPITATION (IN)
  YESTERDAY        0.00          0.95 1898   0.11  -0.11     0.02
  MONTH TO DATE    0.92                      0.76   0.16     1.14
  SINCE SEP 1      0.92                      0.76   0.16     1.14
  SINCE JAN 1     26.62                     24.83   1.79    33.83

SNOWFALL (IN)
  YESTERDAY        0.0           0.0  2002   0.0    0.0      0.0
                                      2001
  MONTH TO DATE    0.0                       0.0    0.0      0.0
  SINCE SEP 1      0.0                       0.0    0.0      0.0
  SINCE JUL 1      0.0                       0.0    0.0      0.0
  SNOW DEPTH       0

DEGREE DAYS
 HEATING
  YESTERDAY        1                         3     -2        3
  MONTH TO DATE    1                        18    -17       22
  SINCE SEP 1      1                        18    -17       22
  SINCE JUL 1     14                        60    -46       38

 COOLING
  YESTERDAY        0                         2     -2        0
  MONTH TO DATE   56                        19     37       28
  SINCE SEP 1     56                        19     37       28
  SINCE JAN 1    549                       467     82      628
..................................................................


WIND (MPH)
  HIGHEST WIND SPEED    13   HIGHEST WIND DIRECTION     N (360)
  HIGHEST GUST SPEED    17   HIGHEST GUST DIRECTION    NW (320)
  AVERAGE WIND SPEED     4.4


SKY COVER
  POSSIBLE SUNSHINE  MM
  AVERAGE SKY COVER 0.3


WEATHER CONDITIONS
 THE FOLLOWING WEATHER WAS RECORDED YESTERDAY.
  FOG


RELATIVE HUMIDITY (PERCENT)
 HIGHEST    93           500 AM
 LOWEST     41           200 PM
 AVERAGE    67

..........................................................


THE BURLINGTON VT CLIMATE NORMALS FOR TODAY
                         NORMAL    RECORD    YEAR
 MAXIMUM TEMPERATURE (F)   74        94      1945
 MINIMUM TEMPERATURE (F)   54        37      1978
                                             1952


SUNRISE AND SUNSET
SEPTEMBER  8 2014.....SUNRISE   623 AM EDT   SUNSET   716 PM EDT
SEPTEMBER  9 2014.....SUNRISE   624 AM EDT   SUNSET   714 PM EDT


-  INDICATES NEGATIVE NUMBERS.
R  INDICATES RECORD WAS SET OR TIED.
MM INDICATES DATA IS MISSING.
T  INDICATES TRACE AMOUNT.

&&

LAKE CHAMPLAIN DATA:
LEVEL...............95.20 FEET
TEMPERATURE.........71 DEGREES

MOUNT MANSFIELD DATA:
HIGH................57 DEGREES
LOW.................40 DEGREES
PRECIPITATION.......0.01 INCHES

$$
