000
CDUS41 KBTV 272118
CLIBTV


CLIMATE REPORT
NATIONAL WEATHER SERVICE BURLINGTON VT
517 PM EDT SAT JUN 27 2015


...................................

...THE BURLINGTON VT CLIMATE SUMMARY FOR JUNE 27 2015...
VALID TODAY AS OF 0500 PM LOCAL TIME.

CLIMATE NORMAL PERIOD 1981 TO 2010
CLIMATE RECORD PERIOD 1884 TO 2015


WEATHER ITEM   OBSERVED TIME   RECORD YEAR NORMAL DEPARTURE LAST
                VALUE   (LST)  VALUE       VALUE  FROM      YEAR
                                                  NORMAL
..................................................................
TEMPERATURE (F)
 TODAY
  MAXIMUM         76    108 PM  96    2007  79     -3       85
                                      1999
  MINIMUM         51    359 AM  44    1927  59     -8       56
  AVERAGE         64                        69     -5       71

PRECIPITATION (IN)
  TODAY            0.00          1.45 1970   0.12  -0.12     0.00
  MONTH TO DATE    7.70                      3.32   4.38     4.35
  SINCE JUN 1      7.70                      3.32   4.38     4.35
  SINCE JAN 1     16.54                     15.63   0.91    18.11

SNOWFALL (IN)
  TODAY            0.0           0.0  2002   0.0    0.0      0.0
                                      2001
  MONTH TO DATE    0.0                       0.0    0.0      0.0
  SINCE JUN 1      0.0                       0.0    0.0      0.0
  SINCE JUL 1     83.4                      81.2    2.2     86.5
  SNOW DEPTH       0

DEGREE DAYS
 HEATING
  TODAY            1                         1      0        0
  MONTH TO DATE   65                        70     -5       20
  SINCE JUN 1     65                        70     -5       20
  SINCE JUL 1   7501                      7431     70     7613

 COOLING
  TODAY            0                         5     -5        6
  MONTH TO DATE   73                        82     -9       89
  SINCE JUN 1     73                        82     -9       89
  SINCE JAN 1    166                       101     65      111
..................................................................


WIND (MPH)
  HIGHEST WIND SPEED     8   HIGHEST WIND DIRECTION     W (290)
  HIGHEST GUST SPEED    11   HIGHEST GUST DIRECTION     W (260)
  AVERAGE WIND SPEED     3.3


SKY COVER
  POSSIBLE SUNSHINE  MM
  AVERAGE SKY COVER 0.5


WEATHER CONDITIONS
 THE FOLLOWING WEATHER WAS RECORDED TODAY.
  NO SIGNIFICANT WEATHER WAS OBSERVED.


RELATIVE HUMIDITY (PERCENT)
 HIGHEST    86          1200 AM
 LOWEST     43           100 PM
 AVERAGE    65

..........................................................


THE BURLINGTON VT CLIMATE NORMALS FOR TOMORROW
                         NORMAL    RECORD    YEAR
 MAXIMUM TEMPERATURE (F)   80        95      1991
 MINIMUM TEMPERATURE (F)   59        43      1927
                                             1919


SUNRISE AND SUNSET
JUNE 27 2015..........SUNRISE   510 AM EDT   SUNSET   841 PM EDT
JUNE 28 2015..........SUNRISE   510 AM EDT   SUNSET   841 PM EDT


-  INDICATES NEGATIVE NUMBERS.
R  INDICATES RECORD WAS SET OR TIED.
MM INDICATES DATA IS MISSING.
T  INDICATES TRACE AMOUNT.




$$
