000
CDUS41 KBTV 022114
CLIBTV


CLIMATE REPORT
NATIONAL WEATHER SERVICE BURLINGTON VT
514 PM EDT WED APR 2 2014


...................................

...THE BURLINGTON VT CLIMATE SUMMARY FOR APRIL 2 2014...
VALID TODAY AS OF 0500 PM LOCAL TIME.

CLIMATE NORMAL PERIOD 1981 TO 2010
CLIMATE RECORD PERIOD 1884 TO 2014


WEATHER ITEM   OBSERVED TIME   RECORD YEAR NORMAL DEPARTURE LAST
                VALUE   (LST)  VALUE       VALUE  FROM      YEAR
                                                  NORMAL
..................................................................
TEMPERATURE (F)
 TODAY
  MAXIMUM         53    359 PM  79    2010  48      5       34
  MINIMUM         38    432 AM  10    1911  29      9       22
  AVERAGE         46                        38      8       28

PRECIPITATION (IN)
  TODAY            0.00          1.19 1970   0.09  -0.09     0.04
  MONTH TO DATE    0.00                      0.17  -0.17     0.09
  SINCE MAR 1      1.88                      2.39  -0.51     2.14
  SINCE JAN 1      6.16                      6.21  -0.05     4.57

SNOWFALL (IN)
  TODAY            0.0           8.4  1924   0.3   -0.3      0.7
  MONTH TO DATE    0.0                       0.5   -0.5      0.7
  SINCE MAR 1     25.4                      16.3    9.1     16.9
  SINCE JUL 1     83.7                      77.1    6.6     82.6
  SNOW DEPTH       2

DEGREE DAYS
 HEATING
  TODAY           19                        27     -8       37
  MONTH TO DATE   49                        54     -5       66
  SINCE MAR 1   1371                      1108    263     1054
  SINCE JUL 1   6836                      6518    318     5932

 COOLING
  TODAY            0                         0      0        0
  MONTH TO DATE    0                         0      0        0
  SINCE MAR 1      0                         0      0        0
  SINCE JAN 1      0                         0      0        0
..................................................................


WIND (MPH)
  HIGHEST WIND SPEED    17   HIGHEST WIND DIRECTION     S (190)
  HIGHEST GUST SPEED    24   HIGHEST GUST DIRECTION     S (200)
  AVERAGE WIND SPEED    11.9


SKY COVER
  POSSIBLE SUNSHINE  MM
  AVERAGE SKY COVER 0.4


WEATHER CONDITIONS
 THE FOLLOWING WEATHER WAS RECORDED TODAY.
  NO SIGNIFICANT WEATHER WAS OBSERVED.


RELATIVE HUMIDITY (PERCENT)
 HIGHEST    64           500 AM
 LOWEST     41           400 PM
 AVERAGE    53

..........................................................


THE BURLINGTON VT CLIMATE NORMALS FOR TOMORROW
                         NORMAL    RECORD    YEAR
 MAXIMUM TEMPERATURE (F)   48        82      2010
 MINIMUM TEMPERATURE (F)   30         7      1911


SUNRISE AND SUNSET
APRIL  2 2014.........SUNRISE   632 AM EDT   SUNSET   721 PM EDT
APRIL  3 2014.........SUNRISE   630 AM EDT   SUNSET   722 PM EDT


-  INDICATES NEGATIVE NUMBERS.
R  INDICATES RECORD WAS SET OR TIED.
MM INDICATES DATA IS MISSING.
T  INDICATES TRACE AMOUNT.




$$
