000
CDUS41 KBTV 052015
CLIBTV


CLIMATE REPORT
NATIONAL WEATHER SERVICE BURLINGTON VT
414 PM EDT TUE SEP 5 2017


...................................

...THE BURLINGTON VT CLIMATE SUMMARY FOR SEPTEMBER 5 2017...
VALID TODAY AS OF 0400 PM LOCAL TIME.

CLIMATE NORMAL PERIOD 1981 TO 2010
CLIMATE RECORD PERIOD 1884 TO 2017


WEATHER ITEM   OBSERVED TIME   RECORD YEAR NORMAL DEPARTURE LAST
                VALUE   (LST)  VALUE       VALUE  FROM      YEAR
                                                  NORMAL
..................................................................
TEMPERATURE (F)
 TODAY
  MAXIMUM         69    902 AM  90    1973  75     -6       85
  MINIMUM         63    259 PM  37    1963  55      8       58
  AVERAGE         66                        65      1       72

PRECIPITATION (IN)
  TODAY            0.68          1.92 2012   0.10   0.58     0.00
                                      2011
  MONTH TO DATE    1.59                      0.54   1.05     0.00
  SINCE SEP 1      1.59                      0.54   1.05     0.00
  SINCE JAN 1     31.29                     24.61   6.68    19.20

SNOWFALL (IN)
  TODAY            0.0           0.0  2002   0.0    0.0      0.0
                                      2001
  MONTH TO DATE    0.0                       0.0    0.0      0.0
  SINCE SEP 1      0.0                       0.0    0.0      0.0
  SINCE JUL 1      0.0                       0.0    0.0      0.0
  SNOW DEPTH       0

DEGREE DAYS
 HEATING
  TODAY            0                         3     -3        0
  MONTH TO DATE   28                        12     16        3
  SINCE SEP 1     28                        12     16        3
  SINCE JUL 1     51                        54     -3        8

 COOLING
  TODAY            1                         3     -2        7
  MONTH TO DATE    4                        15    -11       13
  SINCE SEP 1      4                        15    -11       13
  SINCE JAN 1    521                       463     58      757
..................................................................


WIND (MPH)
  HIGHEST WIND SPEED    23   HIGHEST WIND DIRECTION     S (170)
  HIGHEST GUST SPEED    31   HIGHEST GUST DIRECTION     S (180)
  AVERAGE WIND SPEED     9.7


SKY COVER
  POSSIBLE SUNSHINE  MM
  AVERAGE SKY COVER 0.8


WEATHER CONDITIONS
 THE FOLLOWING WEATHER WAS RECORDED TODAY.
  HEAVY RAIN
  RAIN
  LIGHT RAIN
  FOG


RELATIVE HUMIDITY (PERCENT)
 HIGHEST   100          1200 PM
 LOWEST     76           500 AM
 AVERAGE    88

..........................................................


THE BURLINGTON VT CLIMATE NORMALS FOR TOMORROW
                         NORMAL    RECORD    YEAR
 MAXIMUM TEMPERATURE (F)   75        90      2015
                                             1945
 MINIMUM TEMPERATURE (F)   54        37      1942
                                             1938


SUNRISE AND SUNSET
SEPTEMBER  5 2017.....SUNRISE   620 AM EDT   SUNSET   721 PM EDT
SEPTEMBER  6 2017.....SUNRISE   621 AM EDT   SUNSET   720 PM EDT


-  INDICATES NEGATIVE NUMBERS.
R  INDICATES RECORD WAS SET OR TIED.
MM INDICATES DATA IS MISSING.
T  INDICATES TRACE AMOUNT.




$$
