000
CDUS41 KBTV 210705
CLIBTV

CLIMATE REPORT
NATIONAL WEATHER SERVICE BURLINGTON VT
201 AM EST MON NOV 21 2016


...................................

...THE BURLINGTON VT CLIMATE SUMMARY FOR NOVEMBER 20 2016...

CLIMATE NORMAL PERIOD 1981 TO 2010
CLIMATE RECORD PERIOD 1884 TO 2016


WEATHER ITEM   OBSERVED TIME   RECORD YEAR NORMAL DEPARTURE LAST
                VALUE   (LST)  VALUE       VALUE  FROM      YEAR
                                                  NORMAL
..................................................................
TEMPERATURE (F)
 YESTERDAY
  MAXIMUM         48   1212 AM  71    1991  44      4       52
  MINIMUM         30   1159 PM   5    1933  30      0       34
  AVERAGE         39                        37      2       43

PRECIPITATION (IN)
  YESTERDAY        0.70          1.24 1948   0.10   0.60     0.17
  MONTH TO DATE    1.64                      2.16  -0.52     1.02
  SINCE SEP 1      5.69                      9.40  -3.71     9.05
  SINCE JAN 1     24.89                     33.47  -8.58    33.21

SNOWFALL (IN)
  YESTERDAY        2.2          12.9  1914   0.2    2.0      0.0
  MONTH TO DATE    2.2                       2.4   -0.2       T
  SINCE SEP 1      2.2                       2.7   -0.5       T
  SINCE JUL 1      2.2                       2.7   -0.5       T
  SNOW DEPTH       2

DEGREE DAYS
 HEATING
  YESTERDAY       26                        28     -2       22
  MONTH TO DATE  424                       498    -74      349
  SINCE SEP 1    908                      1197   -289      944
  SINCE JUL 1    913                      1239   -326      950

 COOLING
  YESTERDAY        0                         0      0        0
  MONTH TO DATE    0                         0      0        0
  SINCE SEP 1    111                        43     68      146
  SINCE JAN 1    855                       491    364      768
..................................................................


WIND (MPH)
  HIGHEST WIND SPEED    20   HIGHEST WIND DIRECTION     W (280)
  HIGHEST GUST SPEED    26   HIGHEST GUST DIRECTION    NW (300)
  AVERAGE WIND SPEED     8.1


SKY COVER
  POSSIBLE SUNSHINE  MM
  AVERAGE SKY COVER 1.0


WEATHER CONDITIONS
 THE FOLLOWING WEATHER WAS RECORDED YESTERDAY.
  RAIN
  LIGHT RAIN
  HEAVY SNOW
  SNOW
  LIGHT SNOW
  FOG
  FOG W/VISIBILITY <= 1/4 MILE


RELATIVE HUMIDITY (PERCENT)
 HIGHEST    92           700 AM
 LOWEST     65           200 AM
 AVERAGE    79

..........................................................


THE BURLINGTON VT CLIMATE NORMALS FOR TODAY
                         NORMAL    RECORD    YEAR
 MAXIMUM TEMPERATURE (F)   43        66      1931
 MINIMUM TEMPERATURE (F)   30         1      1933


SUNRISE AND SUNSET
NOVEMBER 21 2016......SUNRISE   657 AM EST   SUNSET   420 PM EST
NOVEMBER 22 2016......SUNRISE   658 AM EST   SUNSET   419 PM EST


-  INDICATES NEGATIVE NUMBERS.
R  INDICATES RECORD WAS SET OR TIED.
MM INDICATES DATA IS MISSING.
T  INDICATES TRACE AMOUNT.


$$

LAKE CHAMPLAIN DATA:
LEVEL...............94.25 FEET
TEMPERATURE.........50 DEGREES

MOUNT MANSFIELD DATA:
HIGH................44 DEGREES
LOW.................20 DEGREES
PRECIPITATION.......0.42
