000
CDUS41 KBTV 030602
CLIBTV


CLIMATE REPORT
NATIONAL WEATHER SERVICE BURLINGTON VT
201 AM EDT MON JUL 3 2017


...................................

...THE BURLINGTON VT CLIMATE SUMMARY FOR JULY 2 2017...

CLIMATE NORMAL PERIOD 1981 TO 2010
CLIMATE RECORD PERIOD 1884 TO 2017


WEATHER ITEM   OBSERVED TIME   RECORD YEAR NORMAL DEPARTURE LAST
                VALUE   (LST)  VALUE       VALUE  FROM      YEAR
                                                  NORMAL
..................................................................
TEMPERATURE (F)
 YESTERDAY
  MAXIMUM         84    415 PM  96    1963  80      4       70
  MINIMUM         66    444 AM  40    1992  59      7       55
                                      1978
  AVERAGE         75                        70      5       63

PRECIPITATION (IN)
  YESTERDAY        0.00          1.83 1961   0.13  -0.13     0.00
  MONTH TO DATE    0.11                      0.26  -0.15     0.16
  SINCE JUN 1      7.28                      3.95   3.33     3.21
  SINCE JAN 1     23.96                     16.26   7.70    14.06

SNOWFALL (IN)
  YESTERDAY        0.0           0.0  2002   0.0    0.0      0.0
                                      2001
  MONTH TO DATE    0.0                       0.0    0.0      0.0
  SINCE JUN 1      0.0                       0.0    0.0      0.0
  SINCE JUL 1      0.0                       0.0    0.0      0.0
  SNOW DEPTH       0

DEGREE DAYS
 HEATING
  YESTERDAY        0                         1     -1        2
  MONTH TO DATE    0                         2     -2        2
  SINCE JUN 1     52                        75    -23       50
  SINCE JUL 1      0                         2     -2        2

 COOLING
  YESTERDAY       10                         6      4        0
  MONTH TO DATE   16                        12      4        7
  SINCE JUN 1    142                       109     33      140
  SINCE JAN 1    184                       128     56      212
..................................................................


WIND (MPH)
  HIGHEST WIND SPEED    16   HIGHEST WIND DIRECTION     W (290)
  HIGHEST GUST SPEED    23   HIGHEST GUST DIRECTION    NW (300)
  AVERAGE WIND SPEED     7.0


SKY COVER
  POSSIBLE SUNSHINE  MM
  AVERAGE SKY COVER 0.4


WEATHER CONDITIONS
 THE FOLLOWING WEATHER WAS RECORDED YESTERDAY.
  NO SIGNIFICANT WEATHER WAS OBSERVED.


RELATIVE HUMIDITY (PERCENT)
 HIGHEST    93           300 AM
 LOWEST     37           500 PM
 AVERAGE    65

..........................................................


THE BURLINGTON VT CLIMATE NORMALS FOR TODAY
                         NORMAL    RECORD    YEAR
 MAXIMUM TEMPERATURE (F)   80       100      1911
 MINIMUM TEMPERATURE (F)   60        40      1978


SUNRISE AND SUNSET
JULY  3 2017..........SUNRISE   513 AM EDT   SUNSET   840 PM EDT
JULY  4 2017..........SUNRISE   514 AM EDT   SUNSET   840 PM EDT


-  INDICATES NEGATIVE NUMBERS.
R  INDICATES RECORD WAS SET OR TIED.
MM INDICATES DATA IS MISSING.
T  INDICATES TRACE AMOUNT.







&&

LAKE CHAMPLAIN DATA:
LEVEL...............97.85 FEET
TEMPERATURE.........66 DEGREES

MOUNT MANSFIELD DATA:
HIGH................63 DEGREES
LOW.................53 DEGREES
PRECIPITATION.......0.03 INCHES

$$
