000
CDUS41 KBTV 180542
CLIBTV


CLIMATE REPORT
NATIONAL WEATHER SERVICE BURLINGTON VT
1240 AM EST THU DEC 18 2014


...................................

...THE BURLINGTON VT CLIMATE SUMMARY FOR DECEMBER 17 2014...

CLIMATE NORMAL PERIOD 1981 TO 2010
CLIMATE RECORD PERIOD 1884 TO 2014


WEATHER ITEM   OBSERVED TIME   RECORD YEAR NORMAL DEPARTURE LAST
                VALUE   (LST)  VALUE       VALUE  FROM      YEAR
                                                  NORMAL
..................................................................
TEMPERATURE (F)
 YESTERDAY
  MAXIMUM         39    601 PM  56    2000  33      6       17
  MINIMUM         35   1152 PM -11    2013  18     17      -11
  AVERAGE         37                        25     12        3

PRECIPITATION (IN)
  YESTERDAY        0.15          1.26 2000   0.08   0.07      T
  MONTH TO DATE    2.15                      1.41   0.74     1.01
  SINCE DEC 1      2.15                      1.41   0.74     1.01
  SINCE JAN 1     35.63                     35.85  -0.22    43.46

SNOWFALL (IN)
  YESTERDAY        0.0          12.5  1973   0.6   -0.6      0.1
  MONTH TO DATE   19.2                       8.8   10.4      8.6
  SINCE DEC 1     19.2                       8.8   10.4      8.6
  SINCE JUL 1     29.8                      14.2   15.6     15.0
  SNOW DEPTH       8

DEGREE DAYS
 HEATING
  YESTERDAY       28                        40    -12       62
  MONTH TO DATE  600                       619    -19      692
  SINCE DEC 1    600                       619    -19      692
  SINCE JUL 1   1925                      2164   -239     2185

 COOLING
  YESTERDAY        0                         0      0        0
  MONTH TO DATE    0                         0      0        0
  SINCE DEC 1      0                         0      0        0
  SINCE JAN 1    582                       491     91      662
..................................................................


WIND (MPH)
  HIGHEST WIND SPEED     8   HIGHEST WIND DIRECTION    SW (220)
  HIGHEST GUST SPEED    10   HIGHEST GUST DIRECTION    SW (230)
  AVERAGE WIND SPEED     1.2


SKY COVER
  POSSIBLE SUNSHINE  MM
  AVERAGE SKY COVER 0.9


WEATHER CONDITIONS
 THE FOLLOWING WEATHER WAS RECORDED YESTERDAY.
  LIGHT RAIN
  FOG


RELATIVE HUMIDITY (PERCENT)
 HIGHEST    92           200 AM
 LOWEST     85           300 AM
 AVERAGE    89

..........................................................


THE BURLINGTON VT CLIMATE NORMALS FOR TODAY
                         NORMAL    RECORD    YEAR
 MAXIMUM TEMPERATURE (F)   32        57      1921
 MINIMUM TEMPERATURE (F)   17       -13      1919


SUNRISE AND SUNSET
DECEMBER 18 2014......SUNRISE   724 AM EST   SUNSET   414 PM EST
DECEMBER 19 2014......SUNRISE   725 AM EST   SUNSET   415 PM EST


-  INDICATES NEGATIVE NUMBERS.
R  INDICATES RECORD WAS SET OR TIED.
MM INDICATES DATA IS MISSING.
T  INDICATES TRACE AMOUNT.

&&

LAKE CHAMPLAIN DATA:
LEVEL...............94.80 FEET
TEMPERATURE.........41 DEGREES

MOUNT MANSFIELD DATA:
HIGH................31 DEGREES
LOW.................26 DEGREES
PRECIPITATION.......0.14 INCHES
NEW SNOW............0.3 INCHES
SNOW AT STAKE.......29 INCHES

$$
