000
CDUS41 KBTV 180602
CLIBTV


CLIMATE REPORT
NATIONAL WEATHER SERVICE BURLINGTON VT
202 AM EDT THU MAY 18 2017


...................................

...THE BURLINGTON VT CLIMATE SUMMARY FOR MAY 17 2017...

CLIMATE NORMAL PERIOD 1981 TO 2010
CLIMATE RECORD PERIOD 1884 TO 2017


WEATHER ITEM   OBSERVED TIME   RECORD YEAR NORMAL DEPARTURE LAST
                VALUE   (LST)  VALUE       VALUE  FROM      YEAR
                                                  NORMAL
..................................................................
TEMPERATURE (F)
 YESTERDAY
  MAXIMUM         91R   358 PM  90    1977  68     23       65
  MINIMUM         56    223 AM  29    1957  46     10       36
  AVERAGE         74                        57     17       51

PRECIPITATION (IN)
  YESTERDAY        T             1.62 1916   0.11  -0.11     0.00
  MONTH TO DATE    2.30                      1.76   0.54     1.75
  SINCE MAR 1      9.40                      6.80   2.60     5.81
  SINCE JAN 1     14.07                     10.62   3.45    10.14

SNOWFALL (IN)
  YESTERDAY        0.0           0.0  2002   0.0    0.0      0.0
                                      2001
  MONTH TO DATE    0.0                       0.0    0.0       T
  SINCE MAR 1     41.2                      20.4   20.8      5.3
  SINCE JUL 1    100.4                      81.2   19.2     34.3
  SNOW DEPTH       0

DEGREE DAYS
 HEATING
  YESTERDAY        0                         9     -9       14
  MONTH TO DATE  206                       191     15      209
  SINCE MAR 1   1833                      1855    -22     1772
  SINCE JUL 1   6211                      7265  -1054     6156

 COOLING
  YESTERDAY        9                         0      9        0
  MONTH TO DATE    9                         0      9        0
  SINCE MAR 1     24                         2     22        0
  SINCE JAN 1     24                         2     22        0
..................................................................


WIND (MPH)
  HIGHEST WIND SPEED    22   HIGHEST WIND DIRECTION     S (190)
  HIGHEST GUST SPEED    30   HIGHEST GUST DIRECTION     S (190)
  AVERAGE WIND SPEED     8.9


SKY COVER
  POSSIBLE SUNSHINE  MM
  AVERAGE SKY COVER 0.6


WEATHER CONDITIONS
 THE FOLLOWING WEATHER WAS RECORDED YESTERDAY.
  LIGHT RAIN


RELATIVE HUMIDITY (PERCENT)
 HIGHEST    77           200 AM
 LOWEST     27           400 PM
 AVERAGE    52

..........................................................


THE BURLINGTON VT CLIMATE NORMALS FOR TODAY
                         NORMAL    RECORD    YEAR
 MAXIMUM TEMPERATURE (F)   68        89      1989
                                             1962
 MINIMUM TEMPERATURE (F)   46        29      1983


SUNRISE AND SUNSET
MAY 18 2017...........SUNRISE   522 AM EDT   SUNSET   817 PM EDT
MAY 19 2017...........SUNRISE   521 AM EDT   SUNSET   818 PM EDT


-  INDICATES NEGATIVE NUMBERS.
R  INDICATES RECORD WAS SET OR TIED.
MM INDICATES DATA IS MISSING.
T  INDICATES TRACE AMOUNT.

&&

LAKE CHAMPLAIN DATA:
LEVEL...............99.00 FEET
TEMPERATURE.........42 DEGREES

MOUNT MANSFIELD DATA:
HIGH................73 DEGREES
LOW.................48 DEGREES
PRECIPITATION.......NONE
NEW SNOW............NONE
SNOW AT STAKE.......24 INCHES

$$
