000
CDUS41 KBTV 082111
CLIBTV


CLIMATE REPORT
NATIONAL WEATHER SERVICE BURLINGTON VT
510 PM EDT SUN MAY 8 2016


...................................

...THE BURLINGTON VT CLIMATE SUMMARY FOR MAY 8 2016...
VALID TODAY AS OF 0500 PM LOCAL TIME.

CLIMATE NORMAL PERIOD 1981 TO 2010
CLIMATE RECORD PERIOD 1884 TO 2016


WEATHER ITEM   OBSERVED TIME   RECORD YEAR NORMAL DEPARTURE LAST
                VALUE   (LST)  VALUE       VALUE  FROM      YEAR
                                                  NORMAL
..................................................................
TEMPERATURE (F)
 TODAY
  MAXIMUM         57    207 AM  89    1936  65     -8       88
  MINIMUM         44   1132 AM  25    1962  43      1       51
  AVERAGE         51                        54     -3       70

PRECIPITATION (IN)
  TODAY            0.45          1.23 2012   0.10   0.35     0.00
  MONTH TO DATE    1.24                      0.81   0.43      T
  SINCE MAR 1      5.30                      5.85  -0.55     3.54
  SINCE JAN 1      9.63                      9.67  -0.04     5.92

SNOWFALL (IN)
  TODAY            0.0           1.2  1967   0.0    0.0      0.0
  MONTH TO DATE    0.0                       0.2   -0.2      0.0
  SINCE MAR 1      5.3                      20.6  -15.3      7.5
  SINCE JUL 1     34.3                      81.4  -47.1     83.4
  SNOW DEPTH       0

DEGREE DAYS
 HEATING
  TODAY           14                        11      3        0
  MONTH TO DATE  102                       101      1       28
  SINCE MAR 1   1665                      1765   -100     1817
  SINCE JUL 1   6049                      7175  -1126     7334

 COOLING
  TODAY            0                         0      0        5
  MONTH TO DATE    0                         0      0        8
  SINCE MAR 1      0                         2     -2        8
  SINCE JAN 1      0                         2     -2        8
..................................................................


WIND (MPH)
  HIGHEST WIND SPEED    21   HIGHEST WIND DIRECTION    NW (320)
  HIGHEST GUST SPEED    33   HIGHEST GUST DIRECTION    NW (320)
  AVERAGE WIND SPEED    16.4


SKY COVER
  POSSIBLE SUNSHINE  MM
  AVERAGE SKY COVER 0.8


WEATHER CONDITIONS
 THE FOLLOWING WEATHER WAS RECORDED TODAY.
  HEAVY RAIN
  RAIN
  LIGHT RAIN
  FOG


RELATIVE HUMIDITY (PERCENT)
 HIGHEST    86           900 AM
 LOWEST     46           400 PM
 AVERAGE    66

..........................................................


THE BURLINGTON VT CLIMATE NORMALS FOR TOMORROW
                         NORMAL    RECORD    YEAR
 MAXIMUM TEMPERATURE (F)   65        92      1979
 MINIMUM TEMPERATURE (F)   43        28      1985
                                             1950


SUNRISE AND SUNSET
MAY  8 2016...........SUNRISE   533 AM EDT   SUNSET   806 PM EDT
MAY  9 2016...........SUNRISE   532 AM EDT   SUNSET   807 PM EDT


-  INDICATES NEGATIVE NUMBERS.
R  INDICATES RECORD WAS SET OR TIED.
MM INDICATES DATA IS MISSING.
T  INDICATES TRACE AMOUNT.




$$
