000
CDUS41 KBTV 152039
CLIBTV


CLIMATE REPORT
NATIONAL WEATHER SERVICE BURLINGTON VT
438 PM EDT THU SEP 15 2016


...................................

...THE BURLINGTON VT CLIMATE SUMMARY FOR SEPTEMBER 15 2016...
VALID TODAY AS OF 0400 PM LOCAL TIME.

CLIMATE NORMAL PERIOD 1981 TO 2010
CLIMATE RECORD PERIOD 1884 TO 2016


WEATHER ITEM   OBSERVED TIME   RECORD YEAR NORMAL DEPARTURE LAST
                VALUE   (LST)  VALUE       VALUE  FROM      YEAR
                                                  NORMAL
..................................................................
TEMPERATURE (F)
 TODAY
  MAXIMUM         66    259 PM  92    1915  71     -5       83
  MINIMUM         47    611 AM  30    1913  51     -4       57
  AVERAGE         57                        61     -4       70

PRECIPITATION (IN)
  TODAY            0.00          1.50 1945   0.12  -0.12     0.00
  MONTH TO DATE    0.62                      1.70  -1.08     1.37
  SINCE SEP 1      0.62                      1.70  -1.08     1.37
  SINCE JAN 1     19.82                     25.77  -5.95    25.53

SNOWFALL (IN)
  TODAY            0.0           0.0  2002   0.0    0.0      0.0
                                      2001
  MONTH TO DATE    0.0                       0.0    0.0      0.0
  SINCE SEP 1      0.0                       0.0    0.0      0.0
  SINCE JUL 1      0.0                       0.0    0.0      0.0
  SNOW DEPTH       0

DEGREE DAYS
 HEATING
  TODAY            8                         5      3        0
  MONTH TO DATE   16                        52    -36        2
  SINCE SEP 1     16                        52    -36        2
  SINCE JUL 1     21                        94    -73        8

 COOLING
  TODAY            0                         1     -1        5
  MONTH TO DATE   69                        33     36      108
  SINCE SEP 1     69                        33     36      108
  SINCE JAN 1    813                       481    332      730
..................................................................


WIND (MPH)
  HIGHEST WIND SPEED    13   HIGHEST WIND DIRECTION     N (340)
  HIGHEST GUST SPEED    22   HIGHEST GUST DIRECTION     N (340)
  AVERAGE WIND SPEED     4.6


SKY COVER
  POSSIBLE SUNSHINE  MM
  AVERAGE SKY COVER 0.2


WEATHER CONDITIONS
 THE FOLLOWING WEATHER WAS RECORDED TODAY.
  NO SIGNIFICANT WEATHER WAS OBSERVED.


RELATIVE HUMIDITY (PERCENT)
 HIGHEST    80           600 AM
 LOWEST     37           200 PM
 AVERAGE    59

..........................................................


THE BURLINGTON VT CLIMATE NORMALS FOR TOMORROW
                         NORMAL    RECORD    YEAR
 MAXIMUM TEMPERATURE (F)   70        92      1939
 MINIMUM TEMPERATURE (F)   51        30      1964


SUNRISE AND SUNSET
SEPTEMBER 15 2016.....SUNRISE   632 AM EDT   SUNSET   702 PM EDT
SEPTEMBER 16 2016.....SUNRISE   633 AM EDT   SUNSET   700 PM EDT


-  INDICATES NEGATIVE NUMBERS.
R  INDICATES RECORD WAS SET OR TIED.
MM INDICATES DATA IS MISSING.
T  INDICATES TRACE AMOUNT.

$$
