000
CDUS41 KBTV 140537
CLIBTV


CLIMATE REPORT
NATIONAL WEATHER SERVICE BURLINGTON VT
136 AM EDT TUE OCT 14 2014


...................................

...THE BURLINGTON VT CLIMATE SUMMARY FOR OCTOBER 13 2014...

CLIMATE NORMAL PERIOD 1981 TO 2010
CLIMATE RECORD PERIOD 1884 TO 2014


WEATHER ITEM   OBSERVED TIME   RECORD YEAR NORMAL DEPARTURE LAST
                VALUE   (LST)  VALUE       VALUE  FROM      YEAR
                                                  NORMAL
..................................................................
TEMPERATURE (F)
 YESTERDAY
  MAXIMUM         61    357 PM  81    1995  58      3       70
  MINIMUM         35    620 AM  26    2012  40     -5       47
                                      1993
                                      1963
  AVERAGE         48                        49     -1       59

PRECIPITATION (IN)
  YESTERDAY        0.00          1.51 1927   0.12  -0.12     0.00
  MONTH TO DATE    1.21                      1.59  -0.38     1.41
  SINCE SEP 1      2.84                      5.23  -2.39     6.15
  SINCE JAN 1     28.54                     29.30  -0.76    38.84

SNOWFALL (IN)
  YESTERDAY        0.0           0.0  2002   0.0    0.0      0.0
                                      2001
  MONTH TO DATE    0.0                       0.0    0.0      0.0
  SINCE SEP 1      0.0                       T      0.0      0.0
  SINCE JUL 1      0.0                       T      0.0      0.0
  SNOW DEPTH       0

DEGREE DAYS
 HEATING
  YESTERDAY       17                        16      1        6
  MONTH TO DATE  129                       179    -50       91
  SINCE SEP 1    280                       354    -74      286
  SINCE JUL 1    293                       396   -103      302

 COOLING
  YESTERDAY        0                         0      0        0
  MONTH TO DATE    0                         0      0        4
  SINCE SEP 1     71                        41     30       62
  SINCE JAN 1    564                       489     75      662
..................................................................


WIND (MPH)
  HIGHEST WIND SPEED    22   HIGHEST WIND DIRECTION     S (190)
  HIGHEST GUST SPEED    33   HIGHEST GUST DIRECTION     S (180)
  AVERAGE WIND SPEED    10.3


SKY COVER
  POSSIBLE SUNSHINE  MM
  AVERAGE SKY COVER 0.5


WEATHER CONDITIONS
 THE FOLLOWING WEATHER WAS RECORDED YESTERDAY.
  NO SIGNIFICANT WEATHER WAS OBSERVED.


RELATIVE HUMIDITY (PERCENT)
 HIGHEST    92           400 AM
 LOWEST     55          1100 AM
 AVERAGE    74

..........................................................


THE BURLINGTON VT CLIMATE NORMALS FOR TODAY
                         NORMAL    RECORD    YEAR
 MAXIMUM TEMPERATURE (F)   58        78      1930
 MINIMUM TEMPERATURE (F)   39        22      1937


SUNRISE AND SUNSET
OCTOBER 14 2014.......SUNRISE   706 AM EDT   SUNSET   610 PM EDT
OCTOBER 15 2014.......SUNRISE   708 AM EDT   SUNSET   608 PM EDT


-  INDICATES NEGATIVE NUMBERS.
R  INDICATES RECORD WAS SET OR TIED.
MM INDICATES DATA IS MISSING.
T  INDICATES TRACE AMOUNT.







&&

LAKE CHAMPLAIN DATA:
LEVEL...............94.17 FEET
TEMPERATURE.........58 DEGREES

MOUNT MANSFIELD DATA:
HIGH................48 DEGREES
LOW.................29 DEGREES
PRECIPITATION.......NONE

$$
