000
CDUS41 KBTV 282116
CLIBTV


CLIMATE REPORT
NATIONAL WEATHER SERVICE BURLINGTON VT
415 PM EST TUE NOV 28 2017


...................................

...THE BURLINGTON VT CLIMATE SUMMARY FOR NOVEMBER 28 2017...
VALID TODAY AS OF 0400 PM LOCAL TIME.

CLIMATE NORMAL PERIOD 1981 TO 2010
CLIMATE RECORD PERIOD 1884 TO 2017


WEATHER ITEM   OBSERVED TIME   RECORD YEAR NORMAL DEPARTURE LAST
                VALUE   (LST)  VALUE       VALUE  FROM      YEAR
                                                  NORMAL
..................................................................
TEMPERATURE (F)
 TODAY
  MAXIMUM         43    339 PM  68    1990  40      3       39
  MINIMUM         15    431 AM   1    1936  27    -12       27
  AVERAGE         29                        34     -5       33

PRECIPITATION (IN)
  TODAY            0.00          1.65 1959   0.10  -0.10     0.00
  MONTH TO DATE    1.55                      2.95  -1.40     1.90
  SINCE SEP 1      7.89                     10.19  -2.30     5.95
  SINCE JAN 1     37.59                     34.26   3.33    25.15

SNOWFALL (IN)
  TODAY            0.0           9.2  1958   0.3   -0.3      0.0
  MONTH TO DATE    3.0                       4.5   -1.5      4.3
  SINCE SEP 1      3.0                       4.8   -1.8      4.3
  SINCE JUL 1      3.0                       4.8   -1.8      4.3
  SNOW DEPTH       1

DEGREE DAYS
 HEATING
  TODAY           36                        32      4       32
  MONTH TO DATE  763                       739     24      669
  SINCE SEP 1   1060                      1438   -378     1153
  SINCE JUL 1   1083                      1480   -397     1158

 COOLING
  TODAY            0                         0      0        0
  MONTH TO DATE    0                         0      0        0
  SINCE SEP 1    135                        43     92      111
  SINCE JAN 1    652                       491    161      855
..................................................................


WIND (MPH)
  HIGHEST WIND SPEED    31   HIGHEST WIND DIRECTION     S (180)
  HIGHEST GUST SPEED    40   HIGHEST GUST DIRECTION     S (190)
  AVERAGE WIND SPEED    11.8


SKY COVER
  POSSIBLE SUNSHINE  MM
  AVERAGE SKY COVER 0.6


WEATHER CONDITIONS
 THE FOLLOWING WEATHER WAS RECORDED TODAY.
  NO SIGNIFICANT WEATHER WAS OBSERVED.


RELATIVE HUMIDITY (PERCENT)
 HIGHEST    74           500 AM
 LOWEST     44          1200 PM
 AVERAGE    59

..........................................................


THE BURLINGTON VT CLIMATE NORMALS FOR TOMORROW
                         NORMAL    RECORD    YEAR
 MAXIMUM TEMPERATURE (F)   40        68      2005
 MINIMUM TEMPERATURE (F)   26         2      1940


SUNRISE AND SUNSET
NOVEMBER 28 2017......SUNRISE   706 AM EST   SUNSET   415 PM EST
NOVEMBER 29 2017......SUNRISE   707 AM EST   SUNSET   415 PM EST


-  INDICATES NEGATIVE NUMBERS.
R  INDICATES RECORD WAS SET OR TIED.
MM INDICATES DATA IS MISSING.
T  INDICATES TRACE AMOUNT.




$$
