000
CDUS41 KBTV 020530
CLIBTV


CLIMATE REPORT
NATIONAL WEATHER SERVICE BURLINGTON VT
125 AM EDT MON OCT 2 2017


...................................

...THE BURLINGTON VT CLIMATE SUMMARY FOR OCTOBER 1 2017...

CLIMATE NORMAL PERIOD 1981 TO 2010
CLIMATE RECORD PERIOD 1884 TO 2017


WEATHER ITEM   OBSERVED TIME   RECORD YEAR NORMAL DEPARTURE LAST
                VALUE   (LST)  VALUE       VALUE  FROM      YEAR
                                                  NORMAL
..................................................................
TEMPERATURE (F)
 YESTERDAY
  MAXIMUM         66    308 PM  80    1950  63      3       61
                                      1922
  MINIMUM         37    617 AM  27    1963  44     -7       52
  AVERAGE         52                        54     -2       57

PRECIPITATION (IN)
  YESTERDAY        0.00          1.49 2010   0.12  -0.12      T
  MONTH TO DATE    0.00                      0.12  -0.12      T
  SINCE SEP 1      2.79                      3.76  -0.97     1.39
  SINCE JAN 1     32.49                     27.83   4.66    20.59

SNOWFALL (IN)
  YESTERDAY        0.0           0.0  2002   0.0    0.0      0.0
                                      2001
  MONTH TO DATE    0.0                       0.0    0.0      0.0
  SINCE SEP 1      0.0                       T      0.0      0.0
  SINCE JUL 1      0.0                       T      0.0      0.0
  SNOW DEPTH       0

DEGREE DAYS
 HEATING
  YESTERDAY       13                        11      2        8
  MONTH TO DATE   13                        11      2        8
  SINCE SEP 1     99                       186    -87       87
  SINCE JUL 1    122                       228   -106       92

 COOLING
  YESTERDAY        0                         0      0        0
  MONTH TO DATE    0                         0      0        0
  SINCE SEP 1    114                        41     73      108
  SINCE JAN 1    631                       489    142      852
..................................................................


WIND (MPH)
  HIGHEST WIND SPEED     8   HIGHEST WIND DIRECTION    NW (330)
  HIGHEST GUST SPEED    13   HIGHEST GUST DIRECTION    NW (320)
  AVERAGE WIND SPEED     1.5


SKY COVER
  POSSIBLE SUNSHINE  MM
  AVERAGE SKY COVER 0.1


WEATHER CONDITIONS
 THE FOLLOWING WEATHER WAS RECORDED YESTERDAY.
  HAZE


RELATIVE HUMIDITY (PERCENT)
 HIGHEST    93          1200 AM
 LOWEST     37           200 PM
 AVERAGE    65

..........................................................


THE BURLINGTON VT CLIMATE NORMALS FOR TODAY
                         NORMAL    RECORD    YEAR
 MAXIMUM TEMPERATURE (F)   63        82      1950
 MINIMUM TEMPERATURE (F)   44        29      1960


SUNRISE AND SUNSET
OCTOBER  2 2017.......SUNRISE   652 AM EDT   SUNSET   631 PM EDT
OCTOBER  3 2017.......SUNRISE   653 AM EDT   SUNSET   629 PM EDT


-  INDICATES NEGATIVE NUMBERS.
R  INDICATES RECORD WAS SET OR TIED.
MM INDICATES DATA IS MISSING.
T  INDICATES TRACE AMOUNT.

&&

LAKE CHAMPLAIN DATA:
LEVEL...............94.84 FEET
TEMPERATURE.........64 DEGREES

MOUNT MANSFIELD DATA:
HIGH................49 DEGREES
LOW.................32 DEGREES
PRECIPITATION.......TRACE

$$
