000
CDUS41 KBTV 090534
CLIBTV


CLIMATE REPORT
NATIONAL WEATHER SERVICE BURLINGTON VT
1232 AM EST THU FEB 9 2017


...................................

...THE BURLINGTON VT CLIMATE SUMMARY FOR FEBRUARY 8 2017...

CLIMATE NORMAL PERIOD 1981 TO 2010
CLIMATE RECORD PERIOD 1884 TO 2017


WEATHER ITEM   OBSERVED TIME   RECORD YEAR NORMAL DEPARTURE LAST
                VALUE   (LST)  VALUE       VALUE  FROM      YEAR
                                                  NORMAL
..................................................................
TEMPERATURE (F)
 YESTERDAY
  MAXIMUM         44   1112 AM  51    1925  29     15       29
  MINIMUM         24   1159 PM -25    1934  11     13       18
  AVERAGE         34                        20     14       24

PRECIPITATION (IN)
  YESTERDAY        0.01          0.80 1895   0.06  -0.05     0.02
  MONTH TO DATE    0.42                      0.51  -0.09     0.26
  SINCE DEC 1      4.77                      4.95  -0.18     5.89
  SINCE JAN 1      2.42                      2.57  -0.15     1.45

SNOWFALL (IN)
  YESTERDAY        T            11.2  1947   0.7   -0.7      0.4
  MONTH TO DATE    7.5                       4.9    2.6      0.4
  SINCE DEC 1     31.8                      43.9  -12.1     20.6
  SINCE JUL 1     36.1                      49.3  -13.2     20.8
  SNOW DEPTH       4

DEGREE DAYS
 HEATING
  YESTERDAY       31                        45    -14       41
  MONTH TO DATE  311                       364    -53      252
  SINCE DEC 1   2508                      3013   -505     2281
  SINCE JUL 1   3713                      4558   -845     3520

 COOLING
  YESTERDAY        0                         0      0        0
  MONTH TO DATE    0                         0      0        0
  SINCE DEC 1      0                         0      0        0
  SINCE JAN 1      0                         0      0        0
..................................................................


WIND (MPH)
  HIGHEST WIND SPEED    26   HIGHEST WIND DIRECTION     S (170)
  HIGHEST GUST SPEED    41   HIGHEST GUST DIRECTION     S (180)
  AVERAGE WIND SPEED    13.3


SKY COVER
  POSSIBLE SUNSHINE  MM
  AVERAGE SKY COVER 0.7


WEATHER CONDITIONS
 THE FOLLOWING WEATHER WAS RECORDED YESTERDAY.
  LIGHT RAIN
  LT FREEZING RAIN


RELATIVE HUMIDITY (PERCENT)
 HIGHEST    92           700 AM
 LOWEST     46           400 PM
 AVERAGE    69

..........................................................


THE BURLINGTON VT CLIMATE NORMALS FOR TODAY
                         NORMAL    RECORD    YEAR
 MAXIMUM TEMPERATURE (F)   29        53      1925
 MINIMUM TEMPERATURE (F)   11       -28      1934


SUNRISE AND SUNSET
FEBRUARY  9 2017......SUNRISE   701 AM EST   SUNSET   513 PM EST
FEBRUARY 10 2017......SUNRISE   659 AM EST   SUNSET   515 PM EST


-  INDICATES NEGATIVE NUMBERS.
R  INDICATES RECORD WAS SET OR TIED.
MM INDICATES DATA IS MISSING.
T  INDICATES TRACE AMOUNT.

&&

LAKE CHAMPLAIN DATA:
LEVEL...............95.10 FEET
TEMPERATURE.........34 DEGREES

MOUNT MANSFIELD DATA:
HIGH................34 DEGREES
LOW.................9 DEGREES
PRECIPITATION.......0.60 INCHES
NEW SNOW............TRACE
SNOW AT STAKE.......79 INCHES

$$
