000
CDUS41 KBTV 172224
CLIBTV


CLIMATE REPORT
NATIONAL WEATHER SERVICE BURLINGTON VT
523 PM EST TUE FEB 17 2015


...................................

...THE BURLINGTON VT CLIMATE SUMMARY FOR FEBRUARY 17 2015...
VALID TODAY AS OF 0500 PM LOCAL TIME.

CLIMATE NORMAL PERIOD 1981 TO 2010
CLIMATE RECORD PERIOD 1884 TO 2015


WEATHER ITEM   OBSERVED TIME   RECORD YEAR NORMAL DEPARTURE LAST
                VALUE   (LST)  VALUE       VALUE  FROM      YEAR
                                                  NORMAL
..................................................................
TEMPERATURE (F)
 TODAY
  MAXIMUM         14    325 PM  53    1981  31    -17       19
  MINIMUM        -16    549 AM -21    1963  13    -29       -7
  AVERAGE         -1                        22    -23        6

PRECIPITATION (IN)
  TODAY            0.00          0.80 1954   0.06  -0.06     0.00
  MONTH TO DATE    0.86                      1.06  -0.20     1.04
  SINCE DEC 1      5.00                      5.50  -0.50     6.03
  SINCE JAN 1      2.15                      3.12  -0.97     3.49

SNOWFALL (IN)
  TODAY            0.0           9.4  1952   0.6   -0.6      0.0
  MONTH TO DATE   18.4                      10.2    8.2     21.4
  SINCE DEC 1     61.0                      49.2   11.8     49.2
  SINCE JUL 1     71.6                      54.6   17.0     55.6
  SNOW DEPTH       8

DEGREE DAYS
 HEATING
  TODAY           66                        43     23       59
  MONTH TO DATE  995                       760    235      794
  SINCE DEC 1   3588                      3409    179     3517
  SINCE JUL 1   4913                      4954    -41     5010

 COOLING
  TODAY            0                         0      0        0
  MONTH TO DATE    0                         0      0        0
  SINCE DEC 1      0                         0      0        0
  SINCE JAN 1      0                         0      0        0
..................................................................


WIND (MPH)
  HIGHEST WIND SPEED     7   HIGHEST WIND DIRECTION    NW (320)
  HIGHEST GUST SPEED    10   HIGHEST GUST DIRECTION     W (260)
  AVERAGE WIND SPEED     1.9


SKY COVER
  POSSIBLE SUNSHINE  MM
  AVERAGE SKY COVER 0.5


WEATHER CONDITIONS
 THE FOLLOWING WEATHER WAS RECORDED TODAY.
  FOG
  HAZE


RELATIVE HUMIDITY (PERCENT)
 HIGHEST    74           300 AM
 LOWEST     41          1200 PM
 AVERAGE    58

..........................................................


THE BURLINGTON VT CLIMATE NORMALS FOR TOMORROW
                         NORMAL    RECORD    YEAR
 MAXIMUM TEMPERATURE (F)   31        58      1981
 MINIMUM TEMPERATURE (F)   13       -25      1979


SUNRISE AND SUNSET
FEBRUARY 17 2015......SUNRISE   650 AM EST   SUNSET   524 PM EST
FEBRUARY 18 2015......SUNRISE   648 AM EST   SUNSET   525 PM EST


-  INDICATES NEGATIVE NUMBERS.
R  INDICATES RECORD WAS SET OR TIED.
MM INDICATES DATA IS MISSING.
T  INDICATES TRACE AMOUNT.

$$
