000
CDUS41 KBTV 100537
CLIBTV


CLIMATE REPORT
NATIONAL WEATHER SERVICE BURLINGTON VT
137 AM EDT WED AUG 10 2016


...................................

...THE BURLINGTON VT CLIMATE SUMMARY FOR AUGUST 9 2016...

CLIMATE NORMAL PERIOD 1981 TO 2010
CLIMATE RECORD PERIOD 1884 TO 2016


WEATHER ITEM   OBSERVED TIME   RECORD YEAR NORMAL DEPARTURE LAST
                VALUE   (LST)  VALUE       VALUE  FROM      YEAR
                                                  NORMAL
..................................................................
TEMPERATURE (F)
 YESTERDAY
  MAXIMUM         88    458 PM  99    2001  80      8       82
  MINIMUM         57    512 AM  44    1922  60     -3       57
  AVERAGE         73                        70      3       70

PRECIPITATION (IN)
  YESTERDAY        0.00          1.31 1918   0.13  -0.13     0.00
  MONTH TO DATE    0.20                      1.23  -1.03     0.07
  SINCE JUN 1      6.30                      9.08  -2.78    13.41
  SINCE JAN 1     17.15                     21.39  -4.24    22.25

SNOWFALL (IN)
  YESTERDAY        0.0           0.0  2002   0.0    0.0      0.0
                                      2001
  MONTH TO DATE    0.0                       0.0    0.0      0.0
  SINCE JUN 1      0.0                       0.0    0.0      0.0
  SINCE JUL 1      0.0                       0.0    0.0      0.0
  SNOW DEPTH       0

DEGREE DAYS
 HEATING
  YESTERDAY        0                         1     -1        0
  MONTH TO DATE    0                         5     -5        1
  SINCE JUN 1     51                        91    -40       77
  SINCE JUL 1      3                        18    -15        6

 COOLING
  YESTERDAY        8                         5      3        5
  MONTH TO DATE   81                        51     30       53
  SINCE JUN 1    470                       335    135      347
  SINCE JAN 1    542                       354    188      440
..................................................................


WIND (MPH)
  HIGHEST WIND SPEED    14   HIGHEST WIND DIRECTION     S (180)
  HIGHEST GUST SPEED    19   HIGHEST GUST DIRECTION     S (170)
  AVERAGE WIND SPEED     5.1


SKY COVER
  POSSIBLE SUNSHINE  MM
  AVERAGE SKY COVER 0.4


WEATHER CONDITIONS
 THE FOLLOWING WEATHER WAS RECORDED YESTERDAY.
  NO SIGNIFICANT WEATHER WAS OBSERVED.


RELATIVE HUMIDITY (PERCENT)
 HIGHEST    86           400 AM
 LOWEST     26           300 PM
 AVERAGE    56

..........................................................


THE BURLINGTON VT CLIMATE NORMALS FOR TODAY
                         NORMAL    RECORD    YEAR
 MAXIMUM TEMPERATURE (F)   80        97      1949
 MINIMUM TEMPERATURE (F)   59        47      1964
                                             1927
                                             1922


SUNRISE AND SUNSET
AUGUST 10 2016........SUNRISE   550 AM EDT   SUNSET   805 PM EDT
AUGUST 11 2016........SUNRISE   551 AM EDT   SUNSET   803 PM EDT


-  INDICATES NEGATIVE NUMBERS.
R  INDICATES RECORD WAS SET OR TIED.
MM INDICATES DATA IS MISSING.
T  INDICATES TRACE AMOUNT.

&&

LAKE CHAMPLAIN DATA:
LEVEL...............94.34 FEET
TEMPERATURE.........75 DEGREES

MOUNT MANSFIELD DATA:
HIGH................69 DEGREES
LOW.................53 DEGREES
PRECIPITATION.......NONE

$$
