000
CDUS41 KBTV 190638
CLIBTV

CLIMATE REPORT
NATIONAL WEATHER SERVICE BURLINGTON VT
235 AM EDT WED AUG 19 2015

...................................

...THE BURLINGTON VT CLIMATE SUMMARY FOR AUGUST 18 2015...

CLIMATE NORMAL PERIOD 1981 TO 2010
CLIMATE RECORD PERIOD 1884 TO 2015


WEATHER ITEM   OBSERVED TIME   RECORD YEAR NORMAL DEPARTURE LAST
                VALUE   (LST)  VALUE       VALUE  FROM      YEAR
                                                  NORMAL
..................................................................
TEMPERATURE (F)
 YESTERDAY
  MAXIMUM         91    320 PM  93    2002  79     12       72
  MINIMUM         67    523 AM  40    1918  59      8       53
  AVERAGE         79                        69     10       63

PRECIPITATION (IN)
  YESTERDAY        0.00          1.59 1973   0.14  -0.14     0.02
  MONTH TO DATE    1.36                      2.43  -1.07     1.76
  SINCE JUN 1     14.70                     10.28   4.42    11.65
  SINCE JAN 1     23.54                     22.59   0.95    25.41

SNOWFALL (IN)
  YESTERDAY        0.0           0.0  2002   0.0    0.0      0.0
                                      2001
  MONTH TO DATE    0.0                       0.0    0.0      0.0
  SINCE JUN 1      0.0                       0.0    0.0      0.0
  SINCE JUL 1      0.0                       0.0    0.0      0.0
  SNOW DEPTH       0

DEGREE DAYS
 HEATING
  YESTERDAY        0                         1     -1        2
  MONTH TO DATE    1                        14    -13       10
  SINCE JUN 1     77                       100    -23       31
  SINCE JUL 1      6                        27    -21       11

 COOLING
  YESTERDAY       14                         5      9        0
  MONTH TO DATE  131                        96     35       87
  SINCE JUN 1    425                       380     45      415
  SINCE JAN 1    518                       399    119      437
..................................................................


WIND (MPH)
  HIGHEST WIND SPEED    10   HIGHEST WIND DIRECTION     S (200)
  HIGHEST GUST SPEED    14   HIGHEST GUST DIRECTION     S (190)
  AVERAGE WIND SPEED     3.5


SKY COVER
  POSSIBLE SUNSHINE  MM
  AVERAGE SKY COVER 0.4


WEATHER CONDITIONS
 THE FOLLOWING WEATHER WAS RECORDED YESTERDAY.
  THUNDERSTORM


RELATIVE HUMIDITY (PERCENT)
 HIGHEST    90           100 AM
 LOWEST     38           300 PM
 AVERAGE    64

..........................................................


THE BURLINGTON VT CLIMATE NORMALS FOR TODAY
                         NORMAL    RECORD    YEAR
 MAXIMUM TEMPERATURE (F)   79        93      1899
 MINIMUM TEMPERATURE (F)   58        40      1963


SUNRISE AND SUNSET
AUGUST 19 2015........SUNRISE   600 AM EDT   SUNSET   752 PM EDT
AUGUST 20 2015........SUNRISE   601 AM EDT   SUNSET   750 PM EDT


-  INDICATES NEGATIVE NUMBERS.
R  INDICATES RECORD WAS SET OR TIED.
MM INDICATES DATA IS MISSING.
T  INDICATES TRACE AMOUNT.

&&

LAKE CHAMPLAIN DATA:
LEVEL...............96.34 FEET
TEMPERATURE.........75 DEGREES

MOUNT MANSFIELD DATA:
HIGH................76 DEGREES
LOW.................59 DEGREES
PRECIPITATION.......NONE

$$
