000
CDUS41 KBTV 060548
CLIBTV

CLIMATE REPORT
NATIONAL WEATHER SERVICE BURLINGTON VT
1244 AM EST MON MAR 6 2017

...................................

...THE BURLINGTON VT CLIMATE SUMMARY FOR MARCH 5 2017...

CLIMATE NORMAL PERIOD 1981 TO 2010
CLIMATE RECORD PERIOD 1884 TO 2017


WEATHER ITEM   OBSERVED TIME   RECORD YEAR NORMAL DEPARTURE LAST
                VALUE   (LST)  VALUE       VALUE  FROM      YEAR
                                                  NORMAL
..................................................................
TEMPERATURE (F)
 YESTERDAY
  MAXIMUM         22    410 PM  58    1964  36    -14       32
  MINIMUM          5    639 AM -15    1948  18    -13       10
  AVERAGE         14                        27    -13       21

PRECIPITATION (IN)
  YESTERDAY        0.00          1.01 1966   0.06  -0.06     0.00
  MONTH TO DATE    0.27                      0.32  -0.05     0.25
  SINCE MAR 1      0.27                      0.32  -0.05     0.25
  SINCE JAN 1      4.94                      4.14   0.80     4.58

SNOWFALL (IN)
  YESTERDAY        0.0           7.0  1917   0.6   -0.6      0.0
  MONTH TO DATE    0.5                       3.1   -2.6      0.4
  SINCE MAR 1      0.5                       3.1   -2.6      0.4
  SINCE JUL 1     59.7                      63.9   -4.2     29.4
  SNOW DEPTH       0

DEGREE DAYS
 HEATING
  YESTERDAY       51                        38     13       44
  MONTH TO DATE  195                       195      0      226
  SINCE MAR 1    195                       195      0      226
  SINCE JUL 1   4573                      5605  -1032     4610

 COOLING
  YESTERDAY        0                         0      0        0
  MONTH TO DATE    0                         0      0        0
  SINCE MAR 1      0                         0      0        0
  SINCE JAN 1      0                         0      0        0
..................................................................


WIND (MPH)
  HIGHEST WIND SPEED    21   HIGHEST WIND DIRECTION    NW (330)
  HIGHEST GUST SPEED    27   HIGHEST GUST DIRECTION     N (340)
  AVERAGE WIND SPEED     9.3


SKY COVER
  POSSIBLE SUNSHINE  MM
  AVERAGE SKY COVER 0.0


WEATHER CONDITIONS
 THE FOLLOWING WEATHER WAS RECORDED YESTERDAY.
  NO SIGNIFICANT WEATHER WAS OBSERVED.


RELATIVE HUMIDITY (PERCENT)
 HIGHEST    66          1100 PM
 LOWEST     34           500 PM
 AVERAGE    50

..........................................................


THE BURLINGTON VT CLIMATE NORMALS FOR TODAY
                         NORMAL    RECORD    YEAR
 MAXIMUM TEMPERATURE (F)   36        61      1894
 MINIMUM TEMPERATURE (F)   18       -20      1948


SUNRISE AND SUNSET
MARCH  6 2017.........SUNRISE   621 AM EST   SUNSET   547 PM EST
MARCH  7 2017.........SUNRISE   619 AM EST   SUNSET   549 PM EST


-  INDICATES NEGATIVE NUMBERS.
R  INDICATES RECORD WAS SET OR TIED.
MM INDICATES DATA IS MISSING.
T  INDICATES TRACE AMOUNT.

&&

LAKE CHAMPLAIN DATA:
LEVEL...............97.28 FEET
TEMPERATURE.........35 DEGREES

MOUNT MANSFIELD DATA:
HIGH................3 DEGREES
LOW.................-13 DEGREES
PRECIPITATION.......NONE
NEW SNOW............NONE
SNOW AT STAKE.......64 INCHES

$$
