000
CDUS41 KBTV 120552
CLIBTV


CLIMATE REPORT
NATIONAL WEATHER SERVICE BURLINGTON VT
149 AM EDT MON JUN 12 2017


...................................

...THE BURLINGTON VT CLIMATE SUMMARY FOR JUNE 11 2017...

CLIMATE NORMAL PERIOD 1981 TO 2010
CLIMATE RECORD PERIOD 1884 TO 2017


WEATHER ITEM   OBSERVED TIME   RECORD YEAR NORMAL DEPARTURE LAST
                VALUE   (LST)  VALUE       VALUE  FROM      YEAR
                                                  NORMAL
..................................................................
TEMPERATURE (F)
 YESTERDAY
  MAXIMUM         95R   232 PM  92    1947  75     20       61
  MINIMUM         71    452 AM  35    1972  54     17       49
  AVERAGE         83                        65     18       55

PRECIPITATION (IN)
  YESTERDAY        0.00          1.94 2013   0.12  -0.12     0.02
  MONTH TO DATE    1.23                      1.34  -0.11     1.77
  SINCE JUN 1      1.23                      1.34  -0.11     1.77
  SINCE JAN 1     17.91                     13.65   4.26    12.62

SNOWFALL (IN)
  YESTERDAY        0.0           0.0  2002   0.0    0.0      0.0
                                      2001
  MONTH TO DATE    0.0                       0.0    0.0      0.0
  SINCE JUN 1      0.0                       0.0    0.0      0.0
  SINCE JUL 1    100.4                      81.2   19.2     34.3
  SNOW DEPTH       0

DEGREE DAYS
 HEATING
  YESTERDAY        0                         3     -3       10
  MONTH TO DATE   45                        43      2       33
  SINCE JUN 1     45                        43      2       33
  SINCE JUL 1   6321                      7404  -1083     6211

 COOLING
  YESTERDAY       18                         3     15        0
  MONTH TO DATE   25                        21      4       32
  SINCE JUN 1     25                        21      4       32
  SINCE JAN 1     67                        40     27      104
..................................................................


WIND (MPH)
  HIGHEST WIND SPEED    22   HIGHEST WIND DIRECTION     S (190)
  HIGHEST GUST SPEED    32   HIGHEST GUST DIRECTION     S (190)
  AVERAGE WIND SPEED    11.6


SKY COVER
  POSSIBLE SUNSHINE  MM
  AVERAGE SKY COVER 0.4


WEATHER CONDITIONS
 THE FOLLOWING WEATHER WAS RECORDED YESTERDAY.
  NO SIGNIFICANT WEATHER WAS OBSERVED.


RELATIVE HUMIDITY (PERCENT)
 HIGHEST    66           300 AM
 LOWEST     28           200 PM
 AVERAGE    47

..........................................................


THE BURLINGTON VT CLIMATE NORMALS FOR TODAY
                         NORMAL    RECORD    YEAR
 MAXIMUM TEMPERATURE (F)   75        92      1949
 MINIMUM TEMPERATURE (F)   54        36      1906


SUNRISE AND SUNSET
JUNE 12 2017..........SUNRISE   508 AM EDT   SUNSET   838 PM EDT
JUNE 13 2017..........SUNRISE   507 AM EDT   SUNSET   838 PM EDT


-  INDICATES NEGATIVE NUMBERS.
R  INDICATES RECORD WAS SET OR TIED.
MM INDICATES DATA IS MISSING.
T  INDICATES TRACE AMOUNT.

&&

LAKE CHAMPLAIN DATA:
LEVEL...............97.78 FEET
TEMPERATURE.........57 DEGREES

MOUNT MANSFIELD DATA:
HIGH................75 DEGREES
LOW.................58 DEGREES
PRECIPITATION.......NONE

$$
