000
CDUS41 KBTV 240531
CLIBTV


CLIMATE REPORT
NATIONAL WEATHER SERVICE BURLINGTON VT
130 AM EDT SUN AUG 24 2014


...................................

...THE BURLINGTON VT CLIMATE SUMMARY FOR AUGUST 23 2014...

CLIMATE NORMAL PERIOD 1981 TO 2010
CLIMATE RECORD PERIOD 1884 TO 2014


WEATHER ITEM   OBSERVED TIME   RECORD YEAR NORMAL DEPARTURE LAST
                VALUE   (LST)  VALUE       VALUE  FROM      YEAR
                                                  NORMAL
..................................................................
TEMPERATURE (F)
 YESTERDAY
  MAXIMUM         79    406 PM  93    1947  78      1       73
  MINIMUM         61   1159 PM  43    1988  58      3       54
  AVERAGE         70                        68      2       64

PRECIPITATION (IN)
  YESTERDAY        0.00          1.88 1890   0.12  -0.12     0.00
  MONTH TO DATE    1.97                      3.03  -1.06     2.82
  SINCE JUN 1     11.86                     10.88   0.98    17.17
  SINCE JAN 1     25.62                     23.19   2.43    32.44

SNOWFALL (IN)
  YESTERDAY        0.0           0.0  2002   0.0    0.0      0.0
                                      2001
  MONTH TO DATE    0.0                       0.0    0.0      0.0
  SINCE JUN 1      0.0                       0.0    0.0      0.0
  SINCE JUL 1      0.0                       0.0    0.0      0.0
  SNOW DEPTH       0

DEGREE DAYS
 HEATING
  YESTERDAY        0                         1     -1        1
  MONTH TO DATE   12                        19     -7        8
  SINCE JUN 1     33                       105    -72       80
  SINCE JUL 1     13                        32    -19       15

 COOLING
  YESTERDAY        5                         4      1        0
  MONTH TO DATE   98                       116    -18      100
  SINCE JUN 1    426                       400     26      500
  SINCE JAN 1    448                       419     29      547
..................................................................


WIND (MPH)
  HIGHEST WIND SPEED    12   HIGHEST WIND DIRECTION     N (340)
  HIGHEST GUST SPEED    16   HIGHEST GUST DIRECTION     N (340)
  AVERAGE WIND SPEED     3.2


SKY COVER
  POSSIBLE SUNSHINE  MM
  AVERAGE SKY COVER 0.6


WEATHER CONDITIONS
 THE FOLLOWING WEATHER WAS RECORDED YESTERDAY.
  NO SIGNIFICANT WEATHER WAS OBSERVED.


RELATIVE HUMIDITY (PERCENT)
 HIGHEST    93           100 AM
 LOWEST     48           400 PM
 AVERAGE    71

..........................................................


THE BURLINGTON VT CLIMATE NORMALS FOR TODAY
                         NORMAL    RECORD    YEAR
 MAXIMUM TEMPERATURE (F)   78        97      1947
 MINIMUM TEMPERATURE (F)   58        40      1923


SUNRISE AND SUNSET
AUGUST 24 2014........SUNRISE   606 AM EDT   SUNSET   743 PM EDT
AUGUST 25 2014........SUNRISE   607 AM EDT   SUNSET   741 PM EDT


-  INDICATES NEGATIVE NUMBERS.
R  INDICATES RECORD WAS SET OR TIED.
MM INDICATES DATA IS MISSING.
T  INDICATES TRACE AMOUNT.

&&

LAKE CHAMPLAIN DATA:
LEVEL...............95.69 FEET
TEMPERATURE.........70 DEGREES

MOUNT MANSFIELD DATA:
HIGH................61 DEGREES
LOW.................48 DEGREES
PRECIPITATION.......0.11 INCHES

$$
