000
CDUS41 KBTV 270526
CLIBTV


CLIMATE REPORT
NATIONAL WEATHER SERVICE BURLINGTON VT
125 AM EDT WED MAY 27 2015


...................................

...THE BURLINGTON VT CLIMATE SUMMARY FOR MAY 26 2015...

CLIMATE NORMAL PERIOD 1981 TO 2010
CLIMATE RECORD PERIOD 1884 TO 2015


WEATHER ITEM   OBSERVED TIME   RECORD YEAR NORMAL DEPARTURE LAST
                VALUE   (LST)  VALUE       VALUE  FROM      YEAR
                                                  NORMAL
..................................................................
TEMPERATURE (F)
 YESTERDAY
  MAXIMUM         89    403 PM  92    2010  70     19       74
  MINIMUM         65   1208 AM  32    1969  49     16       59
  AVERAGE         77                        60     17       67

PRECIPITATION (IN)
  YESTERDAY        T             1.27 1983   0.12  -0.12     0.15
  MONTH TO DATE    1.39                      2.84  -1.45     3.45
  SINCE MAR 1      4.93                      7.88  -2.95     8.99
  SINCE JAN 1      7.31                     11.70  -4.39    13.27

SNOWFALL (IN)
  YESTERDAY        0.0           0.0  2002   0.0    0.0      0.0
                                      2001
  MONTH TO DATE    0.0                       0.0    0.0      0.0
  SINCE MAR 1      7.5                      20.4  -12.9     28.2
  SINCE JUL 1     83.4                      81.2    2.2     86.5
  SNOW DEPTH       0

DEGREE DAYS
 HEATING
  YESTERDAY        0                         6     -6        0
  MONTH TO DATE  124                       258   -134      171
  SINCE MAR 1   1913                      1922     -9     2098
  SINCE JUL 1   7430                      7332     98     7563

 COOLING
  YESTERDAY       12                         1     11        2
  MONTH TO DATE   57                         9     48       22
  SINCE MAR 1     57                        11     46       22
  SINCE JAN 1     57                        11     46       22
..................................................................


WIND (MPH)
  HIGHEST WIND SPEED    17   HIGHEST WIND DIRECTION     S (170)
  HIGHEST GUST SPEED    22   HIGHEST GUST DIRECTION     S (170)
  AVERAGE WIND SPEED     7.8


SKY COVER
  POSSIBLE SUNSHINE  MM
  AVERAGE SKY COVER 0.7


WEATHER CONDITIONS
 THE FOLLOWING WEATHER WAS RECORDED YESTERDAY.
  NO SIGNIFICANT WEATHER WAS OBSERVED.


RELATIVE HUMIDITY (PERCENT)
 HIGHEST    93          1200 AM
 LOWEST     31           400 PM
 AVERAGE    62

..........................................................


THE BURLINGTON VT CLIMATE NORMALS FOR TODAY
                         NORMAL    RECORD    YEAR
 MAXIMUM TEMPERATURE (F)   71        91      1944
 MINIMUM TEMPERATURE (F)   49        28      1969


SUNRISE AND SUNSET
MAY 27 2015...........SUNRISE   514 AM EDT   SUNSET   826 PM EDT
MAY 28 2015...........SUNRISE   514 AM EDT   SUNSET   826 PM EDT


-  INDICATES NEGATIVE NUMBERS.
R  INDICATES RECORD WAS SET OR TIED.
MM INDICATES DATA IS MISSING.
T  INDICATES TRACE AMOUNT.

&&

LAKE CHAMPLAIN DATA:
LEVEL...............96.46 FEET
TEMPERATURE.........53 DEGREES

MOUNT MANSFIELD DATA:
HIGH................70 DEGREES
LOW.................54 DEGREES
PRECIPITATION.......0.29 INCHES

$$
