000
CDUS41 KBTV 012023
CLIBTV


CLIMATE REPORT
NATIONAL WEATHER SERVICE BURLINGTON VT
423 PM EDT TUE AUG 1 2017


...................................

...THE BURLINGTON VT CLIMATE SUMMARY FOR AUGUST 1 2017...
VALID TODAY AS OF 0400 PM LOCAL TIME.

CLIMATE NORMAL PERIOD 1981 TO 2010
CLIMATE RECORD PERIOD 1884 TO 2017


WEATHER ITEM   OBSERVED TIME   RECORD YEAR NORMAL DEPARTURE LAST
                VALUE   (LST)  VALUE       VALUE  FROM      YEAR
                                                  NORMAL
..................................................................
TEMPERATURE (F)
 TODAY
  MAXIMUM         85    234 PM  98    1975  81      4       70
                                      1917
  MINIMUM         61    531 AM  43    1964  60      1       65
                                      1953
  AVERAGE         73                        70      3       68

PRECIPITATION (IN)
  TODAY            0.00          1.15 2006   0.14  -0.14     0.10
  MONTH TO DATE    0.00                      0.14  -0.14     0.10
  SINCE JUN 1     10.62                      7.99   2.63     6.20
  SINCE JAN 1     27.30                     20.30   7.00    17.05

SNOWFALL (IN)
  TODAY            0.0           0.0  2002   0.0    0.0      0.0
                                      2001
  MONTH TO DATE    0.0                       0.0    0.0      0.0
  SINCE JUN 1      0.0                       0.0    0.0      0.0
  SINCE JUL 1      0.0                       0.0    0.0      0.0
  SNOW DEPTH       0

DEGREE DAYS
 HEATING
  TODAY            0                         0      0        0
  MONTH TO DATE    0                         0      0        0
  SINCE JUN 1     56                        86    -30       51
  SINCE JUL 1      4                        13     -9        3

 COOLING
  TODAY            8                         6      2        3
  MONTH TO DATE    8                         6      2        3
  SINCE JUN 1    321                       290     31      392
  SINCE JAN 1    363                       309     54      464
..................................................................


WIND (MPH)
  HIGHEST WIND SPEED     9   HIGHEST WIND DIRECTION     N (10)
  HIGHEST GUST SPEED    13   HIGHEST GUST DIRECTION     N (360)
  AVERAGE WIND SPEED     2.3


SKY COVER
  POSSIBLE SUNSHINE  MM
  AVERAGE SKY COVER 0.2


WEATHER CONDITIONS
 THE FOLLOWING WEATHER WAS RECORDED TODAY.
  FOG


RELATIVE HUMIDITY (PERCENT)
 HIGHEST    93          1200 AM
 LOWEST     40          1200 PM
 AVERAGE    67

..........................................................


THE BURLINGTON VT CLIMATE NORMALS FOR TOMORROW
                         NORMAL    RECORD    YEAR
 MAXIMUM TEMPERATURE (F)   81        99      1975
 MINIMUM TEMPERATURE (F)   60        44      1953


SUNRISE AND SUNSET
AUGUST  1 2017........SUNRISE   540 AM EDT   SUNSET   817 PM EDT
AUGUST  2 2017........SUNRISE   541 AM EDT   SUNSET   816 PM EDT


-  INDICATES NEGATIVE NUMBERS.
R  INDICATES RECORD WAS SET OR TIED.
MM INDICATES DATA IS MISSING.
T  INDICATES TRACE AMOUNT.

$$
