476
CDUS41 KBTV 160721
CLIBTV


CLIMATE REPORT
NATIONAL WEATHER SERVICE BURLINGTON VT
319 AM EDT THU MAR 16 2017


...................................

...THE BURLINGTON VT CLIMATE SUMMARY FOR MARCH 15 2017...

CLIMATE NORMAL PERIOD 1981 TO 2010
CLIMATE RECORD PERIOD 1884 TO 2017


WEATHER ITEM   OBSERVED TIME   RECORD YEAR NORMAL DEPARTURE LAST
                VALUE   (LST)  VALUE       VALUE  FROM      YEAR
                                                  NORMAL
..................................................................
TEMPERATURE (F)
 YESTERDAY
  MAXIMUM         23    451 PM  72    1990  39    -16       58
  MINIMUM         18    606 AM -12    1993  21     -3       37
  AVERAGE         21                        30     -9       48

PRECIPITATION (IN)
  YESTERDAY        0.34          0.89 1933   0.07   0.27     0.03
  MONTH TO DATE    1.71                      1.02   0.69     0.94
  SINCE MAR 1      1.71                      1.02   0.69     0.94
  SINCE JAN 1      6.38                      4.84   1.54     5.27

SNOWFALL (IN)
  YESTERDAY       12.6 R         4.1  1940   0.5   12.1      0.0
  MONTH TO DATE   31.8                       9.1   22.7      0.9
  SINCE MAR 1     31.8                       9.1   22.7      0.9
  SINCE JUL 1     91.0                      69.9   21.1     29.9
  SNOW DEPTH      20

DEGREE DAYS
 HEATING
  YESTERDAY       44                        35      9       17
  MONTH TO DATE  603                       559     44      460
  SINCE MAR 1    603                       559     44      460
  SINCE JUL 1   4981                      5969   -988     4844

 COOLING
  YESTERDAY        0                         0      0        0
  MONTH TO DATE    0                         0      0        0
  SINCE MAR 1      0                         0      0        0
  SINCE JAN 1      0                         0      0        0
..................................................................


WIND (MPH)
  HIGHEST WIND SPEED    24   HIGHEST WIND DIRECTION     N (340)
  HIGHEST GUST SPEED    33   HIGHEST GUST DIRECTION    NW (330)
  AVERAGE WIND SPEED    13.7


SKY COVER
  POSSIBLE SUNSHINE  MM
  AVERAGE SKY COVER 1.0


WEATHER CONDITIONS
 THE FOLLOWING WEATHER WAS RECORDED YESTERDAY.
  HEAVY SNOW
  SNOW
  LIGHT SNOW
  FOG
  FOG W/VISIBILITY <= 1/4 MILE
  HAZE


RELATIVE HUMIDITY (PERCENT)
 HIGHEST    92           500 AM
 LOWEST     62          1000 PM
 AVERAGE    77

..........................................................


THE BURLINGTON VT CLIMATE NORMALS FOR TODAY
                         NORMAL    RECORD    YEAR
 MAXIMUM TEMPERATURE (F)   40        78      1990
 MINIMUM TEMPERATURE (F)   22        -9      1963


SUNRISE AND SUNSET
MARCH 16 2017.........SUNRISE   703 AM EDT   SUNSET   700 PM EDT
MARCH 17 2017.........SUNRISE   701 AM EDT   SUNSET   702 PM EDT


-  INDICATES NEGATIVE NUMBERS.
R  INDICATES RECORD WAS SET OR TIED.
MM INDICATES DATA IS MISSING.
T  INDICATES TRACE AMOUNT.







&&

LAKE CHAMPLAIN DATA:
LEVEL...............97.16 FEET
TEMPERATURE.........35 DEGREES

MOUNT MANSFIELD DATA:
HIGH................15 DEGREES
LOW.................1 DEGREES
PRECIPITATION.......1.15 INCHES
NEW SNOW............24.0 INCHES
SNOW AT STAKE.......106 INCHES

$$
