000
CDUS41 KBTV 060523
CLIBTV


CLIMATE REPORT
NATIONAL WEATHER SERVICE BURLINGTON VT
122 AM EDT SUN APR 6 2014


...................................

...THE BURLINGTON VT CLIMATE SUMMARY FOR APRIL 5 2014...

CLIMATE NORMAL PERIOD 1981 TO 2010
CLIMATE RECORD PERIOD 1884 TO 2014


WEATHER ITEM   OBSERVED TIME   RECORD YEAR NORMAL DEPARTURE LAST
                VALUE   (LST)  VALUE       VALUE  FROM      YEAR
                                                  NORMAL
..................................................................
TEMPERATURE (F)
 YESTERDAY
  MAXIMUM         45    219 PM  75    1928  49     -4       48
  MINIMUM         35   1159 PM   3    1964  31      4       30
  AVERAGE         40                        40      0       39

PRECIPITATION (IN)
  YESTERDAY        T             1.12 1920   0.09  -0.09      T
  MONTH TO DATE    0.09                      0.44  -0.35     0.09
  SINCE MAR 1      1.97                      2.66  -0.69     2.14
  SINCE JAN 1      6.25                      6.48  -0.23     4.57

SNOWFALL (IN)
  YESTERDAY        0.0           4.5  1911   0.2   -0.2      0.0
  MONTH TO DATE    0.0                       1.2   -1.2      0.7
  SINCE MAR 1     25.4                      17.0    8.4     16.9
  SINCE JUL 1     83.7                      77.8    5.9     82.6
  SNOW DEPTH       0

DEGREE DAYS
 HEATING
  YESTERDAY       25                        25      0       26
  MONTH TO DATE  133                       131      2      147
  SINCE MAR 1   1455                      1185    270     1135
  SINCE JUL 1   6920                      6595    325     6013

 COOLING
  YESTERDAY        0                         0      0        0
  MONTH TO DATE    0                         0      0        0
  SINCE MAR 1      0                         0      0        0
  SINCE JAN 1      0                         0      0        0
..................................................................


WIND (MPH)
  HIGHEST WIND SPEED    22   HIGHEST WIND DIRECTION     W (250)
  HIGHEST GUST SPEED    31   HIGHEST GUST DIRECTION     W (260)
  AVERAGE WIND SPEED    11.2


SKY COVER
  POSSIBLE SUNSHINE  MM
  AVERAGE SKY COVER 1.0


WEATHER CONDITIONS
 THE FOLLOWING WEATHER WAS RECORDED YESTERDAY.
  LIGHT RAIN
  FOG


RELATIVE HUMIDITY (PERCENT)
 HIGHEST    92           700 AM
 LOWEST     41           200 PM
 AVERAGE    67

..........................................................


THE BURLINGTON VT CLIMATE NORMALS FOR TODAY
                         NORMAL    RECORD    YEAR
 MAXIMUM TEMPERATURE (F)   50        77      1928
 MINIMUM TEMPERATURE (F)   31        10      1943


SUNRISE AND SUNSET
APRIL  6 2014.........SUNRISE   625 AM EDT   SUNSET   726 PM EDT
APRIL  7 2014.........SUNRISE   623 AM EDT   SUNSET   727 PM EDT


-  INDICATES NEGATIVE NUMBERS.
R  INDICATES RECORD WAS SET OR TIED.
MM INDICATES DATA IS MISSING.
T  INDICATES TRACE AMOUNT.

&&

LAKE CHAMPLAIN DATA:
LEVEL...............96.06 FEET
TEMPERATURE.........36 DEGREES

MOUNT MANSFIELD DATA:
HIGH................30 DEGREES
LOW.................21 DEGREES
PRECIPITATION.......0.21 INCHES
NEW SNOW............0.5 INCHES
SNOW AT STAKE.......82 INCHES

$$
