000
CDUS41 KBTV 192129
CLIBTV


CLIMATE REPORT
NATIONAL WEATHER SERVICE BURLINGTON VT
529 PM EDT WED AUG 19 2015


...................................

...THE BURLINGTON VT CLIMATE SUMMARY FOR AUGUST 19 2015...
VALID TODAY AS OF 0500 PM LOCAL TIME.

CLIMATE NORMAL PERIOD 1981 TO 2010
CLIMATE RECORD PERIOD 1884 TO 2015


WEATHER ITEM   OBSERVED TIME   RECORD YEAR NORMAL DEPARTURE LAST
                VALUE   (LST)  VALUE       VALUE  FROM      YEAR
                                                  NORMAL
..................................................................
TEMPERATURE (F)
 TODAY
  MAXIMUM         90    247 PM  93    1899  79     11       76
  MINIMUM         71    328 AM  40    1963  58     13       49
  AVERAGE         81                        69     12       63

PRECIPITATION (IN)
  TODAY            0.00          1.38 1965   0.12  -0.12     0.00
  MONTH TO DATE    1.36                      2.55  -1.19     1.76
  SINCE JUN 1     14.70                     10.40   4.30    11.65
  SINCE JAN 1     23.54                     22.71   0.83    25.41

SNOWFALL (IN)
  TODAY            0.0           0.0  2002   0.0    0.0      0.0
                                      2001
  MONTH TO DATE    0.0                       0.0    0.0      0.0
  SINCE JUN 1      0.0                       0.0    0.0      0.0
  SINCE JUL 1      0.0                       0.0    0.0      0.0
  SNOW DEPTH       0

DEGREE DAYS
 HEATING
  TODAY            0                         1     -1        2
  MONTH TO DATE    1                        15    -14       12
  SINCE JUN 1     77                       101    -24       33
  SINCE JUL 1      6                        28    -22       13

 COOLING
  TODAY           16                         4     12        0
  MONTH TO DATE  147                       100     47       87
  SINCE JUN 1    441                       384     57      415
  SINCE JAN 1    534                       403    131      437
..................................................................


WIND (MPH)
  HIGHEST WIND SPEED    20   HIGHEST WIND DIRECTION     S (190)
  HIGHEST GUST SPEED    27   HIGHEST GUST DIRECTION     S (200)
  AVERAGE WIND SPEED     9.1


SKY COVER
  POSSIBLE SUNSHINE  MM
  AVERAGE SKY COVER 0.1


WEATHER CONDITIONS
 THE FOLLOWING WEATHER WAS RECORDED TODAY.
  NO SIGNIFICANT WEATHER WAS OBSERVED.


RELATIVE HUMIDITY (PERCENT)
 HIGHEST    84           100 AM
 LOWEST     41           200 PM
 AVERAGE    63

..........................................................


THE BURLINGTON VT CLIMATE NORMALS FOR TOMORROW
                         NORMAL    RECORD    YEAR
 MAXIMUM TEMPERATURE (F)   79        94      1916
 MINIMUM TEMPERATURE (F)   58        42      1953


SUNRISE AND SUNSET
AUGUST 19 2015........SUNRISE   600 AM EDT   SUNSET   752 PM EDT
AUGUST 20 2015........SUNRISE   601 AM EDT   SUNSET   750 PM EDT


-  INDICATES NEGATIVE NUMBERS.
R  INDICATES RECORD WAS SET OR TIED.
MM INDICATES DATA IS MISSING.
T  INDICATES TRACE AMOUNT.




$$
