000
CDUS41 KBTV 012219
CLIBTV


CLIMATE REPORT
NATIONAL WEATHER SERVICE BURLINGTON VT
507 PM EST FRI DEC 1 2017


...................................

...THE BURLINGTON VT CLIMATE SUMMARY FOR DECEMBER 1 2017...
VALID TODAY AS OF 0500 PM LOCAL TIME.

CLIMATE NORMAL PERIOD 1981 TO 2010
CLIMATE RECORD PERIOD 1884 TO 2017


WEATHER ITEM   OBSERVED TIME   RECORD YEAR NORMAL DEPARTURE LAST
                VALUE   (LST)  VALUE       VALUE  FROM      YEAR
                                                  NORMAL
..................................................................
TEMPERATURE (F)
 TODAY
  MAXIMUM         43    707 AM  64    1934  39      4       51
  MINIMUM         40    359 PM  -4    1958  25     15       44
  AVERAGE         42                        32     10       48

PRECIPITATION (IN)
  TODAY            0.06          1.74 2006   0.09  -0.03     0.42
  MONTH TO DATE    0.06                      0.09  -0.03     0.42
  SINCE DEC 1      0.06                      0.09  -0.03     0.42
  SINCE JAN 1     37.78                     34.53   3.25    25.80

SNOWFALL (IN)
  TODAY            0.0           5.0  1972   0.4   -0.4      0.0
  MONTH TO DATE    0.0                       0.4   -0.4      0.0
  SINCE DEC 1      0.0                       0.4   -0.4      0.0
  SINCE JUL 1      3.0                       5.8   -2.8      4.3
  SNOW DEPTH       0

DEGREE DAYS
 HEATING
  TODAY           23                        33    -10       17
  MONTH TO DATE   23                        33    -10       17
  SINCE DEC 1     23                        33    -10       17
  SINCE JUL 1   1162                      1578   -416     1222

 COOLING
  TODAY            0                         0      0        0
  MONTH TO DATE    0                         0      0        0
  SINCE DEC 1      0                         0      0        0
  SINCE JAN 1    652                       491    161      855
..................................................................


WIND (MPH)
  HIGHEST WIND SPEED    17   HIGHEST WIND DIRECTION     S (190)
  HIGHEST GUST SPEED    27   HIGHEST GUST DIRECTION     S (190)
  AVERAGE WIND SPEED     7.0


SKY COVER
  POSSIBLE SUNSHINE  MM
  AVERAGE SKY COVER 1.0


WEATHER CONDITIONS
 THE FOLLOWING WEATHER WAS RECORDED TODAY.
  LIGHT RAIN
  FOG


RELATIVE HUMIDITY (PERCENT)
 HIGHEST    86           400 AM
 LOWEST     64           200 PM
 AVERAGE    75

..........................................................


THE BURLINGTON VT CLIMATE NORMALS FOR TOMORROW
                         NORMAL    RECORD    YEAR
 MAXIMUM TEMPERATURE (F)   39        62      1914
 MINIMUM TEMPERATURE (F)   25        -3      1989


SUNRISE AND SUNSET
DECEMBER  1 2017......SUNRISE   709 AM EST   SUNSET   414 PM EST
DECEMBER  2 2017......SUNRISE   710 AM EST   SUNSET   414 PM EST


-  INDICATES NEGATIVE NUMBERS.
R  INDICATES RECORD WAS SET OR TIED.
MM INDICATES DATA IS MISSING.
T  INDICATES TRACE AMOUNT.




$$
