000
CDUS41 KBTV 302136
CLIBTV


CLIMATE REPORT
NATIONAL WEATHER SERVICE BURLINGTON VT
436 PM EST FRI DEC 30 2016


...................................

...THE BURLINGTON VT CLIMATE SUMMARY FOR DECEMBER 30 2016...
VALID TODAY AS OF 0400 PM LOCAL TIME.

CLIMATE NORMAL PERIOD 1981 TO 2010
CLIMATE RECORD PERIOD 1884 TO 2016


WEATHER ITEM   OBSERVED TIME   RECORD YEAR NORMAL DEPARTURE LAST
                VALUE   (LST)  VALUE       VALUE  FROM      YEAR
                                                  NORMAL
..................................................................
TEMPERATURE (F)
 TODAY
  MAXIMUM         35    444 AM  51    1990  29      6       38
  MINIMUM         27    359 PM -29    1933  13     14       24
  AVERAGE         31                        21     10       31

PRECIPITATION (IN)
  TODAY            T             1.38 1948   0.06  -0.06     0.08
                                      1942
  MONTH TO DATE    2.35                      2.31   0.04     4.43
  SINCE DEC 1      2.35                      2.31   0.04     4.43
  SINCE JAN 1     27.73                     36.75  -9.02    37.83

SNOWFALL (IN)
  TODAY            T             8.5  1997   0.7   -0.7      0.1
  MONTH TO DATE   16.7                      17.3   -0.6      7.1
  SINCE DEC 1     16.7                      17.3   -0.6      7.1
  SINCE JUL 1     21.0                      22.7   -1.7      7.3
  SNOW DEPTH       3

DEGREE DAYS
 HEATING
  TODAY           34                        44    -10       34
  MONTH TO DATE 1063                      1169   -106      766
  SINCE DEC 1   1063                      1169   -106      766
  SINCE JUL 1   2268                      2714   -446     2005

 COOLING
  TODAY            0                         0      0        0
  MONTH TO DATE    0                         0      0        0
  SINCE DEC 1      0                         0      0        0
  SINCE JAN 1    855                       491    364      768
..................................................................


WIND (MPH)
  HIGHEST WIND SPEED    21   HIGHEST WIND DIRECTION     W (280)
  HIGHEST GUST SPEED    29   HIGHEST GUST DIRECTION     W (260)
  AVERAGE WIND SPEED    12.5


SKY COVER
  POSSIBLE SUNSHINE  MM
  AVERAGE SKY COVER 0.9


WEATHER CONDITIONS
 THE FOLLOWING WEATHER WAS RECORDED TODAY.
  LIGHT SNOW
  FOG


RELATIVE HUMIDITY (PERCENT)
 HIGHEST    92           100 AM
 LOWEST     53           200 PM
 AVERAGE    73

..........................................................


THE BURLINGTON VT CLIMATE NORMALS FOR TOMORROW
                         NORMAL    RECORD    YEAR
 MAXIMUM TEMPERATURE (F)   29        56      1965
 MINIMUM TEMPERATURE (F)   13       -19      1963
                                             1917


SUNRISE AND SUNSET
DECEMBER 30 2016......SUNRISE   729 AM EST   SUNSET   422 PM EST
DECEMBER 31 2016......SUNRISE   729 AM EST   SUNSET   423 PM EST


-  INDICATES NEGATIVE NUMBERS.
R  INDICATES RECORD WAS SET OR TIED.
MM INDICATES DATA IS MISSING.
T  INDICATES TRACE AMOUNT.




$$
