000
CDUS41 KBTV 140522
CLIBTV


CLIMATE REPORT
NATIONAL WEATHER SERVICE BURLINGTON VT
120 AM EDT THU JUL 14 2016


...................................

...THE BURLINGTON VT CLIMATE SUMMARY FOR JULY 13 2016...

CLIMATE NORMAL PERIOD 1981 TO 2010
CLIMATE RECORD PERIOD 1884 TO 2016


WEATHER ITEM   OBSERVED TIME   RECORD YEAR NORMAL DEPARTURE LAST
                VALUE   (LST)  VALUE       VALUE  FROM      YEAR
                                                  NORMAL
..................................................................
TEMPERATURE (F)
 YESTERDAY
  MAXIMUM         91    202 PM  96    1995  81     10       88
  MINIMUM         66    145 AM  45    1940  61      5       67
  AVERAGE         79                        71      8       78

PRECIPITATION (IN)
  YESTERDAY        0.22          1.27 1934   0.13   0.09     0.00
  MONTH TO DATE    1.42                      1.73  -0.31     2.58
  SINCE JUN 1      4.47                      5.42  -0.95    11.25
  SINCE JAN 1     15.32                     17.73  -2.41    20.09

SNOWFALL (IN)
  YESTERDAY        0.0           0.0  2002   0.0    0.0      0.0
                                      2001
  MONTH TO DATE    0.0                       0.0    0.0      0.0
  SINCE JUN 1      0.0                       0.0    0.0      0.0
  SINCE JUL 1      0.0                       0.0    0.0      0.0
  SNOW DEPTH       0

DEGREE DAYS
 HEATING
  YESTERDAY        0                         0      0        0
  MONTH TO DATE    3                         8     -5        1
  SINCE JUN 1     51                        81    -30       72
  SINCE JUL 1      3                         8     -5        1

 COOLING
  YESTERDAY       14                         6      8       13
  MONTH TO DATE   92                        78     14       73
  SINCE JUN 1    225                       175     50      148
  SINCE JAN 1    297                       194    103      241
..................................................................


WIND (MPH)
  HIGHEST WIND SPEED    22   HIGHEST WIND DIRECTION     S (180)
  HIGHEST GUST SPEED    28   HIGHEST GUST DIRECTION     S (180)
  AVERAGE WIND SPEED    10.5


SKY COVER
  POSSIBLE SUNSHINE  MM
  AVERAGE SKY COVER 0.3


WEATHER CONDITIONS
 THE FOLLOWING WEATHER WAS RECORDED YESTERDAY.
  THUNDERSTORM
  HEAVY RAIN
  LIGHT RAIN


RELATIVE HUMIDITY (PERCENT)
 HIGHEST    79           800 PM
 LOWEST     41           200 PM
 AVERAGE    60

..........................................................


THE BURLINGTON VT CLIMATE NORMALS FOR TODAY
                         NORMAL    RECORD    YEAR
 MAXIMUM TEMPERATURE (F)   81       100      1995
 MINIMUM TEMPERATURE (F)   61        48      1940


SUNRISE AND SUNSET
JULY 14 2016..........SUNRISE   522 AM EDT   SUNSET   835 PM EDT
JULY 15 2016..........SUNRISE   523 AM EDT   SUNSET   834 PM EDT


-  INDICATES NEGATIVE NUMBERS.
R  INDICATES RECORD WAS SET OR TIED.
MM INDICATES DATA IS MISSING.
T  INDICATES TRACE AMOUNT.

&&

LAKE CHAMPLAIN DATA:
LEVEL...............94.85 FEET
TEMPERATURE.........70 DEGREES

MOUNT MANSFIELD DATA:
HIGH................76 DEGREES
LOW.................60 DEGREES
PRECIPITATION.......NONE

$$
