371
CDUS41 KBTV 302205
CLIBTV


CLIMATE REPORT
NATIONAL WEATHER SERVICE BURLINGTON VT
504 PM EST SAT JAN 30 2016


...................................

...THE BURLINGTON VT CLIMATE SUMMARY FOR JANUARY 30 2016...
VALID TODAY AS OF 0500 PM LOCAL TIME.

CLIMATE NORMAL PERIOD 1981 TO 2010
CLIMATE RECORD PERIOD 1884 TO 2016


WEATHER ITEM   OBSERVED TIME   RECORD YEAR NORMAL DEPARTURE LAST
                VALUE   (LST)  VALUE       VALUE  FROM      YEAR
                                                  NORMAL
..................................................................
TEMPERATURE (F)
 TODAY
  MAXIMUM         31    359 PM  57    2013  28      3       29
  MINIMUM         21    747 AM -20    1948  10     11        5
  AVERAGE         26                        19      7       17

PRECIPITATION (IN)
  TODAY            T             1.15 1947   0.06  -0.06     0.18
  MONTH TO DATE    1.19                      1.99  -0.80     1.29
  SINCE DEC 1      5.63                      4.37   1.26     4.14
  SINCE JAN 1      1.19                      1.99  -0.80     1.29

SNOWFALL (IN)
  TODAY           MM            15.1  1925   0.6   MM        7.5
  MONTH TO DATE   13.1                      20.4   -7.3     20.7
  SINCE DEC 1     20.2                      38.3  -18.1     42.6
  SINCE JUL 1     20.4                      43.7  -23.3     53.2
  SNOW DEPTH       2

DEGREE DAYS
 HEATING
  TODAY           39                        46     -7       48
  MONTH TO DATE 1218                      1392   -174     1451
  SINCE DEC 1   2012                      2606   -594     2529
  SINCE JUL 1   3251                      4151   -900     3854

 COOLING
  TODAY            0                         0      0        0
  MONTH TO DATE    0                         0      0        0
  SINCE DEC 1      0                         0      0        0
  SINCE JAN 1      0                         0      0        0
..................................................................


WIND (MPH)
  HIGHEST WIND SPEED    21   HIGHEST WIND DIRECTION     S (180)
  HIGHEST GUST SPEED    28   HIGHEST GUST DIRECTION     S (180)
  AVERAGE WIND SPEED     9.7


SKY COVER
  POSSIBLE SUNSHINE  MM
  AVERAGE SKY COVER 0.9


WEATHER CONDITIONS
 THE FOLLOWING WEATHER WAS RECORDED TODAY.
  LIGHT SNOW


RELATIVE HUMIDITY (PERCENT)
 HIGHEST    74           300 AM
 LOWEST     58           300 PM
 AVERAGE    66

..........................................................


THE BURLINGTON VT CLIMATE NORMALS FOR TOMORROW
                         NORMAL    RECORD    YEAR
 MAXIMUM TEMPERATURE (F)   28        56      2013
                                             1988
 MINIMUM TEMPERATURE (F)   10       -27      1920


SUNRISE AND SUNSET
JANUARY 30 2016.......SUNRISE   714 AM EST   SUNSET   458 PM EST
JANUARY 31 2016.......SUNRISE   713 AM EST   SUNSET   500 PM EST


-  INDICATES NEGATIVE NUMBERS.
R  INDICATES RECORD WAS SET OR TIED.
MM INDICATES DATA IS MISSING.
T  INDICATES TRACE AMOUNT.




$$
