000
CDUS41 KBTV 250555
CLIBTV

CLIMATE REPORT
NATIONAL WEATHER SERVICE BURLINGTON VT
155 AM EDT SAT JUL 25 2015

...................................

...THE BURLINGTON VT CLIMATE SUMMARY FOR JULY 24 2015...

CLIMATE NORMAL PERIOD 1981 TO 2010
CLIMATE RECORD PERIOD 1884 TO 2015


WEATHER ITEM   OBSERVED TIME   RECORD YEAR NORMAL DEPARTURE LAST
                VALUE   (LST)  VALUE       VALUE  FROM      YEAR
                                                  NORMAL
..................................................................
TEMPERATURE (F)
 YESTERDAY
  MAXIMUM         76    435 PM  95    1987  81     -5       74
  MINIMUM         59    618 AM  45    1912  61     -2       56
  AVERAGE         68                        71     -3       65

PRECIPITATION (IN)
  YESTERDAY        0.15          1.15 1897   0.13   0.02     0.00
  MONTH TO DATE    4.29                      3.21   1.08     2.56
  SINCE JUN 1     12.96                      6.90   6.06     6.91
  SINCE JAN 1     21.80                     19.21   2.59    20.67

SNOWFALL (IN)
  YESTERDAY        0.0           0.0  2002   0.0    0.0      0.0
                                      2001
  MONTH TO DATE    0.0                       0.0    0.0      0.0
  SINCE JUN 1      0.0                       0.0    0.0      0.0
  SINCE JUL 1      0.0                       0.0    0.0      0.0
  SNOW DEPTH       0

DEGREE DAYS
 HEATING
  YESTERDAY        0                         0      0        0
  MONTH TO DATE    5                         8     -3        0
  SINCE JUN 1     76                        81     -5       20
  SINCE JUL 1      5                         8     -3        0

 COOLING
  YESTERDAY        3                         6     -3        0
  MONTH TO DATE  143                       144     -1      193
  SINCE JUN 1    218                       241    -23      313
  SINCE JAN 1    311                       260     51      335
..................................................................


WIND (MPH)
  HIGHEST WIND SPEED    13   HIGHEST WIND DIRECTION     N (350)
  HIGHEST GUST SPEED    16   HIGHEST GUST DIRECTION     N (360)
  AVERAGE WIND SPEED     3.5


SKY COVER
  POSSIBLE SUNSHINE  MM
  AVERAGE SKY COVER 0.7


WEATHER CONDITIONS
 THE FOLLOWING WEATHER WAS RECORDED YESTERDAY.
  LIGHT RAIN
  FOG


RELATIVE HUMIDITY (PERCENT)
 HIGHEST    90           100 AM
 LOWEST     50           400 PM
 AVERAGE    70

..........................................................


THE BURLINGTON VT CLIMATE NORMALS FOR TODAY
                         NORMAL    RECORD    YEAR
 MAXIMUM TEMPERATURE (F)   81        97      1963
 MINIMUM TEMPERATURE (F)   61        45      1912


SUNRISE AND SUNSET
JULY 25 2015..........SUNRISE   532 AM EDT   SUNSET   826 PM EDT
JULY 26 2015..........SUNRISE   533 AM EDT   SUNSET   825 PM EDT


-  INDICATES NEGATIVE NUMBERS.
R  INDICATES RECORD WAS SET OR TIED.
MM INDICATES DATA IS MISSING.
T  INDICATES TRACE AMOUNT.

&&

LAKE CHAMPLAIN DATA:
LEVEL...............97.55 FEET
TEMPERATURE.........72 DEGREES

MOUNT MANSFIELD DATA:
HIGH................59 DEGREES
LOW.................45 DEGREES
PRECIPITATION.......0.19 INCHES

$$
