006
CDUS41 KBTV 230524
CLIBTV

CLIMATE REPORT
NATIONAL WEATHER SERVICE BURLINGTON VT
121 AM EDT WED AUG 23 2017

...................................

...THE BURLINGTON VT CLIMATE SUMMARY FOR AUGUST 22 2017...

CLIMATE NORMAL PERIOD 1981 TO 2010
CLIMATE RECORD PERIOD 1884 TO 2017


WEATHER ITEM   OBSERVED TIME   RECORD YEAR NORMAL DEPARTURE LAST
                VALUE   (LST)  VALUE       VALUE  FROM      YEAR
                                                  NORMAL
..................................................................
TEMPERATURE (F)
 YESTERDAY
  MAXIMUM         87    157 PM  90    1916  78      9       71
  MINIMUM         67    507 AM  39    1982  58      9       54
  AVERAGE         77                        68      9       63

PRECIPITATION (IN)
  YESTERDAY        0.84          1.40 1964   0.12   0.72     0.00
  MONTH TO DATE    2.38                      2.91  -0.53     2.01
  SINCE JUN 1     13.00                     10.76   2.24     8.11
  SINCE JAN 1     29.68                     23.07   6.61    18.96

SNOWFALL (IN)
  YESTERDAY        0.0           0.0  2002   0.0    0.0      0.0
                                      2001
  MONTH TO DATE    0.0                       0.0    0.0      0.0
  SINCE JUN 1      0.0                       0.0    0.0      0.0
  SINCE JUL 1      0.0                       0.0    0.0      0.0
  SNOW DEPTH       0

DEGREE DAYS
 HEATING
  YESTERDAY        0                         1     -1        2
  MONTH TO DATE    0                        18    -18        2
  SINCE JUN 1     56                       104    -48       53
  SINCE JUL 1      4                        31    -27        5

 COOLING
  YESTERDAY       12                         4      8        0
  MONTH TO DATE  157                       112     45      210
  SINCE JUN 1    470                       396     74      599
  SINCE JAN 1    512                       415     97      671
..................................................................


WIND (MPH)
  HIGHEST WIND SPEED    30   HIGHEST WIND DIRECTION     W (270)
  HIGHEST GUST SPEED    47   HIGHEST GUST DIRECTION    SW (210)
  AVERAGE WIND SPEED    11.1


SKY COVER
  POSSIBLE SUNSHINE  MM
  AVERAGE SKY COVER 0.7


WEATHER CONDITIONS
 THE FOLLOWING WEATHER WAS RECORDED YESTERDAY.
  THUNDERSTORM
  HEAVY RAIN
  RAIN
  LIGHT RAIN
  FOG


RELATIVE HUMIDITY (PERCENT)
 HIGHEST    93           500 AM
 LOWEST     59           200 PM
 AVERAGE    76

..........................................................


THE BURLINGTON VT CLIMATE NORMALS FOR TODAY
                         NORMAL    RECORD    YEAR
 MAXIMUM TEMPERATURE (F)   78        93      1947
 MINIMUM TEMPERATURE (F)   58        43      1988


SUNRISE AND SUNSET
AUGUST 23 2017........SUNRISE   605 AM EDT   SUNSET   744 PM EDT
AUGUST 24 2017........SUNRISE   606 AM EDT   SUNSET   743 PM EDT


-  INDICATES NEGATIVE NUMBERS.
R  INDICATES RECORD WAS SET OR TIED.
MM INDICATES DATA IS MISSING.
T  INDICATES TRACE AMOUNT.

&&

LAKE CHAMPLAIN DATA:
LEVEL...............95.94 FEET
TEMPERATURE.........74 DEGREES

MOUNT MANSFIELD DATA:
HIGH................70 DEGREES
LOW.................58 DEGREES
PRECIPITATION.......0.03 INCHES

$$
