000
CDUS41 KBTV 050545
CLIBTV


CLIMATE REPORT
NATIONAL WEATHER SERVICE BURLINGTON VT
1245 AM EST THU MAR 5 2015


...................................

...THE BURLINGTON VT CLIMATE SUMMARY FOR MARCH 4 2015...

CLIMATE NORMAL PERIOD 1981 TO 2010
CLIMATE RECORD PERIOD 1884 TO 2015


WEATHER ITEM   OBSERVED TIME   RECORD YEAR NORMAL DEPARTURE LAST
                VALUE   (LST)  VALUE       VALUE  FROM      YEAR
                                                  NORMAL
..................................................................
TEMPERATURE (F)
 YESTERDAY
  MAXIMUM         40    314 PM  57    1953  35      5       21
  MINIMUM         27   1206 AM -24    1938  17     10       -7
  AVERAGE         34                        26      8        7

PRECIPITATION (IN)
  YESTERDAY        T             1.42 1971   0.07  -0.07     0.01
  MONTH TO DATE    0.08                      0.26  -0.18     0.04
  SINCE MAR 1      0.08                      0.26  -0.18     0.04
  SINCE JAN 1      2.46                      4.08  -1.62     4.32

SNOWFALL (IN)
  YESTERDAY        T            13.8  2006   0.6   -0.6      0.1
  MONTH TO DATE    2.3                       2.5   -0.2      1.5
  SINCE MAR 1      2.3                       2.5   -0.2      1.5
  SINCE JUL 1     78.2                      63.3   14.9     59.8
  SNOW DEPTH       9

DEGREE DAYS
 HEATING
  YESTERDAY       31                        39     -8       58
  MONTH TO DATE  177                       157     20      214
  SINCE MAR 1    177                       157     20      214
  SINCE JUL 1   5694                      5567    127     5679

 COOLING
  YESTERDAY        0                         0      0        0
  MONTH TO DATE    0                         0      0        0
  SINCE MAR 1      0                         0      0        0
  SINCE JAN 1      0                         0      0        0
..................................................................


WIND (MPH)
  HIGHEST WIND SPEED    29   HIGHEST WIND DIRECTION     S (190)
  HIGHEST GUST SPEED    37   HIGHEST GUST DIRECTION     S (190)
  AVERAGE WIND SPEED    10.7


SKY COVER
  POSSIBLE SUNSHINE  MM
  AVERAGE SKY COVER 0.9


WEATHER CONDITIONS
 THE FOLLOWING WEATHER WAS RECORDED YESTERDAY.
  LIGHT SNOW
  HAZE


RELATIVE HUMIDITY (PERCENT)
 HIGHEST    81          1200 AM
 LOWEST     47           800 PM
 AVERAGE    64

..........................................................


THE BURLINGTON VT CLIMATE NORMALS FOR TODAY
                         NORMAL    RECORD    YEAR
 MAXIMUM TEMPERATURE (F)   36        58      1964
 MINIMUM TEMPERATURE (F)   18       -15      1948


SUNRISE AND SUNSET
MARCH  5 2015.........SUNRISE   623 AM EST   SUNSET   545 PM EST
MARCH  6 2015.........SUNRISE   622 AM EST   SUNSET   547 PM EST


-  INDICATES NEGATIVE NUMBERS.
R  INDICATES RECORD WAS SET OR TIED.
MM INDICATES DATA IS MISSING.
T  INDICATES TRACE AMOUNT.

&&

LAKE CHAMPLAIN DATA:
LEVEL...............94.80 FEET
TEMPERATURE.........34 DEGREES

MOUNT MANSFIELD DATA:
HIGH................21 DEGREES
LOW.................7 DEGREES
PRECIPITATION.......0.21 INCHES
NEW SNOW............1.1 INCHES
SNOW AT STAKE.......79 INCHES

$$
