000
CDUS41 KBTV 160530
CLIBTV


CLIMATE REPORT
NATIONAL WEATHER SERVICE BURLINGTON VT
1229 AM EST SUN NOV 16 2014


...................................

...THE BURLINGTON VT CLIMATE SUMMARY FOR NOVEMBER 15 2014...

CLIMATE NORMAL PERIOD 1981 TO 2010
CLIMATE RECORD PERIOD 1884 TO 2014


WEATHER ITEM   OBSERVED TIME   RECORD YEAR NORMAL DEPARTURE LAST
                VALUE   (LST)  VALUE       VALUE  FROM      YEAR
                                                  NORMAL
..................................................................
TEMPERATURE (F)
 YESTERDAY
  MAXIMUM         38    224 PM  67    1956  46     -8       53
  MINIMUM         27    214 AM   9    1933  31     -4       36
  AVERAGE         33                        39     -6       45

PRECIPITATION (IN)
  YESTERDAY        0.01          1.01 2007   0.10  -0.09     0.00
  MONTH TO DATE    0.68                      1.63  -0.95     0.58
  SINCE SEP 1      6.48                      8.87  -2.39     7.91
  SINCE JAN 1     32.18                     32.94  -0.76    40.60

SNOWFALL (IN)
  YESTERDAY        0.1           5.5  1921   0.1    0.0      0.0
  MONTH TO DATE    0.3                       1.6   -1.3      0.3
  SINCE SEP 1      0.3                       1.9   -1.6      0.3
  SINCE JUL 1      0.3                       1.9   -1.6      0.3
  SNOW DEPTH       0

DEGREE DAYS
 HEATING
  YESTERDAY       32                        26      6       20
  MONTH TO DATE  345                       361    -16      371
  SINCE SEP 1    862                      1060   -198      974
  SINCE JUL 1    875                      1102   -227      990

 COOLING
  YESTERDAY        0                         0      0        0
  MONTH TO DATE    0                         0      0        0
  SINCE SEP 1     89                        43     46       62
  SINCE JAN 1    582                       491     91      662
..................................................................


WIND (MPH)
  HIGHEST WIND SPEED    18   HIGHEST WIND DIRECTION    NW (300)
  HIGHEST GUST SPEED    25   HIGHEST GUST DIRECTION    NW (300)
  AVERAGE WIND SPEED     9.2


SKY COVER
  POSSIBLE SUNSHINE  MM
  AVERAGE SKY COVER 0.6


WEATHER CONDITIONS
 THE FOLLOWING WEATHER WAS RECORDED YESTERDAY.
  LIGHT SNOW


RELATIVE HUMIDITY (PERCENT)
 HIGHEST    75           200 AM
 LOWEST     32           200 PM
 AVERAGE    54

..........................................................


THE BURLINGTON VT CLIMATE NORMALS FOR TODAY
                         NORMAL    RECORD    YEAR
 MAXIMUM TEMPERATURE (F)   45        73      1989
 MINIMUM TEMPERATURE (F)   31         6      1967
                                             1933


SUNRISE AND SUNSET
NOVEMBER 16 2014......SUNRISE   650 AM EST   SUNSET   424 PM EST
NOVEMBER 17 2014......SUNRISE   651 AM EST   SUNSET   423 PM EST


-  INDICATES NEGATIVE NUMBERS.
R  INDICATES RECORD WAS SET OR TIED.
MM INDICATES DATA IS MISSING.
T  INDICATES TRACE AMOUNT.

&&

LAKE CHAMPLAIN DATA:
LEVEL...............94.32 FEET
TEMPERATURE.........49 DEGREES

MOUNT MANSFIELD DATA:
HIGH................30 DEGREES
LOW.................8 DEGREES
PRECIPITATION.......0.02 INCHES
NEW SNOW............TRACE
SNOW AT STAKE.......4 INCHES

$$
