000
CDUS41 KBTV 300544
CLIBTV


CLIMATE REPORT
NATIONAL WEATHER SERVICE BURLINGTON VT
142 AM EDT SUN MAR 30 2014


...................................

...THE BURLINGTON VT CLIMATE SUMMARY FOR MARCH 29 2014...

CLIMATE NORMAL PERIOD 1981 TO 2010
CLIMATE RECORD PERIOD 1884 TO 2014


WEATHER ITEM   OBSERVED TIME   RECORD YEAR NORMAL DEPARTURE LAST
                VALUE   (LST)  VALUE       VALUE  FROM      YEAR
                                                  NORMAL
..................................................................
TEMPERATURE (F)
 YESTERDAY
  MAXIMUM         42   1202 AM  84    1946  46     -4       49
  MINIMUM         33   1159 PM  -8    1923  28      5       38
  AVERAGE         38                        37      1       44

PRECIPITATION (IN)
  YESTERDAY        0.10          0.82 1888   0.08   0.02     0.01
  MONTH TO DATE    1.26                      2.07  -0.81     2.01
  SINCE MAR 1      1.26                      2.07  -0.81     2.01
  SINCE JAN 1      5.54                      5.89  -0.35     4.44

SNOWFALL (IN)
  YESTERDAY        T             7.0  1954   0.3   -0.3      0.0
  MONTH TO DATE   25.4                      15.2   10.2     16.2
  SINCE MAR 1     25.4                      15.2   10.2     16.2
  SINCE JUL 1     83.7                      76.0    7.7     81.9
  SNOW DEPTH       5

DEGREE DAYS
 HEATING
  YESTERDAY       27                        28     -1       21
  MONTH TO DATE 1260                       998    262      939
  SINCE MAR 1   1260                       998    262      939
  SINCE JUL 1   6725                      6408    317     5817

 COOLING
  YESTERDAY        0                         0      0        0
  MONTH TO DATE    0                         0      0        0
  SINCE MAR 1      0                         0      0        0
  SINCE JAN 1      0                         0      0        0
..................................................................


WIND (MPH)
  HIGHEST WIND SPEED    15   HIGHEST WIND DIRECTION    NW (320)
  HIGHEST GUST SPEED    17   HIGHEST GUST DIRECTION    NW (320)
  AVERAGE WIND SPEED     7.6


SKY COVER
  POSSIBLE SUNSHINE  MM
  AVERAGE SKY COVER 1.0


WEATHER CONDITIONS
 THE FOLLOWING WEATHER WAS RECORDED YESTERDAY.
  LT FREEZING RAIN
  LIGHT SNOW
  FOG


RELATIVE HUMIDITY (PERCENT)
 HIGHEST    89          1200 AM
 LOWEST     64          1200 PM
 AVERAGE    77

..........................................................


THE BURLINGTON VT CLIMATE NORMALS FOR TODAY
                         NORMAL    RECORD    YEAR
 MAXIMUM TEMPERATURE (F)   46        80      1998
                                             1977
 MINIMUM TEMPERATURE (F)   28         6      1884


SUNRISE AND SUNSET
MARCH 30 2014.........SUNRISE   637 AM EDT   SUNSET   717 PM EDT
MARCH 31 2014.........SUNRISE   636 AM EDT   SUNSET   719 PM EDT


-  INDICATES NEGATIVE NUMBERS.
R  INDICATES RECORD WAS SET OR TIED.
MM INDICATES DATA IS MISSING.
T  INDICATES TRACE AMOUNT.

&&

LAKE CHAMPLAIN DATA:
LEVEL...............94.90 FEET
TEMPERATURE.........35 DEGREES

MOUNT MANSFIELD DATA:
HIGH................35 DEGREES
LOW.................23 DEGREES
PRECIPITATION.......0.22 INCHES
NEW SNOW............NONE
SNOW AT STAKE.......85 INCHES

$$
