000
CDUS41 KBTV 130557
CLIBTV


CLIMATE REPORT
NATIONAL WEATHER SERVICE BURLINGTON VT
1257 AM EST SAT DEC 13 2014


...................................

...THE BURLINGTON VT CLIMATE SUMMARY FOR DECEMBER 12 2014...

CLIMATE NORMAL PERIOD 1981 TO 2010
CLIMATE RECORD PERIOD 1884 TO 2014


WEATHER ITEM   OBSERVED TIME   RECORD YEAR NORMAL DEPARTURE LAST
                VALUE   (LST)  VALUE       VALUE  FROM      YEAR
                                                  NORMAL
..................................................................
TEMPERATURE (F)
 YESTERDAY
  MAXIMUM         31    517 PM  59    1899  34     -3       19
  MINIMUM         27   1159 PM -13    1977  20      7        7
  AVERAGE         29                        27      2       13

PRECIPITATION (IN)
  YESTERDAY        0.11          1.32 1952   0.08   0.03      T
  MONTH TO DATE    1.99                      1.03   0.96     0.51
  SINCE DEC 1      1.99                      1.03   0.96     0.51
  SINCE JAN 1     35.47                     35.47   0.00    42.96

SNOWFALL (IN)
  YESTERDAY        1.6           9.4  1952   0.5    1.1       T
  MONTH TO DATE   19.2                       5.9   13.3      1.5
  SINCE DEC 1     19.2                       5.9   13.3      1.5
  SINCE JUL 1     29.8                      11.3   18.5      7.9
  SNOW DEPTH      11

DEGREE DAYS
 HEATING
  YESTERDAY       36                        38     -2       52
  MONTH TO DATE  435                       424     11      407
  SINCE DEC 1    435                       424     11      407
  SINCE JUL 1   1760                      1969   -209     1900

 COOLING
  YESTERDAY        0                         0      0        0
  MONTH TO DATE    0                         0      0        0
  SINCE DEC 1      0                         0      0        0
  SINCE JAN 1    582                       491     91      662
..................................................................


WIND (MPH)
  HIGHEST WIND SPEED    10   HIGHEST WIND DIRECTION    NW (320)
  HIGHEST GUST SPEED    12   HIGHEST GUST DIRECTION    NW (320)
  AVERAGE WIND SPEED     2.7


SKY COVER
  POSSIBLE SUNSHINE  MM
  AVERAGE SKY COVER 1.0


WEATHER CONDITIONS
 THE FOLLOWING WEATHER WAS RECORDED YESTERDAY.
  LIGHT SNOW
  FOG
  HAZE


RELATIVE HUMIDITY (PERCENT)
 HIGHEST    92           100 AM
 LOWEST     78           600 PM
 AVERAGE    85

..........................................................


THE BURLINGTON VT CLIMATE NORMALS FOR TODAY
                         NORMAL    RECORD    YEAR
 MAXIMUM TEMPERATURE (F)   34        56      1946
 MINIMUM TEMPERATURE (F)   20        -9      1982


SUNRISE AND SUNSET
DECEMBER 13 2014......SUNRISE   720 AM EST   SUNSET   413 PM EST
DECEMBER 14 2014......SUNRISE   721 AM EST   SUNSET   413 PM EST


-  INDICATES NEGATIVE NUMBERS.
R  INDICATES RECORD WAS SET OR TIED.
MM INDICATES DATA IS MISSING.
T  INDICATES TRACE AMOUNT.

&&

LAKE CHAMPLAIN DATA:
LAKE LEVEL..........94.72 FEET
WATER TEMPERATURE...39 DEGREES

MOUNT MANSFIELD DATA:
HIGH TEMPERATURE...19 DEGREES
LOW TEMPERATURE....15 DEGREES
PRECIPITATION......0.20 INCHES
NEW SNOW...........1.6 INCHES
SNOW AT STAKE......31 INCHES

$$
