000
CDUS41 KBTV 110531
CLIBTV


CLIMATE REPORT
NATIONAL WEATHER SERVICE BURLINGTON VT
129 AM EDT SAT OCT 11 2014


...................................

...THE BURLINGTON VT CLIMATE SUMMARY FOR OCTOBER 10 2014...

CLIMATE NORMAL PERIOD 1981 TO 2010
CLIMATE RECORD PERIOD 1884 TO 2014


WEATHER ITEM   OBSERVED TIME   RECORD YEAR NORMAL DEPARTURE LAST
                VALUE   (LST)  VALUE       VALUE  FROM      YEAR
                                                  NORMAL
..................................................................
TEMPERATURE (F)
 YESTERDAY
  MAXIMUM         58    309 PM  81    1909  59     -1       66
  MINIMUM         41   1101 PM  25    1943  41      0       40
  AVERAGE         50                        50      0       53

PRECIPITATION (IN)
  YESTERDAY        T             1.15 1971   0.12  -0.12     0.00
  MONTH TO DATE    1.21                      1.23  -0.02     1.41
  SINCE SEP 1      2.84                      4.87  -2.03     6.15
  SINCE JAN 1     28.54                     28.94  -0.40    38.84

SNOWFALL (IN)
  YESTERDAY        0.0           4.4  1925   0.0    0.0      0.0
  MONTH TO DATE    0.0                       0.0    0.0      0.0
  SINCE SEP 1      0.0                       T      0.0      0.0
  SINCE JUL 1      0.0                       T      0.0      0.0
  SNOW DEPTH       0

DEGREE DAYS
 HEATING
  YESTERDAY       15                        15      0       12
  MONTH TO DATE   78                       132    -54       70
  SINCE SEP 1    229                       307    -78      265
  SINCE JUL 1    242                       349   -107      281

 COOLING
  YESTERDAY        0                         0      0        0
  MONTH TO DATE    0                         0      0        4
  SINCE SEP 1     71                        41     30       62
  SINCE JAN 1    564                       489     75      662
..................................................................


WIND (MPH)
  HIGHEST WIND SPEED    15   HIGHEST WIND DIRECTION     W (280)
  HIGHEST GUST SPEED    20   HIGHEST GUST DIRECTION     W (290)
  AVERAGE WIND SPEED     6.2


SKY COVER
  POSSIBLE SUNSHINE  MM
  AVERAGE SKY COVER 0.5


WEATHER CONDITIONS
 THE FOLLOWING WEATHER WAS RECORDED YESTERDAY.
  NO SIGNIFICANT WEATHER WAS OBSERVED.


RELATIVE HUMIDITY (PERCENT)
 HIGHEST    82          1100 PM
 LOWEST     47           300 PM
 AVERAGE    65

..........................................................


THE BURLINGTON VT CLIMATE NORMALS FOR TODAY
                         NORMAL    RECORD    YEAR
 MAXIMUM TEMPERATURE (F)   59        85      1949
 MINIMUM TEMPERATURE (F)   40        24      1993
                                             1964


SUNRISE AND SUNSET
OCTOBER 11 2014.......SUNRISE   703 AM EDT   SUNSET   615 PM EDT
OCTOBER 12 2014.......SUNRISE   704 AM EDT   SUNSET   614 PM EDT


-  INDICATES NEGATIVE NUMBERS.
R  INDICATES RECORD WAS SET OR TIED.
MM INDICATES DATA IS MISSING.
T  INDICATES TRACE AMOUNT.

&&

LAKE CHAMPLAIN DATA:
LEVEL...............94.22 FEET
TEMPERATURE.........58 DEGREES

MOUNT MANSFIELD DATA:
HIGH................35 DEGREES
LOW.................28 DEGREES
PRECIPITATION.......0.04 INCHES

$$
