302
CDUS41 KBTV 070539
CLIBTV


CLIMATE REPORT
NATIONAL WEATHER SERVICE BURLINGTON VT
1236 AM EST THU DEC 7 2017


...................................

...THE BURLINGTON VT CLIMATE SUMMARY FOR DECEMBER 6 2017...

CLIMATE NORMAL PERIOD 1981 TO 2010
CLIMATE RECORD PERIOD 1884 TO 2017


WEATHER ITEM   OBSERVED TIME   RECORD YEAR NORMAL DEPARTURE LAST
                VALUE   (LST)  VALUE       VALUE  FROM      YEAR
                                                  NORMAL
..................................................................
TEMPERATURE (F)
 YESTERDAY
  MAXIMUM         47    225 AM  64    2001  37     10       37
  MINIMUM         35    909 PM  -8    1910  23     12       29
  AVERAGE         41                        30     11       33

PRECIPITATION (IN)
  YESTERDAY        0.11          0.84 1938   0.09   0.02      T
  MONTH TO DATE    0.30                      0.53  -0.23     0.66
  SINCE DEC 1      0.30                      0.53  -0.23     0.66
  SINCE JAN 1     38.02                     34.97   3.05    26.04

SNOWFALL (IN)
  YESTERDAY        0.0          13.4  1984   0.5   -0.5       T
  MONTH TO DATE    0.0                       2.8   -2.8      2.9
  SINCE DEC 1      0.0                       2.8   -2.8      2.9
  SINCE JUL 1      3.0                       8.2   -5.2      7.2
  SNOW DEPTH       0

DEGREE DAYS
 HEATING
  YESTERDAY       24                        35    -11       32
  MONTH TO DATE  154                       204    -50      168
  SINCE DEC 1    154                       204    -50      168
  SINCE JUL 1   1293                      1749   -456     1373

 COOLING
  YESTERDAY        0                         0      0        0
  MONTH TO DATE    0                         0      0        0
  SINCE DEC 1      0                         0      0        0
  SINCE JAN 1    652                       491    161      855
..................................................................


WIND (MPH)
  HIGHEST WIND SPEED    22   HIGHEST WIND DIRECTION     W (270)
  HIGHEST GUST SPEED    32   HIGHEST GUST DIRECTION     W (280)
  AVERAGE WIND SPEED    10.2


SKY COVER
  POSSIBLE SUNSHINE  MM
  AVERAGE SKY COVER 0.8


WEATHER CONDITIONS
 THE FOLLOWING WEATHER WAS RECORDED YESTERDAY.
  HEAVY RAIN
  LIGHT RAIN
  FOG


RELATIVE HUMIDITY (PERCENT)
 HIGHEST    76           100 AM
 LOWEST     37           500 PM
 AVERAGE    57

..........................................................


THE BURLINGTON VT CLIMATE NORMALS FOR TODAY
                         NORMAL    RECORD    YEAR
 MAXIMUM TEMPERATURE (F)   36        67      1998
 MINIMUM TEMPERATURE (F)   23        -6      1906


SUNRISE AND SUNSET
DECEMBER  7 2017......SUNRISE   715 AM EST   SUNSET   413 PM EST
DECEMBER  8 2017......SUNRISE   716 AM EST   SUNSET   413 PM EST


-  INDICATES NEGATIVE NUMBERS.
R  INDICATES RECORD WAS SET OR TIED.
MM INDICATES DATA IS MISSING.
T  INDICATES TRACE AMOUNT.

&&

LAKE CHAMPLAIN DATA:
LEVEL...............94.70 FEET
TEMPERATURE.........46 DEGREES

MOUNT MANSFIELD DATA:
HIGH................40 DEGREES
LOW.................19 DEGREES
PRECIPITATION.......0.30 INCHES
NEW SNOW............TRACE
SNOW AT STAKE.......15 INCHES

$$
