000
CDUS41 KBTV 050533
CLIBTV


CLIMATE REPORT
NATIONAL WEATHER SERVICE BURLINGTON VT
133 AM EDT TUE JUL 5 2016


...................................

...THE BURLINGTON VT CLIMATE SUMMARY FOR JULY 4 2016...

CLIMATE NORMAL PERIOD 1981 TO 2010
CLIMATE RECORD PERIOD 1884 TO 2016


WEATHER ITEM   OBSERVED TIME   RECORD YEAR NORMAL DEPARTURE LAST
                VALUE   (LST)  VALUE       VALUE  FROM      YEAR
                                                  NORMAL
..................................................................
TEMPERATURE (F)
 YESTERDAY
  MAXIMUM         87    129 PM  98    1911  81      6       74
  MINIMUM         60    240 AM  40    1962  60      0       56
  AVERAGE         74                        70      4       65

PRECIPITATION (IN)
  YESTERDAY        0.00          1.89 2013   0.13  -0.13     0.42
  MONTH TO DATE    0.16                      0.52  -0.36     2.46
  SINCE JUN 1      3.21                      4.21  -1.00    11.13
  SINCE JAN 1     14.06                     16.52  -2.46    19.97

SNOWFALL (IN)
  YESTERDAY        0.0           0.0  2002   0.0    0.0      0.0
                                      2001
  MONTH TO DATE    0.0                       0.0    0.0      0.0
  SINCE JUN 1      0.0                       0.0    0.0      0.0
  SINCE JUL 1      0.0                       0.0    0.0      0.0
  SNOW DEPTH       0

DEGREE DAYS
 HEATING
  YESTERDAY        0                         1     -1        0
  MONTH TO DATE    2                         4     -2        1
  SINCE JUN 1     50                        77    -27       72
  SINCE JUL 1      2                         4     -2        1

 COOLING
  YESTERDAY        9                         6      3        0
  MONTH TO DATE   19                        24     -5        5
  SINCE JUN 1    152                       121     31       80
  SINCE JAN 1    224                       140     84      173
..................................................................


WIND (MPH)
  HIGHEST WIND SPEED    17   HIGHEST WIND DIRECTION     S (190)
  HIGHEST GUST SPEED    22   HIGHEST GUST DIRECTION     S (200)
  AVERAGE WIND SPEED     9.0


SKY COVER
  POSSIBLE SUNSHINE  MM
  AVERAGE SKY COVER 0.3


WEATHER CONDITIONS
 THE FOLLOWING WEATHER WAS RECORDED YESTERDAY.
  HAZE


RELATIVE HUMIDITY (PERCENT)
 HIGHEST    56           300 AM
 LOWEST     29           400 PM
 AVERAGE    43

..........................................................


THE BURLINGTON VT CLIMATE NORMALS FOR TODAY
                         NORMAL    RECORD    YEAR
 MAXIMUM TEMPERATURE (F)   81        98      1911
 MINIMUM TEMPERATURE (F)   60        44      1962


SUNRISE AND SUNSET
JULY  5 2016..........SUNRISE   515 AM EDT   SUNSET   840 PM EDT
JULY  6 2016..........SUNRISE   515 AM EDT   SUNSET   839 PM EDT


-  INDICATES NEGATIVE NUMBERS.
R  INDICATES RECORD WAS SET OR TIED.
MM INDICATES DATA IS MISSING.
T  INDICATES TRACE AMOUNT.

&&

LAKE CHAMPLAIN DATA:
LEVEL...............94.98 FEET
TEMPERATURE.........67 DEGREES

MOUNT MANSFIELD DATA:
HIGH................68 DEGREES
LOW.................50 DEGREES
PRECIPITATION.......NONE

$$
