000
CDUS41 KBTV 090530
CLIBTV


CLIMATE REPORT
NATIONAL WEATHER SERVICE BURLINGTON VT
129 AM EDT MON OCT 9 2017


...................................

...THE BURLINGTON VT CLIMATE SUMMARY FOR OCTOBER 8 2017...

CLIMATE NORMAL PERIOD 1981 TO 2010
CLIMATE RECORD PERIOD 1884 TO 2017


WEATHER ITEM   OBSERVED TIME   RECORD YEAR NORMAL DEPARTURE LAST
                VALUE   (LST)  VALUE       VALUE  FROM      YEAR
                                                  NORMAL
..................................................................
TEMPERATURE (F)
 YESTERDAY
  MAXIMUM         80R   204 PM  77    1970  60     20       69
  MINIMUM         60   1117 PM  22    1964  42     18       55
  AVERAGE         70                        51     19       62

PRECIPITATION (IN)
  YESTERDAY        0.19          1.20 1921   0.12   0.07     0.02
  MONTH TO DATE    0.33                      0.99  -0.66     0.13
  SINCE SEP 1      3.12                      4.63  -1.51     1.52
  SINCE JAN 1     32.82                     28.70   4.12    20.72

SNOWFALL (IN)
  YESTERDAY        0.0           T    2001   0.0    0.0      0.0
  MONTH TO DATE    0.0                       0.0    0.0      0.0
  SINCE SEP 1      0.0                       T      0.0      0.0
  SINCE JUL 1      0.0                       T      0.0      0.0
  SNOW DEPTH       0

DEGREE DAYS
 HEATING
  YESTERDAY        0                        14    -14        3
  MONTH TO DATE   42                       102    -60       36
  SINCE SEP 1    128                       277   -149      115
  SINCE JUL 1    151                       319   -168      120

 COOLING
  YESTERDAY        5                         0      5        0
  MONTH TO DATE    8                         0      8        0
  SINCE SEP 1    122                        41     81      108
  SINCE JAN 1    639                       489    150      852
..................................................................


WIND (MPH)
  HIGHEST WIND SPEED    25   HIGHEST WIND DIRECTION     S (190)
  HIGHEST GUST SPEED    34   HIGHEST GUST DIRECTION     S (180)
  AVERAGE WIND SPEED    11.0


SKY COVER
  POSSIBLE SUNSHINE  MM
  AVERAGE SKY COVER 0.4


WEATHER CONDITIONS
 THE FOLLOWING WEATHER WAS RECORDED YESTERDAY.
  HEAVY RAIN
  LIGHT RAIN
  FOG


RELATIVE HUMIDITY (PERCENT)
 HIGHEST    90          1000 PM
 LOWEST     48           200 PM
 AVERAGE    69

..........................................................


THE BURLINGTON VT CLIMATE NORMALS FOR TODAY
                         NORMAL    RECORD    YEAR
 MAXIMUM TEMPERATURE (F)   60        80      2011
 MINIMUM TEMPERATURE (F)   41        24      1963


SUNRISE AND SUNSET
OCTOBER  9 2017.......SUNRISE   700 AM EDT   SUNSET   618 PM EDT
OCTOBER 10 2017.......SUNRISE   702 AM EDT   SUNSET   617 PM EDT


-  INDICATES NEGATIVE NUMBERS.
R  INDICATES RECORD WAS SET OR TIED.
MM INDICATES DATA IS MISSING.
T  INDICATES TRACE AMOUNT.

&&

LAKE CHAMPLAIN DATA:
LEVEL...............94.00 FEET
TEMPERATURE.........66 DEGREES

MOUNT MANSFIELD DATA:
HIGH................60 DEGREES
LOW.................55 DEGREES
PRECIPITATION.......0.32 INCHES

$$
