000
CDUS41 KBTV 130528
CLIBTV


CLIMATE REPORT
NATIONAL WEATHER SERVICE BURLINGTON VT
124 AM EDT SUN AUG 13 2017


...................................

...THE BURLINGTON VT CLIMATE SUMMARY FOR AUGUST 12 2017...

CLIMATE NORMAL PERIOD 1981 TO 2010
CLIMATE RECORD PERIOD 1884 TO 2017


WEATHER ITEM   OBSERVED TIME   RECORD YEAR NORMAL DEPARTURE LAST
                VALUE   (LST)  VALUE       VALUE  FROM      YEAR
                                                  NORMAL
..................................................................
TEMPERATURE (F)
 YESTERDAY
  MAXIMUM         83    303 PM  93    2002  80      3       89
                                      1947
  MINIMUM         68   1159 PM  44    1913  59      9       68
  AVERAGE         76                        70      6       79

PRECIPITATION (IN)
  YESTERDAY        T             1.84 1892   0.13  -0.13     0.24
  MONTH TO DATE    0.71                      1.63  -0.92     0.44
  SINCE JUN 1     11.33                      9.48   1.85     6.54
  SINCE JAN 1     28.01                     21.79   6.22    17.39

SNOWFALL (IN)
  YESTERDAY        0.0           0.0  2002   0.0    0.0      0.0
                                      2001
  MONTH TO DATE    0.0                       0.0    0.0      0.0
  SINCE JUN 1      0.0                       0.0    0.0      0.0
  SINCE JUL 1      0.0                       0.0    0.0      0.0
  SNOW DEPTH       0

DEGREE DAYS
 HEATING
  YESTERDAY        0                         1     -1        0
  MONTH TO DATE    0                         8     -8        0
  SINCE JUN 1     56                        94    -38       51
  SINCE JUL 1      4                        21    -17        3

 COOLING
  YESTERDAY       11                         5      6       14
  MONTH TO DATE   90                        66     24      131
  SINCE JUN 1    403                       350     53      520
  SINCE JAN 1    445                       369     76      592
..................................................................


WIND (MPH)
  HIGHEST WIND SPEED    20   HIGHEST WIND DIRECTION     S (190)
  HIGHEST GUST SPEED    27   HIGHEST GUST DIRECTION     S (170)
  AVERAGE WIND SPEED    11.5


SKY COVER
  POSSIBLE SUNSHINE  MM
  AVERAGE SKY COVER 0.5


WEATHER CONDITIONS
 THE FOLLOWING WEATHER WAS RECORDED YESTERDAY.
  THUNDERSTORM
  LIGHT RAIN


RELATIVE HUMIDITY (PERCENT)
 HIGHEST    87           400 AM
 LOWEST     55           200 PM
 AVERAGE    71

..........................................................


THE BURLINGTON VT CLIMATE NORMALS FOR TODAY
                         NORMAL    RECORD    YEAR
 MAXIMUM TEMPERATURE (F)   80        97      1947
 MINIMUM TEMPERATURE (F)   59        43      1930


SUNRISE AND SUNSET
AUGUST 13 2017........SUNRISE   553 AM EDT   SUNSET   801 PM EDT
AUGUST 14 2017........SUNRISE   555 AM EDT   SUNSET   759 PM EDT


-  INDICATES NEGATIVE NUMBERS.
R  INDICATES RECORD WAS SET OR TIED.
MM INDICATES DATA IS MISSING.
T  INDICATES TRACE AMOUNT.


&&

LAKE CHAMPLAIN DATA:
LEVEL...............96.40 FEET
TEMPERATURE.........73 DEGREES

MOUNT MANSFIELD DATA:
HIGH................65 DEGREES
LOW.................53 DEGREES
PRECIPITATION.......0.52 INCHES

$$
