000
CDUS41 KBTV 202223
CLIBTV


CLIMATE REPORT
NATIONAL WEATHER SERVICE BURLINGTON VT
521 PM EST TUE JAN 20 2015


...................................

...THE BURLINGTON VT CLIMATE SUMMARY FOR JANUARY 20 2015...
VALID TODAY AS OF 0500 PM LOCAL TIME.

CLIMATE NORMAL PERIOD 1981 TO 2010
CLIMATE RECORD PERIOD 1884 TO 2015


WEATHER ITEM   OBSERVED TIME   RECORD YEAR NORMAL DEPARTURE LAST
                VALUE   (LST)  VALUE       VALUE  FROM      YEAR
                                                  NORMAL
..................................................................
TEMPERATURE (F)
 TODAY
  MAXIMUM         25    340 PM  52    1951  27     -2       31
  MINIMUM         12    740 AM -22    1970  10      2        2
  AVERAGE         19                        18      1       17

PRECIPITATION (IN)
  TODAY            0.00          0.95 1973   0.06  -0.06     0.10
  MONTH TO DATE    1.05                      1.32  -0.27     2.45
  SINCE DEC 1      3.90                      3.70   0.20     4.99
  SINCE JAN 1      1.05                      1.32  -0.27     2.45

SNOWFALL (IN)
  TODAY            0.0          10.6  1978   0.6   -0.6      3.3
  MONTH TO DATE    8.7                      13.5   -4.8     12.5
  SINCE DEC 1     30.6                      31.4   -0.8     27.8
  SINCE JUL 1     41.2                      36.8    4.4     34.2
  SNOW DEPTH       2

DEGREE DAYS
 HEATING
  TODAY           46                        47     -1       48
  MONTH TO DATE  946                       925     21      837
  SINCE DEC 1   2024                      2139   -115     2117
  SINCE JUL 1   3349                      3684   -335     3610

 COOLING
  TODAY            0                         0      0        0
  MONTH TO DATE    0                         0      0        0
  SINCE DEC 1      0                         0      0        0
  SINCE JAN 1      0                         0      0        0
..................................................................


WIND (MPH)
  HIGHEST WIND SPEED    23   HIGHEST WIND DIRECTION    NW (320)
  HIGHEST GUST SPEED    31   HIGHEST GUST DIRECTION    NW (330)
  AVERAGE WIND SPEED    11.9


SKY COVER
  POSSIBLE SUNSHINE  MM
  AVERAGE SKY COVER 0.2


WEATHER CONDITIONS
 THE FOLLOWING WEATHER WAS RECORDED TODAY.
  NO SIGNIFICANT WEATHER WAS OBSERVED.


RELATIVE HUMIDITY (PERCENT)
 HIGHEST    68          1200 AM
 LOWEST     46           200 PM
 AVERAGE    57

..........................................................


THE BURLINGTON VT CLIMATE NORMALS FOR TOMORROW
                         NORMAL    RECORD    YEAR
 MAXIMUM TEMPERATURE (F)   27        54      2006
 MINIMUM TEMPERATURE (F)   10       -15      1971


SUNRISE AND SUNSET
JANUARY 20 2015.......SUNRISE   723 AM EST   SUNSET   445 PM EST
JANUARY 21 2015.......SUNRISE   722 AM EST   SUNSET   446 PM EST


-  INDICATES NEGATIVE NUMBERS.
R  INDICATES RECORD WAS SET OR TIED.
MM INDICATES DATA IS MISSING.
T  INDICATES TRACE AMOUNT.

$$
