000
CDUS41 KBTV 052125
CLIBTV


CLIMATE REPORT
NATIONAL WEATHER SERVICE BURLINGTON VT
524 PM EDT FRI SEP 5 2014


...................................

...THE BURLINGTON VT CLIMATE SUMMARY FOR SEPTEMBER 5 2014...
VALID TODAY AS OF 0500 PM LOCAL TIME.

CLIMATE NORMAL PERIOD 1981 TO 2010
CLIMATE RECORD PERIOD 1884 TO 2014


WEATHER ITEM   OBSERVED TIME   RECORD YEAR NORMAL DEPARTURE LAST
                VALUE   (LST)  VALUE       VALUE  FROM      YEAR
                                                  NORMAL
..................................................................
TEMPERATURE (F)
 TODAY
  MAXIMUM         86    215 PM  90    1973  75     11       66
  MINIMUM         67    131 AM  37    1963  55     12       45
  AVERAGE         77                        65     12       56

PRECIPITATION (IN)
  TODAY            0.00          1.92 2012   0.10  -0.10     0.00
                                      2011
  MONTH TO DATE    0.46                      0.54  -0.08     1.12
  SINCE SEP 1      0.46                      0.54  -0.08     1.12
  SINCE JAN 1     26.16                     24.61   1.55    33.81

SNOWFALL (IN)
  TODAY            0.0           0.0  2002   0.0    0.0      0.0
                                      2001
  MONTH TO DATE    0.0                       0.0    0.0      0.0
  SINCE SEP 1      0.0                       0.0    0.0      0.0
  SINCE JUL 1      0.0                       0.0    0.0      0.0
  SNOW DEPTH       0

DEGREE DAYS
 HEATING
  TODAY            0                         3     -3        9
  MONTH TO DATE    0                        12    -12        9
  SINCE SEP 1      0                        12    -12        9
  SINCE JUL 1     13                        54    -41       25

 COOLING
  TODAY           12                         3      9        0
  MONTH TO DATE   50                        15     35       28
  SINCE SEP 1     50                        15     35       28
  SINCE JAN 1    543                       463     80      628
..................................................................


WIND (MPH)
  HIGHEST WIND SPEED    20   HIGHEST WIND DIRECTION     S (170)
  HIGHEST GUST SPEED    28   HIGHEST GUST DIRECTION     S (170)
  AVERAGE WIND SPEED    11.8


SKY COVER
  POSSIBLE SUNSHINE  MM
  AVERAGE SKY COVER 0.5


WEATHER CONDITIONS
 THE FOLLOWING WEATHER WAS RECORDED TODAY.
  NO SIGNIFICANT WEATHER WAS OBSERVED.


RELATIVE HUMIDITY (PERCENT)
 HIGHEST    81          1200 AM
 LOWEST     55           100 PM
 AVERAGE    68

..........................................................


THE BURLINGTON VT CLIMATE NORMALS FOR TOMORROW
                         NORMAL    RECORD    YEAR
 MAXIMUM TEMPERATURE (F)   75        90      1945
 MINIMUM TEMPERATURE (F)   54        37      1942
                                             1938


SUNRISE AND SUNSET
SEPTEMBER  5 2014.....SUNRISE   620 AM EDT   SUNSET   722 PM EDT
SEPTEMBER  6 2014.....SUNRISE   621 AM EDT   SUNSET   720 PM EDT


-  INDICATES NEGATIVE NUMBERS.
R  INDICATES RECORD WAS SET OR TIED.
MM INDICATES DATA IS MISSING.
T  INDICATES TRACE AMOUNT.

$$
