000
CDUS41 KBTV 122118
CLIBTV


CLIMATE REPORT
NATIONAL WEATHER SERVICE BURLINGTON VT
516 PM EDT TUE AUG 12 2014


...................................

...THE BURLINGTON VT CLIMATE SUMMARY FOR AUGUST 12 2014...
VALID TODAY AS OF 0500 PM LOCAL TIME.

CLIMATE NORMAL PERIOD 1981 TO 2010
CLIMATE RECORD PERIOD 1884 TO 2014


WEATHER ITEM   OBSERVED TIME   RECORD YEAR NORMAL DEPARTURE LAST
                VALUE   (LST)  VALUE       VALUE  FROM      YEAR
                                                  NORMAL
..................................................................
TEMPERATURE (F)
 TODAY
  MAXIMUM         83   1252 PM  93    2002  80      3       79
                                      1947
  MINIMUM         66    535 AM  44    1913  59      7       58
  AVERAGE         75                        70      5       69

PRECIPITATION (IN)
  TODAY            T             1.84 1892   0.13  -0.13     0.00
  MONTH TO DATE    0.30                      1.63  -1.33     1.60
  SINCE JUN 1     10.19                      9.48   0.71    15.95
  SINCE JAN 1     23.95                     21.79   2.16    31.22

SNOWFALL (IN)
  TODAY            0.0           0.0  2002   0.0    0.0      0.0
                                      2001
  MONTH TO DATE    0.0                       0.0    0.0      0.0
  SINCE JUN 1      0.0                       0.0    0.0      0.0
  SINCE JUL 1      0.0                       0.0    0.0      0.0
  SNOW DEPTH       0

DEGREE DAYS
 HEATING
  TODAY            0                         1     -1        0
  MONTH TO DATE    0                         8     -8        2
  SINCE JUN 1     21                        94    -73       74
  SINCE JUL 1      1                        21    -20        9

 COOLING
  TODAY           10                         5      5        4
  MONTH TO DATE   82                        66     16       55
  SINCE JUN 1    410                       350     60      455
  SINCE JAN 1    432                       369     63      502
..................................................................


WIND (MPH)
  HIGHEST WIND SPEED    20   HIGHEST WIND DIRECTION     S (190)
  HIGHEST GUST SPEED    25   HIGHEST GUST DIRECTION     S (200)
  AVERAGE WIND SPEED     8.9


SKY COVER
  POSSIBLE SUNSHINE  MM
  AVERAGE SKY COVER 0.5


WEATHER CONDITIONS
 THE FOLLOWING WEATHER WAS RECORDED TODAY.
  NO SIGNIFICANT WEATHER WAS OBSERVED.


RELATIVE HUMIDITY (PERCENT)
 HIGHEST    73          1200 AM
 LOWEST     40          1200 PM
 AVERAGE    57

..........................................................


THE BURLINGTON VT CLIMATE NORMALS FOR TOMORROW
                         NORMAL    RECORD    YEAR
 MAXIMUM TEMPERATURE (F)   80        97      1947
 MINIMUM TEMPERATURE (F)   59        43      1930


SUNRISE AND SUNSET
AUGUST 12 2014........SUNRISE   552 AM EDT   SUNSET   803 PM EDT
AUGUST 13 2014........SUNRISE   553 AM EDT   SUNSET   801 PM EDT


-  INDICATES NEGATIVE NUMBERS.
R  INDICATES RECORD WAS SET OR TIED.
MM INDICATES DATA IS MISSING.
T  INDICATES TRACE AMOUNT.

$$
