000
CDUS41 KBTV 040630
CLIBTV


CLIMATE REPORT
NATIONAL WEATHER SERVICE BURLINGTON VT
228 AM EDT THU AUG 4 2016


...................................

...THE BURLINGTON VT CLIMATE SUMMARY FOR AUGUST 3 2016...

CLIMATE NORMAL PERIOD 1981 TO 2010
CLIMATE RECORD PERIOD 1884 TO 2016


WEATHER ITEM   OBSERVED TIME   RECORD YEAR NORMAL DEPARTURE LAST
                VALUE   (LST)  VALUE       VALUE  FROM      YEAR
                                                  NORMAL
..................................................................
TEMPERATURE (F)
 YESTERDAY
  MAXIMUM         86    319 PM  97    1988  81      5       87
  MINIMUM         61    448 AM  42    1964  60      1       66
  AVERAGE         74                        70      4       77

PRECIPITATION (IN)
  YESTERDAY        0.00          1.05 2004   0.14  -0.14      T
  MONTH TO DATE    0.10                      0.42  -0.32     0.02
  SINCE JUN 1      6.20                      8.27  -2.07    13.36
  SINCE JAN 1     17.05                     20.58  -3.53    22.20

SNOWFALL (IN)
  YESTERDAY        0.0           0.0  2002   0.0    0.0      0.0
                                      2001
  MONTH TO DATE    0.0                       0.0    0.0      0.0
  SINCE JUN 1      0.0                       0.0    0.0      0.0
  SINCE JUL 1      0.0                       0.0    0.0      0.0
  SNOW DEPTH       0

DEGREE DAYS
 HEATING
  YESTERDAY        0                         0      0        0
  MONTH TO DATE    0                         0      0        0
  SINCE JUN 1     51                        86    -35       76
  SINCE JUL 1      3                        13    -10        5

 COOLING
  YESTERDAY        9                         6      3       12
  MONTH TO DATE   20                        18      2       27
  SINCE JUN 1    409                       302    107      321
  SINCE JAN 1    481                       321    160      414
..................................................................


WIND (MPH)
  HIGHEST WIND SPEED    14   HIGHEST WIND DIRECTION     S (180)
  HIGHEST GUST SPEED    20   HIGHEST GUST DIRECTION     S (170)
  AVERAGE WIND SPEED     6.4


SKY COVER
  POSSIBLE SUNSHINE  MM
  AVERAGE SKY COVER 0.4


WEATHER CONDITIONS
 THE FOLLOWING WEATHER WAS RECORDED YESTERDAY.
  NO SIGNIFICANT WEATHER WAS OBSERVED.


RELATIVE HUMIDITY (PERCENT)
 HIGHEST    87           100 AM
 LOWEST     35           300 PM
 AVERAGE    61

..........................................................


THE BURLINGTON VT CLIMATE NORMALS FOR TODAY
                         NORMAL    RECORD    YEAR
 MAXIMUM TEMPERATURE (F)   80        95      1944
 MINIMUM TEMPERATURE (F)   60        44      1914


SUNRISE AND SUNSET
AUGUST  4 2016........SUNRISE   543 AM EDT   SUNSET   813 PM EDT
AUGUST  5 2016........SUNRISE   544 AM EDT   SUNSET   812 PM EDT


-  INDICATES NEGATIVE NUMBERS.
R  INDICATES RECORD WAS SET OR TIED.
MM INDICATES DATA IS MISSING.
T  INDICATES TRACE AMOUNT.







&&

LAKE CHAMPLAIN DATA:
LEVEL...............94.58 FEET
TEMPERATURE.........74 DEGREES

MOUNT MANSFIELD DATA:
HIGH................70 DEGREES
LOW.................56 DEGREES
PRECIPITATION.......NONE

$$
