000
CDUS41 KBTV 150534
CLIBTV


CLIMATE REPORT
NATIONAL WEATHER SERVICE BURLINGTON VT
1231 AM EST WED NOV 15 2017

...................................

...THE BURLINGTON VT CLIMATE SUMMARY FOR NOVEMBER 14 2017...

CLIMATE NORMAL PERIOD 1981 TO 2010
CLIMATE RECORD PERIOD 1884 TO 2017


WEATHER ITEM   OBSERVED TIME   RECORD YEAR NORMAL DEPARTURE LAST
                VALUE   (LST)  VALUE       VALUE  FROM      YEAR
                                                  NORMAL
..................................................................
TEMPERATURE (F)
 YESTERDAY
  MAXIMUM         37    524 PM  67    1959  46     -9       58
  MINIMUM         33    824 AM  10    1996  32      1       38
  AVERAGE         35                        39     -4       48

PRECIPITATION (IN)
  YESTERDAY        T             1.14 2009   0.11  -0.11     0.00
  MONTH TO DATE    0.75                      1.53  -0.78     0.70
  SINCE SEP 1      7.09                      8.77  -1.68     4.75
  SINCE JAN 1     36.79                     32.84   3.95    23.95

SNOWFALL (IN)
  YESTERDAY        T             7.2  1916   0.2   -0.2      0.0
  MONTH TO DATE    T                         1.5   -1.5       T
  SINCE SEP 1      T                         1.8   -1.8       T
  SINCE JUL 1      T                         1.8   -1.8       T
  SNOW DEPTH       0

DEGREE DAYS
 HEATING
  YESTERDAY       30                        26      4       17
  MONTH TO DATE  352                       335     17      305
  SINCE SEP 1    649                      1034   -385      789
  SINCE JUL 1    672                      1076   -404      794

 COOLING
  YESTERDAY        0                         0      0        0
  MONTH TO DATE    0                         0      0        0
  SINCE SEP 1    135                        43     92      111
  SINCE JAN 1    652                       491    161      855
..................................................................


WIND (MPH)
  HIGHEST WIND SPEED     7   HIGHEST WIND DIRECTION     N (360)
  HIGHEST GUST SPEED     9   HIGHEST GUST DIRECTION     N (360)
  AVERAGE WIND SPEED     2.0


SKY COVER
  POSSIBLE SUNSHINE  MM
  AVERAGE SKY COVER 1.0


WEATHER CONDITIONS
 THE FOLLOWING WEATHER WAS RECORDED YESTERDAY.
  LIGHT SNOW


RELATIVE HUMIDITY (PERCENT)
 HIGHEST    75           500 AM
 LOWEST     59           100 AM
 AVERAGE    67

..........................................................


THE BURLINGTON VT CLIMATE NORMALS FOR TODAY
                         NORMAL    RECORD    YEAR
 MAXIMUM TEMPERATURE (F)   46        67      1956
 MINIMUM TEMPERATURE (F)   31         9      1933


SUNRISE AND SUNSET
NOVEMBER 15 2017......SUNRISE   649 AM EST   SUNSET   425 PM EST
NOVEMBER 16 2017......SUNRISE   650 AM EST   SUNSET   424 PM EST


-  INDICATES NEGATIVE NUMBERS.
R  INDICATES RECORD WAS SET OR TIED.
MM INDICATES DATA IS MISSING.
T  INDICATES TRACE AMOUNT.

&&

LAKE CHAMPLAIN DATA:
LEVEL...............94.98 FEET
TEMPERATURE.........51 DEGREES

MOUNT MANSFIELD DATA:
HIGH................25 DEGREES
LOW.................22 DEGREES
PRECIPITATION.......TRACE
NEW SNOW............TRACE
SNOW AT STAKE.......4 INCHES

$$
