000
CDUS41 KBTV 150527
CLIBTV


CLIMATE REPORT
NATIONAL WEATHER SERVICE BURLINGTON VT
1226 AM EST SAT NOV 15 2014


...................................

...THE BURLINGTON VT CLIMATE SUMMARY FOR NOVEMBER 14 2014...

CLIMATE NORMAL PERIOD 1981 TO 2010
CLIMATE RECORD PERIOD 1884 TO 2014


WEATHER ITEM   OBSERVED TIME   RECORD YEAR NORMAL DEPARTURE LAST
                VALUE   (LST)  VALUE       VALUE  FROM      YEAR
                                                  NORMAL
..................................................................
TEMPERATURE (F)
 YESTERDAY
  MAXIMUM         38   1247 PM  67    1959  46     -8       46
  MINIMUM         28   1155 PM  10    1996  32     -4       31
  AVERAGE         33                        39     -6       39

PRECIPITATION (IN)
  YESTERDAY        0.01          1.14 2009   0.11  -0.10     0.00
  MONTH TO DATE    0.67                      1.53  -0.86     0.58
  SINCE SEP 1      6.47                      8.77  -2.30     7.91
  SINCE JAN 1     32.17                     32.84  -0.67    40.60

SNOWFALL (IN)
  YESTERDAY        T             7.2  1916   0.2   -0.2      0.0
  MONTH TO DATE    0.2                       1.5   -1.3      0.3
  SINCE SEP 1      0.2                       1.8   -1.6      0.3
  SINCE JUL 1      0.2                       1.8   -1.6      0.3
  SNOW DEPTH       0

DEGREE DAYS
 HEATING
  YESTERDAY       32                        26      6       26
  MONTH TO DATE  313                       335    -22      351
  SINCE SEP 1    830                      1034   -204      954
  SINCE JUL 1    843                      1076   -233      970

 COOLING
  YESTERDAY        0                         0      0        0
  MONTH TO DATE    0                         0      0        0
  SINCE SEP 1     89                        43     46       62
  SINCE JAN 1    582                       491     91      662
..................................................................


WIND (MPH)
  HIGHEST WIND SPEED    20   HIGHEST WIND DIRECTION     N (340)
  HIGHEST GUST SPEED    22   HIGHEST GUST DIRECTION     N (340)
  AVERAGE WIND SPEED     7.8


SKY COVER
  POSSIBLE SUNSHINE  MM
  AVERAGE SKY COVER 0.6


WEATHER CONDITIONS
 THE FOLLOWING WEATHER WAS RECORDED YESTERDAY.
  LIGHT SNOW
  FOG


RELATIVE HUMIDITY (PERCENT)
 HIGHEST    89           100 AM
 LOWEST     56          1100 AM
 AVERAGE    73

..........................................................


THE BURLINGTON VT CLIMATE NORMALS FOR TODAY
                         NORMAL    RECORD    YEAR
 MAXIMUM TEMPERATURE (F)   46        67      1956
 MINIMUM TEMPERATURE (F)   31         9      1933


SUNRISE AND SUNSET
NOVEMBER 15 2014......SUNRISE   649 AM EST   SUNSET   425 PM EST
NOVEMBER 16 2014......SUNRISE   650 AM EST   SUNSET   424 PM EST


-  INDICATES NEGATIVE NUMBERS.
R  INDICATES RECORD WAS SET OR TIED.
MM INDICATES DATA IS MISSING.
T  INDICATES TRACE AMOUNT.

&&

LAKE CHAMPLAIN DATA:
LEVEL...............94.32 FEET
TEMPERATURE.........49 DEGREES

MOUNT MANSFIELD DATA:
HIGH................30 DEGREES
LOW.................14 DEGREES
PRECIPITATION.......0.22 INCHES
NEW SNOW............2.2 INCHES
SNOW AT STAKE.......4 INCHES

$$
