569
CDUS41 KBTV 070557
CLIBTV


CLIMATE REPORT
NATIONAL WEATHER SERVICE BURLINGTON VT
1255 AM EST SAT JAN 7 2017


...................................

...THE BURLINGTON VT CLIMATE SUMMARY FOR JANUARY 6 2017...

CLIMATE NORMAL PERIOD 1981 TO 2010
CLIMATE RECORD PERIOD 1884 TO 2017


WEATHER ITEM   OBSERVED TIME   RECORD YEAR NORMAL DEPARTURE LAST
                VALUE   (LST)  VALUE       VALUE  FROM      YEAR
                                                  NORMAL
..................................................................
TEMPERATURE (F)
 YESTERDAY
  MAXIMUM         26   1252 PM  62    2007  28     -2       32
  MINIMUM         20   1159 PM -23    1996  11      9       13
  AVERAGE         23                        19      4       23

PRECIPITATION (IN)
  YESTERDAY        T             0.83 1931   0.07  -0.07     0.00
                                      1910
  MONTH TO DATE    0.31                      0.40  -0.09     0.05
  SINCE DEC 1      2.66                      2.78  -0.12     4.49
  SINCE JAN 1      0.31                      0.40  -0.09     0.05

SNOWFALL (IN)
  YESTERDAY        T            13.3  1931   0.7   -0.7      0.0
  MONTH TO DATE    0.3                       4.1   -3.8      4.8
  SINCE DEC 1     17.0                      22.0   -5.0     11.9
  SINCE JUL 1     21.3                      27.4   -6.1     12.1
  SNOW DEPTH       0

DEGREE DAYS
 HEATING
  YESTERDAY       42                        46     -4       42
  MONTH TO DATE  208                       272    -64      254
  SINCE DEC 1   1316                      1486   -170     1048
  SINCE JUL 1   2521                      3031   -510     2287

 COOLING
  YESTERDAY        0                         0      0        0
  MONTH TO DATE    0                         0      0        0
  SINCE DEC 1      0                         0      0        0
  SINCE JAN 1      0                         0      0        0
..................................................................


WIND (MPH)
  HIGHEST WIND SPEED    16   HIGHEST WIND DIRECTION     W (250)
  HIGHEST GUST SPEED    20   HIGHEST GUST DIRECTION     W (270)
  AVERAGE WIND SPEED     5.5


SKY COVER
  POSSIBLE SUNSHINE  MM
  AVERAGE SKY COVER 0.8


WEATHER CONDITIONS
 THE FOLLOWING WEATHER WAS RECORDED YESTERDAY.
  LIGHT SNOW


RELATIVE HUMIDITY (PERCENT)
 HIGHEST    74           300 AM
 LOWEST     36           100 PM
 AVERAGE    55

..........................................................


THE BURLINGTON VT CLIMATE NORMALS FOR TODAY
                         NORMAL    RECORD    YEAR
 MAXIMUM TEMPERATURE (F)   27        54      1946
 MINIMUM TEMPERATURE (F)   11       -19      1923
                                             1912


SUNRISE AND SUNSET
JANUARY  7 2017.......SUNRISE   728 AM EST   SUNSET   430 PM EST
JANUARY  8 2017.......SUNRISE   728 AM EST   SUNSET   431 PM EST


-  INDICATES NEGATIVE NUMBERS.
R  INDICATES RECORD WAS SET OR TIED.
MM INDICATES DATA IS MISSING.
T  INDICATES TRACE AMOUNT.







&&

LAKE CHAMPLAIN DATA:
LEVEL...............95.00 FEET
TEMPERATURE.........39 DEGREES

MOUNT MANSFIELD DATA:
HIGH................15 DEGREES
LOW.................3 DEGREES
PRECIPITATION.......0.06 INCHES
NEW SNOW............1.5 INCHES
SNOW AT STAKE.......53 INCHES

$$
