559
CDUS41 KBTV 140552
CLIBTV


CLIMATE REPORT
NATIONAL WEATHER SERVICE BURLINGTON VT
1251 AM EST TUE FEB 14 2017


...................................

...THE BURLINGTON VT CLIMATE SUMMARY FOR FEBRUARY 13 2017...

CLIMATE NORMAL PERIOD 1981 TO 2010
CLIMATE RECORD PERIOD 1884 TO 2017


WEATHER ITEM   OBSERVED TIME   RECORD YEAR NORMAL DEPARTURE LAST
                VALUE   (LST)  VALUE       VALUE  FROM      YEAR
                                                  NORMAL
..................................................................
TEMPERATURE (F)
 YESTERDAY
  MAXIMUM         28    445 AM  53    1984  30     -2       20
                                      1937
  MINIMUM         20   1141 AM -25    1967  12      8      -12
  AVERAGE         24                        21      3        4

PRECIPITATION (IN)
  YESTERDAY        0.16          0.84 1966   0.06   0.10     0.01
  MONTH TO DATE    1.22                      0.82   0.40     0.38
  SINCE DEC 1      5.57                      5.26   0.31     6.01
  SINCE JAN 1      3.22                      2.88   0.34     1.57

SNOWFALL (IN)
  YESTERDAY        3.6           6.7  1988   0.6    3.0      0.2
  MONTH TO DATE   21.1                       7.9   13.2      4.2
  SINCE DEC 1     45.4                      46.9   -1.5     24.4
  SINCE JUL 1     49.7                      52.3   -2.6     24.6
  SNOW DEPTH      12

DEGREE DAYS
 HEATING
  YESTERDAY       41                        44     -3       61
  MONTH TO DATE  550                       586    -36      495
  SINCE DEC 1   2747                      3235   -488     2524
  SINCE JUL 1   3952                      4780   -828     3763

 COOLING
  YESTERDAY        0                         0      0        0
  MONTH TO DATE    0                         0      0        0
  SINCE DEC 1      0                         0      0        0
  SINCE JAN 1      0                         0      0        0
..................................................................


WIND (MPH)
  HIGHEST WIND SPEED    24   HIGHEST WIND DIRECTION    NW (330)
  HIGHEST GUST SPEED    30   HIGHEST GUST DIRECTION    NW (320)
  AVERAGE WIND SPEED    11.4


SKY COVER
  POSSIBLE SUNSHINE  MM
  AVERAGE SKY COVER 1.0


WEATHER CONDITIONS
 THE FOLLOWING WEATHER WAS RECORDED YESTERDAY.
  LIGHT SNOW
  FOG
  HAZE
  BLOWING SNOW


RELATIVE HUMIDITY (PERCENT)
 HIGHEST    92          1200 AM
 LOWEST     68           500 PM
 AVERAGE    80

..........................................................


THE BURLINGTON VT CLIMATE NORMALS FOR TODAY
                         NORMAL    RECORD    YEAR
 MAXIMUM TEMPERATURE (F)   30        55      1946
 MINIMUM TEMPERATURE (F)   12       -19      1987
                                             1979


SUNRISE AND SUNSET
FEBRUARY 14 2017......SUNRISE   654 AM EST   SUNSET   520 PM EST
FEBRUARY 15 2017......SUNRISE   652 AM EST   SUNSET   522 PM EST


-  INDICATES NEGATIVE NUMBERS.
R  INDICATES RECORD WAS SET OR TIED.
MM INDICATES DATA IS MISSING.
T  INDICATES TRACE AMOUNT.

&&

LAKE CHAMPLAIN DATA:
LAKE LEVEL..........95.10 FEET
WATER TEMPERATURE...34 DEGREES

MOUNT MANSFIELD DATA:
HIGH TEMPERATURE...15 DEGREES
LOW TEMPERATURE.....3 DEGREES
PRECIPITATION......0.45 INCHES
NEW SNOW...........5.0 INCHES
SNOW AT STAKE......83 INCHES

$$
