000
CDUS41 KBTV 072028
CLIBTV


CLIMATE REPORT
NATIONAL WEATHER SERVICE BURLINGTON VT
427 PM EDT SAT MAY 7 2016


...................................

...THE BURLINGTON VT CLIMATE SUMMARY FOR MAY 7 2016...
VALID TODAY AS OF 0400 PM LOCAL TIME.

CLIMATE NORMAL PERIOD 1981 TO 2010
CLIMATE RECORD PERIOD 1884 TO 2016


WEATHER ITEM   OBSERVED TIME   RECORD YEAR NORMAL DEPARTURE LAST
                VALUE   (LST)  VALUE       VALUE  FROM      YEAR
                                                  NORMAL
..................................................................
TEMPERATURE (F)
 TODAY
  MAXIMUM         74    239 PM  89    2000  64     10       85
  MINIMUM         51    515 AM  25    1968  42      9       46
  AVERAGE         63                        53     10       66

PRECIPITATION (IN)
  TODAY            T             0.98 1935   0.10  -0.10     0.00
  MONTH TO DATE    0.79                      0.71   0.08      T
  SINCE MAR 1      4.85                      5.75  -0.90     3.54
  SINCE JAN 1      9.18                      9.57  -0.39     5.92

SNOWFALL (IN)
  TODAY            0.0           1.4  1967   0.0    0.0      0.0
  MONTH TO DATE    0.0                       0.2   -0.2      0.0
  SINCE MAR 1      5.3                      20.6  -15.3      7.5
  SINCE JUL 1     34.3                      81.4  -47.1     83.4
  SNOW DEPTH       0

DEGREE DAYS
 HEATING
  TODAY            2                        12    -10        0
  MONTH TO DATE   88                        90     -2       28
  SINCE MAR 1   1651                      1754   -103     1817
  SINCE JUL 1   6035                      7164  -1129     7334

 COOLING
  TODAY            0                         0      0        1
  MONTH TO DATE    0                         0      0        3
  SINCE MAR 1      0                         2     -2        3
  SINCE JAN 1      0                         2     -2        3
..................................................................


WIND (MPH)
  HIGHEST WIND SPEED    16   HIGHEST WIND DIRECTION     S (170)
  HIGHEST GUST SPEED    21   HIGHEST GUST DIRECTION     S (180)
  AVERAGE WIND SPEED     8.1


SKY COVER
  POSSIBLE SUNSHINE  MM
  AVERAGE SKY COVER 0.6


WEATHER CONDITIONS
 THE FOLLOWING WEATHER WAS RECORDED TODAY.
  LIGHT RAIN


RELATIVE HUMIDITY (PERCENT)
 HIGHEST    77           400 AM
 LOWEST     33           200 PM
 AVERAGE    55

..........................................................


THE BURLINGTON VT CLIMATE NORMALS FOR TOMORROW
                         NORMAL    RECORD    YEAR
 MAXIMUM TEMPERATURE (F)   65        89      1936
 MINIMUM TEMPERATURE (F)   43        25      1962


SUNRISE AND SUNSET
MAY  7 2016...........SUNRISE   534 AM EDT   SUNSET   805 PM EDT
MAY  8 2016...........SUNRISE   533 AM EDT   SUNSET   806 PM EDT


-  INDICATES NEGATIVE NUMBERS.
R  INDICATES RECORD WAS SET OR TIED.
MM INDICATES DATA IS MISSING.
T  INDICATES TRACE AMOUNT.




$$
