000
CDUS41 KBTV 190536
CLIBTV

CLIMATE REPORT
NATIONAL WEATHER SERVICE BURLINGTON VT
136 AM EDT MON SEP 19 2016

...................................

...THE BURLINGTON VT CLIMATE SUMMARY FOR SEPTEMBER 18 2016...

CLIMATE NORMAL PERIOD 1981 TO 2010
CLIMATE RECORD PERIOD 1884 TO 2016


WEATHER ITEM   OBSERVED TIME   RECORD YEAR NORMAL DEPARTURE LAST
                VALUE   (LST)  VALUE       VALUE  FROM      YEAR
                                                  NORMAL
..................................................................
TEMPERATURE (F)
 YESTERDAY
  MAXIMUM         81   1255 PM  87    1946  70     11       86
  MINIMUM         67    717 AM  34    1922  50     17       59
  AVERAGE         74                        60     14       73

PRECIPITATION (IN)
  YESTERDAY        0.11          1.47 1905   0.12  -0.01     0.00
  MONTH TO DATE    0.73                      2.07  -1.34     1.37
  SINCE SEP 1      0.73                      2.07  -1.34     1.37
  SINCE JAN 1     19.93                     26.14  -6.21    25.53

SNOWFALL (IN)
  YESTERDAY        0.0           0.0  2002   0.0    0.0      0.0
                                      2001
  MONTH TO DATE    0.0                       0.0    0.0      0.0
  SINCE SEP 1      0.0                       0.0    0.0      0.0
  SINCE JUL 1      0.0                       0.0    0.0      0.0
  SNOW DEPTH       0

DEGREE DAYS
 HEATING
  YESTERDAY        0                         6     -6        0
  MONTH TO DATE   22                        70    -48        2
  SINCE SEP 1     22                        70    -48        2
  SINCE JUL 1     27                       112    -85        8

 COOLING
  YESTERDAY        9                         1      8        8
  MONTH TO DATE   81                        36     45      129
  SINCE SEP 1     81                        36     45      129
  SINCE JAN 1    825                       484    341      751
..................................................................


WIND (MPH)
  HIGHEST WIND SPEED    21   HIGHEST WIND DIRECTION     S (180)
  HIGHEST GUST SPEED    33   HIGHEST GUST DIRECTION     S (180)
  AVERAGE WIND SPEED    11.5


SKY COVER
  POSSIBLE SUNSHINE  MM
  AVERAGE SKY COVER 0.7


WEATHER CONDITIONS
 THE FOLLOWING WEATHER WAS RECORDED YESTERDAY.
  LIGHT RAIN
  FOG


RELATIVE HUMIDITY (PERCENT)
 HIGHEST    87           400 AM
 LOWEST     58           100 PM
 AVERAGE    73

..........................................................


THE BURLINGTON VT CLIMATE NORMALS FOR TODAY
                         NORMAL    RECORD    YEAR
 MAXIMUM TEMPERATURE (F)   69        85      2015
                                             1946
 MINIMUM TEMPERATURE (F)   50        32      2014
                                             1959


SUNRISE AND SUNSET
SEPTEMBER 19 2016.....SUNRISE   637 AM EDT   SUNSET   655 PM EDT
SEPTEMBER 20 2016.....SUNRISE   638 AM EDT   SUNSET   653 PM EDT


-  INDICATES NEGATIVE NUMBERS.
R  INDICATES RECORD WAS SET OR TIED.
MM INDICATES DATA IS MISSING.
T  INDICATES TRACE AMOUNT.

&&

LAKE CHAMPLAIN DATA:
LEVEL...............93.84 FEET
TEMPERATURE.........70 DEGREES

MOUNT MANSFIELD DATA:
HIGH................63 DEGREES
LOW.................55 DEGREES
PRECIPITATION.......0.27 INCHES

$$
