000
CDUS41 KBTV 152216
CLIBTV


CLIMATE REPORT
NATIONAL WEATHER SERVICE BURLINGTON VT
515 PM EST THU JAN 15 2015


...................................

...THE BURLINGTON VT CLIMATE SUMMARY FOR JANUARY 15 2015...
VALID TODAY AS OF 0500 PM LOCAL TIME.

CLIMATE NORMAL PERIOD 1981 TO 2010
CLIMATE RECORD PERIOD 1884 TO 2015


WEATHER ITEM   OBSERVED TIME   RECORD YEAR NORMAL DEPARTURE LAST
                VALUE   (LST)  VALUE       VALUE  FROM      YEAR
                                                  NORMAL
..................................................................
TEMPERATURE (F)
 TODAY
  MAXIMUM         22    355 PM  66    1995  27     -5       45
  MINIMUM         -4    738 AM -30    1957  10    -14       30
  AVERAGE          9                        18     -9       38

PRECIPITATION (IN)
  TODAY            0.00          0.84 1918   0.07  -0.07     0.07
  MONTH TO DATE    0.42                      0.99  -0.57     2.13
  SINCE DEC 1      3.27                      3.37  -0.10     4.67
  SINCE JAN 1      0.42                      0.99  -0.57     2.13

SNOWFALL (IN)
  TODAY            0.0          10.5  1918   0.7   -0.7      0.8
  MONTH TO DATE    5.7                      10.2   -4.5      4.5
  SINCE DEC 1     27.6                      28.1   -0.5     19.8
  SINCE JUL 1     38.2                      33.5    4.7     26.2
  SNOW DEPTH       1

DEGREE DAYS
 HEATING
  TODAY           56                        47      9       27
  MONTH TO DATE  723                       690     33      644
  SINCE DEC 1   1801                      1904   -103     1924
  SINCE JUL 1   3126                      3449   -323     3417

 COOLING
  TODAY            0                         0      0        0
  MONTH TO DATE    0                         0      0        0
  SINCE DEC 1      0                         0      0        0
  SINCE JAN 1      0                         0      0        0
..................................................................


WIND (MPH)
  HIGHEST WIND SPEED    10   HIGHEST WIND DIRECTION     S (190)
  HIGHEST GUST SPEED    13   HIGHEST GUST DIRECTION     S (180)
  AVERAGE WIND SPEED     4.0


SKY COVER
  POSSIBLE SUNSHINE  MM
  AVERAGE SKY COVER 0.5


WEATHER CONDITIONS
 THE FOLLOWING WEATHER WAS RECORDED TODAY.
  FOG
  HAZE


RELATIVE HUMIDITY (PERCENT)
 HIGHEST    87           300 AM
 LOWEST     57           400 PM
 AVERAGE    72

..........................................................


THE BURLINGTON VT CLIMATE NORMALS FOR TOMORROW
                         NORMAL    RECORD    YEAR
 MAXIMUM TEMPERATURE (F)   27        63      1995
 MINIMUM TEMPERATURE (F)   10       -21      2009


SUNRISE AND SUNSET
JANUARY 15 2015.......SUNRISE   726 AM EST   SUNSET   439 PM EST
JANUARY 16 2015.......SUNRISE   725 AM EST   SUNSET   440 PM EST


-  INDICATES NEGATIVE NUMBERS.
R  INDICATES RECORD WAS SET OR TIED.
MM INDICATES DATA IS MISSING.
T  INDICATES TRACE AMOUNT.




$$
