000
CDUS41 KBTV 160539
CLIBTV


CLIMATE REPORT
NATIONAL WEATHER SERVICE BURLINGTON VT
138 AM EDT MON MAR 16 2015


...................................

...THE BURLINGTON VT CLIMATE SUMMARY FOR MARCH 15 2015...

CLIMATE NORMAL PERIOD 1981 TO 2010
CLIMATE RECORD PERIOD 1884 TO 2015


WEATHER ITEM   OBSERVED TIME   RECORD YEAR NORMAL DEPARTURE LAST
                VALUE   (LST)  VALUE       VALUE  FROM      YEAR
                                                  NORMAL
..................................................................
TEMPERATURE (F)
 YESTERDAY
  MAXIMUM         38    428 AM  72    1990  39     -1       44
  MINIMUM         21   1159 PM -12    1993  21      0       24
  AVERAGE         30                        30      0       34

PRECIPITATION (IN)
  YESTERDAY        0.17          0.89 1933   0.07   0.10     0.09
  MONTH TO DATE    0.40                      1.02  -0.62     0.93
  SINCE MAR 1      0.40                      1.02  -0.62     0.93
  SINCE JAN 1      2.78                      4.84  -2.06     5.21

SNOWFALL (IN)
  YESTERDAY        1.4           4.1  1940   0.5    0.9      1.5
  MONTH TO DATE    4.3                       9.1   -4.8     23.5
  SINCE MAR 1      4.3                       9.1   -4.8     23.5
  SINCE JUL 1     80.2                      69.9   10.3     81.8
  SNOW DEPTH       2

DEGREE DAYS
 HEATING
  YESTERDAY       35                        35      0       31
  MONTH TO DATE  588                       559     29      687
  SINCE MAR 1    588                       559     29      687
  SINCE JUL 1   6105                      5969    136     6152

 COOLING
  YESTERDAY        0                         0      0        0
  MONTH TO DATE    0                         0      0        0
  SINCE MAR 1      0                         0      0        0
  SINCE JAN 1      0                         0      0        0
..................................................................


WIND (MPH)
  HIGHEST WIND SPEED    26   HIGHEST WIND DIRECTION    NW (330)
  HIGHEST GUST SPEED    35   HIGHEST GUST DIRECTION     N (360)
  AVERAGE WIND SPEED    11.3


SKY COVER
  POSSIBLE SUNSHINE  MM
  AVERAGE SKY COVER 1.0


WEATHER CONDITIONS
 THE FOLLOWING WEATHER WAS RECORDED YESTERDAY.
  RAIN
  LIGHT RAIN
  SNOW
  LIGHT SNOW
  FOG
  HAZE
  BLOWING SNOW


RELATIVE HUMIDITY (PERCENT)
 HIGHEST    92          1200 AM
 LOWEST     69           400 PM
 AVERAGE    81

..........................................................


THE BURLINGTON VT CLIMATE NORMALS FOR TODAY
                         NORMAL    RECORD    YEAR
 MAXIMUM TEMPERATURE (F)   40        78      1990
 MINIMUM TEMPERATURE (F)   22        -9      1963


SUNRISE AND SUNSET
MARCH 16 2015.........SUNRISE   704 AM EDT   SUNSET   700 PM EDT
MARCH 17 2015.........SUNRISE   702 AM EDT   SUNSET   701 PM EDT


-  INDICATES NEGATIVE NUMBERS.
R  INDICATES RECORD WAS SET OR TIED.
MM INDICATES DATA IS MISSING.
T  INDICATES TRACE AMOUNT.

&&

LAKE CHAMPLAIN DATA:
LAKE LEVEL..........94.66 FEET
WATER TEMPERATURE...35 DEGREES

MOUNT MANSFIELD DATA:
HIGH TEMPERATURE...28 DEGREES
LOW TEMPERATURE....13 DEGREES
PRECIPITATION......0.66 INCHES
NEW SNOW...........4.0 INCHES
SNOW AT STAKE......84 INCHES

$$
