000
CDUS41 KBTV 072017
CLIBTV


CLIMATE REPORT
NATIONAL WEATHER SERVICE BURLINGTON VT
417 PM EDT SUN MAY 7 2017


...................................

...THE BURLINGTON VT CLIMATE SUMMARY FOR MAY 7 2017...
VALID TODAY AS OF 0400 PM LOCAL TIME.

CLIMATE NORMAL PERIOD 1981 TO 2010
CLIMATE RECORD PERIOD 1884 TO 2017


WEATHER ITEM   OBSERVED TIME   RECORD YEAR NORMAL DEPARTURE LAST
                VALUE   (LST)  VALUE       VALUE  FROM      YEAR
                                                  NORMAL
..................................................................
TEMPERATURE (F)
 TODAY
  MAXIMUM         59    214 PM  89    2000  64     -5       74
  MINIMUM         50    822 AM  25    1968  42      8       51
  AVERAGE         55                        53      2       63

PRECIPITATION (IN)
  TODAY            0.14          0.98 1935   0.10   0.04      T
  MONTH TO DATE    1.57                      0.71   0.86     0.79
  SINCE MAR 1      8.67                      5.75   2.92     4.85
  SINCE JAN 1     13.34                      9.57   3.77     9.18

SNOWFALL (IN)
  TODAY            0.0           1.4  1967   0.0    0.0      0.0
  MONTH TO DATE    0.0                       0.2   -0.2      0.0
  SINCE MAR 1     41.2                      20.6   20.6      5.3
  SINCE JUL 1    100.4                      81.4   19.0     34.3
  SNOW DEPTH       0

DEGREE DAYS
 HEATING
  TODAY           10                        12     -2        2
  MONTH TO DATE   84                        90     -6       88
  SINCE MAR 1   1711                      1754    -43     1651
  SINCE JUL 1   6089                      7164  -1075     6035

 COOLING
  TODAY            0                         0      0        0
  MONTH TO DATE    0                         0      0        0
  SINCE MAR 1     15                         2     13        0
  SINCE JAN 1     15                         2     13        0
..................................................................


WIND (MPH)
  HIGHEST WIND SPEED    21   HIGHEST WIND DIRECTION     S (190)
  HIGHEST GUST SPEED    30   HIGHEST GUST DIRECTION     S (200)
  AVERAGE WIND SPEED    12.1


SKY COVER
  POSSIBLE SUNSHINE  MM
  AVERAGE SKY COVER 0.9


WEATHER CONDITIONS
 THE FOLLOWING WEATHER WAS RECORDED TODAY.
  LIGHT RAIN
  FOG


RELATIVE HUMIDITY (PERCENT)
 HIGHEST    93           100 AM
 LOWEST     51           200 PM
 AVERAGE    72

..........................................................


THE BURLINGTON VT CLIMATE NORMALS FOR TOMORROW
                         NORMAL    RECORD    YEAR
 MAXIMUM TEMPERATURE (F)   65        89      1936
 MINIMUM TEMPERATURE (F)   43        25      1962


SUNRISE AND SUNSET
MAY  7 2017...........SUNRISE   535 AM EDT   SUNSET   804 PM EDT
MAY  8 2017...........SUNRISE   533 AM EDT   SUNSET   806 PM EDT


-  INDICATES NEGATIVE NUMBERS.
R  INDICATES RECORD WAS SET OR TIED.
MM INDICATES DATA IS MISSING.
T  INDICATES TRACE AMOUNT.




$$
