000
CDUS41 KBTV 051217
CLIBTV

CLIMATE REPORT
NATIONAL WEATHER SERVICE BURLINGTON VT
815 AM EDT FRI MAY 5 2017

...................................

...THE BURLINGTON VT CLIMATE SUMMARY FOR MAY 4 2017...

CLIMATE NORMAL PERIOD 1981 TO 2010
CLIMATE RECORD PERIOD 1884 TO 2017


WEATHER ITEM   OBSERVED TIME   RECORD YEAR NORMAL DEPARTURE LAST
                VALUE   (LST)  VALUE       VALUE  FROM      YEAR
                                                  NORMAL
..................................................................
TEMPERATURE (F)
 YESTERDAY
  MAXIMUM         65    321 PM  89    1944  63      2       57
  MINIMUM         33    411 AM  27    1961  42     -9       42
                                      1946
  AVERAGE         49                        52     -3       50

PRECIPITATION (IN)
  YESTERDAY        0.01          1.06 1945   0.10  -0.09     0.04
  MONTH TO DATE    0.95                      0.39   0.56     0.79
  SINCE MAR 1      8.05                      5.43   2.62     4.85
  SINCE JAN 1     12.72                      9.25   3.47     9.18

SNOWFALL (IN)
  YESTERDAY        0.0           0.3  1956   0.0    0.0      0.0
  MONTH TO DATE    0.0                       0.1   -0.1      0.0
  SINCE MAR 1     41.2                      20.5   20.7      5.3
  SINCE JUL 1    100.4                      81.3   19.1     34.3
  SNOW DEPTH       0

DEGREE DAYS
 HEATING
  YESTERDAY       16                        13      3       15
  MONTH TO DATE   57                        54      3       68
  SINCE MAR 1   1684                      1718    -34     1631
  SINCE JUL 1   6062                      7128  -1066     6015

 COOLING
  YESTERDAY        0                         0      0        0
  MONTH TO DATE    0                         0      0        0
  SINCE MAR 1     15                         2     13        0
  SINCE JAN 1     15                         2     13        0
..................................................................


WIND (MPH)
  HIGHEST WIND SPEED    20   HIGHEST WIND DIRECTION    SW (210)
  HIGHEST GUST SPEED    28   HIGHEST GUST DIRECTION    SW (210)
  AVERAGE WIND SPEED     5.6


SKY COVER
  POSSIBLE SUNSHINE  MM
  AVERAGE SKY COVER 0.6


WEATHER CONDITIONS
 THE FOLLOWING WEATHER WAS RECORDED YESTERDAY.
  LIGHT RAIN


RELATIVE HUMIDITY (PERCENT)
 HIGHEST    92           100 AM
 LOWEST     22           400 PM
 AVERAGE    57

..........................................................


THE BURLINGTON VT CLIMATE NORMALS FOR TODAY
                         NORMAL    RECORD    YEAR
 MAXIMUM TEMPERATURE (F)   64        89      1944
 MINIMUM TEMPERATURE (F)   42        27      1997
                                             1974
                                             1966


SUNRISE AND SUNSET
MAY  5 2017...........SUNRISE   537 AM EDT   SUNSET   802 PM EDT
MAY  6 2017...........SUNRISE   536 AM EDT   SUNSET   803 PM EDT


-  INDICATES NEGATIVE NUMBERS.
R  INDICATES RECORD WAS SET OR TIED.
MM INDICATES DATA IS MISSING.
T  INDICATES TRACE AMOUNT.

&&

LAKE CHAMPLAIN DATA:
LEVEL...............99.32 FEET
TEMPERATURE.........42 DEGREES

MOUNT MANSFIELD DATA:
HIGH................50 DEGREES
LOW.................24 DEGREES
PRECIPITATION.......NONE
NEW SNOW............NONE
SNOW AT STAKE.......44 INCHES

$$
