000
CDUS41 KBTV 020537
CLIBTV


CLIMATE REPORT
NATIONAL WEATHER SERVICE BURLINGTON VT
1236 AM EST FRI FEB 2 2018


...................................

...THE BURLINGTON VT CLIMATE SUMMARY FOR FEBRUARY 1 2018...

CLIMATE NORMAL PERIOD 1981 TO 2010
CLIMATE RECORD PERIOD 1884 TO 2018


WEATHER ITEM   OBSERVED TIME   RECORD YEAR NORMAL DEPARTURE LAST
                VALUE   (LST)  VALUE       VALUE  FROM      YEAR
                                                  NORMAL
..................................................................
TEMPERATURE (F)
 YESTERDAY
  MAXIMUM         38    820 PM  53    2016  28     10       33
  MINIMUM         30   1159 PM -28    1920  10     20       19
  AVERAGE         34                        19     15       26

PRECIPITATION (IN)
  YESTERDAY        0.02          1.25 1898   0.07  -0.05     0.08
  MONTH TO DATE    0.02                      0.07  -0.05     0.08
  SINCE DEC 1      4.74                      4.51   0.23     4.43
  SINCE JAN 1      2.56                      2.13   0.43     2.08

SNOWFALL (IN)
  YESTERDAY        0.3           8.0  1908   0.6   -0.3      1.4
  MONTH TO DATE    0.3                       0.6   -0.3      1.4
  SINCE DEC 1     39.0                      39.6   -0.6     25.7
  SINCE JUL 1     42.0                      45.0   -3.0     30.0
  SNOW DEPTH       1

DEGREE DAYS
 HEATING
  YESTERDAY       31                        46    -15       39
  MONTH TO DATE   31                        46    -15       39
  SINCE DEC 1   2734                      2695     39     2236
  SINCE JUL 1   3873                      4240   -367     3441

 COOLING
  YESTERDAY        0                         0      0        0
  MONTH TO DATE    0                         0      0        0
  SINCE DEC 1      0                         0      0        0
  SINCE JAN 1      0                         0      0        0
..................................................................


WIND (MPH)
  HIGHEST WIND SPEED    24   HIGHEST WIND DIRECTION     S (180)
  HIGHEST GUST SPEED    32   HIGHEST GUST DIRECTION     S (200)
  AVERAGE WIND SPEED    14.7


SKY COVER
  POSSIBLE SUNSHINE  MM
  AVERAGE SKY COVER 0.9


WEATHER CONDITIONS
 THE FOLLOWING WEATHER WAS RECORDED YESTERDAY.
  LIGHT SNOW
  FOG


RELATIVE HUMIDITY (PERCENT)
 HIGHEST    69          1000 AM
 LOWEST     42          1200 AM
 AVERAGE    56

..........................................................


THE BURLINGTON VT CLIMATE NORMALS FOR TODAY
                         NORMAL    RECORD    YEAR
 MAXIMUM TEMPERATURE (F)   28        47      1981
 MINIMUM TEMPERATURE (F)   10       -25      1962


SUNRISE AND SUNSET
FEBRUARY  2 2018......SUNRISE   710 AM EST   SUNSET   503 PM EST
FEBRUARY  3 2018......SUNRISE   709 AM EST   SUNSET   505 PM EST


-  INDICATES NEGATIVE NUMBERS.
R  INDICATES RECORD WAS SET OR TIED.
MM INDICATES DATA IS MISSING.
T  INDICATES TRACE AMOUNT.




&&

LAKE CHAMPLAIN DATA:
LEVEL...............96.28 FEET
TEMPERATURE.........35 DEGREES

MOUNT MANSFIELD DATA:
HIGH................26 DEGREES
LOW.................8 DEGREES
PRECIPITATION.......0.11 INCHES
NEW SNOW............MISSING
SNOW AT STAKE.......42 INCHES

$$
