000
CDUS41 KBTV 200546
CLIBTV


CLIMATE REPORT
NATIONAL WEATHER SERVICE BURLINGTON VT
146 AM EDT SAT JUN 20 2015


...................................

...THE BURLINGTON VT CLIMATE SUMMARY FOR JUNE 19 2015...

CLIMATE NORMAL PERIOD 1981 TO 2010
CLIMATE RECORD PERIOD 1884 TO 2015


WEATHER ITEM   OBSERVED TIME   RECORD YEAR NORMAL DEPARTURE LAST
                VALUE   (LST)  VALUE       VALUE  FROM      YEAR
                                                  NORMAL
..................................................................
TEMPERATURE (F)
 YESTERDAY
  MAXIMUM         69    419 PM 100    1995  77     -8       75
  MINIMUM         50   1159 PM  37    1946  57     -7       59
  AVERAGE         60                        67     -7       67

PRECIPITATION (IN)
  YESTERDAY        0.05          1.32 1914   0.12  -0.07     0.00
  MONTH TO DATE    5.96                      2.33   3.63     2.82
  SINCE JUN 1      5.96                      2.33   3.63     2.82
  SINCE JAN 1     14.80                     14.64   0.16    16.58

SNOWFALL (IN)
  YESTERDAY        0.0           0.0  2002   0.0    0.0      0.0
                                      2001
  MONTH TO DATE    0.0                       0.0    0.0      0.0
  SINCE JUN 1      0.0                       0.0    0.0      0.0
  SINCE JUL 1     83.4                      81.2    2.2     86.5
  SNOW DEPTH       0

DEGREE DAYS
 HEATING
  YESTERDAY        5                         2      3        0
  MONTH TO DATE   63                        61      2       10
  SINCE JUN 1     63                        61      2       10
  SINCE JUL 1   7499                      7422     77     7603

 COOLING
  YESTERDAY        0                         4     -4        2
  MONTH TO DATE   40                        47     -7       64
  SINCE JUN 1     40                        47     -7       64
  SINCE JAN 1    133                        66     67       86
..................................................................


WIND (MPH)
  HIGHEST WIND SPEED    17   HIGHEST WIND DIRECTION    NW (320)
  HIGHEST GUST SPEED    23   HIGHEST GUST DIRECTION     N (340)
  AVERAGE WIND SPEED     9.2


SKY COVER
  POSSIBLE SUNSHINE  MM
  AVERAGE SKY COVER 0.7


WEATHER CONDITIONS
 THE FOLLOWING WEATHER WAS RECORDED YESTERDAY.
  RAIN
  LIGHT RAIN
  FOG


RELATIVE HUMIDITY (PERCENT)
 HIGHEST    87          1200 AM
 LOWEST     36           400 PM
 AVERAGE    62

..........................................................


THE BURLINGTON VT CLIMATE NORMALS FOR TODAY
                         NORMAL    RECORD    YEAR
 MAXIMUM TEMPERATURE (F)   78        95      2012
 MINIMUM TEMPERATURE (F)   57        35      1918


SUNRISE AND SUNSET
JUNE 20 2015..........SUNRISE   508 AM EDT   SUNSET   841 PM EDT
JUNE 21 2015..........SUNRISE   508 AM EDT   SUNSET   841 PM EDT


-  INDICATES NEGATIVE NUMBERS.
R  INDICATES RECORD WAS SET OR TIED.
MM INDICATES DATA IS MISSING.
T  INDICATES TRACE AMOUNT.

&&

LAKE CHAMPLAIN DATA:
LAKE LEVEL..........98.03 FEET
WATER TEMPERATURE...61 DEGREES

MOUNT MANSFIELD DATA:
HIGH TEMPERATURE...62 DEGREES
LOW TEMPERATURE....44 DEGREES
PRECIPITATION......0.60 INCHES

$$
