000
CDUS41 KBTV 130821
CLIBTV


CLIMATE REPORT
NATIONAL WEATHER SERVICE BURLINGTON VT
349 AM EDT THU APR 13 2017


...................................

...THE BURLINGTON VT CLIMATE SUMMARY FOR APRIL 12 2017...

CLIMATE NORMAL PERIOD 1981 TO 2010
CLIMATE RECORD PERIOD 1884 TO 2017


WEATHER ITEM   OBSERVED TIME   RECORD YEAR NORMAL DEPARTURE LAST
                VALUE   (LST)  VALUE       VALUE  FROM      YEAR
                                                  NORMAL
..................................................................
TEMPERATURE (F)
 YESTERDAY
  MAXIMUM         58    443 PM  82    1945  53      5       51
  MINIMUM         46   1159 PM  16    1976  34     12       39
                                      1975
                                      1926
  AVERAGE         52                        43      9       45

PRECIPITATION (IN)
  YESTERDAY        0.05          1.11 1934   0.10  -0.05     0.20
  MONTH TO DATE    2.16                      1.08   1.08     1.04
  SINCE MAR 1      5.43                      3.30   2.13     3.30
  SINCE JAN 1     10.10                      7.12   2.98     7.63

SNOWFALL (IN)
  YESTERDAY        0.0           3.0  1929   0.2   -0.2      0.0
  MONTH TO DATE    4.4                       2.6    1.8      1.4
  SINCE MAR 1     41.2                      18.4   22.8      3.2
  SINCE JUL 1    100.4                      79.2   21.2     32.2
  SNOW DEPTH       0

DEGREE DAYS
 HEATING
  YESTERDAY       13                        22     -9       20
  MONTH TO DATE  226                       294    -68      345
  SINCE MAR 1   1383                      1348     35     1212
  SINCE JUL 1   5761                      6758   -997     5596

 COOLING
  YESTERDAY        0                         0      0        0
  MONTH TO DATE    3                         0      3        0
  SINCE MAR 1      3                         0      3        0
  SINCE JAN 1      3                         0      3        0
..................................................................


WIND (MPH)
  HIGHEST WIND SPEED    23   HIGHEST WIND DIRECTION    NW (300)
  HIGHEST GUST SPEED    36   HIGHEST GUST DIRECTION     W (270)
  AVERAGE WIND SPEED     7.2


SKY COVER
  POSSIBLE SUNSHINE  MM
  AVERAGE SKY COVER 0.9


WEATHER CONDITIONS
 THE FOLLOWING WEATHER WAS RECORDED YESTERDAY.
  RAIN
  LIGHT RAIN
  FOG
  FOG W/VISIBILITY <= 1/4 MILE


RELATIVE HUMIDITY (PERCENT)
 HIGHEST   100           100 AM
 LOWEST     43           500 PM
 AVERAGE    72

..........................................................


THE BURLINGTON VT CLIMATE NORMALS FOR TODAY
                         NORMAL    RECORD    YEAR
 MAXIMUM TEMPERATURE (F)   54        84      1945
 MINIMUM TEMPERATURE (F)   34        16      1914


SUNRISE AND SUNSET
APRIL 13 2017.........SUNRISE   612 AM EDT   SUNSET   735 PM EDT
APRIL 14 2017.........SUNRISE   610 AM EDT   SUNSET   736 PM EDT


-  INDICATES NEGATIVE NUMBERS.
R  INDICATES RECORD WAS SET OR TIED.
MM INDICATES DATA IS MISSING.
T  INDICATES TRACE AMOUNT.







&&

LAKE CHAMPLAIN DATA:
LEVEL...............99.29 FEET
TEMPERATURE.........37 DEGREES

MOUNT MANSFIELD DATA:
HIGH................61 DEGREES
LOW.................35 DEGREES
PRECIPITATION.......0.09 INCHES
NEW SNOW............NONE
SNOW AT STAKE.......91 INCHES

$$
