000
CDUS41 KBTV 032058
CLIBTV


CLIMATE REPORT
NATIONAL WEATHER SERVICE BURLINGTON VT
458 PM EDT SUN SEP 3 2017


...................................

...THE BURLINGTON VT CLIMATE SUMMARY FOR SEPTEMBER 3 2017...
VALID TODAY AS OF 0400 PM LOCAL TIME.

CLIMATE NORMAL PERIOD 1981 TO 2010
CLIMATE RECORD PERIOD 1884 TO 2017


WEATHER ITEM   OBSERVED TIME   RECORD YEAR NORMAL DEPARTURE LAST
                VALUE   (LST)  VALUE       VALUE  FROM      YEAR
                                                  NORMAL
..................................................................
TEMPERATURE (F)
 TODAY
  MAXIMUM         57    233 AM  92    2010  76    -19       76
  MINIMUM         52   1205 AM  38    1960  55     -3       50
  AVERAGE         55                        65    -10       63

PRECIPITATION (IN)
  TODAY            0.54          1.41 1906   0.11   0.43     0.00
  MONTH TO DATE    0.54                      0.33   0.21     0.00
  SINCE SEP 1      0.54                      0.33   0.21     0.00
  SINCE JAN 1     30.24                     24.40   5.84    19.20

SNOWFALL (IN)
  TODAY            0.0           0.0  2002   0.0    0.0      0.0
                                      2001
  MONTH TO DATE    0.0                       0.0    0.0      0.0
  SINCE SEP 1      0.0                       0.0    0.0      0.0
  SINCE JUL 1      0.0                       0.0    0.0      0.0
  SNOW DEPTH       0

DEGREE DAYS
 HEATING
  TODAY           10                         2      8        2
  MONTH TO DATE   28                         6     22        3
  SINCE SEP 1     28                         6     22        3
  SINCE JUL 1     51                        48      3        8

 COOLING
  TODAY            0                         3     -3        0
  MONTH TO DATE    0                         9     -9        3
  SINCE SEP 1      0                         9     -9        3
  SINCE JAN 1    517                       457     60      747
..................................................................


WIND (MPH)
  HIGHEST WIND SPEED    10   HIGHEST WIND DIRECTION     S (170)
  HIGHEST GUST SPEED    13   HIGHEST GUST DIRECTION     S (180)
  AVERAGE WIND SPEED     5.8


SKY COVER
  POSSIBLE SUNSHINE  MM
  AVERAGE SKY COVER 0.7


WEATHER CONDITIONS
 THE FOLLOWING WEATHER WAS RECORDED TODAY.
  RAIN
  LIGHT RAIN
  FOG


RELATIVE HUMIDITY (PERCENT)
 HIGHEST   100           900 AM
 LOWEST     72           200 AM
 AVERAGE    86

..........................................................


THE BURLINGTON VT CLIMATE NORMALS FOR TOMORROW
                         NORMAL    RECORD    YEAR
 MAXIMUM TEMPERATURE (F)   75        93      1999
 MINIMUM TEMPERATURE (F)   55        40      1987
                                             1946
                                             1924


SUNRISE AND SUNSET
SEPTEMBER  3 2017.....SUNRISE   618 AM EDT   SUNSET   725 PM EDT
SEPTEMBER  4 2017.....SUNRISE   619 AM EDT   SUNSET   723 PM EDT


-  INDICATES NEGATIVE NUMBERS.
R  INDICATES RECORD WAS SET OR TIED.
MM INDICATES DATA IS MISSING.
T  INDICATES TRACE AMOUNT.




$$
