000
CDUS41 KBTV 142128
CLIBTV


CLIMATE REPORT
NATIONAL WEATHER SERVICE BURLINGTON VT
528 PM EDT THU MAY 14 2015


...................................

...THE BURLINGTON VT CLIMATE SUMMARY FOR MAY 14 2015...
VALID TODAY AS OF 0500 PM LOCAL TIME.

CLIMATE NORMAL PERIOD 1981 TO 2010
CLIMATE RECORD PERIOD 1884 TO 2015


WEATHER ITEM   OBSERVED TIME   RECORD YEAR NORMAL DEPARTURE LAST
                VALUE   (LST)  VALUE       VALUE  FROM      YEAR
                                                  NORMAL
..................................................................
TEMPERATURE (F)
 TODAY
  MAXIMUM         66    349 PM  86    1961  67     -1       81
  MINIMUM         36    512 AM  30    1967  45     -9       58
                                      1966
                                      1965
  AVERAGE         51                        56     -5       70

PRECIPITATION (IN)
  TODAY            0.00          1.21 1960   0.11  -0.11      T
                                      1937
  MONTH TO DATE    1.20                      1.44  -0.24     0.81
  SINCE MAR 1      4.74                      6.48  -1.74     6.35
  SINCE JAN 1      7.12                     10.30  -3.18    10.63

SNOWFALL (IN)
  TODAY            0.0           0.0  2002   0.0    0.0      0.0
                                      2001
  MONTH TO DATE    0.0                       0.0    0.0      0.0
  SINCE MAR 1      7.5                      20.4  -12.9     28.2
  SINCE JUL 1     83.4                      81.2    2.2     86.5
  SNOW DEPTH       0

DEGREE DAYS
 HEATING
  TODAY           14                        10      4        0
  MONTH TO DATE   65                       164    -99      118
  SINCE MAR 1   1854                      1828     26     2045
  SINCE JUL 1   7371                      7238    133     7510

 COOLING
  TODAY            0                         0      0        5
  MONTH TO DATE   25                         0     25       11
  SINCE MAR 1     25                         2     23       11
  SINCE JAN 1     25                         2     23       11
..................................................................


WIND (MPH)
  HIGHEST WIND SPEED    14   HIGHEST WIND DIRECTION     N (10)
  HIGHEST GUST SPEED    21   HIGHEST GUST DIRECTION     N (360)
  AVERAGE WIND SPEED     4.4


SKY COVER
  POSSIBLE SUNSHINE  MM
  AVERAGE SKY COVER 0.0


WEATHER CONDITIONS
 THE FOLLOWING WEATHER WAS RECORDED TODAY.
  NO SIGNIFICANT WEATHER WAS OBSERVED.


RELATIVE HUMIDITY (PERCENT)
 HIGHEST    92           500 AM
 LOWEST     22           200 PM
 AVERAGE    57

..........................................................


THE BURLINGTON VT CLIMATE NORMALS FOR TOMORROW
                         NORMAL    RECORD    YEAR
 MAXIMUM TEMPERATURE (F)   67        88      1961
 MINIMUM TEMPERATURE (F)   45        28      1913


SUNRISE AND SUNSET
MAY 14 2015...........SUNRISE   527 AM EDT   SUNSET   812 PM EDT
MAY 15 2015...........SUNRISE   525 AM EDT   SUNSET   813 PM EDT


-  INDICATES NEGATIVE NUMBERS.
R  INDICATES RECORD WAS SET OR TIED.
MM INDICATES DATA IS MISSING.
T  INDICATES TRACE AMOUNT.




$$
