000
CDUS41 KBTV 040527
CLIBTV


CLIMATE REPORT
NATIONAL WEATHER SERVICE BURLINGTON VT
125 AM EDT SAT NOV 4 2017


...................................

...THE BURLINGTON VT CLIMATE SUMMARY FOR NOVEMBER 3 2017...

CLIMATE NORMAL PERIOD 1981 TO 2010
CLIMATE RECORD PERIOD 1884 TO 2017


WEATHER ITEM   OBSERVED TIME   RECORD YEAR NORMAL DEPARTURE LAST
                VALUE   (LST)  VALUE       VALUE  FROM      YEAR
                                                  NORMAL
..................................................................
TEMPERATURE (F)
 YESTERDAY
  MAXIMUM         65    332 AM  74    1982  51     14       53
  MINIMUM         42   1159 PM  12    1920  34      8       47
  AVERAGE         54                        42     12       50

PRECIPITATION (IN)
  YESTERDAY        0.18          3.75 1927   0.12   0.06     0.45
  MONTH TO DATE    0.42                      0.35   0.07     0.45
  SINCE SEP 1      6.76                      7.59  -0.83     4.50
  SINCE JAN 1     36.46                     31.66   4.80    23.70

SNOWFALL (IN)
  YESTERDAY        0.0           3.7  1951   0.1   -0.1      0.0
  MONTH TO DATE    0.0                       0.2   -0.2      0.0
  SINCE SEP 1      0.0                       0.5   -0.5       T
  SINCE JUL 1      0.0                       0.5   -0.5       T
  SNOW DEPTH       0

DEGREE DAYS
 HEATING
  YESTERDAY       11                        23    -12       15
  MONTH TO DATE   42                        67    -25       46
  SINCE SEP 1    339                       766   -427      530
  SINCE JUL 1    362                       808   -446      535

 COOLING
  YESTERDAY        0                         0      0        0
  MONTH TO DATE    0                         0      0        0
  SINCE SEP 1    135                        43     92      111
  SINCE JAN 1    652                       491    161      855
..................................................................


WIND (MPH)
  HIGHEST WIND SPEED    22   HIGHEST WIND DIRECTION    NW (310)
  HIGHEST GUST SPEED    30   HIGHEST GUST DIRECTION    NW (300)
  AVERAGE WIND SPEED    12.3


SKY COVER
  POSSIBLE SUNSHINE  MM
  AVERAGE SKY COVER 0.7


WEATHER CONDITIONS
 THE FOLLOWING WEATHER WAS RECORDED YESTERDAY.
  HEAVY RAIN
  RAIN
  LIGHT RAIN
  FOG


RELATIVE HUMIDITY (PERCENT)
 HIGHEST    97           700 AM
 LOWEST     54           800 PM
 AVERAGE    76

..........................................................


THE BURLINGTON VT CLIMATE NORMALS FOR TODAY
                         NORMAL    RECORD    YEAR
 MAXIMUM TEMPERATURE (F)   50        73      1982
 MINIMUM TEMPERATURE (F)   34        20      2013


SUNRISE AND SUNSET
NOVEMBER  4 2017......SUNRISE   734 AM EDT   SUNSET   537 PM EDT
NOVEMBER  5 2017......SUNRISE   636 AM EST   SUNSET   436 PM EST


-  INDICATES NEGATIVE NUMBERS.
R  INDICATES RECORD WAS SET OR TIED.
MM INDICATES DATA IS MISSING.
T  INDICATES TRACE AMOUNT.







&&

LAKE CHAMPLAIN DATA:
LEVEL...............94.62 FEET
TEMPERATURE.........56 DEGREES

MOUNT MANSFIELD DATA:
HIGH................50 DEGREES
LOW.................39 DEGREES
PRECIPITATION.......0.42 INCHES

$$
