000
CDUS41 KBTV 070600
CLIBTV


CLIMATE REPORT
NATIONAL WEATHER SERVICE BURLINGTON VT
158 AM EDT SUN SEP 7 2014


...................................

...THE BURLINGTON VT CLIMATE SUMMARY FOR SEPTEMBER 6 2014...

CLIMATE NORMAL PERIOD 1981 TO 2010
CLIMATE RECORD PERIOD 1884 TO 2014


WEATHER ITEM   OBSERVED TIME   RECORD YEAR NORMAL DEPARTURE LAST
                VALUE   (LST)  VALUE       VALUE  FROM      YEAR
                                                  NORMAL
..................................................................
TEMPERATURE (F)
 YESTERDAY
  MAXIMUM         79   1108 AM  90    1945  75      4       69
  MINIMUM         63   1159 PM  37    1942  54      9       41
                                      1938
  AVERAGE         71                        64      7       55

PRECIPITATION (IN)
  YESTERDAY        0.46          1.63 1979   0.11   0.35     0.00
  MONTH TO DATE    0.92                      0.65   0.27     1.12
  SINCE SEP 1      0.92                      0.65   0.27     1.12
  SINCE JAN 1     26.62                     24.72   1.90    33.81

SNOWFALL (IN)
  YESTERDAY        0.0           0.0  2002   0.0    0.0      0.0
                                      2001
  MONTH TO DATE    0.0                       0.0    0.0      0.0
  SINCE SEP 1      0.0                       0.0    0.0      0.0
  SINCE JUL 1      0.0                       0.0    0.0      0.0
  SNOW DEPTH       0

DEGREE DAYS
 HEATING
  YESTERDAY        0                         3     -3       10
  MONTH TO DATE    0                        15    -15       19
  SINCE SEP 1      0                        15    -15       19
  SINCE JUL 1     13                        57    -44       35

 COOLING
  YESTERDAY        6                         2      4        0
  MONTH TO DATE   56                        17     39       28
  SINCE SEP 1     56                        17     39       28
  SINCE JAN 1    549                       465     84      628
..................................................................


WIND (MPH)
  HIGHEST WIND SPEED    24   HIGHEST WIND DIRECTION    NW (330)
  HIGHEST GUST SPEED    28   HIGHEST GUST DIRECTION     N (340)
  AVERAGE WIND SPEED     7.3


SKY COVER
  POSSIBLE SUNSHINE  MM
  AVERAGE SKY COVER 0.8


WEATHER CONDITIONS
 THE FOLLOWING WEATHER WAS RECORDED YESTERDAY.
  HEAVY RAIN
  RAIN
  LIGHT RAIN
  FOG


RELATIVE HUMIDITY (PERCENT)
 HIGHEST    93           100 PM
 LOWEST     67          1100 AM
 AVERAGE    80

..........................................................


THE BURLINGTON VT CLIMATE NORMALS FOR TODAY
                         NORMAL    RECORD    YEAR
 MAXIMUM TEMPERATURE (F)   74        94      1945
 MINIMUM TEMPERATURE (F)   54        36      1962


SUNRISE AND SUNSET
SEPTEMBER  7 2014.....SUNRISE   622 AM EDT   SUNSET   718 PM EDT
SEPTEMBER  8 2014.....SUNRISE   623 AM EDT   SUNSET   716 PM EDT


-  INDICATES NEGATIVE NUMBERS.
R  INDICATES RECORD WAS SET OR TIED.
MM INDICATES DATA IS MISSING.
T  INDICATES TRACE AMOUNT.

&&

LAKE CHAMPLAIN DATA:
LEVEL...............95.18 FEET
TEMPERATURE.........72 DEGREES

MOUNT MANSFIELD DATA:
HIGH................67 DEGREES
LOW.................51 DEGREES
PRECIPITATION.......0.66 INCHES

$$

JMG
