000
CDUS41 KBTV 062217
CLIBTV


CLIMATE REPORT
NATIONAL WEATHER SERVICE BURLINGTON VT
517 PM EST THU NOV 6 2014


...................................

...THE BURLINGTON VT CLIMATE SUMMARY FOR NOVEMBER 6 2014...
VALID TODAY AS OF 0500 PM LOCAL TIME.

CLIMATE NORMAL PERIOD 1981 TO 2010
CLIMATE RECORD PERIOD 1884 TO 2014


WEATHER ITEM   OBSERVED TIME   RECORD YEAR NORMAL DEPARTURE LAST
                VALUE   (LST)  VALUE       VALUE  FROM      YEAR
                                                  NORMAL
..................................................................
TEMPERATURE (F)
 TODAY
  MAXIMUM         50    153 PM  75    1948  49      1       58
  MINIMUM         44    733 AM  13    1951  34     10       46
  AVERAGE         47                        42      5       52

PRECIPITATION (IN)
  TODAY            T             0.98 1948   0.11  -0.11     0.00
  MONTH TO DATE    0.04                      0.68  -0.64     0.29
  SINCE SEP 1      5.84                      7.92  -2.08     7.62
  SINCE JAN 1     31.54                     31.99  -0.45    40.31

SNOWFALL (IN)
  TODAY            0.0           2.2  1944   0.0    0.0      0.0
  MONTH TO DATE    T                         0.4   -0.4      0.0
  SINCE SEP 1      T                         0.7   -0.7       T
  SINCE JUL 1      T                         0.7   -0.7       T
  SNOW DEPTH       0

DEGREE DAYS
 HEATING
  TODAY           18                        23     -5       13
  MONTH TO DATE  123                       136    -13      130
  SINCE SEP 1    640                       835   -195      733
  SINCE JUL 1    653                       877   -224      749

 COOLING
  TODAY            0                         0      0        0
  MONTH TO DATE    0                         0      0        0
  SINCE SEP 1     89                        43     46       62
  SINCE JAN 1    582                       491     91      662
..................................................................


WIND (MPH)
  HIGHEST WIND SPEED    10   HIGHEST WIND DIRECTION     N (350)
  HIGHEST GUST SPEED    14   HIGHEST GUST DIRECTION     W (290)
  AVERAGE WIND SPEED     3.1


SKY COVER
  POSSIBLE SUNSHINE  MM
  AVERAGE SKY COVER 1.0


WEATHER CONDITIONS
 THE FOLLOWING WEATHER WAS RECORDED TODAY.
  LIGHT RAIN


RELATIVE HUMIDITY (PERCENT)
 HIGHEST    71           400 PM
 LOWEST     50           100 AM
 AVERAGE    61

..........................................................


THE BURLINGTON VT CLIMATE NORMALS FOR TOMORROW
                         NORMAL    RECORD    YEAR
 MAXIMUM TEMPERATURE (F)   49        74      1938
 MINIMUM TEMPERATURE (F)   34        14      1962


SUNRISE AND SUNSET
NOVEMBER  6 2014......SUNRISE   637 AM EST   SUNSET   435 PM EST
NOVEMBER  7 2014......SUNRISE   638 AM EST   SUNSET   434 PM EST


-  INDICATES NEGATIVE NUMBERS.
R  INDICATES RECORD WAS SET OR TIED.
MM INDICATES DATA IS MISSING.
T  INDICATES TRACE AMOUNT.




$$
