000
CDUS41 KBTV 140524
CLIBTV


CLIMATE REPORT
NATIONAL WEATHER SERVICE BURLINGTON VT
122 AM EDT SUN MAY 14 2017


...................................

...THE BURLINGTON VT CLIMATE SUMMARY FOR MAY 13 2017...

CLIMATE NORMAL PERIOD 1981 TO 2010
CLIMATE RECORD PERIOD 1884 TO 2017


WEATHER ITEM   OBSERVED TIME   RECORD YEAR NORMAL DEPARTURE LAST
                VALUE   (LST)  VALUE       VALUE  FROM      YEAR
                                                  NORMAL
..................................................................
TEMPERATURE (F)
 YESTERDAY
  MAXIMUM         63    311 PM  84    1985  66     -3       70
  MINIMUM         50   1159 PM  30    2010  44      6       59
                                      1967
                                      1940
  AVERAGE         57                        55      2       65

PRECIPITATION (IN)
  YESTERDAY        0.06          1.28 2002   0.10  -0.04     0.25
  MONTH TO DATE    1.73                      1.33   0.40     1.49
  SINCE MAR 1      8.83                      6.37   2.46     5.55
  SINCE JAN 1     13.50                     10.19   3.31     9.88

SNOWFALL (IN)
  YESTERDAY        0.0           0.0  2002   0.0    0.0      0.0
                                      2001
  MONTH TO DATE    0.0                       0.0    0.0       T
  SINCE MAR 1     41.2                      20.4   20.8      5.3
  SINCE JUL 1    100.4                      81.2   19.2     34.3
  SNOW DEPTH       0

DEGREE DAYS
 HEATING
  YESTERDAY        8                        10     -2        0
  MONTH TO DATE  180                       154     26      151
  SINCE MAR 1   1807                      1818    -11     1714
  SINCE JUL 1   6185                      7228  -1043     6098

 COOLING
  YESTERDAY        0                         0      0        0
  MONTH TO DATE    0                         0      0        0
  SINCE MAR 1     15                         2     13        0
  SINCE JAN 1     15                         2     13        0
..................................................................


WIND (MPH)
  HIGHEST WIND SPEED    14   HIGHEST WIND DIRECTION     S (190)
  HIGHEST GUST SPEED    17   HIGHEST GUST DIRECTION     S (190)
  AVERAGE WIND SPEED     6.9


SKY COVER
  POSSIBLE SUNSHINE  MM
  AVERAGE SKY COVER 0.7


WEATHER CONDITIONS
 THE FOLLOWING WEATHER WAS RECORDED YESTERDAY.
  LIGHT RAIN


RELATIVE HUMIDITY (PERCENT)
 HIGHEST    83           800 PM
 LOWEST     52           200 PM
 AVERAGE    68

..........................................................


THE BURLINGTON VT CLIMATE NORMALS FOR TODAY
                         NORMAL    RECORD    YEAR
 MAXIMUM TEMPERATURE (F)   67        86      1961
 MINIMUM TEMPERATURE (F)   45        30      1967
                                             1966
                                             1965


SUNRISE AND SUNSET
MAY 14 2017...........SUNRISE   526 AM EDT   SUNSET   813 PM EDT
MAY 15 2017...........SUNRISE   525 AM EDT   SUNSET   814 PM EDT


-  INDICATES NEGATIVE NUMBERS.
R  INDICATES RECORD WAS SET OR TIED.
MM INDICATES DATA IS MISSING.
T  INDICATES TRACE AMOUNT.

&&

LAKE CHAMPLAIN DATA:
LEVEL...............99.09 FEET
TEMPERATURE.........45 DEGREES

MOUNT MANSFIELD DATA:
HIGH................52 DEGREES
LOW.................29 DEGREES
PRECIPITATION.......NONE
NEW SNOW............NONE
SNOW AT STAKE.......34 INCHES

$$
