000
CDUS41 KBTV 082209
CLIBTV


CLIMATE REPORT
NATIONAL WEATHER SERVICE BURLINGTON VT
509 PM EST WED MAR 8 2017


...................................

...THE BURLINGTON VT CLIMATE SUMMARY FOR MARCH 8 2017...
VALID TODAY AS OF 0500 PM LOCAL TIME.

CLIMATE NORMAL PERIOD 1981 TO 2010
CLIMATE RECORD PERIOD 1884 TO 2017


WEATHER ITEM   OBSERVED TIME   RECORD YEAR NORMAL DEPARTURE LAST
                VALUE   (LST)  VALUE       VALUE  FROM      YEAR
                                                  NORMAL
..................................................................
TEMPERATURE (F)
 TODAY
  MAXIMUM         55    222 PM  61    2012  37     18       50
                                      2000
  MINIMUM         38    844 AM -10    1913  19     19       34
  AVERAGE         47                        28     19       42

PRECIPITATION (IN)
  TODAY            0.19          1.27 2008   0.07   0.12     0.00
  MONTH TO DATE    0.55                      0.53   0.02     0.28
  SINCE MAR 1      0.55                      0.53   0.02     0.28
  SINCE JAN 1      5.22                      4.35   0.87     4.61

SNOWFALL (IN)
  TODAY            0.0           7.3  1956   0.6   -0.6      0.0
  MONTH TO DATE    0.5                       5.0   -4.5      0.9
  SINCE MAR 1      0.5                       5.0   -4.5      0.9
  SINCE JUL 1     59.7                      65.8   -6.1     29.9
  SNOW DEPTH       0

DEGREE DAYS
 HEATING
  TODAY           18                        37    -19       23
  MONTH TO DATE  277                       308    -31      313
  SINCE MAR 1    277                       308    -31      313
  SINCE JUL 1   4655                      5718  -1063     4697

 COOLING
  TODAY            0                         0      0        0
  MONTH TO DATE    0                         0      0        0
  SINCE MAR 1      0                         0      0        0
  SINCE JAN 1      0                         0      0        0
..................................................................


WIND (MPH)
  HIGHEST WIND SPEED    31   HIGHEST WIND DIRECTION     W (260)
  HIGHEST GUST SPEED    48   HIGHEST GUST DIRECTION    SW (240)
  AVERAGE WIND SPEED    11.6


SKY COVER
  POSSIBLE SUNSHINE  MM
  AVERAGE SKY COVER 0.8


WEATHER CONDITIONS
 THE FOLLOWING WEATHER WAS RECORDED TODAY.
  LIGHT RAIN
  FOG


RELATIVE HUMIDITY (PERCENT)
 HIGHEST    92           800 AM
 LOWEST     32           200 PM
 AVERAGE    62

..........................................................


THE BURLINGTON VT CLIMATE NORMALS FOR TOMORROW
                         NORMAL    RECORD    YEAR
 MAXIMUM TEMPERATURE (F)   37        70      2016
 MINIMUM TEMPERATURE (F)   19       -15      2007


SUNRISE AND SUNSET
MARCH  8 2017.........SUNRISE   617 AM EST   SUNSET   550 PM EST
MARCH  9 2017.........SUNRISE   615 AM EST   SUNSET   551 PM EST


-  INDICATES NEGATIVE NUMBERS.
R  INDICATES RECORD WAS SET OR TIED.
MM INDICATES DATA IS MISSING.
T  INDICATES TRACE AMOUNT.




$$
