000
CDUS41 KBTV 032057
CLIBTV


CLIMATE REPORT
NATIONAL WEATHER SERVICE BURLINGTON VT
456 PM EDT SUN JUL 3 2016


...................................

...THE BURLINGTON VT CLIMATE SUMMARY FOR JULY 3 2016...
VALID TODAY AS OF 0400 PM LOCAL TIME.

CLIMATE NORMAL PERIOD 1981 TO 2010
CLIMATE RECORD PERIOD 1884 TO 2016


WEATHER ITEM   OBSERVED TIME   RECORD YEAR NORMAL DEPARTURE LAST
                VALUE   (LST)  VALUE       VALUE  FROM      YEAR
                                                  NORMAL
..................................................................
TEMPERATURE (F)
 TODAY
  MAXIMUM         83    200 PM 100    1911  80      3       78
  MINIMUM         53    436 AM  40    1978  60     -7       49
  AVERAGE         68                        70     -2       64

PRECIPITATION (IN)
  TODAY            0.00          1.86 1892   0.13  -0.13     0.00
  MONTH TO DATE    0.16                      0.39  -0.23     2.04
  SINCE JUN 1      3.21                      4.08  -0.87    10.71
  SINCE JAN 1     14.06                     16.39  -2.33    19.55

SNOWFALL (IN)
  TODAY            0.0           0.0  2002   0.0    0.0      0.0
                                      2001
  MONTH TO DATE    0.0                       0.0    0.0      0.0
  SINCE JUN 1      0.0                       0.0    0.0      0.0
  SINCE JUL 1      0.0                       0.0    0.0      0.0
  SNOW DEPTH       0

DEGREE DAYS
 HEATING
  TODAY            0                         1     -1        1
  MONTH TO DATE    2                         3     -1        1
  SINCE JUN 1     50                        76    -26       72
  SINCE JUL 1      2                         3     -1        1

 COOLING
  TODAY            3                         6     -3        0
  MONTH TO DATE   10                        18     -8        5
  SINCE JUN 1    143                       115     28       80
  SINCE JAN 1    215                       134     81      173
..................................................................


WIND (MPH)
  HIGHEST WIND SPEED    16   HIGHEST WIND DIRECTION    NW (310)
  HIGHEST GUST SPEED    22   HIGHEST GUST DIRECTION     W (280)
  AVERAGE WIND SPEED     6.4


SKY COVER
  POSSIBLE SUNSHINE  MM
  AVERAGE SKY COVER 0.3


WEATHER CONDITIONS
 THE FOLLOWING WEATHER WAS RECORDED TODAY.
  NO SIGNIFICANT WEATHER WAS OBSERVED.


RELATIVE HUMIDITY (PERCENT)
 HIGHEST    83           400 AM
 LOWEST     24           200 PM
 AVERAGE    54

..........................................................


THE BURLINGTON VT CLIMATE NORMALS FOR TOMORROW
                         NORMAL    RECORD    YEAR
 MAXIMUM TEMPERATURE (F)   81        98      1911
 MINIMUM TEMPERATURE (F)   60        40      1962


SUNRISE AND SUNSET
JULY  3 2016..........SUNRISE   513 AM EDT   SUNSET   840 PM EDT
JULY  4 2016..........SUNRISE   514 AM EDT   SUNSET   840 PM EDT


-  INDICATES NEGATIVE NUMBERS.
R  INDICATES RECORD WAS SET OR TIED.
MM INDICATES DATA IS MISSING.
T  INDICATES TRACE AMOUNT.

$$
