000
CDUS41 KBTV 082147
CLIBTV


CLIMATE REPORT
NATIONAL WEATHER SERVICE BURLINGTON VT
547 PM EDT MON AUG 8 2016


...................................

...THE BURLINGTON VT CLIMATE SUMMARY FOR AUGUST 8 2016...
VALID TODAY AS OF 0500 PM LOCAL TIME.

CLIMATE NORMAL PERIOD 1981 TO 2010
CLIMATE RECORD PERIOD 1884 TO 2016


WEATHER ITEM   OBSERVED TIME   RECORD YEAR NORMAL DEPARTURE LAST
                VALUE   (LST)  VALUE       VALUE  FROM      YEAR
                                                  NORMAL
..................................................................
TEMPERATURE (F)
 TODAY
  MAXIMUM         85    350 PM  97    1949  80      5       75
  MINIMUM         56    456 AM  45    1929  60     -4       53
  AVERAGE         71                        70      1       64

PRECIPITATION (IN)
  TODAY            0.00          1.06 1983   0.14  -0.14     0.00
  MONTH TO DATE    0.20                      1.10  -0.90     0.07
  SINCE JUN 1      6.30                      8.95  -2.65    13.41
  SINCE JAN 1     17.15                     21.26  -4.11    22.25

SNOWFALL (IN)
  TODAY            0.0           0.0  2002   0.0    0.0      0.0
                                      2001
  MONTH TO DATE    0.0                       0.0    0.0      0.0
  SINCE JUN 1      0.0                       0.0    0.0      0.0
  SINCE JUL 1      0.0                       0.0    0.0      0.0
  SNOW DEPTH       0

DEGREE DAYS
 HEATING
  TODAY            0                         1     -1        1
  MONTH TO DATE    0                         4     -4        1
  SINCE JUN 1     51                        90    -39       77
  SINCE JUL 1      3                        17    -14        6

 COOLING
  TODAY            6                         5      1        0
  MONTH TO DATE   73                        46     27       48
  SINCE JUN 1    462                       330    132      342
  SINCE JAN 1    534                       349    185      435
..................................................................


WIND (MPH)
  HIGHEST WIND SPEED    16   HIGHEST WIND DIRECTION    NW (310)
  HIGHEST GUST SPEED    21   HIGHEST GUST DIRECTION     W (290)
  AVERAGE WIND SPEED     4.9


SKY COVER
  POSSIBLE SUNSHINE  MM
  AVERAGE SKY COVER 0.3


WEATHER CONDITIONS
 THE FOLLOWING WEATHER WAS RECORDED TODAY.
  FOG


RELATIVE HUMIDITY (PERCENT)
 HIGHEST    93           500 AM
 LOWEST     28           300 PM
 AVERAGE    61

..........................................................


THE BURLINGTON VT CLIMATE NORMALS FOR TOMORROW
                         NORMAL    RECORD    YEAR
 MAXIMUM TEMPERATURE (F)   80        99      2001
 MINIMUM TEMPERATURE (F)   60        44      1922


SUNRISE AND SUNSET
AUGUST  8 2016........SUNRISE   548 AM EDT   SUNSET   808 PM EDT
AUGUST  9 2016........SUNRISE   549 AM EDT   SUNSET   806 PM EDT


-  INDICATES NEGATIVE NUMBERS.
R  INDICATES RECORD WAS SET OR TIED.
MM INDICATES DATA IS MISSING.
T  INDICATES TRACE AMOUNT.




$$
