000
CDUS41 KBTV 090546
CLIBTV

CLIMATE REPORT
NATIONAL WEATHER SERVICE BURLINGTON VT
142 AM EDT SAT AUG 9 2014

...................................

...THE BURLINGTON VT CLIMATE SUMMARY FOR AUGUST 8 2014...

CLIMATE NORMAL PERIOD 1981 TO 2010
CLIMATE RECORD PERIOD 1884 TO 2014


WEATHER ITEM   OBSERVED TIME   RECORD YEAR NORMAL DEPARTURE LAST
                VALUE   (LST)  VALUE       VALUE  FROM      YEAR
                                                  NORMAL
..................................................................
TEMPERATURE (F)
 YESTERDAY
  MAXIMUM         80    423 PM  97    1949  80      0       85
  MINIMUM         55    523 AM  45    1929  60     -5       70
  AVERAGE         68                        70     -2       78

PRECIPITATION (IN)
  YESTERDAY        0.00          1.06 1983   0.14  -0.14     0.04
  MONTH TO DATE    0.30                      1.10  -0.80     0.90
  SINCE JUN 1     10.19                      8.95   1.24    15.25
  SINCE JAN 1     23.95                     21.26   2.69    30.52

SNOWFALL (IN)
  YESTERDAY        0.0           0.0  2002   0.0    0.0      0.0
                                      2001
  MONTH TO DATE    0.0                       0.0    0.0      0.0
  SINCE JUN 1      0.0                       0.0    0.0      0.0
  SINCE JUL 1      0.0                       0.0    0.0      0.0
  SNOW DEPTH       0

DEGREE DAYS
 HEATING
  YESTERDAY        0                         1     -1        0
  MONTH TO DATE    0                         4     -4        2
  SINCE JUN 1     21                        90    -69       74
  SINCE JUL 1      1                        17    -16        9

 COOLING
  YESTERDAY        3                         5     -2       13
  MONTH TO DATE   53                        46      7       38
  SINCE JUN 1    381                       330     51      438
  SINCE JAN 1    403                       349     54      485
..................................................................


WIND (MPH)
  HIGHEST WIND SPEED    15   HIGHEST WIND DIRECTION     N (340)
  HIGHEST GUST SPEED    22   HIGHEST GUST DIRECTION     N (360)
  AVERAGE WIND SPEED     4.6


SKY COVER
  POSSIBLE SUNSHINE  MM
  AVERAGE SKY COVER 0.2


WEATHER CONDITIONS
 THE FOLLOWING WEATHER WAS RECORDED YESTERDAY.
  FOG


RELATIVE HUMIDITY (PERCENT)
 HIGHEST    93           200 AM
 LOWEST     42           300 PM
 AVERAGE    68

..........................................................


THE BURLINGTON VT CLIMATE NORMALS FOR TODAY
                         NORMAL    RECORD    YEAR
 MAXIMUM TEMPERATURE (F)   80        99      2001
 MINIMUM TEMPERATURE (F)   60        44      1922


SUNRISE AND SUNSET
AUGUST  9 2014........SUNRISE   548 AM EDT   SUNSET   807 PM EDT
AUGUST 10 2014........SUNRISE   550 AM EDT   SUNSET   805 PM EDT


-  INDICATES NEGATIVE NUMBERS.
R  INDICATES RECORD WAS SET OR TIED.
MM INDICATES DATA IS MISSING.
T  INDICATES TRACE AMOUNT.

&&

LAKE CHAMPLAIN DATA:
LEVEL...............95.95 FEET
TEMPERATURE.........72 DEGREES

MOUNT MANSFIELD DATA:
HIGH................60 DEGREES
LOW.................48 DEGREES
PRECIPITATION.......NONE

$$
