000
CDUS41 KBTV 032126
CLIBTV


CLIMATE REPORT
NATIONAL WEATHER SERVICE BURLINGTON VT
425 PM EST FRI FEB 3 2017


...................................

...THE BURLINGTON VT CLIMATE SUMMARY FOR FEBRUARY 3 2017...
VALID TODAY AS OF 0400 PM LOCAL TIME.

CLIMATE NORMAL PERIOD 1981 TO 2010
CLIMATE RECORD PERIOD 1884 TO 2017


WEATHER ITEM   OBSERVED TIME   RECORD YEAR NORMAL DEPARTURE LAST
                VALUE   (LST)  VALUE       VALUE  FROM      YEAR
                                                  NORMAL
..................................................................
TEMPERATURE (F)
 TODAY
  MAXIMUM         25    359 PM  54    2016  28     -3       54
  MINIMUM         19    345 AM -25    1971  10      9       28
  AVERAGE         22                        19      3       41

PRECIPITATION (IN)
  TODAY            0.07          0.88 1983   0.07   0.00     0.22
  MONTH TO DATE    0.16                      0.20  -0.04     0.22
  SINCE DEC 1      4.51                      4.64  -0.13     5.85
  SINCE JAN 1      2.16                      2.26  -0.10     1.41

SNOWFALL (IN)
  TODAY            1.6           6.2  1910   0.6    1.0      0.0
  MONTH TO DATE    3.3                       1.8    1.5      0.0
  SINCE DEC 1     27.6                      40.8  -13.2     20.2
  SINCE JUL 1     31.9                      46.2  -14.3     20.4
  SNOW DEPTH       2

DEGREE DAYS
 HEATING
  TODAY           43                        46     -3       24
  MONTH TO DATE  120                       138    -18       79
  SINCE DEC 1   2317                      2787   -470     2108
  SINCE JUL 1   3522                      4332   -810     3347

 COOLING
  TODAY            0                         0      0        0
  MONTH TO DATE    0                         0      0        0
  SINCE DEC 1      0                         0      0        0
  SINCE JAN 1      0                         0      0        0
..................................................................


WIND (MPH)
  HIGHEST WIND SPEED    14   HIGHEST WIND DIRECTION    SW (240)
  HIGHEST GUST SPEED    19   HIGHEST GUST DIRECTION    SW (230)
  AVERAGE WIND SPEED     7.0


SKY COVER
  POSSIBLE SUNSHINE  MM
  AVERAGE SKY COVER 0.9


WEATHER CONDITIONS
 THE FOLLOWING WEATHER WAS RECORDED TODAY.
  HEAVY SNOW
  LIGHT SNOW
  FOG


RELATIVE HUMIDITY (PERCENT)
 HIGHEST    91           100 AM
 LOWEST     50           600 AM
 AVERAGE    71

..........................................................


THE BURLINGTON VT CLIMATE NORMALS FOR TOMORROW
                         NORMAL    RECORD    YEAR
 MAXIMUM TEMPERATURE (F)   28        54      2016
 MINIMUM TEMPERATURE (F)   11       -26      1963


SUNRISE AND SUNSET
FEBRUARY  3 2017......SUNRISE   708 AM EST   SUNSET   505 PM EST
FEBRUARY  4 2017......SUNRISE   707 AM EST   SUNSET   506 PM EST


-  INDICATES NEGATIVE NUMBERS.
R  INDICATES RECORD WAS SET OR TIED.
MM INDICATES DATA IS MISSING.
T  INDICATES TRACE AMOUNT.

$$
