000
CDUS41 KBTV 210554
CLIBTV


CLIMATE REPORT
NATIONAL WEATHER SERVICE BURLINGTON VT
154 AM EDT SUN JUN 21 2015


...................................

...THE BURLINGTON VT CLIMATE SUMMARY FOR JUNE 20 2015...

CLIMATE NORMAL PERIOD 1981 TO 2010
CLIMATE RECORD PERIOD 1884 TO 2015


WEATHER ITEM   OBSERVED TIME   RECORD YEAR NORMAL DEPARTURE LAST
                VALUE   (LST)  VALUE       VALUE  FROM      YEAR
                                                  NORMAL
..................................................................
TEMPERATURE (F)
 YESTERDAY
  MAXIMUM         80    436 PM  95    2012  78      2       70
  MINIMUM         47    353 AM  35    1918  57    -10       51
  AVERAGE         64                        67     -3       61

PRECIPITATION (IN)
  YESTERDAY        0.06          0.94 2006   0.12  -0.06     0.00
  MONTH TO DATE    6.02                      2.45   3.57     2.82
  SINCE JUN 1      6.02                      2.45   3.57     2.82
  SINCE JAN 1     14.86                     14.76   0.10    16.58

SNOWFALL (IN)
  YESTERDAY        0.0           0.0  2002   0.0    0.0      0.0
                                      2001
  MONTH TO DATE    0.0                       0.0    0.0      0.0
  SINCE JUN 1      0.0                       0.0    0.0      0.0
  SINCE JUL 1     83.4                      81.2    2.2     86.5
  SNOW DEPTH       0

DEGREE DAYS
 HEATING
  YESTERDAY        1                         2     -1        4
  MONTH TO DATE   64                        63      1       14
  SINCE JUN 1     64                        63      1       14
  SINCE JUL 1   7500                      7424     76     7607

 COOLING
  YESTERDAY        0                         4     -4        0
  MONTH TO DATE   40                        51    -11       64
  SINCE JUN 1     40                        51    -11       64
  SINCE JAN 1    133                        70     63       86
..................................................................


WIND (MPH)
  HIGHEST WIND SPEED    22   HIGHEST WIND DIRECTION     S (190)
  HIGHEST GUST SPEED    27   HIGHEST GUST DIRECTION     S (180)
  AVERAGE WIND SPEED     9.0


SKY COVER
  POSSIBLE SUNSHINE  MM
  AVERAGE SKY COVER 0.3


WEATHER CONDITIONS
 THE FOLLOWING WEATHER WAS RECORDED YESTERDAY.
  LIGHT RAIN
  FOG


RELATIVE HUMIDITY (PERCENT)
 HIGHEST    86           200 AM
 LOWEST     37          1000 AM
 AVERAGE    62

..........................................................


THE BURLINGTON VT CLIMATE NORMALS FOR TODAY
                         NORMAL    RECORD    YEAR
 MAXIMUM TEMPERATURE (F)   78        97      2012
 MINIMUM TEMPERATURE (F)   57        42      1926


SUNRISE AND SUNSET
JUNE 21 2015..........SUNRISE   508 AM EDT   SUNSET   841 PM EDT
JUNE 22 2015..........SUNRISE   508 AM EDT   SUNSET   841 PM EDT


-  INDICATES NEGATIVE NUMBERS.
R  INDICATES RECORD WAS SET OR TIED.
MM INDICATES DATA IS MISSING.
T  INDICATES TRACE AMOUNT.

&&

LAKE CHAMPLAIN DATA:
LAKE LEVEL..........98.04 FEET
WATER TEMPERATURE...60 DEGREES

MOUNT MANSFIELD DATA:
HIGH TEMPERATURE...62 DEGREES
LOW TEMPERATURE....40 DEGREES
PRECIPITATION......NONE

$$
