000
CDUS41 KBTV 050539
CLIBTV


CLIMATE REPORT
NATIONAL WEATHER SERVICE BURLINGTON VT
137 AM EDT THU MAY 5 2016


...................................

...THE BURLINGTON VT CLIMATE SUMMARY FOR MAY 4 2016...

CLIMATE NORMAL PERIOD 1981 TO 2010
CLIMATE RECORD PERIOD 1884 TO 2016


WEATHER ITEM   OBSERVED TIME   RECORD YEAR NORMAL DEPARTURE LAST
                VALUE   (LST)  VALUE       VALUE  FROM      YEAR
                                                  NORMAL
..................................................................
TEMPERATURE (F)
 YESTERDAY
  MAXIMUM         57   1134 AM  89    1944  63     -6       86
  MINIMUM         42    501 AM  27    1961  42      0       48
                                      1946
  AVERAGE         50                        52     -2       67

PRECIPITATION (IN)
  YESTERDAY        0.04          1.06 1945   0.10  -0.06      T
  MONTH TO DATE    0.79                      0.39   0.40      T
  SINCE MAR 1      4.85                      5.43  -0.58     3.54
  SINCE JAN 1      9.18                      9.25  -0.07     5.92

SNOWFALL (IN)
  YESTERDAY        0.0           0.3  1956   0.0    0.0      0.0
  MONTH TO DATE    0.0                       0.1   -0.1      0.0
  SINCE MAR 1      5.3                      20.5  -15.2      7.5
  SINCE JUL 1     34.3                      81.3  -47.0     83.4
  SNOW DEPTH       0

DEGREE DAYS
 HEATING
  YESTERDAY       15                        13      2        0
  MONTH TO DATE   68                        54     14       18
  SINCE MAR 1   1631                      1718    -87     1807
  SINCE JUL 1   6015                      7128  -1113     7324

 COOLING
  YESTERDAY        0                         0      0        2
  MONTH TO DATE    0                         0      0        2
  SINCE MAR 1      0                         2     -2        2
  SINCE JAN 1      0                         2     -2        2
..................................................................


WIND (MPH)
  HIGHEST WIND SPEED    16   HIGHEST WIND DIRECTION    SE (130)
  HIGHEST GUST SPEED    19   HIGHEST GUST DIRECTION    SE (120)
  AVERAGE WIND SPEED     3.9


SKY COVER
  POSSIBLE SUNSHINE  MM
  AVERAGE SKY COVER 1.0


WEATHER CONDITIONS
 THE FOLLOWING WEATHER WAS RECORDED YESTERDAY.
  LIGHT RAIN


RELATIVE HUMIDITY (PERCENT)
 HIGHEST    93           800 PM
 LOWEST     59           100 PM
 AVERAGE    76

..........................................................


THE BURLINGTON VT CLIMATE NORMALS FOR TODAY
                         NORMAL    RECORD    YEAR
 MAXIMUM TEMPERATURE (F)   64        89      1944
 MINIMUM TEMPERATURE (F)   42        27      1997
                                             1974
                                             1966


SUNRISE AND SUNSET
MAY  5 2016...........SUNRISE   537 AM EDT   SUNSET   802 PM EDT
MAY  6 2016...........SUNRISE   536 AM EDT   SUNSET   804 PM EDT


-  INDICATES NEGATIVE NUMBERS.
R  INDICATES RECORD WAS SET OR TIED.
MM INDICATES DATA IS MISSING.
T  INDICATES TRACE AMOUNT.

&&

LAKE CHAMPLAIN DATA:
LEVEL...............97.20 FEET
TEMPERATURE.........44 DEGREES

MOUNT MANSFIELD DATA:
HIGH................37 DEGREES
LOW.................31 DEGREES
PRECIPITATION.......TRACE
NEW SNOW............NONE
SNOW AT STAKE.......24 INCHES

$$
