000
CDUS41 KBTV 120559
CLIBTV

CLIMATE REPORT
NATIONAL WEATHER SERVICE BURLINGTON VT
1259 AM EST WED NOV 12 2014

...................................

...THE BURLINGTON VT CLIMATE SUMMARY FOR NOVEMBER 11 2014...

CLIMATE NORMAL PERIOD 1981 TO 2010
CLIMATE RECORD PERIOD 1884 TO 2014


WEATHER ITEM   OBSERVED TIME   RECORD YEAR NORMAL DEPARTURE LAST
                VALUE   (LST)  VALUE       VALUE  FROM      YEAR
                                                  NORMAL
..................................................................
TEMPERATURE (F)
 YESTERDAY
  MAXIMUM         62    327 PM  71    2002  48     14       43
  MINIMUM         44   1215 AM  16    1936  33     11       32
  AVERAGE         53                        40     13       38

PRECIPITATION (IN)
  YESTERDAY        0.00          1.06 1983   0.11  -0.11     0.04
  MONTH TO DATE    0.56                      1.22  -0.66     0.58
  SINCE SEP 1      6.36                      8.46  -2.10     7.91
  SINCE JAN 1     32.06                     32.53  -0.47    40.60

SNOWFALL (IN)
  YESTERDAY        0.0           1.3  1986   0.1   -0.1      0.3
  MONTH TO DATE    T                         1.0   -1.0      0.3
  SINCE SEP 1      T                         1.3   -1.3      0.3
  SINCE JUL 1      T                         1.3   -1.3      0.3
  SNOW DEPTH       0

DEGREE DAYS
 HEATING
  YESTERDAY       12                        25    -13       27
  MONTH TO DATE  237                       258    -21      250
  SINCE SEP 1    754                       957   -203      853
  SINCE JUL 1    767                       999   -232      869

 COOLING
  YESTERDAY        0                         0      0        0
  MONTH TO DATE    0                         0      0        0
  SINCE SEP 1     89                        43     46       62
  SINCE JAN 1    582                       491     91      662
..................................................................


WIND (MPH)
  HIGHEST WIND SPEED    29   HIGHEST WIND DIRECTION     S (190)
  HIGHEST GUST SPEED    40   HIGHEST GUST DIRECTION     S (200)
  AVERAGE WIND SPEED    14.5


SKY COVER
  POSSIBLE SUNSHINE  MM
  AVERAGE SKY COVER 0.1


WEATHER CONDITIONS
 THE FOLLOWING WEATHER WAS RECORDED YESTERDAY.
  NO SIGNIFICANT WEATHER WAS OBSERVED.


RELATIVE HUMIDITY (PERCENT)
 HIGHEST    72          1000 PM
 LOWEST     46           100 AM
 AVERAGE    59

..........................................................


THE BURLINGTON VT CLIMATE NORMALS FOR TODAY
                         NORMAL    RECORD    YEAR
 MAXIMUM TEMPERATURE (F)   47        70      2012
 MINIMUM TEMPERATURE (F)   32        15      1933


SUNRISE AND SUNSET
NOVEMBER 12 2014......SUNRISE   645 AM EST   SUNSET   428 PM EST
NOVEMBER 13 2014......SUNRISE   646 AM EST   SUNSET   427 PM EST


-  INDICATES NEGATIVE NUMBERS.
R  INDICATES RECORD WAS SET OR TIED.
MM INDICATES DATA IS MISSING.
T  INDICATES TRACE AMOUNT.

&&

LAKE CHAMPLAIN DATA:
LEVEL...............94.32 FEET
TEMPERATURE.........50 DEGREES

MOUNT MANSFIELD DATA:
HIGH................47 DEGREES
LOW.................30 DEGREES
PRECIPITATION.......NONE
NEW SNOW............NONE
SNOW AT STAKE.......4 INCHES

$$
