000
CDUS41 KBTV 060551
CLIBTV


CLIMATE REPORT
NATIONAL WEATHER SERVICE BURLINGTON VT
1250 AM EST TUE FEB 6 2018


...................................

...THE BURLINGTON VT CLIMATE SUMMARY FOR FEBRUARY 5 2018...

CLIMATE NORMAL PERIOD 1981 TO 2010
CLIMATE RECORD PERIOD 1884 TO 2018


WEATHER ITEM   OBSERVED TIME   RECORD YEAR NORMAL DEPARTURE LAST
                VALUE   (LST)  VALUE       VALUE  FROM      YEAR
                                                  NORMAL
..................................................................
TEMPERATURE (F)
 YESTERDAY
  MAXIMUM         33    142 AM  51    1991  28      5       35
  MINIMUM          9   1026 PM -27    1908  11     -2       23
  AVERAGE         21                        20      1       29

PRECIPITATION (IN)
  YESTERDAY        0.03          0.83 2011   0.06  -0.03      T
  MONTH TO DATE    0.23                      0.32  -0.09     0.16
  SINCE DEC 1      4.95                      4.76   0.19     4.51
  SINCE JAN 1      2.77                      2.38   0.39     2.16

SNOWFALL (IN)
  YESTERDAY        0.7           9.3  2014   0.6    0.1      0.2
  MONTH TO DATE    4.7                       3.0    1.7      3.5
  SINCE DEC 1     43.4                      42.0    1.4     27.8
  SINCE JUL 1     46.4                      47.4   -1.0     32.1
  SNOW DEPTH       3

DEGREE DAYS
 HEATING
  YESTERDAY       44                        45     -1       36
  MONTH TO DATE  211                       229    -18      197
  SINCE DEC 1   2914                      2878     36     2394
  SINCE JUL 1   4053                      4423   -370     3599

 COOLING
  YESTERDAY        0                         0      0        0
  MONTH TO DATE    0                         0      0        0
  SINCE DEC 1      0                         0      0        0
  SINCE JAN 1      0                         0      0        0
..................................................................


WIND (MPH)
  HIGHEST WIND SPEED    26   HIGHEST WIND DIRECTION    NW (320)
  HIGHEST GUST SPEED    33   HIGHEST GUST DIRECTION    NW (320)
  AVERAGE WIND SPEED     8.2


SKY COVER
  POSSIBLE SUNSHINE  MM
  AVERAGE SKY COVER 0.4


WEATHER CONDITIONS
 THE FOLLOWING WEATHER WAS RECORDED YESTERDAY.
  LIGHT SNOW
  FOG
  FOG W/VISIBILITY <= 1/4 MILE
  BLOWING SNOW


RELATIVE HUMIDITY (PERCENT)
 HIGHEST    92           200 AM
 LOWEST     31           200 PM
 AVERAGE    62

..........................................................


THE BURLINGTON VT CLIMATE NORMALS FOR TODAY
                         NORMAL    RECORD    YEAR
 MAXIMUM TEMPERATURE (F)   29        50      2012
                                             2005
 MINIMUM TEMPERATURE (F)   11       -24      1993


SUNRISE AND SUNSET
FEBRUARY  6 2018......SUNRISE   705 AM EST   SUNSET   509 PM EST
FEBRUARY  7 2018......SUNRISE   704 AM EST   SUNSET   510 PM EST


-  INDICATES NEGATIVE NUMBERS.
R  INDICATES RECORD WAS SET OR TIED.
MM INDICATES DATA IS MISSING.
T  INDICATES TRACE AMOUNT.

&&

LAKE CHAMPLAIN DATA:
LEVEL...............96.28 FEET
TEMPERATURE.........35 DEGREES

MOUNT MANSFIELD DATA:
HIGH................28 DEGREES
LOW.................5 DEGREES
PRECIPITATION.......0.42 INCHES
NEW SNOW............MISSING
SNOW AT STAKE.......MISSING

$$
