000
CDUS41 KBTV 220533
CLIBTV


CLIMATE REPORT
NATIONAL WEATHER SERVICE BURLINGTON VT
1233 AM EST THU JAN 22 2015


...................................

...THE BURLINGTON VT CLIMATE SUMMARY FOR JANUARY 21 2015...

CLIMATE NORMAL PERIOD 1981 TO 2010
CLIMATE RECORD PERIOD 1884 TO 2015


WEATHER ITEM   OBSERVED TIME   RECORD YEAR NORMAL DEPARTURE LAST
                VALUE   (LST)  VALUE       VALUE  FROM      YEAR
                                                  NORMAL
..................................................................
TEMPERATURE (F)
 YESTERDAY
  MAXIMUM         24    259 PM  54    2006  27     -3        2
  MINIMUM          0    741 AM -15    1971  10    -10      -10
  AVERAGE         12                        18     -6       -4

PRECIPITATION (IN)
  YESTERDAY        0.00          0.92 1979   0.07  -0.07      T
  MONTH TO DATE    1.05                      1.39  -0.34     2.45
  SINCE DEC 1      3.90                      3.77   0.13     4.99
  SINCE JAN 1      1.05                      1.39  -0.34     2.45

SNOWFALL (IN)
  YESTERDAY        0.0           4.9  1979   0.7   -0.7       T
  MONTH TO DATE    8.7                      14.2   -5.5     12.5
  SINCE DEC 1     30.6                      32.1   -1.5     27.8
  SINCE JUL 1     41.2                      37.5    3.7     34.2
  SNOW DEPTH       1

DEGREE DAYS
 HEATING
  YESTERDAY       53                        47      6       69
  MONTH TO DATE 1002                       972     30      906
  SINCE DEC 1   2080                      2186   -106     2186
  SINCE JUL 1   3405                      3731   -326     3679

 COOLING
  YESTERDAY        0                         0      0        0
  MONTH TO DATE    0                         0      0        0
  SINCE DEC 1      0                         0      0        0
  SINCE JAN 1      0                         0      0        0
..................................................................


WIND (MPH)
  HIGHEST WIND SPEED     9   HIGHEST WIND DIRECTION     E (80)
  HIGHEST GUST SPEED    12   HIGHEST GUST DIRECTION     E (80)
  AVERAGE WIND SPEED     2.6


SKY COVER
  POSSIBLE SUNSHINE  MM
  AVERAGE SKY COVER 0.2


WEATHER CONDITIONS
 THE FOLLOWING WEATHER WAS RECORDED YESTERDAY.
  NO SIGNIFICANT WEATHER WAS OBSERVED.


RELATIVE HUMIDITY (PERCENT)
 HIGHEST    87           600 AM
 LOWEST     42           300 PM
 AVERAGE    65

..........................................................


THE BURLINGTON VT CLIMATE NORMALS FOR TODAY
                         NORMAL    RECORD    YEAR
 MAXIMUM TEMPERATURE (F)   27        59      1906
 MINIMUM TEMPERATURE (F)   10       -22      1970


SUNRISE AND SUNSET
JANUARY 22 2015.......SUNRISE   721 AM EST   SUNSET   448 PM EST
JANUARY 23 2015.......SUNRISE   720 AM EST   SUNSET   449 PM EST


-  INDICATES NEGATIVE NUMBERS.
R  INDICATES RECORD WAS SET OR TIED.
MM INDICATES DATA IS MISSING.
T  INDICATES TRACE AMOUNT.




$$
