000
CDUS41 KBTV 050529
CLIBTV


CLIMATE REPORT
NATIONAL WEATHER SERVICE BURLINGTON VT
1226 AM EST SUN MAR 5 2017


...................................

...THE BURLINGTON VT CLIMATE SUMMARY FOR MARCH 4 2017...

CLIMATE NORMAL PERIOD 1981 TO 2010
CLIMATE RECORD PERIOD 1884 TO 2017


WEATHER ITEM   OBSERVED TIME   RECORD YEAR NORMAL DEPARTURE LAST
                VALUE   (LST)  VALUE       VALUE  FROM      YEAR
                                                  NORMAL
..................................................................
TEMPERATURE (F)
 YESTERDAY
  MAXIMUM         10    449 PM  57    1953  35    -25       29
  MINIMUM          3   1040 AM -24    1938  17    -14        8
  AVERAGE          7                        26    -19       19

PRECIPITATION (IN)
  YESTERDAY        T             1.42 1971   0.07  -0.07     0.00
  MONTH TO DATE    0.27                      0.26   0.01     0.25
  SINCE MAR 1      0.27                      0.26   0.01     0.25
  SINCE JAN 1      4.94                      4.08   0.86     4.58

SNOWFALL (IN)
  YESTERDAY        T            13.8  2006   0.6   -0.6      0.0
  MONTH TO DATE    0.5                       2.5   -2.0      0.4
  SINCE MAR 1      0.5                       2.5   -2.0      0.4
  SINCE JUL 1     59.7                      63.3   -3.6     29.4
  SNOW DEPTH       0

DEGREE DAYS
 HEATING
  YESTERDAY       58                        39     19       46
  MONTH TO DATE  144                       157    -13      182
  SINCE MAR 1    144                       157    -13      182
  SINCE JUL 1   4522                      5567  -1045     4566

 COOLING
  YESTERDAY        0                         0      0        0
  MONTH TO DATE    0                         0      0        0
  SINCE MAR 1      0                         0      0        0
  SINCE JAN 1      0                         0      0        0
..................................................................


WIND (MPH)
  HIGHEST WIND SPEED    30   HIGHEST WIND DIRECTION    NW (330)
  HIGHEST GUST SPEED    37   HIGHEST GUST DIRECTION     N (340)
  AVERAGE WIND SPEED    16.2


SKY COVER
  POSSIBLE SUNSHINE  MM
  AVERAGE SKY COVER 0.5


WEATHER CONDITIONS
 THE FOLLOWING WEATHER WAS RECORDED YESTERDAY.
  SNOW
  LIGHT SNOW
  BLOWING SNOW


RELATIVE HUMIDITY (PERCENT)
 HIGHEST    63           500 AM
 LOWEST     41           400 PM
 AVERAGE    52

..........................................................


THE BURLINGTON VT CLIMATE NORMALS FOR TODAY
                         NORMAL    RECORD    YEAR
 MAXIMUM TEMPERATURE (F)   36        58      1964
 MINIMUM TEMPERATURE (F)   18       -15      1948


SUNRISE AND SUNSET
MARCH  5 2017.........SUNRISE   623 AM EST   SUNSET   546 PM EST
MARCH  6 2017.........SUNRISE   621 AM EST   SUNSET   547 PM EST


-  INDICATES NEGATIVE NUMBERS.
R  INDICATES RECORD WAS SET OR TIED.
MM INDICATES DATA IS MISSING.
T  INDICATES TRACE AMOUNT.

&&

LAKE CHAMPLAIN DATA:
LEVEL...............97.30 FEET
TEMPERATURE.........35 DEGREES

MOUNT MANSFIELD DATA:
HIGH................1 DEGREES
LOW.................-14 DEGREES
PRECIPITATION.......0.18 INCHES
NEW SNOW............1.9 INCHES
SNOW AT STAKE.......64 INCHES

$$
