000
CDUS41 KBTV 102049
CLIBTV


CLIMATE REPORT
NATIONAL WEATHER SERVICE BURLINGTON VT
448 PM EDT MON APR 10 2017


...................................

...THE BURLINGTON VT CLIMATE SUMMARY FOR APRIL 10 2017...
VALID TODAY AS OF 0400 PM LOCAL TIME.

CLIMATE NORMAL PERIOD 1981 TO 2010
CLIMATE RECORD PERIOD 1884 TO 2017


WEATHER ITEM   OBSERVED TIME   RECORD YEAR NORMAL DEPARTURE LAST
                VALUE   (LST)  VALUE       VALUE  FROM      YEAR
                                                  NORMAL
..................................................................
TEMPERATURE (F)
 TODAY
  MAXIMUM         77    259 PM  81    1945  52     25       41
  MINIMUM         56    536 AM  16    1975  33     23       23
  AVERAGE         67                        42     25       32

PRECIPITATION (IN)
  TODAY            0.00          0.83 1971   0.10  -0.10     0.00
  MONTH TO DATE    2.00                      0.89   1.11     0.83
  SINCE MAR 1      5.27                      3.11   2.16     3.09
  SINCE JAN 1      9.94                      6.93   3.01     7.42

SNOWFALL (IN)
  TODAY            0.0           7.3  1971   0.2   -0.2      0.0
  MONTH TO DATE    4.4                       2.2    2.2      1.4
  SINCE MAR 1     41.2                      18.0   23.2      3.2
  SINCE JUL 1    100.4                      78.8   21.6     32.2
  SNOW DEPTH       0

DEGREE DAYS
 HEATING
  TODAY            0                        23    -23       33
  MONTH TO DATE  211                       250    -39      301
  SINCE MAR 1   1368                      1304     64     1168
  SINCE JUL 1   5746                      6714   -968     5552

 COOLING
  TODAY            2                         0      2        0
  MONTH TO DATE    2                         0      2        0
  SINCE MAR 1      2                         0      2        0
  SINCE JAN 1      2                         0      2        0
..................................................................


WIND (MPH)
  HIGHEST WIND SPEED    26   HIGHEST WIND DIRECTION     S (190)
  HIGHEST GUST SPEED    37   HIGHEST GUST DIRECTION     S (200)
  AVERAGE WIND SPEED    14.7


SKY COVER
  POSSIBLE SUNSHINE  MM
  AVERAGE SKY COVER 0.4


WEATHER CONDITIONS
 THE FOLLOWING WEATHER WAS RECORDED TODAY.
  NO SIGNIFICANT WEATHER WAS OBSERVED.


RELATIVE HUMIDITY (PERCENT)
 HIGHEST    33          1200 AM
 LOWEST     19           300 PM
 AVERAGE    26

..........................................................


THE BURLINGTON VT CLIMATE NORMALS FOR TOMORROW
                         NORMAL    RECORD    YEAR
 MAXIMUM TEMPERATURE (F)   53        84      1945
 MINIMUM TEMPERATURE (F)   33        12      1974


SUNRISE AND SUNSET
APRIL 10 2017.........SUNRISE   617 AM EDT   SUNSET   731 PM EDT
APRIL 11 2017.........SUNRISE   615 AM EDT   SUNSET   733 PM EDT


-  INDICATES NEGATIVE NUMBERS.
R  INDICATES RECORD WAS SET OR TIED.
MM INDICATES DATA IS MISSING.
T  INDICATES TRACE AMOUNT.

$$
