000
CDUS41 KBTV 200829
CLIBTV

CLIMATE REPORT
NATIONAL WEATHER SERVICE BURLINGTON VT
323 AM EST SUN NOV 20 2016


...................................

...THE BURLINGTON VT CLIMATE SUMMARY FOR NOVEMBER 19 2016...

CLIMATE NORMAL PERIOD 1981 TO 2010
CLIMATE RECORD PERIOD 1884 TO 2016


WEATHER ITEM   OBSERVED TIME   RECORD YEAR NORMAL DEPARTURE LAST
                VALUE   (LST)  VALUE       VALUE  FROM      YEAR
                                                  NORMAL
..................................................................
TEMPERATURE (F)
 YESTERDAY
  MAXIMUM         66    304 PM  70    1921  44     22       60
  MINIMUM         33    544 AM   7    1924  30      3       52
  AVERAGE         50                        37     13       56

PRECIPITATION (IN)
  YESTERDAY        0.00          1.20 1918   0.11  -0.11     0.46
  MONTH TO DATE    0.94                      2.06  -1.12     0.85
  SINCE SEP 1      4.99                      9.30  -4.31     8.88
  SINCE JAN 1     24.19                     33.37  -9.18    33.04

SNOWFALL (IN)
  YESTERDAY        0.0           2.0  1967   0.2   -0.2      0.0
  MONTH TO DATE    T                         2.2   -2.2       T
  SINCE SEP 1      T                         2.5   -2.5       T
  SINCE JUL 1      T                         2.5   -2.5       T
  SNOW DEPTH       0

DEGREE DAYS
 HEATING
  YESTERDAY       15                        28    -13        9
  MONTH TO DATE  398                       470    -72      327
  SINCE SEP 1    882                      1169   -287      922
  SINCE JUL 1    887                      1211   -324      928

 COOLING
  YESTERDAY        0                         0      0        0
  MONTH TO DATE    0                         0      0        0
  SINCE SEP 1    111                        43     68      146
  SINCE JAN 1    855                       491    364      768
..................................................................


WIND (MPH)
  HIGHEST WIND SPEED    16   HIGHEST WIND DIRECTION     S (170)
  HIGHEST GUST SPEED    23   HIGHEST GUST DIRECTION     S (170)
  AVERAGE WIND SPEED     5.5


SKY COVER
  POSSIBLE SUNSHINE  MM
  AVERAGE SKY COVER 0.1


WEATHER CONDITIONS
 THE FOLLOWING WEATHER WAS RECORDED YESTERDAY.
  NO SIGNIFICANT WEATHER WAS OBSERVED.


RELATIVE HUMIDITY (PERCENT)
 HIGHEST    96           300 AM
 LOWEST     28           100 PM
 AVERAGE    62

..........................................................


THE BURLINGTON VT CLIMATE NORMALS FOR TODAY
                         NORMAL    RECORD    YEAR
 MAXIMUM TEMPERATURE (F)   44        71      1991
 MINIMUM TEMPERATURE (F)   30         5      1933


SUNRISE AND SUNSET
NOVEMBER 20 2016......SUNRISE   656 AM EST   SUNSET   420 PM EST
NOVEMBER 21 2016......SUNRISE   657 AM EST   SUNSET   420 PM EST


-  INDICATES NEGATIVE NUMBERS.
R  INDICATES RECORD WAS SET OR TIED.
MM INDICATES DATA IS MISSING.
T  INDICATES TRACE AMOUNT.




$$


LAKE CHAMPLAIN DATA:
LEVEL...............94.23 FEET
TEMPERATURE.........50 DEGREES

MOUNT MANSFIELD DATA:
HIGH................57 DEGREES
LOW.................33 DEGREES
PRECIPITATION.......NONE
