000
CDUS41 KBTV 150532
CLIBTV


CLIMATE REPORT
NATIONAL WEATHER SERVICE BURLINGTON VT
132 AM EDT THU SEP 15 2016


...................................

...THE BURLINGTON VT CLIMATE SUMMARY FOR SEPTEMBER 14 2016...

CLIMATE NORMAL PERIOD 1981 TO 2010
CLIMATE RECORD PERIOD 1884 TO 2016


WEATHER ITEM   OBSERVED TIME   RECORD YEAR NORMAL DEPARTURE LAST
                VALUE   (LST)  VALUE       VALUE  FROM      YEAR
                                                  NORMAL
..................................................................
TEMPERATURE (F)
 YESTERDAY
  MAXIMUM         71    256 AM  89    1915  71      0       69
  MINIMUM         55   1157 PM  32    1963  52      3       57
                                      1911
  AVERAGE         63                        61      2       63

PRECIPITATION (IN)
  YESTERDAY        0.05          2.21 1951   0.12  -0.07     0.04
  MONTH TO DATE    0.62                      1.58  -0.96     1.37
  SINCE SEP 1      0.62                      1.58  -0.96     1.37
  SINCE JAN 1     19.82                     25.65  -5.83    25.53

SNOWFALL (IN)
  YESTERDAY        0.0           0.0  2002   0.0    0.0      0.0
                                      2001
  MONTH TO DATE    0.0                       0.0    0.0      0.0
  SINCE SEP 1      0.0                       0.0    0.0      0.0
  SINCE JUL 1      0.0                       0.0    0.0      0.0
  SNOW DEPTH       0

DEGREE DAYS
 HEATING
  YESTERDAY        2                         5     -3        2
  MONTH TO DATE    8                        47    -39        2
  SINCE SEP 1      8                        47    -39        2
  SINCE JUL 1     13                        89    -76        8

 COOLING
  YESTERDAY        0                         1     -1        0
  MONTH TO DATE   69                        32     37      103
  SINCE SEP 1     69                        32     37      103
  SINCE JAN 1    813                       480    333      725
..................................................................


WIND (MPH)
  HIGHEST WIND SPEED    22   HIGHEST WIND DIRECTION    NW (320)
  HIGHEST GUST SPEED    28   HIGHEST GUST DIRECTION    NW (330)
  AVERAGE WIND SPEED    11.1


SKY COVER
  POSSIBLE SUNSHINE  MM
  AVERAGE SKY COVER 0.9


WEATHER CONDITIONS
 THE FOLLOWING WEATHER WAS RECORDED YESTERDAY.
  THUNDERSTORM
  LIGHT RAIN
  FOG


RELATIVE HUMIDITY (PERCENT)
 HIGHEST    81           900 AM
 LOWEST     48           500 PM
 AVERAGE    65

..........................................................


THE BURLINGTON VT CLIMATE NORMALS FOR TODAY
                         NORMAL    RECORD    YEAR
 MAXIMUM TEMPERATURE (F)   71        92      1915
 MINIMUM TEMPERATURE (F)   51        30      1913


SUNRISE AND SUNSET
SEPTEMBER 15 2016.....SUNRISE   632 AM EDT   SUNSET   702 PM EDT
SEPTEMBER 16 2016.....SUNRISE   633 AM EDT   SUNSET   700 PM EDT


-  INDICATES NEGATIVE NUMBERS.
R  INDICATES RECORD WAS SET OR TIED.
MM INDICATES DATA IS MISSING.
T  INDICATES TRACE AMOUNT.

&&

LAKE CHAMPLAIN DATA:
LEVEL...............94.08 FEET
TEMPERATURE.........73 DEGREES

MOUNT MANSFIELD DATA:
HIGH................64 DEGREES
LOW.................46 DEGREES
PRECIPITATION.......0.39 INCHES

$$
