000
CDUS41 KBTV 060524
CLIBTV


CLIMATE REPORT
NATIONAL WEATHER SERVICE BURLINGTON VT
123 AM EDT TUE JUN 6 2017


...................................

...THE BURLINGTON VT CLIMATE SUMMARY FOR JUNE 5 2017...

CLIMATE NORMAL PERIOD 1981 TO 2010
CLIMATE RECORD PERIOD 1884 TO 2017


WEATHER ITEM   OBSERVED TIME   RECORD YEAR NORMAL DEPARTURE LAST
                VALUE   (LST)  VALUE       VALUE  FROM      YEAR
                                                  NORMAL
..................................................................
TEMPERATURE (F)
 YESTERDAY
  MAXIMUM         62    536 PM  92    1919  73    -11       70
  MINIMUM         55   1155 PM  34    1910  52      3       60
  AVERAGE         59                        63     -4       65

PRECIPITATION (IN)
  YESTERDAY        0.09          1.45 2016   0.12  -0.03     1.45
  MONTH TO DATE    0.19                      0.61  -0.42     1.45
  SINCE JUN 1      0.19                      0.61  -0.42     1.45
  SINCE JAN 1     16.87                     12.92   3.95    12.30

SNOWFALL (IN)
  YESTERDAY        0.0           0.0  2002   0.0    0.0      0.0
                                      2001
  MONTH TO DATE    0.0                       0.0    0.0      0.0
  SINCE JUN 1      0.0                       0.0    0.0      0.0
  SINCE JUL 1    100.4                      81.2   19.2     34.3
  SNOW DEPTH       0

DEGREE DAYS
 HEATING
  YESTERDAY        6                         4      2        0
  MONTH TO DATE   30                        23      7        0
  SINCE JUN 1     30                        23      7        0
  SINCE JUL 1   6306                      7384  -1078     6178

 COOLING
  YESTERDAY        0                         2     -2        0
  MONTH TO DATE    0                         8     -8       26
  SINCE JUN 1      0                         8     -8       26
  SINCE JAN 1     42                        27     15       98
..................................................................


WIND (MPH)
  HIGHEST WIND SPEED    20   HIGHEST WIND DIRECTION    SE (150)
  HIGHEST GUST SPEED    26   HIGHEST GUST DIRECTION    SE (140)
  AVERAGE WIND SPEED     8.8


SKY COVER
  POSSIBLE SUNSHINE  MM
  AVERAGE SKY COVER 1.0


WEATHER CONDITIONS
 THE FOLLOWING WEATHER WAS RECORDED YESTERDAY.
  LIGHT RAIN
  FOG


RELATIVE HUMIDITY (PERCENT)
 HIGHEST    87           900 AM
 LOWEST     64           800 PM
 AVERAGE    76

..........................................................


THE BURLINGTON VT CLIMATE NORMALS FOR TODAY
                         NORMAL    RECORD    YEAR
 MAXIMUM TEMPERATURE (F)   74        94      1925
 MINIMUM TEMPERATURE (F)   53        37      1971
                                             1964


SUNRISE AND SUNSET
JUNE  6 2017..........SUNRISE   509 AM EDT   SUNSET   834 PM EDT
JUNE  7 2017..........SUNRISE   509 AM EDT   SUNSET   835 PM EDT


-  INDICATES NEGATIVE NUMBERS.
R  INDICATES RECORD WAS SET OR TIED.
MM INDICATES DATA IS MISSING.
T  INDICATES TRACE AMOUNT.

&&

LAKE CHAMPLAIN DATA:
LEVEL...............97.84 FEET
TEMPERATURE.........54 DEGREES

MOUNT MANSFIELD DATA:
HIGH................49 DEGREES
LOW.................42 DEGREES
PRECIPITATION.......0.10 INCHES

$$
