000
CDUS41 KBTV 132116
CLIBTV


CLIMATE REPORT
NATIONAL WEATHER SERVICE BURLINGTON VT
516 PM EDT WED MAY 13 2015


...................................

...THE BURLINGTON VT CLIMATE SUMMARY FOR MAY 13 2015...
VALID TODAY AS OF 0500 PM LOCAL TIME.

CLIMATE NORMAL PERIOD 1981 TO 2010
CLIMATE RECORD PERIOD 1884 TO 2015


WEATHER ITEM   OBSERVED TIME   RECORD YEAR NORMAL DEPARTURE LAST
                VALUE   (LST)  VALUE       VALUE  FROM      YEAR
                                                  NORMAL
..................................................................
TEMPERATURE (F)
 TODAY
  MAXIMUM         60    359 PM  84    1985  66     -6       68
  MINIMUM         47    752 AM  30    2010  44      3       51
                                      1967
                                      1940
  AVERAGE         54                        55     -1       60

PRECIPITATION (IN)
  TODAY            0.02          1.28 2002   0.10  -0.08     0.01
  MONTH TO DATE    1.20                      1.33  -0.13     0.81
  SINCE MAR 1      4.74                      6.37  -1.63     6.35
  SINCE JAN 1      7.12                     10.19  -3.07    10.63

SNOWFALL (IN)
  TODAY            0.0           0.0  2002   0.0    0.0      0.0
                                      2001
  MONTH TO DATE    0.0                       0.0    0.0      0.0
  SINCE MAR 1      7.5                      20.4  -12.9     28.2
  SINCE JUL 1     83.4                      81.2    2.2     86.5
  SNOW DEPTH       0

DEGREE DAYS
 HEATING
  TODAY           11                        10      1        5
  MONTH TO DATE   48                       154   -106      118
  SINCE MAR 1   1837                      1818     19     2045
  SINCE JUL 1   7354                      7228    126     7510

 COOLING
  TODAY            0                         0      0        0
  MONTH TO DATE   25                         0     25        6
  SINCE MAR 1     25                         2     23        6
  SINCE JAN 1     25                         2     23        6
..................................................................


WIND (MPH)
  HIGHEST WIND SPEED    23   HIGHEST WIND DIRECTION    NW (320)
  HIGHEST GUST SPEED    30   HIGHEST GUST DIRECTION    NW (330)
  AVERAGE WIND SPEED    12.3


SKY COVER
  POSSIBLE SUNSHINE  MM
  AVERAGE SKY COVER 0.8


WEATHER CONDITIONS
 THE FOLLOWING WEATHER WAS RECORDED TODAY.
  LIGHT RAIN
  FOG


RELATIVE HUMIDITY (PERCENT)
 HIGHEST    80           500 AM
 LOWEST     29           400 PM
 AVERAGE    55

..........................................................


THE BURLINGTON VT CLIMATE NORMALS FOR TOMORROW
                         NORMAL    RECORD    YEAR
 MAXIMUM TEMPERATURE (F)   67        86      1961
 MINIMUM TEMPERATURE (F)   45        30      1967
                                             1966
                                             1965


SUNRISE AND SUNSET
MAY 13 2015...........SUNRISE   528 AM EDT   SUNSET   811 PM EDT
MAY 14 2015...........SUNRISE   527 AM EDT   SUNSET   812 PM EDT


-  INDICATES NEGATIVE NUMBERS.
R  INDICATES RECORD WAS SET OR TIED.
MM INDICATES DATA IS MISSING.
T  INDICATES TRACE AMOUNT.

$$
