000
CDUS41 KBTV 170539
CLIBTV


CLIMATE REPORT
NATIONAL WEATHER SERVICE BURLINGTON VT
138 AM EDT TUE MAR 17 2015


...................................

...THE BURLINGTON VT CLIMATE SUMMARY FOR MARCH 16 2015...

CLIMATE NORMAL PERIOD 1981 TO 2010
CLIMATE RECORD PERIOD 1884 TO 2015


WEATHER ITEM   OBSERVED TIME   RECORD YEAR NORMAL DEPARTURE LAST
                VALUE   (LST)  VALUE       VALUE  FROM      YEAR
                                                  NORMAL
..................................................................
TEMPERATURE (F)
 YESTERDAY
  MAXIMUM         40   1159 PM  78    1990  40      0       24
  MINIMUM         13    625 AM  -9    1963  22     -9        1
  AVERAGE         27                        31     -4       13

PRECIPITATION (IN)
  YESTERDAY        0.00          1.36 1937   0.07  -0.07     0.00
  MONTH TO DATE    0.40                      1.09  -0.69     0.93
  SINCE MAR 1      0.40                      1.09  -0.69     0.93
  SINCE JAN 1      2.78                      4.91  -2.13     5.21

SNOWFALL (IN)
  YESTERDAY        0.0          12.5  1937   0.6   -0.6      0.0
  MONTH TO DATE    4.3                       9.7   -5.4     23.5
  SINCE MAR 1      4.3                       9.7   -5.4     23.5
  SINCE JUL 1     80.2                      70.5    9.7     81.8
  SNOW DEPTH       2

DEGREE DAYS
 HEATING
  YESTERDAY       38                        34      4       52
  MONTH TO DATE  626                       593     33      739
  SINCE MAR 1    626                       593     33      739
  SINCE JUL 1   6143                      6003    140     6204

 COOLING
  YESTERDAY        0                         0      0        0
  MONTH TO DATE    0                         0      0        0
  SINCE MAR 1      0                         0      0        0
  SINCE JAN 1      0                         0      0        0
..................................................................


WIND (MPH)
  HIGHEST WIND SPEED    10   HIGHEST WIND DIRECTION     S (200)
  HIGHEST GUST SPEED    14   HIGHEST GUST DIRECTION     S (200)
  AVERAGE WIND SPEED     4.1


SKY COVER
  POSSIBLE SUNSHINE  MM
  AVERAGE SKY COVER 0.6


WEATHER CONDITIONS
 THE FOLLOWING WEATHER WAS RECORDED YESTERDAY.
  FOG
  HAZE


RELATIVE HUMIDITY (PERCENT)
 HIGHEST    88           400 AM
 LOWEST     44           300 PM
 AVERAGE    66

..........................................................


THE BURLINGTON VT CLIMATE NORMALS FOR TODAY
                         NORMAL    RECORD    YEAR
 MAXIMUM TEMPERATURE (F)   40        69      1990
 MINIMUM TEMPERATURE (F)   22        -8      2014


SUNRISE AND SUNSET
MARCH 17 2015.........SUNRISE   702 AM EDT   SUNSET   701 PM EDT
MARCH 18 2015.........SUNRISE   700 AM EDT   SUNSET   702 PM EDT


-  INDICATES NEGATIVE NUMBERS.
R  INDICATES RECORD WAS SET OR TIED.
MM INDICATES DATA IS MISSING.
T  INDICATES TRACE AMOUNT.







&&

LAKE CHAMPLAIN DATA:
LEVEL...............94.70 FEET
TEMPERATURE.........35 DEGREES

MOUNT MANSFIELD DATA:
HIGH................26 DEGREES
LOW.................8 DEGREES
PRECIPITATION.......TRACE
NEW SNOW............TRACE
SNOW AT STAKE.......84 INCHES

$$
