000
CDUS41 KBTV 100525
CLIBTV


CLIMATE REPORT
NATIONAL WEATHER SERVICE BURLINGTON VT
1222 AM EST FRI FEB 10 2017


...................................

...THE BURLINGTON VT CLIMATE SUMMARY FOR FEBRUARY 9 2017...

CLIMATE NORMAL PERIOD 1981 TO 2010
CLIMATE RECORD PERIOD 1884 TO 2017


WEATHER ITEM   OBSERVED TIME   RECORD YEAR NORMAL DEPARTURE LAST
                VALUE   (LST)  VALUE       VALUE  FROM      YEAR
                                                  NORMAL
..................................................................
TEMPERATURE (F)
 YESTERDAY
  MAXIMUM         24   1235 AM  53    1925  29     -5       28
  MINIMUM          7    708 PM -28    1934  11     -4       19
  AVERAGE         16                        20     -4       24

PRECIPITATION (IN)
  YESTERDAY        0.12          0.97 1906   0.06   0.06     0.06
  MONTH TO DATE    0.54                      0.57  -0.03     0.32
  SINCE DEC 1      4.89                      5.01  -0.12     5.95
  SINCE JAN 1      2.54                      2.63  -0.09     1.51

SNOWFALL (IN)
  YESTERDAY        1.6           4.6  1982   0.6    1.0      1.2
  MONTH TO DATE    9.1                       5.5    3.6      1.6
  SINCE DEC 1     33.4                      44.5  -11.1     21.8
  SINCE JUL 1     37.7                      49.9  -12.2     22.0
  SNOW DEPTH       4

DEGREE DAYS
 HEATING
  YESTERDAY       49                        45      4       41
  MONTH TO DATE  360                       409    -49      293
  SINCE DEC 1   2557                      3058   -501     2322
  SINCE JUL 1   3762                      4603   -841     3561

 COOLING
  YESTERDAY        0                         0      0        0
  MONTH TO DATE    0                         0      0        0
  SINCE DEC 1      0                         0      0        0
  SINCE JAN 1      0                         0      0        0
..................................................................


WIND (MPH)
  HIGHEST WIND SPEED    18   HIGHEST WIND DIRECTION    NW (320)
  HIGHEST GUST SPEED    25   HIGHEST GUST DIRECTION     N (10)
  AVERAGE WIND SPEED    11.6


SKY COVER
  POSSIBLE SUNSHINE  MM
  AVERAGE SKY COVER 0.8


WEATHER CONDITIONS
 THE FOLLOWING WEATHER WAS RECORDED YESTERDAY.
  SNOW
  LIGHT SNOW
  FOG
  HAZE


RELATIVE HUMIDITY (PERCENT)
 HIGHEST    80           900 AM
 LOWEST     55           600 PM
 AVERAGE    68

..........................................................


THE BURLINGTON VT CLIMATE NORMALS FOR TODAY
                         NORMAL    RECORD    YEAR
 MAXIMUM TEMPERATURE (F)   29        46      2001
                                             1925
 MINIMUM TEMPERATURE (F)   11       -26      1948


SUNRISE AND SUNSET
FEBRUARY 10 2017......SUNRISE   659 AM EST   SUNSET   515 PM EST
FEBRUARY 11 2017......SUNRISE   658 AM EST   SUNSET   516 PM EST


-  INDICATES NEGATIVE NUMBERS.
R  INDICATES RECORD WAS SET OR TIED.
MM INDICATES DATA IS MISSING.
T  INDICATES TRACE AMOUNT.

&&

LAKE CHAMPLAIN DATA:
LEVEL...............95.14 FEET
TEMPERATURE.........36 DEGREES

MOUNT MANSFIELD DATA:
HIGH................22 DEGREES
LOW.................-9 DEGREES
PRECIPITATION.......0.20 INCHES
NEW SNOW............1.2 INCHES
SNOW AT STAKE.......78 INCHES

$$
