000
CDUS41 KBTV 120606
CLIBTV


CLIMATE REPORT
NATIONAL WEATHER SERVICE BURLINGTON VT
105 AM EST FRI DEC 12 2014


...................................

...THE BURLINGTON VT CLIMATE SUMMARY FOR DECEMBER 11 2014...

CLIMATE NORMAL PERIOD 1981 TO 2010
CLIMATE RECORD PERIOD 1884 TO 2014


WEATHER ITEM   OBSERVED TIME   RECORD YEAR NORMAL DEPARTURE LAST
                VALUE   (LST)  VALUE       VALUE  FROM      YEAR
                                                  NORMAL
..................................................................
TEMPERATURE (F)
 YESTERDAY
  MAXIMUM         33    411 PM  61    1966  35     -2       29
  MINIMUM         30   1159 PM -13    1958  21      9       17
  AVERAGE         32                        28      4       23

PRECIPITATION (IN)
  YESTERDAY        0.16          1.43 1952   0.08   0.08     0.01
  MONTH TO DATE    1.88                      0.95   0.93     0.51
  SINCE DEC 1      1.88                      0.95   0.93     0.51
  SINCE JAN 1     35.36                     35.39  -0.03    42.96

SNOWFALL (IN)
  YESTERDAY        2.6           4.5  1920   0.6    2.0      0.9
  MONTH TO DATE    8.2                       5.4    2.8      1.5
  SINCE DEC 1      8.2                       5.4    2.8      1.5
  SINCE JUL 1     18.8                      10.8    8.0      7.9
  SNOW DEPTH      12

DEGREE DAYS
 HEATING
  YESTERDAY       33                        37     -4       42
  MONTH TO DATE  399                       386     13      355
  SINCE DEC 1    399                       386     13      355
  SINCE JUL 1   1724                      1931   -207     1848

 COOLING
  YESTERDAY        0                         0      0        0
  MONTH TO DATE    0                         0      0        0
  SINCE DEC 1      0                         0      0        0
  SINCE JAN 1    582                       491     91      662
..................................................................


WIND (MPH)
  HIGHEST WIND SPEED    10   HIGHEST WIND DIRECTION    NW (300)
  HIGHEST GUST SPEED    13   HIGHEST GUST DIRECTION    NW (300)
  AVERAGE WIND SPEED     4.8


SKY COVER
  POSSIBLE SUNSHINE  MM
  AVERAGE SKY COVER 1.0


WEATHER CONDITIONS
 THE FOLLOWING WEATHER WAS RECORDED YESTERDAY.
  LT FREEZING RAIN
  LIGHT SNOW
  SLEET
  FOG
  HAZE


RELATIVE HUMIDITY (PERCENT)
 HIGHEST    92          1200 AM
 LOWEST     78           800 PM
 AVERAGE    85

..........................................................


THE BURLINGTON VT CLIMATE NORMALS FOR TODAY
                         NORMAL    RECORD    YEAR
 MAXIMUM TEMPERATURE (F)   34        59      1899
 MINIMUM TEMPERATURE (F)   20       -13      1977


SUNRISE AND SUNSET
DECEMBER 12 2014......SUNRISE   720 AM EST   SUNSET   413 PM EST
DECEMBER 13 2014......SUNRISE   720 AM EST   SUNSET   413 PM EST


-  INDICATES NEGATIVE NUMBERS.
R  INDICATES RECORD WAS SET OR TIED.
MM INDICATES DATA IS MISSING.
T  INDICATES TRACE AMOUNT.







&&

LAKE CHAMPLAIN DATA:
LEVEL...............94.72 FEET
TEMPERATURE.........39 DEGREES

MOUNT MANSFIELD DATA:
HIGH................26 DEGREES
LOW.................19 DEGREES
PRECIPITATION.......0.44 INCHES
NEW SNOW............4.0 INCHES
SNOW AT STAKE.......30 INCHES

$$
