000
CDUS41 KBTV 180600
CLIBTV

CLIMATE REPORT
NATIONAL WEATHER SERVICE BURLINGTON VT
200 AM EDT MON MAY 18 2015

...................................

...THE BURLINGTON VT CLIMATE SUMMARY FOR MAY 17 2015...

CLIMATE NORMAL PERIOD 1981 TO 2010
CLIMATE RECORD PERIOD 1884 TO 2015


WEATHER ITEM   OBSERVED TIME   RECORD YEAR NORMAL DEPARTURE LAST
                VALUE   (LST)  VALUE       VALUE  FROM      YEAR
                                                  NORMAL
..................................................................
TEMPERATURE (F)
 YESTERDAY
  MAXIMUM         79    412 PM  90    1977  68     11       66
  MINIMUM         57   1159 PM  29    1957  46     11       47
  AVERAGE         68                        57     11       57

PRECIPITATION (IN)
  YESTERDAY        0.00          1.62 1916   0.11  -0.11     1.02
  MONTH TO DATE    1.30                      1.76  -0.46     2.35
  SINCE MAR 1      4.84                      6.80  -1.96     7.89
  SINCE JAN 1      7.22                     10.62  -3.40    12.17

SNOWFALL (IN)
  YESTERDAY        0.0           0.0  2002   0.0    0.0      0.0
                                      2001
  MONTH TO DATE    0.0                       0.0    0.0      0.0
  SINCE MAR 1      7.5                      20.4  -12.9     28.2
  SINCE JUL 1     83.4                      81.2    2.2     86.5
  SNOW DEPTH       0

DEGREE DAYS
 HEATING
  YESTERDAY        0                         9     -9        8
  MONTH TO DATE   75                       191   -116      126
  SINCE MAR 1   1864                      1855      9     2053
  SINCE JUL 1   7381                      7265    116     7518

 COOLING
  YESTERDAY        3                         0      3        0
  MONTH TO DATE   30                         0     30       20
  SINCE MAR 1     30                         2     28       20
  SINCE JAN 1     30                         2     28       20
..................................................................


WIND (MPH)
  HIGHEST WIND SPEED    14   HIGHEST WIND DIRECTION     N (350)
  HIGHEST GUST SPEED    21   HIGHEST GUST DIRECTION     N (20)
  AVERAGE WIND SPEED     4.4


SKY COVER
  POSSIBLE SUNSHINE  MM
  AVERAGE SKY COVER 0.4


WEATHER CONDITIONS
 THE FOLLOWING WEATHER WAS RECORDED YESTERDAY.
  FOG


RELATIVE HUMIDITY (PERCENT)
 HIGHEST    97           100 AM
 LOWEST     32           500 PM
 AVERAGE    65

..........................................................


THE BURLINGTON VT CLIMATE NORMALS FOR TODAY
                         NORMAL    RECORD    YEAR
 MAXIMUM TEMPERATURE (F)   68        89      1989
                                             1962
 MINIMUM TEMPERATURE (F)   46        29      1983


SUNRISE AND SUNSET
MAY 18 2015...........SUNRISE   522 AM EDT   SUNSET   816 PM EDT
MAY 19 2015...........SUNRISE   521 AM EDT   SUNSET   817 PM EDT


-  INDICATES NEGATIVE NUMBERS.
R  INDICATES RECORD WAS SET OR TIED.
MM INDICATES DATA IS MISSING.
T  INDICATES TRACE AMOUNT.

&&

LAKE CHAMPLAIN DATA:
LEVEL...............97.22 FEET
TEMPERATURE.........50 DEGREES

MOUNT MANSFIELD DATA:
HIGH................61 DEGREES
LOW.................49 DEGREES
PRECIPITATION.......0.06 INCHES
NEW SNOW............NONE
SNOW AT STAKE.......14 INCHES

$$
