000
CDUS41 KBTV 020535
CLIBTV


CLIMATE REPORT
NATIONAL WEATHER SERVICE BURLINGTON VT
134 AM EDT WED APR 2 2014


...................................

...THE BURLINGTON VT CLIMATE SUMMARY FOR APRIL 1 2014...

CLIMATE NORMAL PERIOD 1981 TO 2010
CLIMATE RECORD PERIOD 1884 TO 2014


WEATHER ITEM   OBSERVED TIME   RECORD YEAR NORMAL DEPARTURE LAST
                VALUE   (LST)  VALUE       VALUE  FROM      YEAR
                                                  NORMAL
..................................................................
TEMPERATURE (F)
 YESTERDAY
  MAXIMUM         43    355 PM  75    1986  47     -4       46
  MINIMUM         27    607 AM   5    1923  29     -2       26
  AVERAGE         35                        38     -3       36

PRECIPITATION (IN)
  YESTERDAY        0.00          0.98 1973   0.08  -0.08     0.05
  MONTH TO DATE    0.00                      0.08  -0.08     0.05
  SINCE MAR 1      1.88                      2.30  -0.42     2.10
  SINCE JAN 1      6.16                      6.12   0.04     4.53

SNOWFALL (IN)
  YESTERDAY        0.0           7.0  1922   0.2   -0.2       T
  MONTH TO DATE    0.0                       0.2   -0.2       T
  SINCE MAR 1     25.4                      16.0    9.4     16.2
  SINCE JUL 1     83.7                      76.8    6.9     81.9
  SNOW DEPTH       4

DEGREE DAYS
 HEATING
  YESTERDAY       30                        27      3       29
  MONTH TO DATE   30                        27      3       29
  SINCE MAR 1   1352                      1081    271     1017
  SINCE JUL 1   6817                      6491    326     5895

 COOLING
  YESTERDAY        0                         0      0        0
  MONTH TO DATE    0                         0      0        0
  SINCE MAR 1      0                         0      0        0
  SINCE JAN 1      0                         0      0        0
..................................................................


WIND (MPH)
  HIGHEST WIND SPEED    16   HIGHEST WIND DIRECTION    NW (330)
  HIGHEST GUST SPEED    18   HIGHEST GUST DIRECTION    NW (330)
  AVERAGE WIND SPEED     7.5


SKY COVER
  POSSIBLE SUNSHINE  MM
  AVERAGE SKY COVER 0.2


WEATHER CONDITIONS
 THE FOLLOWING WEATHER WAS RECORDED YESTERDAY.
  NO SIGNIFICANT WEATHER WAS OBSERVED.


RELATIVE HUMIDITY (PERCENT)
 HIGHEST    78           300 AM
 LOWEST     39           400 PM
 AVERAGE    59

..........................................................


THE BURLINGTON VT CLIMATE NORMALS FOR TODAY
                         NORMAL    RECORD    YEAR
 MAXIMUM TEMPERATURE (F)   48        79      2010
 MINIMUM TEMPERATURE (F)   29        10      1911


SUNRISE AND SUNSET
APRIL  2 2014.........SUNRISE   632 AM EDT   SUNSET   721 PM EDT
APRIL  3 2014.........SUNRISE   630 AM EDT   SUNSET   722 PM EDT


-  INDICATES NEGATIVE NUMBERS.
R  INDICATES RECORD WAS SET OR TIED.
MM INDICATES DATA IS MISSING.
T  INDICATES TRACE AMOUNT.

&&

LAKE CHAMPLAIN DATA:
LEVEL...............95.38 FEET
TEMPERATURE.........35 DEGREES

MOUNT MANSFIELD DATA:
HIGH................28 DEGREES
LOW.................16 DEGREES
PRECIPITATION.......TRACE
NEW SNOW............TRACE
SNOW AT STAKE.......86 INCHES

$$
