000
CDUS41 KBTV 182223
CLIBTV


CLIMATE REPORT
NATIONAL WEATHER SERVICE BURLINGTON VT
523 PM EST WED FEB 18 2015


...................................

...THE BURLINGTON VT CLIMATE SUMMARY FOR FEBRUARY 18 2015...
VALID TODAY AS OF 0500 PM LOCAL TIME.

CLIMATE NORMAL PERIOD 1981 TO 2010
CLIMATE RECORD PERIOD 1884 TO 2015


WEATHER ITEM   OBSERVED TIME   RECORD YEAR NORMAL DEPARTURE LAST
                VALUE   (LST)  VALUE       VALUE  FROM      YEAR
                                                  NORMAL
..................................................................
TEMPERATURE (F)
 TODAY
  MAXIMUM         25    418 PM  58    1981  31     -6       27
  MINIMUM         -9    610 AM -25    1979  13    -22       -3
  AVERAGE          8                        22    -14       12

PRECIPITATION (IN)
  TODAY            0.00          0.66 1910   0.06  -0.06     0.06
  MONTH TO DATE    0.86                      1.12  -0.26     1.10
  SINCE DEC 1      5.00                      5.56  -0.56     6.09
  SINCE JAN 1      2.15                      3.18  -1.03     3.55

SNOWFALL (IN)
  TODAY            0.0           8.6  1910   0.6   -0.6      1.3
  MONTH TO DATE   18.4                      10.8    7.6     22.7
  SINCE DEC 1     61.0                      49.8   11.2     50.5
  SINCE JUL 1     71.6                      55.2   16.4     56.9
  SNOW DEPTH       8

DEGREE DAYS
 HEATING
  TODAY           57                        43     14       53
  MONTH TO DATE 1052                       803    249      847
  SINCE DEC 1   3645                      3452    193     3570
  SINCE JUL 1   4970                      4997    -27     5063

 COOLING
  TODAY            0                         0      0        0
  MONTH TO DATE    0                         0      0        0
  SINCE DEC 1      0                         0      0        0
  SINCE JAN 1      0                         0      0        0
..................................................................


WIND (MPH)
  HIGHEST WIND SPEED    14   HIGHEST WIND DIRECTION     S (190)
  HIGHEST GUST SPEED    17   HIGHEST GUST DIRECTION     S (190)
  AVERAGE WIND SPEED     3.7


SKY COVER
  POSSIBLE SUNSHINE  MM
  AVERAGE SKY COVER 0.5


WEATHER CONDITIONS
 THE FOLLOWING WEATHER WAS RECORDED TODAY.
  NO SIGNIFICANT WEATHER WAS OBSERVED.


RELATIVE HUMIDITY (PERCENT)
 HIGHEST    79           900 AM
 LOWEST     36           200 PM
 AVERAGE    58

..........................................................


THE BURLINGTON VT CLIMATE NORMALS FOR TOMORROW
                         NORMAL    RECORD    YEAR
 MAXIMUM TEMPERATURE (F)   32        62      1981
 MINIMUM TEMPERATURE (F)   13       -23      1944


SUNRISE AND SUNSET
FEBRUARY 18 2015......SUNRISE   648 AM EST   SUNSET   525 PM EST
FEBRUARY 19 2015......SUNRISE   647 AM EST   SUNSET   527 PM EST


-  INDICATES NEGATIVE NUMBERS.
R  INDICATES RECORD WAS SET OR TIED.
MM INDICATES DATA IS MISSING.
T  INDICATES TRACE AMOUNT.




$$
