000
CDUS41 KBTV 270603
CLIBTV

CLIMATE REPORT
NATIONAL WEATHER SERVICE BURLINGTON VT
1259 AM EST TUE DEC 27 2016

...................................

...THE BURLINGTON VT CLIMATE SUMMARY FOR DECEMBER 26 2016...

CLIMATE NORMAL PERIOD 1981 TO 2010
CLIMATE RECORD PERIOD 1884 TO 2016


WEATHER ITEM   OBSERVED TIME   RECORD YEAR NORMAL DEPARTURE LAST
                VALUE   (LST)  VALUE       VALUE  FROM      YEAR
                                                  NORMAL
..................................................................
TEMPERATURE (F)
 YESTERDAY
  MAXIMUM         41   1146 PM  58    1982  30     11       44
  MINIMUM         14    700 AM -26    1980  14      0       28
  AVERAGE         28                        22      6       36

PRECIPITATION (IN)
  YESTERDAY        0.14          1.09 1957   0.07   0.07     0.02
  MONTH TO DATE    2.07                      2.04   0.03     2.98
  SINCE DEC 1      2.07                      2.04   0.03     2.98
  SINCE JAN 1     27.45                     36.48  -9.03    36.38

SNOWFALL (IN)
  YESTERDAY        T             9.4  1969   0.7   -0.7      0.0
  MONTH TO DATE   12.9                      14.6   -1.7      1.6
  SINCE DEC 1     12.9                      14.6   -1.7      1.6
  SINCE JUL 1     17.2                      20.0   -2.8      1.8
  SNOW DEPTH       0

DEGREE DAYS
 HEATING
  YESTERDAY       37                        43     -6       29
  MONTH TO DATE  934                       994    -60      622
  SINCE DEC 1    934                       994    -60      622
  SINCE JUL 1   2139                      2539   -400     1861

 COOLING
  YESTERDAY        0                         0      0        0
  MONTH TO DATE    0                         0      0        0
  SINCE DEC 1      0                         0      0        0
  SINCE JAN 1    855                       491    364      768
..................................................................


WIND (MPH)
  HIGHEST WIND SPEED    35   HIGHEST WIND DIRECTION     S (180)
  HIGHEST GUST SPEED    47   HIGHEST GUST DIRECTION     S (190)
  AVERAGE WIND SPEED    13.1


SKY COVER
  POSSIBLE SUNSHINE  MM
  AVERAGE SKY COVER 0.7


WEATHER CONDITIONS
 THE FOLLOWING WEATHER WAS RECORDED YESTERDAY.
  LIGHT RAIN
  LIGHT SNOW
  FOG


RELATIVE HUMIDITY (PERCENT)
 HIGHEST    85          1100 PM
 LOWEST     37          1100 AM
 AVERAGE    61

..........................................................


THE BURLINGTON VT CLIMATE NORMALS FOR TODAY
                         NORMAL    RECORD    YEAR
 MAXIMUM TEMPERATURE (F)   30        55      1949
                                             1895
 MINIMUM TEMPERATURE (F)   14       -23      1968


SUNRISE AND SUNSET
DECEMBER 27 2016......SUNRISE   728 AM EST   SUNSET   420 PM EST
DECEMBER 28 2016......SUNRISE   728 AM EST   SUNSET   420 PM EST


-  INDICATES NEGATIVE NUMBERS.
R  INDICATES RECORD WAS SET OR TIED.
MM INDICATES DATA IS MISSING.
T  INDICATES TRACE AMOUNT.

&&

LAKE CHAMPLAIN DATA:
LEVEL...............94.69 FEET
TEMPERATURE.........40 DEGREES

MOUNT MANSFIELD DATA:
HIGH................21 DEGREES
LOW.................7 DEGREES
PRECIPITATION.......TRACE
NEW SNOW............TRACE
SNOW AT STAKE.......43 INCHES

$$
