000
CDUS41 KBTV 072024
CLIBTV


CLIMATE REPORT
NATIONAL WEATHER SERVICE BURLINGTON VT
423 PM EDT MON AUG 7 2017


...................................

...THE BURLINGTON VT CLIMATE SUMMARY FOR AUGUST 7 2017...
VALID TODAY AS OF 0400 PM LOCAL TIME.

CLIMATE NORMAL PERIOD 1981 TO 2010
CLIMATE RECORD PERIOD 1884 TO 2017


WEATHER ITEM   OBSERVED TIME   RECORD YEAR NORMAL DEPARTURE LAST
                VALUE   (LST)  VALUE       VALUE  FROM      YEAR
                                                  NORMAL
..................................................................
TEMPERATURE (F)
 TODAY
  MAXIMUM         77   1244 PM  95    2001  80     -3       81
  MINIMUM         57    322 AM  40    1964  60     -3       60
  AVERAGE         67                        70     -3       71

PRECIPITATION (IN)
  TODAY            0.04          2.50 1893   0.13  -0.09     0.03
  MONTH TO DATE    0.16                      0.96  -0.80     0.20
  SINCE JUN 1     10.78                      8.81   1.97     6.30
  SINCE JAN 1     27.46                     21.12   6.34    17.15

SNOWFALL (IN)
  TODAY            0.0           0.0  2002   0.0    0.0      0.0
                                      2001
  MONTH TO DATE    0.0                       0.0    0.0      0.0
  SINCE JUN 1      0.0                       0.0    0.0      0.0
  SINCE JUL 1      0.0                       0.0    0.0      0.0
  SNOW DEPTH       0

DEGREE DAYS
 HEATING
  TODAY            0                         1     -1        0
  MONTH TO DATE    0                         3     -3        0
  SINCE JUN 1     56                        89    -33       51
  SINCE JUL 1      4                        16    -12        3

 COOLING
  TODAY            2                         5     -3        6
  MONTH TO DATE   56                        41     15       67
  SINCE JUN 1    369                       325     44      456
  SINCE JAN 1    411                       344     67      528
..................................................................


WIND (MPH)
  HIGHEST WIND SPEED    20   HIGHEST WIND DIRECTION    NW (310)
  HIGHEST GUST SPEED    24   HIGHEST GUST DIRECTION    NW (320)
  AVERAGE WIND SPEED     4.0


SKY COVER
  POSSIBLE SUNSHINE  MM
  AVERAGE SKY COVER 0.6


WEATHER CONDITIONS
 THE FOLLOWING WEATHER WAS RECORDED TODAY.
  HEAVY RAIN
  LIGHT RAIN
  FOG


RELATIVE HUMIDITY (PERCENT)
 HIGHEST    93           300 AM
 LOWEST     54          1200 PM
 AVERAGE    74

..........................................................


THE BURLINGTON VT CLIMATE NORMALS FOR TOMORROW
                         NORMAL    RECORD    YEAR
 MAXIMUM TEMPERATURE (F)   80        97      1949
 MINIMUM TEMPERATURE (F)   60        45      1929


SUNRISE AND SUNSET
AUGUST  7 2017........SUNRISE   546 AM EDT   SUNSET   809 PM EDT
AUGUST  8 2017........SUNRISE   548 AM EDT   SUNSET   808 PM EDT


-  INDICATES NEGATIVE NUMBERS.
R  INDICATES RECORD WAS SET OR TIED.
MM INDICATES DATA IS MISSING.
T  INDICATES TRACE AMOUNT.




$$
