804
CDUS41 KBTV 240534
CLIBTV


CLIMATE REPORT
NATIONAL WEATHER SERVICE BURLINGTON VT
133 AM EDT SUN APR 24 2016


...................................

...THE BURLINGTON VT CLIMATE SUMMARY FOR APRIL 23 2016...

CLIMATE NORMAL PERIOD 1981 TO 2010
CLIMATE RECORD PERIOD 1884 TO 2016


WEATHER ITEM   OBSERVED TIME   RECORD YEAR NORMAL DEPARTURE LAST
                VALUE   (LST)  VALUE       VALUE  FROM      YEAR
                                                  NORMAL
..................................................................
TEMPERATURE (F)
 YESTERDAY
  MAXIMUM         53    432 PM  85    1885  59     -6       48
  MINIMUM         40   1159 PM  23    1930  38      2       37
  AVERAGE         47                        48     -1       43

PRECIPITATION (IN)
  YESTERDAY        T             1.08 2012   0.09  -0.09      T
  MONTH TO DATE    1.38                      2.12  -0.74     2.52
  SINCE MAR 1      3.64                      4.34  -0.70     3.42
  SINCE JAN 1      7.97                      8.16  -0.19     5.80

SNOWFALL (IN)
  YESTERDAY       MM             4.9  1993   0.1   MM        0.0
  MONTH TO DATE    1.4                       4.1   -2.7      3.1
  SINCE MAR 1      3.2                      19.9  -16.7      7.5
  SINCE JUL 1     32.2                      80.7  -48.5     83.4
  SNOW DEPTH       0

DEGREE DAYS
 HEATING
  YESTERDAY       18                        17      1       22
  MONTH TO DATE  530                       503     27      472
  SINCE MAR 1   1397                      1557   -160     1662
  SINCE JUL 1   5781                      6967  -1186     7179

 COOLING
  YESTERDAY        0                         0      0        0
  MONTH TO DATE    0                         0      0        0
  SINCE MAR 1      0                         0      0        0
  SINCE JAN 1      0                         0      0        0
..................................................................


WIND (MPH)
  HIGHEST WIND SPEED    22   HIGHEST WIND DIRECTION     N (360)
  HIGHEST GUST SPEED    29   HIGHEST GUST DIRECTION     N (360)
  AVERAGE WIND SPEED    12.8


SKY COVER
  POSSIBLE SUNSHINE  MM
  AVERAGE SKY COVER 0.5


WEATHER CONDITIONS
 THE FOLLOWING WEATHER WAS RECORDED YESTERDAY.
  LIGHT RAIN
  FOG


RELATIVE HUMIDITY (PERCENT)
 HIGHEST    86          1200 AM
 LOWEST     26           500 PM
 AVERAGE    56

..........................................................


THE BURLINGTON VT CLIMATE NORMALS FOR TODAY
                         NORMAL    RECORD    YEAR
 MAXIMUM TEMPERATURE (F)   59        80      2001
 MINIMUM TEMPERATURE (F)   38        23      1930


SUNRISE AND SUNSET
APRIL 24 2016.........SUNRISE   553 AM EDT   SUNSET   749 PM EDT
APRIL 25 2016.........SUNRISE   552 AM EDT   SUNSET   750 PM EDT


-  INDICATES NEGATIVE NUMBERS.
R  INDICATES RECORD WAS SET OR TIED.
MM INDICATES DATA IS MISSING.
T  INDICATES TRACE AMOUNT.




$$
