000
CDUS41 KBTV 010557
CLIBTV


CLIMATE REPORT
NATIONAL WEATHER SERVICE BURLINGTON VT
1255 AM EST FRI DEC 1 2017


...................................

...THE BURLINGTON VT CLIMATE SUMMARY FOR NOVEMBER 30 2017...

CLIMATE NORMAL PERIOD 1981 TO 2010
CLIMATE RECORD PERIOD 1884 TO 2017


WEATHER ITEM   OBSERVED TIME   RECORD YEAR NORMAL DEPARTURE LAST
                VALUE   (LST)  VALUE       VALUE  FROM      YEAR
                                                  NORMAL
..................................................................
TEMPERATURE (F)
 YESTERDAY
  MAXIMUM         44    819 PM  63    2006  39      5       51
  MINIMUM         21    601 AM  -2    1958  26     -5       40
  AVERAGE         33                        33      0       46

PRECIPITATION (IN)
  YESTERDAY        0.06          1.19 1927   0.09  -0.03     0.02
  MONTH TO DATE    1.68                      3.13  -1.45     2.13
  SINCE SEP 1      8.02                     10.37  -2.35     6.18
  SINCE JAN 1     37.72                     34.44   3.28    25.38

SNOWFALL (IN)
  YESTERDAY        0.0           5.4  1971   0.3   -0.3      0.0
  MONTH TO DATE    3.0                       5.1   -2.1      4.3
  SINCE SEP 1      3.0                       5.4   -2.4      4.3
  SINCE JUL 1      3.0                       5.4   -2.4      4.3
  SNOW DEPTH       0

DEGREE DAYS
 HEATING
  YESTERDAY       32                        32      0       19
  MONTH TO DATE  819                       803     16      716
  SINCE SEP 1   1116                      1503   -387     1200
  SINCE JUL 1   1139                      1545   -406     1205

 COOLING
  YESTERDAY        0                         0      0        0
  MONTH TO DATE    0                         0      0        0
  SINCE SEP 1    135                        43     92      111
  SINCE JAN 1    652                       491    161      855
..................................................................


WIND (MPH)
  HIGHEST WIND SPEED    26   HIGHEST WIND DIRECTION     S (180)
  HIGHEST GUST SPEED    38   HIGHEST GUST DIRECTION     S (170)
  AVERAGE WIND SPEED    12.1


SKY COVER
  POSSIBLE SUNSHINE  MM
  AVERAGE SKY COVER 0.5


WEATHER CONDITIONS
 THE FOLLOWING WEATHER WAS RECORDED YESTERDAY.
  RAIN
  LIGHT RAIN


RELATIVE HUMIDITY (PERCENT)
 HIGHEST    88           400 AM
 LOWEST     33           200 PM
 AVERAGE    61

..........................................................


THE BURLINGTON VT CLIMATE NORMALS FOR TODAY
                         NORMAL    RECORD    YEAR
 MAXIMUM TEMPERATURE (F)   39        64      1934
 MINIMUM TEMPERATURE (F)   25        -4      1958


SUNRISE AND SUNSET
DECEMBER  1 2017......SUNRISE   709 AM EST   SUNSET   414 PM EST
DECEMBER  2 2017......SUNRISE   710 AM EST   SUNSET   414 PM EST


-  INDICATES NEGATIVE NUMBERS.
R  INDICATES RECORD WAS SET OR TIED.
MM INDICATES DATA IS MISSING.
T  INDICATES TRACE AMOUNT.


&&

LAKE CHAMPLAIN DATA:
LEVEL...............94.72 FEET
TEMPERATURE.........46 DEGREES

MOUNT MANSFIELD DATA:
HIGH................34 DEGREES
LOW.................12 DEGREES
PRECIPITATION.......NONE
NEW SNOW............NONE
SNOW AT STAKE.......17 INCHES

$$
