000
CDUS41 KBTV 092120
CLIBTV


CLIMATE REPORT
NATIONAL WEATHER SERVICE BURLINGTON VT
520 PM EDT SAT AUG 9 2014


...................................

...THE BURLINGTON VT CLIMATE SUMMARY FOR AUGUST 9 2014...
VALID TODAY AS OF 0500 PM LOCAL TIME.

CLIMATE NORMAL PERIOD 1981 TO 2010
CLIMATE RECORD PERIOD 1884 TO 2014


WEATHER ITEM   OBSERVED TIME   RECORD YEAR NORMAL DEPARTURE LAST
                VALUE   (LST)  VALUE       VALUE  FROM      YEAR
                                                  NORMAL
..................................................................
TEMPERATURE (F)
 TODAY
  MAXIMUM         83    336 PM  99    2001  80      3       78
  MINIMUM         57    526 AM  44    1922  60     -3       69
  AVERAGE         70                        70      0       74

PRECIPITATION (IN)
  TODAY            0.00          1.31 1918   0.13  -0.13     0.70
  MONTH TO DATE    0.30                      1.23  -0.93     1.60
  SINCE JUN 1     10.19                      9.08   1.11    15.95
  SINCE JAN 1     23.95                     21.39   2.56    31.22

SNOWFALL (IN)
  TODAY            0.0           0.0  2002   0.0    0.0      0.0
                                      2001
  MONTH TO DATE    0.0                       0.0    0.0      0.0
  SINCE JUN 1      0.0                       0.0    0.0      0.0
  SINCE JUL 1      0.0                       0.0    0.0      0.0
  SNOW DEPTH       0

DEGREE DAYS
 HEATING
  TODAY            0                         1     -1        0
  MONTH TO DATE    0                         5     -5        2
  SINCE JUN 1     21                        91    -70       74
  SINCE JUL 1      1                        18    -17        9

 COOLING
  TODAY            5                         5      0        9
  MONTH TO DATE   58                        51      7       47
  SINCE JUN 1    386                       335     51      447
  SINCE JAN 1    408                       354     54      494
..................................................................


WIND (MPH)
  HIGHEST WIND SPEED    14   HIGHEST WIND DIRECTION    NW (330)
  HIGHEST GUST SPEED    17   HIGHEST GUST DIRECTION     N (360)
  AVERAGE WIND SPEED     3.4


SKY COVER
  POSSIBLE SUNSHINE  MM
  AVERAGE SKY COVER 0.2


WEATHER CONDITIONS
 THE FOLLOWING WEATHER WAS RECORDED TODAY.
  NO SIGNIFICANT WEATHER WAS OBSERVED.


RELATIVE HUMIDITY (PERCENT)
 HIGHEST    93           400 AM
 LOWEST     34           400 PM
 AVERAGE    64

..........................................................


THE BURLINGTON VT CLIMATE NORMALS FOR TOMORROW
                         NORMAL    RECORD    YEAR
 MAXIMUM TEMPERATURE (F)   80        97      1949
 MINIMUM TEMPERATURE (F)   59        47      1964
                                             1927
                                             1922


SUNRISE AND SUNSET
AUGUST  9 2014........SUNRISE   548 AM EDT   SUNSET   807 PM EDT
AUGUST 10 2014........SUNRISE   550 AM EDT   SUNSET   805 PM EDT


-  INDICATES NEGATIVE NUMBERS.
R  INDICATES RECORD WAS SET OR TIED.
MM INDICATES DATA IS MISSING.
T  INDICATES TRACE AMOUNT.

$$
