000
CDUS41 KBTV 150532
CLIBTV

CLIMATE REPORT
NATIONAL WEATHER SERVICE BURLINGTON VT
132 AM EDT SAT APR 15 2017

...................................

...THE BURLINGTON VT CLIMATE SUMMARY FOR APRIL 14 2017...

CLIMATE NORMAL PERIOD 1981 TO 2010
CLIMATE RECORD PERIOD 1884 TO 2017


WEATHER ITEM   OBSERVED TIME   RECORD YEAR NORMAL DEPARTURE LAST
                VALUE   (LST)  VALUE       VALUE  FROM      YEAR
                                                  NORMAL
..................................................................
TEMPERATURE (F)
 YESTERDAY
  MAXIMUM         61    404 PM  84    1968  54      7       52
  MINIMUM         30    518 AM  17    1973  34     -4       27
                                      1923
  AVERAGE         46                        44      2       40

PRECIPITATION (IN)
  YESTERDAY        0.00          0.64 1979   0.09  -0.09     0.00
  MONTH TO DATE    2.16                      1.27   0.89     1.04
  SINCE MAR 1      5.43                      3.49   1.94     3.30
  SINCE JAN 1     10.10                      7.31   2.79     7.63

SNOWFALL (IN)
  YESTERDAY        0.0           4.6  1943   0.1   -0.1      0.0
  MONTH TO DATE    4.4                       2.9    1.5      1.4
  SINCE MAR 1     41.2                      18.7   22.5      3.2
  SINCE JUL 1    100.4                      79.5   20.9     32.2
  SNOW DEPTH       0

DEGREE DAYS
 HEATING
  YESTERDAY       19                        21     -2       25
  MONTH TO DATE  263                       336    -73      395
  SINCE MAR 1   1420                      1390     30     1262
  SINCE JUL 1   5798                      6800  -1002     5646

 COOLING
  YESTERDAY        0                         0      0        0
  MONTH TO DATE    3                         0      3        0
  SINCE MAR 1      3                         0      3        0
  SINCE JAN 1      3                         0      3        0
..................................................................


WIND (MPH)
  HIGHEST WIND SPEED    14   HIGHEST WIND DIRECTION     N (340)
  HIGHEST GUST SPEED    18   HIGHEST GUST DIRECTION    NW (310)
  AVERAGE WIND SPEED     3.0


SKY COVER
  POSSIBLE SUNSHINE  MM
  AVERAGE SKY COVER 0.1


WEATHER CONDITIONS
 THE FOLLOWING WEATHER WAS RECORDED YESTERDAY.
  NO SIGNIFICANT WEATHER WAS OBSERVED.


RELATIVE HUMIDITY (PERCENT)
 HIGHEST    85           500 AM
 LOWEST     15           200 PM
 AVERAGE    50

..........................................................


THE BURLINGTON VT CLIMATE NORMALS FOR TODAY
                         NORMAL    RECORD    YEAR
 MAXIMUM TEMPERATURE (F)   55        82      2003
 MINIMUM TEMPERATURE (F)   35        18      1926


SUNRISE AND SUNSET
APRIL 15 2017.........SUNRISE   608 AM EDT   SUNSET   738 PM EDT
APRIL 16 2017.........SUNRISE   607 AM EDT   SUNSET   739 PM EDT


-  INDICATES NEGATIVE NUMBERS.
R  INDICATES RECORD WAS SET OR TIED.
MM INDICATES DATA IS MISSING.
T  INDICATES TRACE AMOUNT.

&&

LAKE CHAMPLAIN DATA:
LEVEL...............99.52 FEET
TEMPERATURE.........38 DEGREES

MOUNT MANSFIELD DATA:
HIGH................39 DEGREES
LOW.................21 DEGREES
PRECIPITATION.......NONE
NEW SNOW............NONE
SNOW AT STAKE.......89 INCHES

$$
