000
CDUS41 KBTV 162225
CLIBTV


CLIMATE REPORT
NATIONAL WEATHER SERVICE BURLINGTON VT
525 PM EST FRI JAN 16 2015


...................................

...THE BURLINGTON VT CLIMATE SUMMARY FOR JANUARY 16 2015...
VALID TODAY AS OF 0500 PM LOCAL TIME.

CLIMATE NORMAL PERIOD 1981 TO 2010
CLIMATE RECORD PERIOD 1884 TO 2015


WEATHER ITEM   OBSERVED TIME   RECORD YEAR NORMAL DEPARTURE LAST
                VALUE   (LST)  VALUE       VALUE  FROM      YEAR
                                                  NORMAL
..................................................................
TEMPERATURE (F)
 TODAY
  MAXIMUM         26   1031 AM  63    1995  27     -1       32
  MINIMUM         11    459 PM -21    2009  10      1       26
  AVERAGE         19                        18      1       29

PRECIPITATION (IN)
  TODAY            0.02          0.94 1959   0.07  -0.05     0.05
  MONTH TO DATE    0.44                      1.06  -0.62     2.18
  SINCE DEC 1      3.29                      3.44  -0.15     4.72
  SINCE JAN 1      0.44                      1.06  -0.62     2.18

SNOWFALL (IN)
  TODAY            0.6          13.4  1983   0.7   -0.1      1.7
  MONTH TO DATE    6.3                      10.9   -4.6      6.2
  SINCE DEC 1     28.2                      28.8   -0.6     21.5
  SINCE JUL 1     38.8                      34.2    4.6     27.9
  SNOW DEPTH       1

DEGREE DAYS
 HEATING
  TODAY           46                        47     -1       36
  MONTH TO DATE  768                       737     31      680
  SINCE DEC 1   1846                      1951   -105     1960
  SINCE JUL 1   3171                      3496   -325     3453

 COOLING
  TODAY            0                         0      0        0
  MONTH TO DATE    0                         0      0        0
  SINCE DEC 1      0                         0      0        0
  SINCE JAN 1      0                         0      0        0
..................................................................


WIND (MPH)
  HIGHEST WIND SPEED    26   HIGHEST WIND DIRECTION    NW (320)
  HIGHEST GUST SPEED    31   HIGHEST GUST DIRECTION    NW (320)
  AVERAGE WIND SPEED    14.5


SKY COVER
  POSSIBLE SUNSHINE  MM
  AVERAGE SKY COVER 0.9


WEATHER CONDITIONS
 THE FOLLOWING WEATHER WAS RECORDED TODAY.
  SNOW
  LIGHT SNOW
  HAZE
  BLOWING SNOW


RELATIVE HUMIDITY (PERCENT)
 HIGHEST    81           900 AM
 LOWEST     47           100 PM
 AVERAGE    64

..........................................................


THE BURLINGTON VT CLIMATE NORMALS FOR TOMORROW
                         NORMAL    RECORD    YEAR
 MAXIMUM TEMPERATURE (F)   27        56      1889
 MINIMUM TEMPERATURE (F)   10       -22      1974


SUNRISE AND SUNSET
JANUARY 16 2015.......SUNRISE   725 AM EST   SUNSET   440 PM EST
JANUARY 17 2015.......SUNRISE   725 AM EST   SUNSET   441 PM EST


-  INDICATES NEGATIVE NUMBERS.
R  INDICATES RECORD WAS SET OR TIED.
MM INDICATES DATA IS MISSING.
T  INDICATES TRACE AMOUNT.

$$
