922
CDUS41 KBTV 120521
CLIBTV


CLIMATE REPORT
NATIONAL WEATHER SERVICE BURLINGTON VT
120 AM EDT SAT AUG 12 2017


...................................

...THE BURLINGTON VT CLIMATE SUMMARY FOR AUGUST 11 2017...

CLIMATE NORMAL PERIOD 1981 TO 2010
CLIMATE RECORD PERIOD 1884 TO 2017


WEATHER ITEM   OBSERVED TIME   RECORD YEAR NORMAL DEPARTURE LAST
                VALUE   (LST)  VALUE       VALUE  FROM      YEAR
                                                  NORMAL
..................................................................
TEMPERATURE (F)
 YESTERDAY
  MAXIMUM         84    140 PM 101    1944  80      4       96
  MINIMUM         64    553 AM  46    1972  59      5       74
                                      1963
  AVERAGE         74                        70      4       85

PRECIPITATION (IN)
  YESTERDAY        0.06          3.62 1998   0.13  -0.07     0.00
  MONTH TO DATE    0.71                      1.50  -0.79     0.20
  SINCE JUN 1     11.33                      9.35   1.98     6.30
  SINCE JAN 1     28.01                     21.66   6.35    17.15

SNOWFALL (IN)
  YESTERDAY        0.0           0.0  2002   0.0    0.0      0.0
                                      2001
  MONTH TO DATE    0.0                       0.0    0.0      0.0
  SINCE JUN 1      0.0                       0.0    0.0      0.0
  SINCE JUL 1      0.0                       0.0    0.0      0.0
  SNOW DEPTH       0

DEGREE DAYS
 HEATING
  YESTERDAY        0                         1     -1        0
  MONTH TO DATE    0                         7     -7        0
  SINCE JUN 1     56                        93    -37       51
  SINCE JUL 1      4                        20    -16        3

 COOLING
  YESTERDAY        9                         5      4       20
  MONTH TO DATE   79                        61     18      117
  SINCE JUN 1    392                       345     47      506
  SINCE JAN 1    434                       364     70      578
..................................................................


WIND (MPH)
  HIGHEST WIND SPEED    17   HIGHEST WIND DIRECTION     S (190)
  HIGHEST GUST SPEED    23   HIGHEST GUST DIRECTION     S (190)
  AVERAGE WIND SPEED     6.9


SKY COVER
  POSSIBLE SUNSHINE  MM
  AVERAGE SKY COVER 0.7


WEATHER CONDITIONS
 THE FOLLOWING WEATHER WAS RECORDED YESTERDAY.
  THUNDERSTORM
  LIGHT RAIN
  FOG


RELATIVE HUMIDITY (PERCENT)
 HIGHEST    93           600 AM
 LOWEST     44           100 PM
 AVERAGE    69

..........................................................


THE BURLINGTON VT CLIMATE NORMALS FOR TODAY
                         NORMAL    RECORD    YEAR
 MAXIMUM TEMPERATURE (F)   80        93      2002
                                             1947
 MINIMUM TEMPERATURE (F)   59        44      1913


SUNRISE AND SUNSET
AUGUST 12 2017........SUNRISE   552 AM EDT   SUNSET   802 PM EDT
AUGUST 13 2017........SUNRISE   553 AM EDT   SUNSET   801 PM EDT


-  INDICATES NEGATIVE NUMBERS.
R  INDICATES RECORD WAS SET OR TIED.
MM INDICATES DATA IS MISSING.
T  INDICATES TRACE AMOUNT.

&&

LAKE CHAMPLAIN DATA:
LEVEL...............96.46 FEET
TEMPERATURE.........73 DEGREES

MOUNT MANSFIELD DATA:
HIGH................68 DEGREES
LOW.................55 DEGREES
PRECIPITATION.......TRACE

$$
