000
CDUS41 KBTV 130519
CLIBTV


CLIMATE REPORT
NATIONAL WEATHER SERVICE BURLINGTON VT
118 AM EDT WED APR 13 2016


...................................

...THE BURLINGTON VT CLIMATE SUMMARY FOR APRIL 12 2016...

CLIMATE NORMAL PERIOD 1981 TO 2010
CLIMATE RECORD PERIOD 1884 TO 2016


WEATHER ITEM   OBSERVED TIME   RECORD YEAR NORMAL DEPARTURE LAST
                VALUE   (LST)  VALUE       VALUE  FROM      YEAR
                                                  NORMAL
..................................................................
TEMPERATURE (F)
 YESTERDAY
  MAXIMUM         51    215 AM  82    1945  53     -2       67
  MINIMUM         39   1159 PM  16    1976  34      5       28
                                      1975
                                      1926
  AVERAGE         45                        43      2       48

PRECIPITATION (IN)
  YESTERDAY        0.20          1.11 1934   0.10   0.10     0.00
  MONTH TO DATE    1.04                      1.08  -0.04     0.92
  SINCE MAR 1      3.30                      3.30   0.00     1.82
  SINCE JAN 1      7.63                      7.12   0.51     4.20

SNOWFALL (IN)
  YESTERDAY       MM             3.0  1929   0.2   MM        0.0
  MONTH TO DATE    1.4                       2.6   -1.2      3.1
  SINCE MAR 1      3.2                      18.4  -15.2      7.5
  SINCE JUL 1     32.2                      79.2  -47.0     83.4
  SNOW DEPTH       0

DEGREE DAYS
 HEATING
  YESTERDAY       20                        22     -2       17
  MONTH TO DATE  345                       294     51      300
  SINCE MAR 1   1212                      1348   -136     1490
  SINCE JUL 1   5596                      6758  -1162     7007

 COOLING
  YESTERDAY        0                         0      0        0
  MONTH TO DATE    0                         0      0        0
  SINCE MAR 1      0                         0      0        0
  SINCE JAN 1      0                         0      0        0
..................................................................


WIND (MPH)
  HIGHEST WIND SPEED    24   HIGHEST WIND DIRECTION     N (340)
  HIGHEST GUST SPEED    29   HIGHEST GUST DIRECTION     N (340)
  AVERAGE WIND SPEED    10.1


SKY COVER
  POSSIBLE SUNSHINE  MM
  AVERAGE SKY COVER 0.8


WEATHER CONDITIONS
 THE FOLLOWING WEATHER WAS RECORDED YESTERDAY.
  LIGHT RAIN
  FOG


RELATIVE HUMIDITY (PERCENT)
 HIGHEST    89           600 AM
 LOWEST     42           200 PM
 AVERAGE    66

..........................................................


THE BURLINGTON VT CLIMATE NORMALS FOR TODAY
                         NORMAL    RECORD    YEAR
 MAXIMUM TEMPERATURE (F)   54        84      1945
 MINIMUM TEMPERATURE (F)   34        16      1914


SUNRISE AND SUNSET
APRIL 13 2016.........SUNRISE   611 AM EDT   SUNSET   735 PM EDT
APRIL 14 2016.........SUNRISE   610 AM EDT   SUNSET   737 PM EDT


-  INDICATES NEGATIVE NUMBERS.
R  INDICATES RECORD WAS SET OR TIED.
MM INDICATES DATA IS MISSING.
T  INDICATES TRACE AMOUNT.







&&

LAKE CHAMPLAIN DATA:
LEVEL...............97.98 FEET
TEMPERATURE.........39 DEGREES

MOUNT MANSFIELD DATA:
HIGH................39 DEGREES
LOW.................24 DEGREES
PRECIPITATION.......1.30 INCHES
NEW SNOW............NONE
SNOW AT STAKE.......35 INCHES

$$
