000
CDUS41 KBTV 012110
CLIBTV


CLIMATE REPORT
NATIONAL WEATHER SERVICE BURLINGTON VT
510 PM EDT FRI JUL 1 2016


...................................

...THE BURLINGTON VT CLIMATE SUMMARY FOR JULY 1 2016...
VALID TODAY AS OF 0500 PM LOCAL TIME.

CLIMATE NORMAL PERIOD 1981 TO 2010
CLIMATE RECORD PERIOD 1884 TO 2016


WEATHER ITEM   OBSERVED TIME   RECORD YEAR NORMAL DEPARTURE LAST
                VALUE   (LST)  VALUE       VALUE  FROM      YEAR
                                                  NORMAL
..................................................................
TEMPERATURE (F)
 TODAY
  MAXIMUM         84        MM  96    1931  80      4       76
  MINIMUM         59        MM  44    1978  59      0       63
                                      1912
  AVERAGE         72                        70      2       70

PRECIPITATION (IN)
  TODAY            0.00          2.54 1998   0.13  -0.13     2.04
  MONTH TO DATE    0.00                      0.13  -0.13     2.04
  SINCE JUN 1      3.05                      3.82  -0.77    10.71
  SINCE JAN 1     13.90                     16.13  -2.23    19.55

SNOWFALL (IN)
  TODAY            0.0           0.0  2002   0.0    0.0      0.0
                                      2001
  MONTH TO DATE    0.0                       0.0    0.0      0.0
  SINCE JUN 1      0.0                       0.0    0.0      0.0
  SINCE JUL 1      0.0                       0.0    0.0      0.0
  SNOW DEPTH       0

DEGREE DAYS
 HEATING
  TODAY            0                         1     -1        0
  MONTH TO DATE    0                         1     -1        0
  SINCE JUN 1     48                        74    -26       71
  SINCE JUL 1      0                         1     -1        0

 COOLING
  TODAY            7                         6      1        5
  MONTH TO DATE    7                         6      1        5
  SINCE JUN 1    140                       103     37       80
  SINCE JAN 1    212                       122     90      173
..................................................................


WIND (MPH)
  HIGHEST WIND SPEED    14   HIGHEST WIND DIRECTION     S (190)
  HIGHEST GUST SPEED    21   HIGHEST GUST DIRECTION     S (190)
  AVERAGE WIND SPEED     6.3


SKY COVER
  POSSIBLE SUNSHINE  MM
  AVERAGE SKY COVER 0.5


WEATHER CONDITIONS
 THE FOLLOWING WEATHER WAS RECORDED TODAY.
  NO SIGNIFICANT WEATHER WAS OBSERVED.


RELATIVE HUMIDITY (PERCENT)
 HIGHEST    84           300 AM
 LOWEST     34          1100 AM
 AVERAGE    59

..........................................................


THE BURLINGTON VT CLIMATE NORMALS FOR TOMORROW
                         NORMAL    RECORD    YEAR
 MAXIMUM TEMPERATURE (F)   80        96      1963
 MINIMUM TEMPERATURE (F)   59        40      1992
                                             1978


SUNRISE AND SUNSET
JULY  1 2016..........SUNRISE   512 AM EDT   SUNSET   841 PM EDT
JULY  2 2016..........SUNRISE   513 AM EDT   SUNSET   841 PM EDT


-  INDICATES NEGATIVE NUMBERS.
R  INDICATES RECORD WAS SET OR TIED.
MM INDICATES DATA IS MISSING.
T  INDICATES TRACE AMOUNT.




$$
