000
CDUS41 KBTV 180704
CLIBTV


CLIMATE REPORT
NATIONAL WEATHER SERVICE BURLINGTON VT
303 AM EDT FRI JUL 18 2014


...................................

...THE BURLINGTON VT CLIMATE SUMMARY FOR JULY 17 2014...

CLIMATE NORMAL PERIOD 1981 TO 2010
CLIMATE RECORD PERIOD 1884 TO 2014


WEATHER ITEM   OBSERVED TIME   RECORD YEAR NORMAL DEPARTURE LAST
                VALUE   (LST)  VALUE       VALUE  FROM      YEAR
                                                  NORMAL
..................................................................
TEMPERATURE (F)
 YESTERDAY
  MAXIMUM         77    147 PM  97    1999  81     -4       95
  MINIMUM         56    456 AM  47    1908  61     -5       70
  AVERAGE         67                        71     -4       83

PRECIPITATION (IN)
  YESTERDAY        0.00          1.61 1995   0.13  -0.13     0.05
  MONTH TO DATE    2.42                      2.26   0.16     3.36
  SINCE JUN 1      6.77                      5.95   0.82    13.22
  SINCE JAN 1     20.53                     18.26   2.27    28.49

SNOWFALL (IN)
  YESTERDAY        0.0           0.0  2002   0.0    0.0      0.0
                                      2001
  MONTH TO DATE    0.0                       0.0    0.0      0.0
  SINCE JUN 1      0.0                       0.0    0.0      0.0
  SINCE JUL 1      0.0                       0.0    0.0      0.0
  SNOW DEPTH       0

DEGREE DAYS
 HEATING
  YESTERDAY        0                         0      0        0
  MONTH TO DATE    0                         8     -8        0
  SINCE JUN 1     20                        81    -61       65
  SINCE JUL 1      0                         8     -8        0

 COOLING
  YESTERDAY        2                         6     -4       18
  MONTH TO DATE  143                       102     41      188
  SINCE JUN 1    263                       199     64      303
  SINCE JAN 1    285                       218     67      350
..................................................................


WIND (MPH)
  HIGHEST WIND SPEED    12   HIGHEST WIND DIRECTION    NW (310)
  HIGHEST GUST SPEED    15   HIGHEST GUST DIRECTION    NW (320)
  AVERAGE WIND SPEED     4.3


SKY COVER
  POSSIBLE SUNSHINE  MM
  AVERAGE SKY COVER 0.5


WEATHER CONDITIONS
 THE FOLLOWING WEATHER WAS RECORDED YESTERDAY.
  NO SIGNIFICANT WEATHER WAS OBSERVED.


RELATIVE HUMIDITY (PERCENT)
 HIGHEST    93           500 AM
 LOWEST     41           200 PM
 AVERAGE    67

..........................................................


THE BURLINGTON VT CLIMATE NORMALS FOR TODAY
                         NORMAL    RECORD    YEAR
 MAXIMUM TEMPERATURE (F)   81        99      1953
 MINIMUM TEMPERATURE (F)   61        47      1956


SUNRISE AND SUNSET
JULY 18 2014..........SUNRISE   525 AM EDT   SUNSET   832 PM EDT
JULY 19 2014..........SUNRISE   526 AM EDT   SUNSET   831 PM EDT


-  INDICATES NEGATIVE NUMBERS.
R  INDICATES RECORD WAS SET OR TIED.
MM INDICATES DATA IS MISSING.
T  INDICATES TRACE AMOUNT.

&&

LAKE CHAMPLAIN DATA:
LEVEL...............96.46 FEET
TEMPERATURE.........70 DEGREES

MOUNT MANSFIELD DATA:
HIGH................62 DEGREES
LOW.................47 DEGREES
PRECIPITATION.......NONE

$$
