000
CDUS41 KBTV 060534
CLIBTV

CLIMATE REPORT
NATIONAL WEATHER SERVICE BURLINGTON VT
132 AM EDT FRI OCT 6 2017

...................................

...THE BURLINGTON VT CLIMATE SUMMARY FOR OCTOBER 5 2017...

CLIMATE NORMAL PERIOD 1981 TO 2010
CLIMATE RECORD PERIOD 1884 TO 2017


WEATHER ITEM   OBSERVED TIME   RECORD YEAR NORMAL DEPARTURE LAST
                VALUE   (LST)  VALUE       VALUE  FROM      YEAR
                                                  NORMAL
..................................................................
TEMPERATURE (F)
 YESTERDAY
  MAXIMUM         73    238 PM  82    1926  62     11       73
  MINIMUM         53   1159 PM  27    1964  43     10       50
  AVERAGE         63                        52     11       62

PRECIPITATION (IN)
  YESTERDAY        0.00          2.09 1926   0.12  -0.12     0.00
  MONTH TO DATE    0.11                      0.62  -0.51     0.11
  SINCE SEP 1      2.90                      4.26  -1.36     1.50
  SINCE JAN 1     32.60                     28.33   4.27    20.70

SNOWFALL (IN)
  YESTERDAY        0.0           0.0  2002   0.0    0.0      0.0
                                      2001
  MONTH TO DATE    0.0                       0.0    0.0      0.0
  SINCE SEP 1      0.0                       T      0.0      0.0
  SINCE JUL 1      0.0                       T      0.0      0.0
  SNOW DEPTH       0

DEGREE DAYS
 HEATING
  YESTERDAY        2                        13    -11        3
  MONTH TO DATE   32                        61    -29       27
  SINCE SEP 1    118                       236   -118      106
  SINCE JUL 1    141                       278   -137      111

 COOLING
  YESTERDAY        0                         0      0        0
  MONTH TO DATE    3                         0      3        0
  SINCE SEP 1    117                        41     76      108
  SINCE JAN 1    634                       489    145      852
..................................................................


WIND (MPH)
  HIGHEST WIND SPEED    15   HIGHEST WIND DIRECTION    NW (310)
  HIGHEST GUST SPEED    18   HIGHEST GUST DIRECTION    NW (320)
  AVERAGE WIND SPEED     5.6


SKY COVER
  POSSIBLE SUNSHINE  MM
  AVERAGE SKY COVER 0.4


WEATHER CONDITIONS
 THE FOLLOWING WEATHER WAS RECORDED YESTERDAY.
  NO SIGNIFICANT WEATHER WAS OBSERVED.


RELATIVE HUMIDITY (PERCENT)
 HIGHEST    93           500 AM
 LOWEST     40           500 PM
 AVERAGE    67

..........................................................


THE BURLINGTON VT CLIMATE NORMALS FOR TODAY
                         NORMAL    RECORD    YEAR
 MAXIMUM TEMPERATURE (F)   61        82      1990
                                             1946
 MINIMUM TEMPERATURE (F)   42        23      1964


SUNRISE AND SUNSET
OCTOBER  6 2017.......SUNRISE   657 AM EDT   SUNSET   624 PM EDT
OCTOBER  7 2017.......SUNRISE   658 AM EDT   SUNSET   622 PM EDT


-  INDICATES NEGATIVE NUMBERS.
R  INDICATES RECORD WAS SET OR TIED.
MM INDICATES DATA IS MISSING.
T  INDICATES TRACE AMOUNT.

&&

LAKE CHAMPLAIN DATA:
LEVEL...............94.62 FEET
TEMPERATURE.........66 DEGREES

MOUNT MANSFIELD DATA:
HIGH................61 DEGREES
LOW.................45 DEGREES
PRECIPITATION.......0.46 INCHES

$$
