000
CDUS41 KBTV 280555
CLIBTV


CLIMATE REPORT
NATIONAL WEATHER SERVICE BURLINGTON VT
1251 AM EST THU JAN 28 2016


...................................

...THE BURLINGTON VT CLIMATE SUMMARY FOR JANUARY 27 2016...

CLIMATE NORMAL PERIOD 1981 TO 2010
CLIMATE RECORD PERIOD 1884 TO 2016


WEATHER ITEM   OBSERVED TIME   RECORD YEAR NORMAL DEPARTURE LAST
                VALUE   (LST)  VALUE       VALUE  FROM      YEAR
                                                  NORMAL
..................................................................
TEMPERATURE (F)
 YESTERDAY
  MAXIMUM         41    147 AM  53    1996  27     14       10
  MINIMUM         20   1159 PM -29    1994  10     10        5
  AVERAGE         31                        18     13        8

PRECIPITATION (IN)
  YESTERDAY        T             1.15 1996   0.07  -0.07     0.03
  MONTH TO DATE    1.09                      1.80  -0.71     1.09
  SINCE DEC 1      5.53                      4.18   1.35     3.94
  SINCE JAN 1      1.09                      1.80  -0.71     1.09

SNOWFALL (IN)
  YESTERDAY        T            10.3  1954   0.7   -0.7      3.6
  MONTH TO DATE   11.5                      18.4   -6.9     12.9
  SINCE DEC 1     18.6                      36.3  -17.7     34.8
  SINCE JUL 1     18.8                      41.7  -22.9     45.4
  SNOW DEPTH       1

DEGREE DAYS
 HEATING
  YESTERDAY       34                        47    -13       57
  MONTH TO DATE 1109                      1254   -145     1297
  SINCE DEC 1   1903                      2468   -565     2375
  SINCE JUL 1   3142                      4013   -871     3700

 COOLING
  YESTERDAY        0                         0      0        0
  MONTH TO DATE    0                         0      0        0
  SINCE DEC 1      0                         0      0        0
  SINCE JAN 1      0                         0      0        0
..................................................................


WIND (MPH)
  HIGHEST WIND SPEED    21   HIGHEST WIND DIRECTION     W (260)
  HIGHEST GUST SPEED    28   HIGHEST GUST DIRECTION     W (260)
  AVERAGE WIND SPEED     8.8


SKY COVER
  POSSIBLE SUNSHINE  MM
  AVERAGE SKY COVER 0.7


WEATHER CONDITIONS
 THE FOLLOWING WEATHER WAS RECORDED YESTERDAY.
  LIGHT SNOW


RELATIVE HUMIDITY (PERCENT)
 HIGHEST    69          1000 AM
 LOWEST     53           300 PM
 AVERAGE    61

..........................................................


THE BURLINGTON VT CLIMATE NORMALS FOR TODAY
                         NORMAL    RECORD    YEAR
 MAXIMUM TEMPERATURE (F)   27        56      1916
 MINIMUM TEMPERATURE (F)   10       -26      1925


SUNRISE AND SUNSET
JANUARY 28 2016.......SUNRISE   716 AM EST   SUNSET   456 PM EST
JANUARY 29 2016.......SUNRISE   715 AM EST   SUNSET   457 PM EST


-  INDICATES NEGATIVE NUMBERS.
R  INDICATES RECORD WAS SET OR TIED.
MM INDICATES DATA IS MISSING.
T  INDICATES TRACE AMOUNT.

&&

LAKE CHAMPLAIN DATA:
LEVEL...............95.84 FEET
TEMPERATURE.........37 DEGREES

MOUNT MANSFIELD DATA:
HIGH................31 DEGREES
LOW.................9 DEGREES
PRECIPITATION.......0.03 INCHES
NEW SNOW............TRACE
SNOW AT STAKE.......23 INCHES

$$
