000
CDUS41 KBTV 032125
CLIBTV


CLIMATE REPORT
NATIONAL WEATHER SERVICE BURLINGTON VT
425 PM EST FRI MAR 3 2017


...................................

...THE BURLINGTON VT CLIMATE SUMMARY FOR MARCH 3 2017...
VALID TODAY AS OF 0400 PM LOCAL TIME.

CLIMATE NORMAL PERIOD 1981 TO 2010
CLIMATE RECORD PERIOD 1884 TO 2017


WEATHER ITEM   OBSERVED TIME   RECORD YEAR NORMAL DEPARTURE LAST
                VALUE   (LST)  VALUE       VALUE  FROM      YEAR
                                                  NORMAL
..................................................................
TEMPERATURE (F)
 TODAY
  MAXIMUM         23    143 PM  59    2002  35    -12       19
  MINIMUM         13    715 AM -20    1938  17     -4        5
  AVERAGE         18                        26     -8       12

PRECIPITATION (IN)
  TODAY            0.01          0.80 1954   0.06  -0.05      T
  MONTH TO DATE    0.26                      0.19   0.07     0.25
  SINCE MAR 1      0.26                      0.19   0.07     0.25
  SINCE JAN 1      4.93                      4.01   0.92     4.58

SNOWFALL (IN)
  TODAY            0.1          15.7  1994   0.7   -0.6       T
  MONTH TO DATE    0.1                       1.9   -1.8      0.4
  SINCE MAR 1      0.1                       1.9   -1.8      0.4
  SINCE JUL 1     59.3                      62.7   -3.4     29.4
  SNOW DEPTH       0

DEGREE DAYS
 HEATING
  TODAY           47                        39      8       53
  MONTH TO DATE   85                       118    -33      136
  SINCE MAR 1     85                       118    -33      136
  SINCE JUL 1   4463                      5528  -1065     4520

 COOLING
  TODAY            0                         0      0        0
  MONTH TO DATE    0                         0      0        0
  SINCE MAR 1      0                         0      0        0
  SINCE JAN 1      0                         0      0        0
..................................................................


WIND (MPH)
  HIGHEST WIND SPEED    18   HIGHEST WIND DIRECTION     N (350)
  HIGHEST GUST SPEED    22   HIGHEST GUST DIRECTION     N (340)
  AVERAGE WIND SPEED     9.8


SKY COVER
  POSSIBLE SUNSHINE  MM
  AVERAGE SKY COVER 0.9


WEATHER CONDITIONS
 THE FOLLOWING WEATHER WAS RECORDED TODAY.
  LIGHT SNOW
  HAZE


RELATIVE HUMIDITY (PERCENT)
 HIGHEST    73           800 AM
 LOWEST     39           100 PM
 AVERAGE    56

..........................................................


THE BURLINGTON VT CLIMATE NORMALS FOR TOMORROW
                         NORMAL    RECORD    YEAR
 MAXIMUM TEMPERATURE (F)   35        57      1953
 MINIMUM TEMPERATURE (F)   17       -24      1938


SUNRISE AND SUNSET
MARCH  3 2017.........SUNRISE   626 AM EST   SUNSET   543 PM EST
MARCH  4 2017.........SUNRISE   624 AM EST   SUNSET   545 PM EST


-  INDICATES NEGATIVE NUMBERS.
R  INDICATES RECORD WAS SET OR TIED.
MM INDICATES DATA IS MISSING.
T  INDICATES TRACE AMOUNT.




$$
