000
CDUS41 KBTV 270537
CLIBTV

CLIMATE REPORT
NATIONAL WEATHER SERVICE BURLINGTON VT
1235 AM EST SAT JAN 27 2018

...................................

...THE BURLINGTON VT CLIMATE SUMMARY FOR JANUARY 26 2018...

CLIMATE NORMAL PERIOD 1981 TO 2010
CLIMATE RECORD PERIOD 1884 TO 2018


WEATHER ITEM   OBSERVED TIME   RECORD YEAR NORMAL DEPARTURE LAST
                VALUE   (LST)  VALUE       VALUE  FROM      YEAR
                                                  NORMAL
..................................................................
TEMPERATURE (F)
 YESTERDAY
  MAXIMUM         29   1159 PM  55    1950  27      2       42
  MINIMUM          6    656 AM -25    1994  10     -4       34
  AVERAGE         18                        18      0       38

PRECIPITATION (IN)
  YESTERDAY        0.00          1.22 1986   0.06  -0.06     0.09
  MONTH TO DATE    2.54                      1.73   0.81     1.95
  SINCE DEC 1      4.72                      4.11   0.61     4.30
  SINCE JAN 1      2.54                      1.73   0.81     1.95

SNOWFALL (IN)
  YESTERDAY        0.0          11.2  1986   0.7   -0.7       T
  MONTH TO DATE   15.2                      17.7   -2.5      6.9
  SINCE DEC 1     38.7                      35.6    3.1     23.6
  SINCE JUL 1     41.7                      41.0    0.7     27.9
  SNOW DEPTH       2

DEGREE DAYS
 HEATING
  YESTERDAY       47                        47      0       27
  MONTH TO DATE 1197                      1207    -10      903
  SINCE DEC 1   2514                      2421     93     2011
  SINCE JUL 1   3653                      3966   -313     3216

 COOLING
  YESTERDAY        0                         0      0        0
  MONTH TO DATE    0                         0      0        0
  SINCE DEC 1      0                         0      0        0
  SINCE JAN 1      0                         0      0        0
..................................................................


WIND (MPH)
  HIGHEST WIND SPEED    14   HIGHEST WIND DIRECTION     S (180)
  HIGHEST GUST SPEED    22   HIGHEST GUST DIRECTION     S (170)
  AVERAGE WIND SPEED     4.6


SKY COVER
  POSSIBLE SUNSHINE  MM
  AVERAGE SKY COVER 0.2


WEATHER CONDITIONS
 THE FOLLOWING WEATHER WAS RECORDED YESTERDAY.
  NO SIGNIFICANT WEATHER WAS OBSERVED.


RELATIVE HUMIDITY (PERCENT)
 HIGHEST    88           800 AM
 LOWEST     39          1100 PM
 AVERAGE    64

..........................................................


THE BURLINGTON VT CLIMATE NORMALS FOR TODAY
                         NORMAL    RECORD    YEAR
 MAXIMUM TEMPERATURE (F)   27        53      1996
 MINIMUM TEMPERATURE (F)   10       -29      1994


SUNRISE AND SUNSET
JANUARY 27 2018.......SUNRISE   716 AM EST   SUNSET   455 PM EST
JANUARY 28 2018.......SUNRISE   715 AM EST   SUNSET   456 PM EST


-  INDICATES NEGATIVE NUMBERS.
R  INDICATES RECORD WAS SET OR TIED.
MM INDICATES DATA IS MISSING.
T  INDICATES TRACE AMOUNT.

&&

LAKE CHAMPLAIN DATA:
LEVEL...............96.14 FEET
TEMPERATURE.........35 DEGREES

MOUNT MANSFIELD DATA:
HIGH................27 DEGREES
LOW.................-2 DEGREES
PRECIPITATION.......0.01 INCHES
NEW SNOW............MISSING
SNOW AT STAKE.......MISSING

$$
