000
CDUS41 KBTV 140540
CLIBTV


CLIMATE REPORT
NATIONAL WEATHER SERVICE BURLINGTON VT
139 AM EDT SAT MAR 14 2015


...................................

...THE BURLINGTON VT CLIMATE SUMMARY FOR MARCH 13 2015...

CLIMATE NORMAL PERIOD 1981 TO 2010
CLIMATE RECORD PERIOD 1884 TO 2015


WEATHER ITEM   OBSERVED TIME   RECORD YEAR NORMAL DEPARTURE LAST
                VALUE   (LST)  VALUE       VALUE  FROM      YEAR
                                                  NORMAL
..................................................................
TEMPERATURE (F)
 YESTERDAY
  MAXIMUM         32   1147 PM  67    2012  39     -7       16
  MINIMUM         12    607 AM  -7    1948  21     -9       -2
  AVERAGE         22                        30     -8        7

PRECIPITATION (IN)
  YESTERDAY        T             1.10 1888   0.07  -0.07     0.04
  MONTH TO DATE    0.12                      0.88  -0.76     0.84
  SINCE MAR 1      0.12                      0.88  -0.76     0.84
  SINCE JAN 1      2.50                      4.70  -2.20     5.12

SNOWFALL (IN)
  YESTERDAY        T            15.5  1993   0.6   -0.6      3.5
  MONTH TO DATE    2.9                       8.0   -5.1     22.0
  SINCE MAR 1      2.9                       8.0   -5.1     22.0
  SINCE JUL 1     78.8                      68.8   10.0     80.3
  SNOW DEPTH       2

DEGREE DAYS
 HEATING
  YESTERDAY       43                        35      8       58
  MONTH TO DATE  524                       489     35      608
  SINCE MAR 1    524                       489     35      608
  SINCE JUL 1   6041                      5899    142     6073

 COOLING
  YESTERDAY        0                         0      0        0
  MONTH TO DATE    0                         0      0        0
  SINCE MAR 1      0                         0      0        0
  SINCE JAN 1      0                         0      0        0
..................................................................


WIND (MPH)
  HIGHEST WIND SPEED    13   HIGHEST WIND DIRECTION    SW (210)
  HIGHEST GUST SPEED    17   HIGHEST GUST DIRECTION    SW (240)
  AVERAGE WIND SPEED     2.8


SKY COVER
  POSSIBLE SUNSHINE  MM
  AVERAGE SKY COVER 0.5


WEATHER CONDITIONS
 THE FOLLOWING WEATHER WAS RECORDED YESTERDAY.
  LIGHT SNOW


RELATIVE HUMIDITY (PERCENT)
 HIGHEST    76           600 AM
 LOWEST     29          1000 AM
 AVERAGE    53

..........................................................


THE BURLINGTON VT CLIMATE NORMALS FOR TODAY
                         NORMAL    RECORD    YEAR
 MAXIMUM TEMPERATURE (F)   39        68      1946
 MINIMUM TEMPERATURE (F)   21        -9      1926


SUNRISE AND SUNSET
MARCH 14 2015.........SUNRISE   707 AM EDT   SUNSET   657 PM EDT
MARCH 15 2015.........SUNRISE   705 AM EDT   SUNSET   658 PM EDT


-  INDICATES NEGATIVE NUMBERS.
R  INDICATES RECORD WAS SET OR TIED.
MM INDICATES DATA IS MISSING.
T  INDICATES TRACE AMOUNT.

&&

LAKE CHAMPLAIN DATA:
LEVEL...............94.64 FEET
TEMPERATURE.........35 DEGREES

MOUNT MANSFIELD DATA:
HIGH................28 DEGREES
LOW.................3 DEGREES
PRECIPITATION.......TRACE
NEW SNOW............TRACE
SNOW AT STAKE.......81 INCHES

$$
