000
CDUS41 KBTV 010530
CLIBTV

CLIMATE REPORT
NATIONAL WEATHER SERVICE BURLINGTON VT
130 AM EDT MON AUG 1 2016

...................................

...THE BURLINGTON VT CLIMATE SUMMARY FOR JULY 31 2016...

CLIMATE NORMAL PERIOD 1981 TO 2010
CLIMATE RECORD PERIOD 1884 TO 2016


WEATHER ITEM   OBSERVED TIME   RECORD YEAR NORMAL DEPARTURE LAST
                VALUE   (LST)  VALUE       VALUE  FROM      YEAR
                                                  NORMAL
..................................................................
TEMPERATURE (F)
 YESTERDAY
  MAXIMUM         82    248 PM  96    1999  81      1       83
  MINIMUM         58    526 AM  42    1964  60     -2       65
  AVERAGE         70                        70      0       74

PRECIPITATION (IN)
  YESTERDAY        0.00          1.75 1962   0.13  -0.13     0.00
  MONTH TO DATE    3.05                      4.16  -1.11     4.67
  SINCE JUN 1      6.10                      7.85  -1.75    13.34
  SINCE JAN 1     16.95                     20.16  -3.21    22.18

SNOWFALL (IN)
  YESTERDAY        0.0           0.0  2002   0.0    0.0      0.0
                                      2001
  MONTH TO DATE    0.0                       0.0    0.0      0.0
  SINCE JUN 1      0.0                       0.0    0.0      0.0
  SINCE JUL 1      0.0                       0.0    0.0      0.0
  SNOW DEPTH       0

DEGREE DAYS
 HEATING
  YESTERDAY        0                         0      0        0
  MONTH TO DATE    3                         8     -5        5
  SINCE JUN 1     51                        86    -35       76
  SINCE JUL 1      3                        13    -10        5

 COOLING
  YESTERDAY        5                         6     -1        9
  MONTH TO DATE  256                       187     69      219
  SINCE JUN 1    389                       284    105      294
  SINCE JAN 1    461                       303    158      387
..................................................................


WIND (MPH)
  HIGHEST WIND SPEED    10   HIGHEST WIND DIRECTION    SE (140)
  HIGHEST GUST SPEED    14   HIGHEST GUST DIRECTION    SW (210)
  AVERAGE WIND SPEED     5.1


SKY COVER
  POSSIBLE SUNSHINE  MM
  AVERAGE SKY COVER 0.5


WEATHER CONDITIONS
 THE FOLLOWING WEATHER WAS RECORDED YESTERDAY.
  NO SIGNIFICANT WEATHER WAS OBSERVED.


RELATIVE HUMIDITY (PERCENT)
 HIGHEST    86           500 AM
 LOWEST     42           300 PM
 AVERAGE    64

..........................................................


THE BURLINGTON VT CLIMATE NORMALS FOR TODAY
                         NORMAL    RECORD    YEAR
 MAXIMUM TEMPERATURE (F)   81        98      1975
                                             1917
 MINIMUM TEMPERATURE (F)   60        43      1964
                                             1953


SUNRISE AND SUNSET
AUGUST  1 2016........SUNRISE   540 AM EDT   SUNSET   817 PM EDT
AUGUST  2 2016........SUNRISE   541 AM EDT   SUNSET   816 PM EDT


-  INDICATES NEGATIVE NUMBERS.
R  INDICATES RECORD WAS SET OR TIED.
MM INDICATES DATA IS MISSING.
T  INDICATES TRACE AMOUNT.

&&

LAKE CHAMPLAIN DATA:
LEVEL...............94.67 FEET
TEMPERATURE.........70 DEGREES

MOUNT MANSFIELD DATA:
HIGH................66 DEGREES
LOW.................53 DEGREES
PRECIPITATION.......NONE

$$
