000
CDUS41 KBTV 292156
CLIBTV

CLIMATE REPORT
NATIONAL WEATHER SERVICE BURLINGTON VT
456 PM EST THU DEC 29 2016

...................................

...THE BURLINGTON VT CLIMATE SUMMARY FOR DECEMBER 29 2016...
VALID TODAY AS OF 0400 PM LOCAL TIME.

CLIMATE NORMAL PERIOD 1981 TO 2010
CLIMATE RECORD PERIOD 1884 TO 2016


WEATHER ITEM   OBSERVED TIME   RECORD YEAR NORMAL DEPARTURE LAST
                VALUE   (LST)  VALUE       VALUE  FROM      YEAR
                                                  NORMAL
..................................................................
TEMPERATURE (F)
 TODAY
  MAXIMUM         34    926 AM  58    1984  29      5       32
  MINIMUM         26    128 AM -29    1933  13     13       19
  AVERAGE         30                        21      9       26

PRECIPITATION (IN)
  TODAY            0.18          0.95 2015   0.07   0.11     0.95
  MONTH TO DATE    2.31                      2.25   0.06     4.35
  SINCE DEC 1      2.31                      2.25   0.06     4.35
  SINCE JAN 1     27.69                     36.69  -9.00    37.75

SNOWFALL (IN)
  TODAY            2.3           9.0  1967   0.7    1.6      5.1
  MONTH TO DATE   16.1                      16.6   -0.5      7.0
  SINCE DEC 1     16.1                      16.6   -0.5      7.0
  SINCE JUL 1     20.4                      22.0   -1.6      7.2
  SNOW DEPTH       1

DEGREE DAYS
 HEATING
  TODAY           35                        44     -9       39
  MONTH TO DATE 1029                      1125    -96      732
  SINCE DEC 1   1029                      1125    -96      732
  SINCE JUL 1   2234                      2670   -436     1971

 COOLING
  TODAY            0                         0      0        0
  MONTH TO DATE    0                         0      0        0
  SINCE DEC 1      0                         0      0        0
  SINCE JAN 1    855                       491    364      768
..................................................................


WIND (MPH)
  HIGHEST WIND SPEED    24   HIGHEST WIND DIRECTION    SE (140)
  HIGHEST GUST SPEED    33   HIGHEST GUST DIRECTION    SE (140)
  AVERAGE WIND SPEED     8.1


SKY COVER
  POSSIBLE SUNSHINE  MM
  AVERAGE SKY COVER 0.9


WEATHER CONDITIONS
 THE FOLLOWING WEATHER WAS RECORDED TODAY.
  SNOW
  LIGHT SNOW
  FOG
  FOG W/VISIBILITY <= 1/4 MILE
  HAZE


RELATIVE HUMIDITY (PERCENT)
 HIGHEST    92           200 PM
 LOWEST     56           900 AM
 AVERAGE    74

..........................................................


THE BURLINGTON VT CLIMATE NORMALS FOR TOMORROW
                         NORMAL    RECORD    YEAR
 MAXIMUM TEMPERATURE (F)   29        51      1990
 MINIMUM TEMPERATURE (F)   13       -29      1933


SUNRISE AND SUNSET
DECEMBER 29 2016......SUNRISE   729 AM EST   SUNSET   421 PM EST
DECEMBER 30 2016......SUNRISE   729 AM EST   SUNSET   422 PM EST


-  INDICATES NEGATIVE NUMBERS.
R  INDICATES RECORD WAS SET OR TIED.
MM INDICATES DATA IS MISSING.
T  INDICATES TRACE AMOUNT.


$$
