000
CDUS41 KBTV 042243
CLIBTV


CLIMATE REPORT
NATIONAL WEATHER SERVICE BURLINGTON VT
543 PM EST SAT FEB 4 2017


...................................

...THE BURLINGTON VT CLIMATE SUMMARY FOR FEBRUARY 4 2017...
VALID TODAY AS OF 0500 PM LOCAL TIME.

CLIMATE NORMAL PERIOD 1981 TO 2010
CLIMATE RECORD PERIOD 1884 TO 2017


WEATHER ITEM   OBSERVED TIME   RECORD YEAR NORMAL DEPARTURE LAST
                VALUE   (LST)  VALUE       VALUE  FROM      YEAR
                                                  NORMAL
..................................................................
TEMPERATURE (F)
 TODAY
  MAXIMUM         29    359 PM  54    2016  28      1       54
  MINIMUM         18    712 AM -26    1963  11      7       34
  AVERAGE         24                        19      5       44

PRECIPITATION (IN)
  TODAY            T             0.62 1995   0.06  -0.06     0.02
  MONTH TO DATE    0.16                      0.26  -0.10     0.24
  SINCE DEC 1      4.51                      4.70  -0.19     5.87
  SINCE JAN 1      2.16                      2.32  -0.16     1.43

SNOWFALL (IN)
  TODAY            T            16.8  1995   0.6   -0.6      0.0
  MONTH TO DATE    3.3                       2.4    0.9      0.0
  SINCE DEC 1     27.6                      41.4  -13.8     20.2
  SINCE JUL 1     31.9                      46.8  -14.9     20.4
  SNOW DEPTH       2

DEGREE DAYS
 HEATING
  TODAY           41                        46     -5       21
  MONTH TO DATE  161                       184    -23      100
  SINCE DEC 1   2358                      2833   -475     2129
  SINCE JUL 1   3563                      4378   -815     3368

 COOLING
  TODAY            0                         0      0        0
  MONTH TO DATE    0                         0      0        0
  SINCE DEC 1      0                         0      0        0
  SINCE JAN 1      0                         0      0        0
..................................................................


WIND (MPH)
  HIGHEST WIND SPEED    17   HIGHEST WIND DIRECTION     W (270)
  HIGHEST GUST SPEED    23   HIGHEST GUST DIRECTION     W (270)
  AVERAGE WIND SPEED     9.8


SKY COVER
  POSSIBLE SUNSHINE  MM
  AVERAGE SKY COVER 0.6


WEATHER CONDITIONS
 THE FOLLOWING WEATHER WAS RECORDED TODAY.
  LIGHT SNOW


RELATIVE HUMIDITY (PERCENT)
 HIGHEST    73           200 AM
 LOWEST     46           300 PM
 AVERAGE    60

..........................................................


THE BURLINGTON VT CLIMATE NORMALS FOR TOMORROW
                         NORMAL    RECORD    YEAR
 MAXIMUM TEMPERATURE (F)   28        51      1991
 MINIMUM TEMPERATURE (F)   11       -27      1908


SUNRISE AND SUNSET
FEBRUARY  4 2017......SUNRISE   707 AM EST   SUNSET   506 PM EST
FEBRUARY  5 2017......SUNRISE   706 AM EST   SUNSET   508 PM EST


-  INDICATES NEGATIVE NUMBERS.
R  INDICATES RECORD WAS SET OR TIED.
MM INDICATES DATA IS MISSING.
T  INDICATES TRACE AMOUNT.




$$
