000
CDUS41 KBTV 030532
CLIBTV


CLIMATE REPORT
NATIONAL WEATHER SERVICE BURLINGTON VT
132 AM EDT SAT SEP 3 2016


...................................

...THE BURLINGTON VT CLIMATE SUMMARY FOR SEPTEMBER 2 2016...

CLIMATE NORMAL PERIOD 1981 TO 2010
CLIMATE RECORD PERIOD 1884 TO 2016


WEATHER ITEM   OBSERVED TIME   RECORD YEAR NORMAL DEPARTURE LAST
                VALUE   (LST)  VALUE       VALUE  FROM      YEAR
                                                  NORMAL
..................................................................
TEMPERATURE (F)
 YESTERDAY
  MAXIMUM         73    314 PM  91    2010  76     -3       88
  MINIMUM         55   1159 PM  38    1967  56     -1       59
  AVERAGE         64                        66     -2       74

PRECIPITATION (IN)
  YESTERDAY        0.00          2.19 1899   0.11  -0.11     0.00
  MONTH TO DATE    0.00                      0.22  -0.22     0.00
  SINCE SEP 1      0.00                      0.22  -0.22     0.00
  SINCE JAN 1     19.20                     24.29  -5.09    24.16

SNOWFALL (IN)
  YESTERDAY        0.0           0.0  2002   0.0    0.0      0.0
                                      2001
  MONTH TO DATE    0.0                       0.0    0.0      0.0
  SINCE SEP 1      0.0                       0.0    0.0      0.0
  SINCE JUL 1      0.0                       0.0    0.0      0.0
  SNOW DEPTH       0

DEGREE DAYS
 HEATING
  YESTERDAY        1                         2     -1        0
  MONTH TO DATE    1                         4     -3        0
  SINCE SEP 1      1                         4     -3        0
  SINCE JUL 1      6                        46    -40        6

 COOLING
  YESTERDAY        0                         3     -3        9
  MONTH TO DATE    3                         6     -3       17
  SINCE SEP 1      3                         6     -3       17
  SINCE JAN 1    747                       454    293      639
..................................................................


WIND (MPH)
  HIGHEST WIND SPEED    15   HIGHEST WIND DIRECTION    NE (30)
  HIGHEST GUST SPEED    20   HIGHEST GUST DIRECTION     N (340)
  AVERAGE WIND SPEED     6.7


SKY COVER
  POSSIBLE SUNSHINE  MM
  AVERAGE SKY COVER 0.5


WEATHER CONDITIONS
 THE FOLLOWING WEATHER WAS RECORDED YESTERDAY.
  NO SIGNIFICANT WEATHER WAS OBSERVED.


RELATIVE HUMIDITY (PERCENT)
 HIGHEST    86          1100 PM
 LOWEST     41           300 PM
 AVERAGE    64

..........................................................


THE BURLINGTON VT CLIMATE NORMALS FOR TODAY
                         NORMAL    RECORD    YEAR
 MAXIMUM TEMPERATURE (F)   76        92      2010
 MINIMUM TEMPERATURE (F)   55        38      1960


SUNRISE AND SUNSET
SEPTEMBER  3 2016.....SUNRISE   618 AM EDT   SUNSET   725 PM EDT
SEPTEMBER  4 2016.....SUNRISE   619 AM EDT   SUNSET   723 PM EDT


-  INDICATES NEGATIVE NUMBERS.
R  INDICATES RECORD WAS SET OR TIED.
MM INDICATES DATA IS MISSING.
T  INDICATES TRACE AMOUNT.

&&

LAKE CHAMPLAIN DATA:
LAKE LEVEL..........94.32 FEET
WATER TEMPERATURE...72 DEGREES

MOUNT MANSFIELD DATA:
HIGH TEMPERATURE...56 DEGREES
LOW TEMPERATURE....48 DEGREES
PRECIPITATION......NONE

$$
