000
CDUS41 KBTV 280526
CLIBTV


CLIMATE REPORT
NATIONAL WEATHER SERVICE BURLINGTON VT
123 AM EDT SAT JUN 28 2014


...................................

...THE BURLINGTON VT CLIMATE SUMMARY FOR JUNE 27 2014...

CLIMATE NORMAL PERIOD 1981 TO 2010
CLIMATE RECORD PERIOD 1884 TO 2014


WEATHER ITEM   OBSERVED TIME   RECORD YEAR NORMAL DEPARTURE LAST
                VALUE   (LST)  VALUE       VALUE  FROM      YEAR
                                                  NORMAL
..................................................................
TEMPERATURE (F)
 YESTERDAY
  MAXIMUM         85    220 PM  96    2007  79      6       85
                                      1999
  MINIMUM         56    502 AM  44    1927  59     -3       67
  AVERAGE         71                        69      2       76

PRECIPITATION (IN)
  YESTERDAY        0.00          1.45 1970   0.12  -0.12      T
  MONTH TO DATE    4.35                      3.32   1.03     7.61
  SINCE JUN 1      4.35                      3.32   1.03     7.61
  SINCE JAN 1     18.11                     15.63   2.48    22.88

SNOWFALL (IN)
  YESTERDAY        0.0           0.0  2002   0.0    0.0      0.0
                                      2001
  MONTH TO DATE    0.0                       0.0    0.0      0.0
  SINCE JUN 1      0.0                       0.0    0.0      0.0
  SINCE JUL 1     86.5                      81.2    5.3     82.9
  SNOW DEPTH       0

DEGREE DAYS
 HEATING
  YESTERDAY        0                         1     -1        0
  MONTH TO DATE   20                        70    -50       65
  SINCE JUN 1     20                        70    -50       65
  SINCE JUL 1   7613                      7431    182     6703

 COOLING
  YESTERDAY        6                         5      1       11
  MONTH TO DATE   89                        82      7       95
  SINCE JUN 1     89                        82      7       95
  SINCE JAN 1    111                       101     10      142
..................................................................


WIND (MPH)
  HIGHEST WIND SPEED    14   HIGHEST WIND DIRECTION    NW (320)
  HIGHEST GUST SPEED    18   HIGHEST GUST DIRECTION    NW (310)
  AVERAGE WIND SPEED     3.4


SKY COVER
  POSSIBLE SUNSHINE  MM
  AVERAGE SKY COVER 0.1


WEATHER CONDITIONS
 THE FOLLOWING WEATHER WAS RECORDED YESTERDAY.
  NO SIGNIFICANT WEATHER WAS OBSERVED.


RELATIVE HUMIDITY (PERCENT)
 HIGHEST    93           200 AM
 LOWEST     27           300 PM
 AVERAGE    60

..........................................................


THE BURLINGTON VT CLIMATE NORMALS FOR TODAY
                         NORMAL    RECORD    YEAR
 MAXIMUM TEMPERATURE (F)   80        95      1991
 MINIMUM TEMPERATURE (F)   59        43      1927
                                             1919


SUNRISE AND SUNSET
JUNE 28 2014..........SUNRISE   510 AM EDT   SUNSET   841 PM EDT
JUNE 29 2014..........SUNRISE   511 AM EDT   SUNSET   841 PM EDT


-  INDICATES NEGATIVE NUMBERS.
R  INDICATES RECORD WAS SET OR TIED.
MM INDICATES DATA IS MISSING.
T  INDICATES TRACE AMOUNT.

&&

LAKE CHAMPLAIN DATA:
LEVEL...............97.48 FEET
TEMPERATURE.........63 DEGREES

MOUNT MANSFIELD DATA:
HIGH................68 DEGREES
LOW.................52 DEGREES
PRECIPITATION.......NONE

$$
