000
CDUS41 KBTV 302106
CLIBTV


CLIMATE REPORT
NATIONAL WEATHER SERVICE BURLINGTON VT
506 PM EDT SAT SEP 30 2017


...................................

...THE BURLINGTON VT CLIMATE SUMMARY FOR SEPTEMBER 30 2017...
VALID TODAY AS OF 0500 PM LOCAL TIME.

CLIMATE NORMAL PERIOD 1981 TO 2010
CLIMATE RECORD PERIOD 1884 TO 2017


WEATHER ITEM   OBSERVED TIME   RECORD YEAR NORMAL DEPARTURE LAST
                VALUE   (LST)  VALUE       VALUE  FROM      YEAR
                                                  NORMAL
..................................................................
TEMPERATURE (F)
 TODAY
  MAXIMUM         60    300 PM  82    1921  64     -4       66
  MINIMUM         48        MM  28    1941  45      3       51
  AVERAGE         54                        54      0       59

PRECIPITATION (IN)
  TODAY            0.01          1.74 1920   0.12  -0.11      T
  MONTH TO DATE    2.79                      3.64  -0.85     1.39
  SINCE SEP 1      2.79                      3.64  -0.85     1.39
  SINCE JAN 1     32.49                     27.71   4.78    20.59

SNOWFALL (IN)
  TODAY            0.0           0.0  2002   0.0    0.0      0.0
                                      2001
  MONTH TO DATE    0.0                       T      0.0      0.0
  SINCE SEP 1      0.0                       T      0.0      0.0
  SINCE JUL 1      0.0                       T      0.0      0.0
  SNOW DEPTH       0

DEGREE DAYS
 HEATING
  TODAY           11                        11      0        6
  MONTH TO DATE   83                       175    -92       79
  SINCE SEP 1     83                       175    -92       79
  SINCE JUL 1    106                       217   -111       84

 COOLING
  TODAY            0                         0      0        0
  MONTH TO DATE  114                        41     73      108
  SINCE SEP 1    114                        41     73      108
  SINCE JAN 1    631                       489    142      852
..................................................................


WIND (MPH)
  HIGHEST WIND SPEED    14   HIGHEST WIND DIRECTION     N (350)
  HIGHEST GUST SPEED    MM   HIGHEST GUST DIRECTION    MM
  AVERAGE WIND SPEED     8.3


SKY COVER
  POSSIBLE SUNSHINE  MM
  AVERAGE SKY COVER 0.8


WEATHER CONDITIONS
 THE FOLLOWING WEATHER WAS RECORDED TODAY.
  LIGHT RAIN


RELATIVE HUMIDITY (PERCENT)
 HIGHEST    86           500 AM
 LOWEST     42           300 PM
 AVERAGE    64

..........................................................


THE BURLINGTON VT CLIMATE NORMALS FOR TOMORROW
                         NORMAL    RECORD    YEAR
 MAXIMUM TEMPERATURE (F)   63        80      1950
                                             1922
 MINIMUM TEMPERATURE (F)   44        27      1963


SUNRISE AND SUNSET
SEPTEMBER 30 2017.....SUNRISE   649 AM EDT   SUNSET   635 PM EDT
OCTOBER  1 2017.......SUNRISE   651 AM EDT   SUNSET   633 PM EDT


-  INDICATES NEGATIVE NUMBERS.
R  INDICATES RECORD WAS SET OR TIED.
MM INDICATES DATA IS MISSING.
T  INDICATES TRACE AMOUNT.




$$
