991
CDUS41 KBTV 060541
CLIBTV


CLIMATE REPORT
NATIONAL WEATHER SERVICE BURLINGTON VT
1237 AM EST SAT JAN 6 2018


...................................

...THE BURLINGTON VT CLIMATE SUMMARY FOR JANUARY 5 2018...

CLIMATE NORMAL PERIOD 1981 TO 2010
CLIMATE RECORD PERIOD 1884 TO 2018


WEATHER ITEM   OBSERVED TIME   RECORD YEAR NORMAL DEPARTURE LAST
                VALUE   (LST)  VALUE       VALUE  FROM      YEAR
                                                  NORMAL
..................................................................
TEMPERATURE (F)
 YESTERDAY
  MAXIMUM         14   1201 AM  57    1950  28    -14       30
  MINIMUM         -3   1159 PM -17    1996  11    -14       23
                                      1910
  AVERAGE          6                        19    -13       27

PRECIPITATION (IN)
  YESTERDAY        0.09          0.75 1886   0.06   0.03     0.01
  MONTH TO DATE    0.24                      0.33  -0.09     0.31
  SINCE DEC 1      2.42                      2.71  -0.29     2.66
  SINCE JAN 1      0.24                      0.33  -0.09     0.31

SNOWFALL (IN)
  YESTERDAY        2.7           4.5  1924   0.7    2.0      0.3
  MONTH TO DATE    5.7                       3.4    2.3      0.3
  SINCE DEC 1     29.2                      21.3    7.9     17.0
  SINCE JUL 1     32.2                      26.7    5.5     21.3
  SNOW DEPTH      10

DEGREE DAYS
 HEATING
  YESTERDAY       59                        46     13       38
  MONTH TO DATE  288                       226     62      166
  SINCE DEC 1   1605                      1440    165     1274
  SINCE JUL 1   2744                      2985   -241     2479

 COOLING
  YESTERDAY        0                         0      0        0
  MONTH TO DATE    0                         0      0        0
  SINCE DEC 1      0                         0      0        0
  SINCE JAN 1      0                         0      0        0
..................................................................


WIND (MPH)
  HIGHEST WIND SPEED    23   HIGHEST WIND DIRECTION     W (290)
  HIGHEST GUST SPEED    31   HIGHEST GUST DIRECTION    NW (310)
  AVERAGE WIND SPEED    15.1


SKY COVER
  POSSIBLE SUNSHINE  MM
  AVERAGE SKY COVER 1.0


WEATHER CONDITIONS
 THE FOLLOWING WEATHER WAS RECORDED YESTERDAY.
  LIGHT SNOW
  HAZE
  BLOWING SNOW


RELATIVE HUMIDITY (PERCENT)
 HIGHEST    79           500 AM
 LOWEST     51          1000 PM
 AVERAGE    65

..........................................................


THE BURLINGTON VT CLIMATE NORMALS FOR TODAY
                         NORMAL    RECORD    YEAR
 MAXIMUM TEMPERATURE (F)   28        62      2007
 MINIMUM TEMPERATURE (F)   11       -23      1996


SUNRISE AND SUNSET
JANUARY  6 2018.......SUNRISE   729 AM EST   SUNSET   429 PM EST
JANUARY  7 2018.......SUNRISE   728 AM EST   SUNSET   430 PM EST


-  INDICATES NEGATIVE NUMBERS.
R  INDICATES RECORD WAS SET OR TIED.
MM INDICATES DATA IS MISSING.
T  INDICATES TRACE AMOUNT.




$$
