000
CDUS41 KBTV 010559
CLIBTV


CLIMATE REPORT
NATIONAL WEATHER SERVICE BURLINGTON VT
1259 AM EST SUN JAN 1 2017


...................................

...THE BURLINGTON VT CLIMATE SUMMARY FOR DECEMBER 31 2016...

CLIMATE NORMAL PERIOD 1981 TO 2010
CLIMATE RECORD PERIOD 1884 TO 2016


WEATHER ITEM   OBSERVED TIME   RECORD YEAR NORMAL DEPARTURE LAST
                VALUE   (LST)  VALUE       VALUE  FROM      YEAR
                                                  NORMAL
..................................................................
TEMPERATURE (F)
 YESTERDAY
  MAXIMUM         35   1159 PM  56    1965  29      6       39
  MINIMUM         13    611 AM -19    1963  13      0       34
                                      1917
  AVERAGE         24                        20      4       37

PRECIPITATION (IN)
  YESTERDAY        T             0.67 1932   0.07  -0.07     0.01
  MONTH TO DATE    2.35                      2.38  -0.03     4.44
  SINCE DEC 1      2.35                      2.38  -0.03     4.44
  SINCE JAN 1     27.73                     36.82  -9.09    37.84

SNOWFALL (IN)
  YESTERDAY        T             8.2  2000   0.6   -0.6      0.0
  MONTH TO DATE   16.7                      17.9   -1.2      7.1
  SINCE DEC 1     16.7                      17.9   -1.2      7.1
  SINCE JUL 1     21.0                      23.3   -2.3      7.3
  SNOW DEPTH       3

DEGREE DAYS
 HEATING
  YESTERDAY       41                        44     -3       28
  MONTH TO DATE 1108                      1213   -105      794
  SINCE DEC 1   1108                      1214   -106      794
  SINCE JUL 1   2313                      2759   -446     2033

 COOLING
  YESTERDAY        0                         0      0        0
  MONTH TO DATE    0                         0      0        0
  SINCE DEC 1      0                         0      0        0
  SINCE JAN 1    855                       491    364      768
..................................................................


WIND (MPH)
  HIGHEST WIND SPEED    25   HIGHEST WIND DIRECTION     S (190)
  HIGHEST GUST SPEED    35   HIGHEST GUST DIRECTION     S (170)
  AVERAGE WIND SPEED    12.4


SKY COVER
  POSSIBLE SUNSHINE  MM
  AVERAGE SKY COVER 0.8


WEATHER CONDITIONS
 THE FOLLOWING WEATHER WAS RECORDED YESTERDAY.
  LIGHT SNOW


RELATIVE HUMIDITY (PERCENT)
 HIGHEST    75           900 PM
 LOWEST     56          1200 AM
 AVERAGE    66

..........................................................


THE BURLINGTON VT CLIMATE NORMALS FOR TODAY
                         NORMAL    RECORD    YEAR
 MAXIMUM TEMPERATURE (F)   28        56      1966
 MINIMUM TEMPERATURE (F)   12       -17      1970


SUNRISE AND SUNSET
JANUARY  1 2017.......SUNRISE   729 AM EST   SUNSET   424 PM EST
JANUARY  2 2017.......SUNRISE   729 AM EST   SUNSET   425 PM EST


-  INDICATES NEGATIVE NUMBERS.
R  INDICATES RECORD WAS SET OR TIED.
MM INDICATES DATA IS MISSING.
T  INDICATES TRACE AMOUNT.

&&

LAKE CHAMPLAIN DATA:
LEVEL...............94.91 FEET
TEMPERATURE.........39 DEGREES

MOUNT MANSFIELD DATA:
HIGH................21 DEGREES
LOW.................0 DEGREES
PRECIPITATION.......0.04 INCHES
NEW SNOW............0.8 INCHES
SNOW AT STAKE.......52 INCHES

$$
