000
CDUS41 KBTV 080640
CLIBTV


CLIMATE REPORT
NATIONAL WEATHER SERVICE BURLINGTON VT
138 AM EST MON DEC 8 2014


...................................

...THE BURLINGTON VT CLIMATE SUMMARY FOR DECEMBER 7 2014...

CLIMATE NORMAL PERIOD 1981 TO 2010
CLIMATE RECORD PERIOD 1884 TO 2014


WEATHER ITEM   OBSERVED TIME   RECORD YEAR NORMAL DEPARTURE LAST
                VALUE   (LST)  VALUE       VALUE  FROM      YEAR
                                                  NORMAL
..................................................................
TEMPERATURE (F)
 YESTERDAY
  MAXIMUM         32   1220 AM  67    1998  36     -4       35
  MINIMUM          8   1159 PM  -6    1906  23    -15       25
  AVERAGE         20                        30    -10       30

PRECIPITATION (IN)
  YESTERDAY        T             1.09 1976   0.08  -0.08     0.00
  MONTH TO DATE    0.42                      0.61  -0.19     0.45
  SINCE DEC 1      0.42                      0.61  -0.19     0.45
  SINCE JAN 1     33.90                     35.05  -1.15    42.90

SNOWFALL (IN)
  YESTERDAY        T             7.1  1954   0.5   -0.5      0.0
  MONTH TO DATE    2.6                       3.3   -0.7      0.2
  SINCE DEC 1      2.6                       3.3   -0.7      0.2
  SINCE JUL 1     13.2                       8.7    4.5      6.6
  SNOW DEPTH       1

DEGREE DAYS
 HEATING
  YESTERDAY       45                        36      9       35
  MONTH TO DATE  253                       240     13      206
  SINCE DEC 1    253                       240     13      206
  SINCE JUL 1   1578                      1785   -207     1699

 COOLING
  YESTERDAY        0                         0      0        0
  MONTH TO DATE    0                         0      0        0
  SINCE DEC 1      0                         0      0        0
  SINCE JAN 1    582                       491     91      662
..................................................................


WIND (MPH)
  HIGHEST WIND SPEED    23   HIGHEST WIND DIRECTION    NW (330)
  HIGHEST GUST SPEED    29   HIGHEST GUST DIRECTION    NW (330)
  AVERAGE WIND SPEED    10.9


SKY COVER
  POSSIBLE SUNSHINE  MM
  AVERAGE SKY COVER 0.5


WEATHER CONDITIONS
 THE FOLLOWING WEATHER WAS RECORDED YESTERDAY.
  LIGHT SNOW


RELATIVE HUMIDITY (PERCENT)
 HIGHEST    78          1200 AM
 LOWEST     46           300 PM
 AVERAGE    62

..........................................................


THE BURLINGTON VT CLIMATE NORMALS FOR TODAY
                         NORMAL    RECORD    YEAR
 MAXIMUM TEMPERATURE (F)   36        58      1951
                                             1927
 MINIMUM TEMPERATURE (F)   22       -10      1906


SUNRISE AND SUNSET
DECEMBER  8 2014......SUNRISE   716 AM EST   SUNSET   413 PM EST
DECEMBER  9 2014......SUNRISE   717 AM EST   SUNSET   413 PM EST


-  INDICATES NEGATIVE NUMBERS.
R  INDICATES RECORD WAS SET OR TIED.
MM INDICATES DATA IS MISSING.
T  INDICATES TRACE AMOUNT.

&&

LAKE CHAMPLAIN DATA:
LEVEL...............94.50 FEET
TEMPERATURE.........42 DEGREES

MOUNT MANSFIELD DATA:
HIGH................Missing
LOW.................Missing
PRECIPITATION.......Missing

$$
