000
CDUS41 KBTV 180540
CLIBTV

CLIMATE REPORT
NATIONAL WEATHER SERVICE BURLINGTON VT
136 AM EDT TUE AUG 18 2015

...................................

...THE BURLINGTON VT CLIMATE SUMMARY FOR AUGUST 17 2015...

CLIMATE NORMAL PERIOD 1981 TO 2010
CLIMATE RECORD PERIOD 1884 TO 2015


WEATHER ITEM   OBSERVED TIME   RECORD YEAR NORMAL DEPARTURE LAST
                VALUE   (LST)  VALUE       VALUE  FROM      YEAR
                                                  NORMAL
..................................................................
TEMPERATURE (F)
 YESTERDAY
  MAXIMUM         90        MM  95    1987  79     11       73
  MINIMUM         66        MM  42    1979  59      7       60
                                      1961
  AVERAGE         78                        69      9       67

PRECIPITATION (IN)
  YESTERDAY        0.00          3.59 1955   0.13  -0.13     0.02
  MONTH TO DATE    1.36                      2.29  -0.93     1.74
  SINCE JUN 1     14.70                     10.14   4.56    11.63
  SINCE JAN 1     23.54                     22.45   1.09    25.39

SNOWFALL (IN)
  YESTERDAY        0.0           0.0  2002   0.0    0.0      0.0
                                      2001
  MONTH TO DATE    0.0                       0.0    0.0      0.0
  SINCE JUN 1      0.0                       0.0    0.0      0.0
  SINCE JUL 1      0.0                       0.0    0.0      0.0
  SNOW DEPTH       0

DEGREE DAYS
 HEATING
  YESTERDAY        0                         1     -1        0
  MONTH TO DATE    1                        13    -12        8
  SINCE JUN 1     77                        99    -22       29
  SINCE JUL 1      6                        26    -20        9

 COOLING
  YESTERDAY       13                         5      8        2
  MONTH TO DATE  117                        91     26       87
  SINCE JUN 1    411                       375     36      415
  SINCE JAN 1    504                       394    110      437
..................................................................


WIND (MPH)
  HIGHEST WIND SPEED    10   HIGHEST WIND DIRECTION     S (200)
  HIGHEST GUST SPEED    MM   HIGHEST GUST DIRECTION    MM
  AVERAGE WIND SPEED     5.1


SKY COVER
  POSSIBLE SUNSHINE  MM
  AVERAGE SKY COVER 0.2


WEATHER CONDITIONS
 THE FOLLOWING WEATHER WAS RECORDED YESTERDAY.
  NO SIGNIFICANT WEATHER WAS OBSERVED.


RELATIVE HUMIDITY (PERCENT)
 HIGHEST    93           200 AM
 LOWEST     44           200 PM
 AVERAGE    69

..........................................................


THE BURLINGTON VT CLIMATE NORMALS FOR TODAY
                         NORMAL    RECORD    YEAR
 MAXIMUM TEMPERATURE (F)   79        93      2002
 MINIMUM TEMPERATURE (F)   59        40      1918


SUNRISE AND SUNSET
AUGUST 18 2015........SUNRISE   559 AM EDT   SUNSET   754 PM EDT
AUGUST 19 2015........SUNRISE   600 AM EDT   SUNSET   752 PM EDT


-  INDICATES NEGATIVE NUMBERS.
R  INDICATES RECORD WAS SET OR TIED.
MM INDICATES DATA IS MISSING.
T  INDICATES TRACE AMOUNT.

&&

LAKE CHAMPLAIN DATA:
LEVEL...............96.34 FEET
TEMPERATURE.........74 DEGREES

MOUNT MANSFIELD DATA:
HIGH................72 DEGREES
LOW.................59 DEGREES
PRECIPITATION.......NONE

$$
