000
CDUS41 KBTV 040607
CLIBTV


CLIMATE REPORT
NATIONAL WEATHER SERVICE BURLINGTON VT
206 AM EDT THU SEP 4 2014


...................................

...THE BURLINGTON VT CLIMATE SUMMARY FOR SEPTEMBER 3 2014...

CLIMATE NORMAL PERIOD 1981 TO 2010
CLIMATE RECORD PERIOD 1884 TO 2014


WEATHER ITEM   OBSERVED TIME   RECORD YEAR NORMAL DEPARTURE LAST
                VALUE   (LST)  VALUE       VALUE  FROM      YEAR
                                                  NORMAL
..................................................................
TEMPERATURE (F)
 YESTERDAY
  MAXIMUM         82    224 PM  92    2010  76      6       77
  MINIMUM         59   1159 PM  38    1960  55      4       64
  AVERAGE         71                        65      6       71

PRECIPITATION (IN)
  YESTERDAY        0.00          1.41 1906   0.11  -0.11     0.45
  MONTH TO DATE    0.46                      0.33   0.13     0.92
  SINCE SEP 1      0.46                      0.33   0.13     0.92
  SINCE JAN 1     26.16                     24.40   1.76    33.61

SNOWFALL (IN)
  YESTERDAY        0.0           0.0  2002   0.0    0.0      0.0
                                      2001
  MONTH TO DATE    0.0                       0.0    0.0      0.0
  SINCE SEP 1      0.0                       0.0    0.0      0.0
  SINCE JUL 1      0.0                       0.0    0.0      0.0
  SNOW DEPTH       0

DEGREE DAYS
 HEATING
  YESTERDAY        0                         2     -2        0
  MONTH TO DATE    0                         6     -6        0
  SINCE SEP 1      0                         6     -6        0
  SINCE JUL 1     13                        48    -35       16

 COOLING
  YESTERDAY        6                         3      3        6
  MONTH TO DATE   33                         9     24       26
  SINCE SEP 1     33                         9     24       26
  SINCE JAN 1    526                       457     69      626
..................................................................


WIND (MPH)
  HIGHEST WIND SPEED    15   HIGHEST WIND DIRECTION    NW (330)
  HIGHEST GUST SPEED    19   HIGHEST GUST DIRECTION    NW (320)
  AVERAGE WIND SPEED     5.8


SKY COVER
  POSSIBLE SUNSHINE  MM
  AVERAGE SKY COVER 0.4


WEATHER CONDITIONS
 THE FOLLOWING WEATHER WAS RECORDED YESTERDAY.
  NO SIGNIFICANT WEATHER WAS OBSERVED.


RELATIVE HUMIDITY (PERCENT)
 HIGHEST    93           100 AM
 LOWEST     35           300 PM
 AVERAGE    64

..........................................................


THE BURLINGTON VT CLIMATE NORMALS FOR TODAY
                         NORMAL    RECORD    YEAR
 MAXIMUM TEMPERATURE (F)   75        93      1999
 MINIMUM TEMPERATURE (F)   55        40      1987
                                             1946
                                             1924


SUNRISE AND SUNSET
SEPTEMBER  4 2014.....SUNRISE   619 AM EDT   SUNSET   724 PM EDT
SEPTEMBER  5 2014.....SUNRISE   620 AM EDT   SUNSET   722 PM EDT


-  INDICATES NEGATIVE NUMBERS.
R  INDICATES RECORD WAS SET OR TIED.
MM INDICATES DATA IS MISSING.
T  INDICATES TRACE AMOUNT.
&&

LAKE CHAMPLAIN DATA:
LEVEL...............95.26 FEET
TEMPERATURE.........72 DEGREES

MOUNT MANSFIELD DATA:
HIGH................69 DEGREES
LOW.................51 DEGREES
PRECIPITATION.......2.58 INCHES

$$
