000
CDUS41 KBTV 280546
CLIBTV


CLIMATE REPORT
NATIONAL WEATHER SERVICE BURLINGTON VT
144 AM EDT FRI MAR 28 2014


...................................

...THE BURLINGTON VT CLIMATE SUMMARY FOR MARCH 27 2014...

CLIMATE NORMAL PERIOD 1981 TO 2010
CLIMATE RECORD PERIOD 1884 TO 2014


WEATHER ITEM   OBSERVED TIME   RECORD YEAR NORMAL DEPARTURE LAST
                VALUE   (LST)  VALUE       VALUE  FROM      YEAR
                                                  NORMAL
..................................................................
TEMPERATURE (F)
 YESTERDAY
  MAXIMUM         36   1137 PM  71    1976  45     -9       50
                                      1921
  MINIMUM          6    533 AM  -1    1923  27    -21       31
  AVERAGE         21                        36    -15       41

PRECIPITATION (IN)
  YESTERDAY        0.00          1.49 1913   0.07  -0.07     0.03
  MONTH TO DATE    1.04                      1.91  -0.87     1.96
  SINCE MAR 1      1.04                      1.91  -0.87     1.96
  SINCE JAN 1      5.32                      5.73  -0.41     4.39

SNOWFALL (IN)
  YESTERDAY        0.0           1.8  1983   0.3   -0.3      0.0
  MONTH TO DATE   24.9                      14.5   10.4     16.2
  SINCE MAR 1     24.9                      14.5   10.4     16.2
  SINCE JUL 1     83.2                      75.3    7.9     81.9
  SNOW DEPTH       8

DEGREE DAYS
 HEATING
  YESTERDAY       44                        29     15       24
  MONTH TO DATE 1206                       941    265      897
  SINCE MAR 1   1206                       941    265      897
  SINCE JUL 1   6671                      6351    320     5775

 COOLING
  YESTERDAY        0                         0      0        0
  MONTH TO DATE    0                         0      0        0
  SINCE MAR 1      0                         0      0        0
  SINCE JAN 1      0                         0      0        0
..................................................................


WIND (MPH)
  HIGHEST WIND SPEED    21   HIGHEST WIND DIRECTION     S (180)
  HIGHEST GUST SPEED    29   HIGHEST GUST DIRECTION     S (190)
  AVERAGE WIND SPEED     8.6


SKY COVER
  POSSIBLE SUNSHINE  MM
  AVERAGE SKY COVER 0.4


WEATHER CONDITIONS
 THE FOLLOWING WEATHER WAS RECORDED YESTERDAY.
  NO SIGNIFICANT WEATHER WAS OBSERVED.


RELATIVE HUMIDITY (PERCENT)
 HIGHEST    69           600 AM
 LOWEST     28           100 PM
 AVERAGE    49

..........................................................


THE BURLINGTON VT CLIMATE NORMALS FOR TODAY
                         NORMAL    RECORD    YEAR
 MAXIMUM TEMPERATURE (F)   45        79      1945
 MINIMUM TEMPERATURE (F)   27        -5      1923


SUNRISE AND SUNSET
MARCH 28 2014.........SUNRISE   641 AM EDT   SUNSET   715 PM EDT
MARCH 29 2014.........SUNRISE   639 AM EDT   SUNSET   716 PM EDT


-  INDICATES NEGATIVE NUMBERS.
R  INDICATES RECORD WAS SET OR TIED.
MM INDICATES DATA IS MISSING.
T  INDICATES TRACE AMOUNT.

&&

LAKE CHAMPLAIN DATA:
LEVEL...............94.93 FEET
TEMPERATURE.........35 DEGREES

MOUNT MANSFIELD DATA:
HIGH................13 DEGREES
LOW.................-3 DEGREES
PRECIPITATION.......NONE
NEW SNOW............NONE
SNOW AT STAKE.......84 INCHES

$$
