000
CDUS41 KBTV 132218
CLIBTV


CLIMATE REPORT
NATIONAL WEATHER SERVICE BURLINGTON VT
517 PM EST THU NOV 13 2014


...................................

...THE BURLINGTON VT CLIMATE SUMMARY FOR NOVEMBER 13 2014...
VALID TODAY AS OF 0500 PM LOCAL TIME.

CLIMATE NORMAL PERIOD 1981 TO 2010
CLIMATE RECORD PERIOD 1884 TO 2014


WEATHER ITEM   OBSERVED TIME   RECORD YEAR NORMAL DEPARTURE LAST
                VALUE   (LST)  VALUE       VALUE  FROM      YEAR
                                                  NORMAL
..................................................................
TEMPERATURE (F)
 TODAY
  MAXIMUM         41    327 PM  65    2012  47     -6       33
                                      1885
  MINIMUM         36    645 AM  15    1986  32      4       21
  AVERAGE         39                        39      0       27

PRECIPITATION (IN)
  TODAY            T             0.95 1937   0.10  -0.10     0.00
  MONTH TO DATE    0.60                      1.42  -0.82     0.58
  SINCE SEP 1      6.40                      8.66  -2.26     7.91
  SINCE JAN 1     32.10                     32.73  -0.63    40.60

SNOWFALL (IN)
  TODAY            T             4.5  1977   0.1   -0.1      0.0
  MONTH TO DATE    T                         1.3   -1.3      0.3
  SINCE SEP 1      T                         1.6   -1.6      0.3
  SINCE JUL 1      T                         1.6   -1.6      0.3
  SNOW DEPTH       0

DEGREE DAYS
 HEATING
  TODAY           26                        26      0       38
  MONTH TO DATE  279                       309    -30      325
  SINCE SEP 1    796                      1008   -212      928
  SINCE JUL 1    809                      1050   -241      944

 COOLING
  TODAY            0                         0      0        0
  MONTH TO DATE    0                         0      0        0
  SINCE SEP 1     89                        43     46       62
  SINCE JAN 1    582                       491     91      662
..................................................................


WIND (MPH)
  HIGHEST WIND SPEED    18   HIGHEST WIND DIRECTION     W (270)
  HIGHEST GUST SPEED    26   HIGHEST GUST DIRECTION     W (270)
  AVERAGE WIND SPEED     7.1


SKY COVER
  POSSIBLE SUNSHINE  MM
  AVERAGE SKY COVER 0.7


WEATHER CONDITIONS
 THE FOLLOWING WEATHER WAS RECORDED TODAY.
  NO SIGNIFICANT WEATHER WAS OBSERVED.


RELATIVE HUMIDITY (PERCENT)
 HIGHEST    54           500 PM
 LOWEST     40           900 AM
 AVERAGE    47

..........................................................


THE BURLINGTON VT CLIMATE NORMALS FOR TOMORROW
                         NORMAL    RECORD    YEAR
 MAXIMUM TEMPERATURE (F)   46        67      1959
 MINIMUM TEMPERATURE (F)   32        10      1996


SUNRISE AND SUNSET
NOVEMBER 13 2014......SUNRISE   646 AM EST   SUNSET   427 PM EST
NOVEMBER 14 2014......SUNRISE   647 AM EST   SUNSET   426 PM EST


-  INDICATES NEGATIVE NUMBERS.
R  INDICATES RECORD WAS SET OR TIED.
MM INDICATES DATA IS MISSING.
T  INDICATES TRACE AMOUNT.

$$
