000
CDUS41 KBTV 220602
CLIBTV


CLIMATE REPORT
NATIONAL WEATHER SERVICE BURLINGTON VT
202 AM EDT WED JUL 22 2015


...................................

...THE BURLINGTON VT CLIMATE SUMMARY FOR JULY 21 2015...

CLIMATE NORMAL PERIOD 1981 TO 2010
CLIMATE RECORD PERIOD 1884 TO 2015


WEATHER ITEM   OBSERVED TIME   RECORD YEAR NORMAL DEPARTURE LAST
                VALUE   (LST)  VALUE       VALUE  FROM      YEAR
                                                  NORMAL
..................................................................
TEMPERATURE (F)
 YESTERDAY
  MAXIMUM         83   1103 AM  97    2011  81      2       87
  MINIMUM         63    407 AM  45    1966  61      2       61
  AVERAGE         73                        71      2       74

PRECIPITATION (IN)
  YESTERDAY        0.60          2.04 1967   0.14   0.46     0.00
  MONTH TO DATE    3.94                      2.81   1.13     2.42
  SINCE JUN 1     12.61                      6.50   6.11     6.77
  SINCE JAN 1     21.45                     18.81   2.64    20.53

SNOWFALL (IN)
  YESTERDAY        0.0           0.0  2002   0.0    0.0      0.0
                                      2001
  MONTH TO DATE    0.0                       0.0    0.0      0.0
  SINCE JUN 1      0.0                       0.0    0.0      0.0
  SINCE JUL 1      0.0                       0.0    0.0      0.0
  SNOW DEPTH       0

DEGREE DAYS
 HEATING
  YESTERDAY        0                         0      0        0
  MONTH TO DATE    5                         8     -3        0
  SINCE JUN 1     76                        81     -5       20
  SINCE JUL 1      5                         8     -3        0

 COOLING
  YESTERDAY        8                         6      2        9
  MONTH TO DATE  132                       126      6      166
  SINCE JUN 1    207                       223    -16      286
  SINCE JAN 1    300                       242     58      308
..................................................................


WIND (MPH)
  HIGHEST WIND SPEED    26   HIGHEST WIND DIRECTION     W (280)
  HIGHEST GUST SPEED    37   HIGHEST GUST DIRECTION     W (270)
  AVERAGE WIND SPEED     6.5


SKY COVER
  POSSIBLE SUNSHINE  MM
  AVERAGE SKY COVER 0.5


WEATHER CONDITIONS
 THE FOLLOWING WEATHER WAS RECORDED YESTERDAY.
  THUNDERSTORM
  HEAVY RAIN
  RAIN
  LIGHT RAIN
  FOG


RELATIVE HUMIDITY (PERCENT)
 HIGHEST    87           100 AM
 LOWEST     47          1100 AM
 AVERAGE    67

..........................................................


THE BURLINGTON VT CLIMATE NORMALS FOR TODAY
                         NORMAL    RECORD    YEAR
 MAXIMUM TEMPERATURE (F)   81        97      1955
 MINIMUM TEMPERATURE (F)   61        44      1914


SUNRISE AND SUNSET
JULY 22 2015..........SUNRISE   529 AM EDT   SUNSET   829 PM EDT
JULY 23 2015..........SUNRISE   530 AM EDT   SUNSET   828 PM EDT


-  INDICATES NEGATIVE NUMBERS.
R  INDICATES RECORD WAS SET OR TIED.
MM INDICATES DATA IS MISSING.
T  INDICATES TRACE AMOUNT.

&&

LAKE CHAMPLAIN DATA:
LEVEL...............97.54 FEET
TEMPERATURE.........70 DEGREES

MOUNT MANSFIELD DATA:
HIGH................69 DEGREES
LOW.................55 DEGREES
PRECIPITATION.......0.61 INCHES

$$
