000
CDUS41 KBTV 130539
CLIBTV


CLIMATE REPORT
NATIONAL WEATHER SERVICE BURLINGTON VT
133 AM EDT TUE JUN 13 2017


...................................

...THE BURLINGTON VT CLIMATE SUMMARY FOR JUNE 12 2017...

CLIMATE NORMAL PERIOD 1981 TO 2010
CLIMATE RECORD PERIOD 1884 TO 2017


WEATHER ITEM   OBSERVED TIME   RECORD YEAR NORMAL DEPARTURE LAST
                VALUE   (LST)  VALUE       VALUE  FROM      YEAR
                                                  NORMAL
..................................................................
TEMPERATURE (F)
 YESTERDAY
  MAXIMUM         94R   317 PM  92    1949  75     19       67
  MINIMUM         71    230 AM  36    1906  54     17       50
  AVERAGE         83                        65     18       59

PRECIPITATION (IN)
  YESTERDAY        0.00          1.62 1918   0.13  -0.13     0.10
  MONTH TO DATE    1.23                      1.47  -0.24     1.87
  SINCE JUN 1      1.23                      1.47  -0.24     1.87
  SINCE JAN 1     17.91                     13.78   4.13    12.72

SNOWFALL (IN)
  YESTERDAY        0.0           0.0  2002   0.0    0.0      0.0
                                      2001
  MONTH TO DATE    0.0                       0.0    0.0      0.0
  SINCE JUN 1      0.0                       0.0    0.0      0.0
  SINCE JUL 1    100.4                      81.2   19.2     34.3
  SNOW DEPTH       0

DEGREE DAYS
 HEATING
  YESTERDAY        0                         3     -3        6
  MONTH TO DATE   45                        46     -1       39
  SINCE JUN 1     45                        46     -1       39
  SINCE JUL 1   6321                      7407  -1086     6217

 COOLING
  YESTERDAY       18                         3     15        0
  MONTH TO DATE   43                        24     19       32
  SINCE JUN 1     43                        24     19       32
  SINCE JAN 1     85                        43     42      104
..................................................................


WIND (MPH)
  HIGHEST WIND SPEED    17   HIGHEST WIND DIRECTION     S (170)
  HIGHEST GUST SPEED    23   HIGHEST GUST DIRECTION     S (160)
  AVERAGE WIND SPEED     9.1


SKY COVER
  POSSIBLE SUNSHINE  MM
  AVERAGE SKY COVER 0.6


WEATHER CONDITIONS
 THE FOLLOWING WEATHER WAS RECORDED YESTERDAY.
  NO SIGNIFICANT WEATHER WAS OBSERVED.


RELATIVE HUMIDITY (PERCENT)
 HIGHEST    73           300 AM
 LOWEST     38           400 PM
 AVERAGE    56

..........................................................


THE BURLINGTON VT CLIMATE NORMALS FOR TODAY
                         NORMAL    RECORD    YEAR
 MAXIMUM TEMPERATURE (F)   76        94      1949
 MINIMUM TEMPERATURE (F)   55        40      1923
                                             1906


SUNRISE AND SUNSET
JUNE 13 2017..........SUNRISE   507 AM EDT   SUNSET   838 PM EDT
JUNE 14 2017..........SUNRISE   507 AM EDT   SUNSET   839 PM EDT


-  INDICATES NEGATIVE NUMBERS.
R  INDICATES RECORD WAS SET OR TIED.
MM INDICATES DATA IS MISSING.
T  INDICATES TRACE AMOUNT.

&&

LAKE CHAMPLAIN DATA:
LEVEL...............97.58 FEET
TEMPERATURE.........60 DEGREES

MOUNT MANSFIELD DATA:
HIGH................76R DEGREES
LOW.................58 DEGREES
PRECIPITATION.......NONE

$$
