000
CDUS41 KBTV 110523
CLIBTV


CLIMATE REPORT
NATIONAL WEATHER SERVICE BURLINGTON VT
121 AM EDT TUE JUL 11 2017


...................................

...THE BURLINGTON VT CLIMATE SUMMARY FOR JULY 10 2017...

CLIMATE NORMAL PERIOD 1981 TO 2010
CLIMATE RECORD PERIOD 1884 TO 2017


WEATHER ITEM   OBSERVED TIME   RECORD YEAR NORMAL DEPARTURE LAST
                VALUE   (LST)  VALUE       VALUE  FROM      YEAR
                                                  NORMAL
..................................................................
TEMPERATURE (F)
 YESTERDAY
  MAXIMUM         81    437 PM  96    1911  81      0       67
  MINIMUM         67    647 AM  45    1954  60      7       60
                                      1942
  AVERAGE         74                        71      3       64

PRECIPITATION (IN)
  YESTERDAY        T             1.98 1989   0.13  -0.13     0.31
  MONTH TO DATE    1.20                      1.33  -0.13     1.20
  SINCE JUN 1      8.37                      5.02   3.35     4.25
  SINCE JAN 1     25.05                     17.33   7.72    15.10

SNOWFALL (IN)
  YESTERDAY        0.0           0.0  2002   0.0    0.0      0.0
                                      2001
  MONTH TO DATE    0.0                       0.0    0.0      0.0
  SINCE JUN 1      0.0                       0.0    0.0      0.0
  SINCE JUL 1      0.0                       0.0    0.0      0.0
  SNOW DEPTH       0

DEGREE DAYS
 HEATING
  YESTERDAY        0                         0      0        1
  MONTH TO DATE    0                         8     -8        3
  SINCE JUN 1     52                        81    -29       51
  SINCE JUL 1      0                         8     -8        3

 COOLING
  YESTERDAY        9                         6      3        0
  MONTH TO DATE   71                        60     11       68
  SINCE JUN 1    197                       157     40      201
  SINCE JAN 1    239                       176     63      273
..................................................................


WIND (MPH)
  HIGHEST WIND SPEED    15   HIGHEST WIND DIRECTION     S (190)
  HIGHEST GUST SPEED    20   HIGHEST GUST DIRECTION     S (180)
  AVERAGE WIND SPEED     8.1


SKY COVER
  POSSIBLE SUNSHINE  MM
  AVERAGE SKY COVER 0.6


WEATHER CONDITIONS
 THE FOLLOWING WEATHER WAS RECORDED YESTERDAY.
  LIGHT RAIN


RELATIVE HUMIDITY (PERCENT)
 HIGHEST    73           700 AM
 LOWEST     54          1200 PM
 AVERAGE    64

..........................................................


THE BURLINGTON VT CLIMATE NORMALS FOR TODAY
                         NORMAL    RECORD    YEAR
 MAXIMUM TEMPERATURE (F)   81        96      1911
 MINIMUM TEMPERATURE (F)   60        48      1977
                                             1968


SUNRISE AND SUNSET
JULY 11 2017..........SUNRISE   519 AM EDT   SUNSET   837 PM EDT
JULY 12 2017..........SUNRISE   520 AM EDT   SUNSET   836 PM EDT


-  INDICATES NEGATIVE NUMBERS.
R  INDICATES RECORD WAS SET OR TIED.
MM INDICATES DATA IS MISSING.
T  INDICATES TRACE AMOUNT.







&&

LAKE CHAMPLAIN DATA:
LEVEL...............99.02 FEET
TEMPERATURE.........69 DEGREES

MOUNT MANSFIELD DATA:
HIGH................63 DEGREES
LOW.................53 DEGREES
PRECIPITATION.......NONE

$$
