000
CDUS41 KBTV 080554
CLIBTV

CLIMATE REPORT
NATIONAL WEATHER SERVICE BURLINGTON VT
1252 AM EST WED MAR 8 2017

...................................

...THE BURLINGTON VT CLIMATE SUMMARY FOR MARCH 7 2017...

CLIMATE NORMAL PERIOD 1981 TO 2010
CLIMATE RECORD PERIOD 1884 TO 2017


WEATHER ITEM   OBSERVED TIME   RECORD YEAR NORMAL DEPARTURE LAST
                VALUE   (LST)  VALUE       VALUE  FROM      YEAR
                                                  NORMAL
..................................................................
TEMPERATURE (F)
 YESTERDAY
  MAXIMUM         49        MM  63    1974  36     13       39
  MINIMUM         35        MM -18    2007  18     17       32
  AVERAGE         42                        27     15       36

PRECIPITATION (IN)
  YESTERDAY        0.05          1.34 2011   0.07  -0.02     0.03
  MONTH TO DATE    0.36                      0.46  -0.10     0.28
  SINCE MAR 1      0.36                      0.46  -0.10     0.28
  SINCE JAN 1      5.03                      4.28   0.75     4.61

SNOWFALL (IN)
  YESTERDAY        0.0          17.1  2011   0.7   -0.7      0.5
  MONTH TO DATE    0.5                       4.4   -3.9      0.9
  SINCE MAR 1      0.5                       4.4   -3.9      0.9
  SINCE JUL 1     59.7                      65.2   -5.5     29.9
  SNOW DEPTH       0

DEGREE DAYS
 HEATING
  YESTERDAY       23                        38    -15       29
  MONTH TO DATE  259                       271    -12      290
  SINCE MAR 1    259                       271    -12      290
  SINCE JUL 1   4637                      5681  -1044     4674

 COOLING
  YESTERDAY        0                         0      0        0
  MONTH TO DATE    0                         0      0        0
  SINCE MAR 1      0                         0      0        0
  SINCE JAN 1      0                         0      0        0
..................................................................


WIND (MPH)
  HIGHEST WIND SPEED    21   HIGHEST WIND DIRECTION     S (180)
  HIGHEST GUST SPEED    32   HIGHEST GUST DIRECTION     S (190)
  AVERAGE WIND SPEED    12.6


SKY COVER
  POSSIBLE SUNSHINE  MM
  AVERAGE SKY COVER 1.0


WEATHER CONDITIONS
 THE FOLLOWING WEATHER WAS RECORDED YESTERDAY.
  LIGHT RAIN


RELATIVE HUMIDITY (PERCENT)
 HIGHEST    86           900 PM
 LOWEST     44           700 AM
 AVERAGE    65

..........................................................


THE BURLINGTON VT CLIMATE NORMALS FOR TODAY
                         NORMAL    RECORD    YEAR
 MAXIMUM TEMPERATURE (F)   37        61      2012
                                             2000
 MINIMUM TEMPERATURE (F)   19       -10      1913


SUNRISE AND SUNSET
MARCH  8 2017.........SUNRISE   617 AM EST   SUNSET   550 PM EST
MARCH  9 2017.........SUNRISE   615 AM EST   SUNSET   551 PM EST


-  INDICATES NEGATIVE NUMBERS.
R  INDICATES RECORD WAS SET OR TIED.
MM INDICATES DATA IS MISSING.
T  INDICATES TRACE AMOUNT.

&&

LAKE CHAMPLAIN DATA:
LEVEL...............97.40 FEET
TEMPERATURE.........35 DEGREES

MOUNT MANSFIELD DATA:
HIGH................37 DEGREES
LOW.................27 DEGREES
PRECIPITATION.......0.13 INCHES
NEW SNOW............NONE
SNOW AT STAKE.......63 INCHES

$$
