000
CDUS41 KBTV 282130
CLIBTV


CLIMATE REPORT
NATIONAL WEATHER SERVICE BURLINGTON VT
429 PM EST THU JAN 28 2016


...................................

...THE BURLINGTON VT CLIMATE SUMMARY FOR JANUARY 28 2016...
VALID TODAY AS OF 0400 PM LOCAL TIME.

CLIMATE NORMAL PERIOD 1981 TO 2010
CLIMATE RECORD PERIOD 1884 TO 2016


WEATHER ITEM   OBSERVED TIME   RECORD YEAR NORMAL DEPARTURE LAST
                VALUE   (LST)  VALUE       VALUE  FROM      YEAR
                                                  NORMAL
..................................................................
TEMPERATURE (F)
 TODAY
  MAXIMUM         37    359 PM  56    1916  27     10       19
  MINIMUM         16    501 AM -26    1925  10      6        2
  AVERAGE         27                        18      9       11

PRECIPITATION (IN)
  TODAY            0.00          0.81 2009   0.06  -0.06      T
  MONTH TO DATE    1.09                      1.86  -0.77     1.09
  SINCE DEC 1      5.53                      4.24   1.29     3.94
  SINCE JAN 1      1.09                      1.86  -0.77     1.09

SNOWFALL (IN)
  TODAY            0.0           9.1  2009   0.7   -0.7      0.1
  MONTH TO DATE   11.5                      19.1   -7.6     13.0
  SINCE DEC 1     18.6                      37.0  -18.4     34.9
  SINCE JUL 1     18.8                      42.4  -23.6     45.5
  SNOW DEPTH       0

DEGREE DAYS
 HEATING
  TODAY           38                        46     -8       54
  MONTH TO DATE 1147                      1300   -153     1351
  SINCE DEC 1   1941                      2514   -573     2429
  SINCE JUL 1   3180                      4059   -879     3754

 COOLING
  TODAY            0                         0      0        0
  MONTH TO DATE    0                         0      0        0
  SINCE DEC 1      0                         0      0        0
  SINCE JAN 1      0                         0      0        0
..................................................................


WIND (MPH)
  HIGHEST WIND SPEED    28   HIGHEST WIND DIRECTION     S (190)
  HIGHEST GUST SPEED    37   HIGHEST GUST DIRECTION     S (180)
  AVERAGE WIND SPEED     9.1


SKY COVER
  POSSIBLE SUNSHINE  MM
  AVERAGE SKY COVER 0.4


WEATHER CONDITIONS
 THE FOLLOWING WEATHER WAS RECORDED TODAY.
  NO SIGNIFICANT WEATHER WAS OBSERVED.


RELATIVE HUMIDITY (PERCENT)
 HIGHEST    80           400 AM
 LOWEST     44           300 PM
 AVERAGE    62

..........................................................


THE BURLINGTON VT CLIMATE NORMALS FOR TOMORROW
                         NORMAL    RECORD    YEAR
 MAXIMUM TEMPERATURE (F)   27        49      1950
 MINIMUM TEMPERATURE (F)   10       -18      1954


SUNRISE AND SUNSET
JANUARY 28 2016.......SUNRISE   716 AM EST   SUNSET   456 PM EST
JANUARY 29 2016.......SUNRISE   715 AM EST   SUNSET   457 PM EST


-  INDICATES NEGATIVE NUMBERS.
R  INDICATES RECORD WAS SET OR TIED.
MM INDICATES DATA IS MISSING.
T  INDICATES TRACE AMOUNT.

$$
