000
CDUS41 KBTV 100537
CLIBTV

CLIMATE REPORT
NATIONAL WEATHER SERVICE BURLINGTON VT
137 AM EDT SUN APR 10 2016

...................................

...THE BURLINGTON VT CLIMATE SUMMARY FOR APRIL 9 2016...

CLIMATE NORMAL PERIOD 1981 TO 2010
CLIMATE RECORD PERIOD 1884 TO 2016


WEATHER ITEM   OBSERVED TIME   RECORD YEAR NORMAL DEPARTURE LAST
                VALUE   (LST)  VALUE       VALUE  FROM      YEAR
                                                  NORMAL
..................................................................
TEMPERATURE (F)
 YESTERDAY
  MAXIMUM         36    359 PM  76    1945  51    -15       45
  MINIMUM         24    544 AM  14    1997  32     -8       31
                                      1885
  AVERAGE         30                        42    -12       38

PRECIPITATION (IN)
  YESTERDAY        0.01          1.03 2000   0.09  -0.08     0.08
  MONTH TO DATE    0.83                      0.79   0.04     0.82
  SINCE MAR 1      3.09                      3.01   0.08     1.72
  SINCE JAN 1      7.42                      6.83   0.59     4.10

SNOWFALL (IN)
  YESTERDAY        0.2          14.3  2000   0.2    0.0      0.2
  MONTH TO DATE    1.4                       2.0   -0.6      3.1
  SINCE MAR 1      3.2                      17.8  -14.6      7.5
  SINCE JUL 1     32.2                      78.6  -46.4     83.4
  SNOW DEPTH       0

DEGREE DAYS
 HEATING
  YESTERDAY       35                        23     12       27
  MONTH TO DATE  268                       227     41      240
  SINCE MAR 1   1135                      1281   -146     1430
  SINCE JUL 1   5519                      6691  -1172     6947

 COOLING
  YESTERDAY        0                         0      0        0
  MONTH TO DATE    0                         0      0        0
  SINCE MAR 1      0                         0      0        0
  SINCE JAN 1      0                         0      0        0
..................................................................


WIND (MPH)
  HIGHEST WIND SPEED    21   HIGHEST WIND DIRECTION    NW (330)
  HIGHEST GUST SPEED    27   HIGHEST GUST DIRECTION     N (20)
  AVERAGE WIND SPEED     9.4


SKY COVER
  POSSIBLE SUNSHINE  MM
  AVERAGE SKY COVER 0.6


WEATHER CONDITIONS
 THE FOLLOWING WEATHER WAS RECORDED YESTERDAY.
  LIGHT SNOW
  FOG


RELATIVE HUMIDITY (PERCENT)
 HIGHEST    74           500 AM
 LOWEST     44           400 PM
 AVERAGE    59

..........................................................


THE BURLINGTON VT CLIMATE NORMALS FOR TODAY
                         NORMAL    RECORD    YEAR
 MAXIMUM TEMPERATURE (F)   52        81      1945
 MINIMUM TEMPERATURE (F)   33        16      1975


SUNRISE AND SUNSET
APRIL 10 2016.........SUNRISE   617 AM EDT   SUNSET   732 PM EDT
APRIL 11 2016.........SUNRISE   615 AM EDT   SUNSET   733 PM EDT


-  INDICATES NEGATIVE NUMBERS.
R  INDICATES RECORD WAS SET OR TIED.
MM INDICATES DATA IS MISSING.
T  INDICATES TRACE AMOUNT.

&&

LAKE CHAMPLAIN DATA:
LEVEL...............98.02 FEET
TEMPERATURE.........38 DEGREES

MOUNT MANSFIELD DATA:
HIGH................40 DEGREES
LOW.................9 DEGREES
PRECIPITATION.......0.25 INCHES
NEW SNOW............2.0 INCHES

$$
