000
CDUS41 KBTV 180604
CLIBTV


CLIMATE REPORT
NATIONAL WEATHER SERVICE BURLINGTON VT
102 AM EST SUN JAN 18 2015


...................................

...THE BURLINGTON VT CLIMATE SUMMARY FOR JANUARY 17 2015...

CLIMATE NORMAL PERIOD 1981 TO 2010
CLIMATE RECORD PERIOD 1884 TO 2015


WEATHER ITEM   OBSERVED TIME   RECORD YEAR NORMAL DEPARTURE LAST
                VALUE   (LST)  VALUE       VALUE  FROM      YEAR
                                                  NORMAL
..................................................................
TEMPERATURE (F)
 YESTERDAY
  MAXIMUM         21   1159 PM  56    1889  27     -6       35
  MINIMUM         -7    704 AM -22    1974  10    -17       21
  AVERAGE          7                        18    -11       28

PRECIPITATION (IN)
  YESTERDAY        0.00          0.61 1909   0.06  -0.06     0.00
  MONTH TO DATE    0.44                      1.12  -0.68     2.18
  SINCE DEC 1      3.29                      3.50  -0.21     4.72
  SINCE JAN 1      0.44                      1.12  -0.68     2.18

SNOWFALL (IN)
  YESTERDAY        0.0           8.0  1909   0.7   -0.7      0.0
  MONTH TO DATE    6.4                      11.6   -5.2      6.2
  SINCE DEC 1     28.3                      29.5   -1.2     21.5
  SINCE JUL 1     38.9                      34.9    4.0     27.9
  SNOW DEPTH       1

DEGREE DAYS
 HEATING
  YESTERDAY       58                        47     11       37
  MONTH TO DATE  829                       784     45      717
  SINCE DEC 1   1907                      1998    -91     1997
  SINCE JUL 1   3232                      3543   -311     3490

 COOLING
  YESTERDAY        0                         0      0        0
  MONTH TO DATE    0                         0      0        0
  SINCE DEC 1      0                         0      0        0
  SINCE JAN 1      0                         0      0        0
..................................................................


WIND (MPH)
  HIGHEST WIND SPEED    28   HIGHEST WIND DIRECTION     S (190)
  HIGHEST GUST SPEED    37   HIGHEST GUST DIRECTION     S (200)
  AVERAGE WIND SPEED    10.4


SKY COVER
  POSSIBLE SUNSHINE  MM
  AVERAGE SKY COVER 0.4


WEATHER CONDITIONS
 THE FOLLOWING WEATHER WAS RECORDED YESTERDAY.
  NO SIGNIFICANT WEATHER WAS OBSERVED.


RELATIVE HUMIDITY (PERCENT)
 HIGHEST    62           100 AM
 LOWEST     37          1000 PM
 AVERAGE    50

..........................................................


THE BURLINGTON VT CLIMATE NORMALS FOR TODAY
                         NORMAL    RECORD    YEAR
 MAXIMUM TEMPERATURE (F)   27        53      1996
 MINIMUM TEMPERATURE (F)   10       -24      1974


SUNRISE AND SUNSET
JANUARY 18 2015.......SUNRISE   724 AM EST   SUNSET   442 PM EST
JANUARY 19 2015.......SUNRISE   723 AM EST   SUNSET   444 PM EST


-  INDICATES NEGATIVE NUMBERS.
R  INDICATES RECORD WAS SET OR TIED.
MM INDICATES DATA IS MISSING.
T  INDICATES TRACE AMOUNT.







&&

LAKE CHAMPLAIN DATA:
LEVEL...............96.00 FEET
TEMPERATURE.........35 DEGREES

MOUNT MANSFIELD DATA:
HIGH................15 DEGREES
LOW.................-20 DEGREES
PRECIPITATION.......TRACE
NEW SNOW............TRACE
SNOW AT STAKE.......46 INCHES

$$
