000
CDUS41 KBTV 152229
CLIBTV


CLIMATE REPORT
NATIONAL WEATHER SERVICE BURLINGTON VT
528 PM EST SUN FEB 15 2015


...................................

...THE BURLINGTON VT CLIMATE SUMMARY FOR FEBRUARY 15 2015...
VALID TODAY AS OF 0500 PM LOCAL TIME.

CLIMATE NORMAL PERIOD 1981 TO 2010
CLIMATE RECORD PERIOD 1884 TO 2015


WEATHER ITEM   OBSERVED TIME   RECORD YEAR NORMAL DEPARTURE LAST
                VALUE   (LST)  VALUE       VALUE  FROM      YEAR
                                                  NORMAL
..................................................................
TEMPERATURE (F)
 TODAY
  MAXIMUM         11   1200 AM  54    2006  31    -20       33
  MINIMUM         -2    459 PM -26    1943  12    -14       19
  AVERAGE          5                        21    -16       26

PRECIPITATION (IN)
  TODAY            T             1.27 1939   0.06  -0.06     0.01
  MONTH TO DATE    0.86                      0.94  -0.08     1.04
  SINCE DEC 1      5.00                      5.38  -0.38     6.03
  SINCE JAN 1      2.15                      3.00  -0.85     3.49

SNOWFALL (IN)
  TODAY            0.5          10.2  1990   0.5    0.0      0.2
  MONTH TO DATE   18.4                       9.0    9.4     21.4
  SINCE DEC 1     61.0                      48.0   13.0     49.2
  SINCE JUL 1     71.6                      53.4   18.2     55.6
  SNOW DEPTH       9

DEGREE DAYS
 HEATING
  TODAY           60                        44     16       39
  MONTH TO DATE  861                       674    187      687
  SINCE DEC 1   3454                      3323    131     3410
  SINCE JUL 1   4779                      4868    -89     4903

 COOLING
  TODAY            0                         0      0        0
  MONTH TO DATE    0                         0      0        0
  SINCE DEC 1      0                         0      0        0
  SINCE JAN 1      0                         0      0        0
..................................................................


WIND (MPH)
  HIGHEST WIND SPEED    28   HIGHEST WIND DIRECTION    NW (330)
  HIGHEST GUST SPEED    36   HIGHEST GUST DIRECTION     N (10)
  AVERAGE WIND SPEED    18.2


SKY COVER
  POSSIBLE SUNSHINE  MM
  AVERAGE SKY COVER 0.8


WEATHER CONDITIONS
 THE FOLLOWING WEATHER WAS RECORDED TODAY.
  SNOW
  LIGHT SNOW
  HAZE
  BLOWING SNOW


RELATIVE HUMIDITY (PERCENT)
 HIGHEST    83           300 AM
 LOWEST     53           400 PM
 AVERAGE    68

..........................................................


THE BURLINGTON VT CLIMATE NORMALS FOR TOMORROW
                         NORMAL    RECORD    YEAR
 MAXIMUM TEMPERATURE (F)   31        49      1954
                                             1921
 MINIMUM TEMPERATURE (F)   13       -26      1943


SUNRISE AND SUNSET
FEBRUARY 15 2015......SUNRISE   653 AM EST   SUNSET   521 PM EST
FEBRUARY 16 2015......SUNRISE   651 AM EST   SUNSET   522 PM EST


-  INDICATES NEGATIVE NUMBERS.
R  INDICATES RECORD WAS SET OR TIED.
MM INDICATES DATA IS MISSING.
T  INDICATES TRACE AMOUNT.

$$
