986
CDUS41 KBTV 110540
CLIBTV


CLIMATE REPORT
NATIONAL WEATHER SERVICE BURLINGTON VT
140 AM EDT WED MAY 11 2016


...................................

...THE BURLINGTON VT CLIMATE SUMMARY FOR MAY 10 2016...

CLIMATE NORMAL PERIOD 1981 TO 2010
CLIMATE RECORD PERIOD 1884 TO 2016


WEATHER ITEM   OBSERVED TIME   RECORD YEAR NORMAL DEPARTURE LAST
                VALUE   (LST)  VALUE       VALUE  FROM      YEAR
                                                  NORMAL
..................................................................
TEMPERATURE (F)
 YESTERDAY
  MAXIMUM         68    358 PM  89    2007  65      3       84
  MINIMUM         33    520 AM  25    1947  43    -10       56
  AVERAGE         51                        54     -3       70

PRECIPITATION (IN)
  YESTERDAY        0.00          1.65 1909   0.11  -0.11     0.30
  MONTH TO DATE    1.24                      1.02   0.22     0.30
  SINCE MAR 1      5.30                      6.06  -0.76     3.84
  SINCE JAN 1      9.63                      9.88  -0.25     6.22

SNOWFALL (IN)
  YESTERDAY        0.0           T    1994   0.0    0.0      0.0
                                      1983
                                      1966
  MONTH TO DATE    T                         0.0    0.0      0.0
  SINCE MAR 1      5.3                      20.4  -15.1      7.5
  SINCE JUL 1     34.3                      81.2  -46.9     83.4
  SNOW DEPTH       0

DEGREE DAYS
 HEATING
  YESTERDAY       14                        11      3        0
  MONTH TO DATE  138                       123     15       28
  SINCE MAR 1   1701                      1787    -86     1817
  SINCE JUL 1   6085                      7197  -1112     7334

 COOLING
  YESTERDAY        0                         0      0        5
  MONTH TO DATE    0                         0      0       23
  SINCE MAR 1      0                         2     -2       23
  SINCE JAN 1      0                         2     -2       23
..................................................................


WIND (MPH)
  HIGHEST WIND SPEED    14   HIGHEST WIND DIRECTION     N (350)
  HIGHEST GUST SPEED    18   HIGHEST GUST DIRECTION     N (350)
  AVERAGE WIND SPEED     4.3


SKY COVER
  POSSIBLE SUNSHINE  MM
  AVERAGE SKY COVER 0.1


WEATHER CONDITIONS
 THE FOLLOWING WEATHER WAS RECORDED YESTERDAY.
  NO SIGNIFICANT WEATHER WAS OBSERVED.


RELATIVE HUMIDITY (PERCENT)
 HIGHEST    82           200 AM
 LOWEST     24           400 PM
 AVERAGE    53

..........................................................


THE BURLINGTON VT CLIMATE NORMALS FOR TODAY
                         NORMAL    RECORD    YEAR
 MAXIMUM TEMPERATURE (F)   66        90      1911
 MINIMUM TEMPERATURE (F)   44        27      1966
                                             1962


SUNRISE AND SUNSET
MAY 11 2016...........SUNRISE   529 AM EDT   SUNSET   809 PM EDT
MAY 12 2016...........SUNRISE   528 AM EDT   SUNSET   811 PM EDT


-  INDICATES NEGATIVE NUMBERS.
R  INDICATES RECORD WAS SET OR TIED.
MM INDICATES DATA IS MISSING.
T  INDICATES TRACE AMOUNT.

&&

LAKE CHAMPLAIN DATA:
LEVEL...............96.96 FEET
TEMPERATURE.........45 DEGREES

MOUNT MANSFIELD DATA:
HIGH................49 DEGREES
LOW.................26 DEGREES
PRECIPITATION.......NONE
NEW SNOW............NONE
SNOW AT STAKE.......19 INCHES

$$
