000
CDUS41 KBTV 312134
CLIBTV

CLIMATE REPORT
NATIONAL WEATHER SERVICE BURLINGTON VT
534 PM EDT MON MAR 31 2014

...................................

...THE BURLINGTON VT CLIMATE SUMMARY FOR MARCH 31 2014...
VALID TODAY AS OF 0500 PM LOCAL TIME.

CLIMATE NORMAL PERIOD 1981 TO 2010
CLIMATE RECORD PERIOD 1884 TO 2014


WEATHER ITEM   OBSERVED TIME   RECORD YEAR NORMAL DEPARTURE LAST
                VALUE   (LST)  VALUE       VALUE  FROM      YEAR
                                                  NORMAL
..................................................................
TEMPERATURE (F)
 TODAY
  MAXIMUM         36    359 PM  84    1998  47    -11       56
  MINIMUM         31    948 AM   2    1954  29      2       26
  AVERAGE         34                        38     -4       41

PRECIPITATION (IN)
  TODAY            0.00          0.62 1932   0.08  -0.08     0.04
  MONTH TO DATE    1.88                      2.22  -0.34     2.05
  SINCE MAR 1      1.88                      2.22  -0.34     2.05
  SINCE JAN 1      6.16                      6.04   0.12     4.48

SNOWFALL (IN)
  TODAY            0.0           4.5  1997   0.3   -0.3      0.0
  MONTH TO DATE   25.4                      15.8    9.6     16.2
  SINCE MAR 1     25.4                      15.8    9.6     16.2
  SINCE JUL 1     83.7                      76.6    7.1     81.9
  SNOW DEPTH       4

DEGREE DAYS
 HEATING
  TODAY           31                        27      4       24
  MONTH TO DATE 1322                      1053    269      988
  SINCE MAR 1   1322                      1054    268      988
  SINCE JUL 1   6787                      6464    323     5866

 COOLING
  TODAY            0                         0      0        0
  MONTH TO DATE    0                         0      0        0
  SINCE MAR 1      0                         0      0        0
  SINCE JAN 1      0                         0      0        0
..................................................................


WIND (MPH)
  HIGHEST WIND SPEED    23   HIGHEST WIND DIRECTION     N (350)
  HIGHEST GUST SPEED    33   HIGHEST GUST DIRECTION     N (360)
  AVERAGE WIND SPEED    16.6


SKY COVER
  POSSIBLE SUNSHINE  MM
  AVERAGE SKY COVER 1.0


WEATHER CONDITIONS
 THE FOLLOWING WEATHER WAS RECORDED TODAY.
  NO SIGNIFICANT WEATHER WAS OBSERVED.


RELATIVE HUMIDITY (PERCENT)
 HIGHEST    85          1200 AM
 LOWEST     64           300 PM
 AVERAGE    75

..........................................................


THE BURLINGTON VT CLIMATE NORMALS FOR TOMORROW
                         NORMAL    RECORD    YEAR
 MAXIMUM TEMPERATURE (F)   47        75      1986
 MINIMUM TEMPERATURE (F)   29         5      1923


SUNRISE AND SUNSET
MARCH 31 2014.........SUNRISE   636 AM EDT   SUNSET   719 PM EDT
APRIL  1 2014.........SUNRISE   634 AM EDT   SUNSET   720 PM EDT


-  INDICATES NEGATIVE NUMBERS.
R  INDICATES RECORD WAS SET OR TIED.
MM INDICATES DATA IS MISSING.
T  INDICATES TRACE AMOUNT.

$$
