000
CDUS41 KBTV 170607
CLIBTV


CLIMATE REPORT
NATIONAL WEATHER SERVICE BURLINGTON VT
207 AM EDT WED JUN 17 2015


...................................

...THE BURLINGTON VT CLIMATE SUMMARY FOR JUNE 16 2015...

CLIMATE NORMAL PERIOD 1981 TO 2010
CLIMATE RECORD PERIOD 1884 TO 2015


WEATHER ITEM   OBSERVED TIME   RECORD YEAR NORMAL DEPARTURE LAST
                VALUE   (LST)  VALUE       VALUE  FROM      YEAR
                                                  NORMAL
..................................................................
TEMPERATURE (F)
 YESTERDAY
  MAXIMUM         77    428 PM  94    1891  77      0       80
  MINIMUM         63   1232 AM  37    1961  56      7       51
  AVERAGE         70                        66      4       66

PRECIPITATION (IN)
  YESTERDAY        0.37          1.11 2005   0.12   0.25     0.00
  MONTH TO DATE    5.51                      1.97   3.54     2.51
  SINCE JUN 1      5.51                      1.97   3.54     2.51
  SINCE JAN 1     14.35                     14.28   0.07    16.27

SNOWFALL (IN)
  YESTERDAY        0.0           0.0  2002   0.0    0.0      0.0
                                      2001
  MONTH TO DATE    0.0                       0.0    0.0      0.0
  SINCE JUN 1      0.0                       0.0    0.0      0.0
  SINCE JUL 1     83.4                      81.2    2.2     86.5
  SNOW DEPTH       0

DEGREE DAYS
 HEATING
  YESTERDAY        0                         2     -2        0
  MONTH TO DATE   57                        55      2       10
  SINCE JUN 1     57                        55      2       10
  SINCE JUL 1   7493                      7416     77     7603

 COOLING
  YESTERDAY        5                         3      2        1
  MONTH TO DATE   37                        36      1       47
  SINCE JUN 1     37                        36      1       47
  SINCE JAN 1    130                        55     75       69
..................................................................


WIND (MPH)
  HIGHEST WIND SPEED    17   HIGHEST WIND DIRECTION     S (190)
  HIGHEST GUST SPEED    27   HIGHEST GUST DIRECTION     S (170)
  AVERAGE WIND SPEED     7.6


SKY COVER
  POSSIBLE SUNSHINE  MM
  AVERAGE SKY COVER 0.9


WEATHER CONDITIONS
 THE FOLLOWING WEATHER WAS RECORDED YESTERDAY.
  HEAVY RAIN
  RAIN
  LIGHT RAIN
  FOG


RELATIVE HUMIDITY (PERCENT)
 HIGHEST    87          1100 AM
 LOWEST     69           400 PM
 AVERAGE    78

..........................................................


THE BURLINGTON VT CLIMATE NORMALS FOR TODAY
                         NORMAL    RECORD    YEAR
 MAXIMUM TEMPERATURE (F)   77        96      1994
 MINIMUM TEMPERATURE (F)   56        42      1925


SUNRISE AND SUNSET
JUNE 17 2015..........SUNRISE   507 AM EDT   SUNSET   840 PM EDT
JUNE 18 2015..........SUNRISE   507 AM EDT   SUNSET   840 PM EDT


-  INDICATES NEGATIVE NUMBERS.
R  INDICATES RECORD WAS SET OR TIED.
MM INDICATES DATA IS MISSING.
T  INDICATES TRACE AMOUNT.

&&

LAKE CHAMPLAIN DATA:
LEVEL...............97.94 FEET
TEMPERATURE.........61 DEGREES

MOUNT MANSFIELD DATA:
HIGH................59 DEGREES
LOW.................49 DEGREES
PRECIPITATION.......0.71 INCHES

$$
