000
CDUS41 KBTV 220540
CLIBTV


CLIMATE REPORT
NATIONAL WEATHER SERVICE BURLINGTON VT
139 AM EDT SAT AUG 22 2015


...................................

...THE BURLINGTON VT CLIMATE SUMMARY FOR AUGUST 21 2015...

CLIMATE NORMAL PERIOD 1981 TO 2010
CLIMATE RECORD PERIOD 1884 TO 2015


WEATHER ITEM   OBSERVED TIME   RECORD YEAR NORMAL DEPARTURE LAST
                VALUE   (LST)  VALUE       VALUE  FROM      YEAR
                                                  NORMAL
..................................................................
TEMPERATURE (F)
 YESTERDAY
  MAXIMUM         81    320 PM  93    1945  79      2       73
                                      1916
  MINIMUM         65    719 AM  43    1934  58      7       63
  AVERAGE         73                        68      5       68

PRECIPITATION (IN)
  YESTERDAY        0.60          1.54 1927   0.12   0.48     0.14
  MONTH TO DATE    1.96                      2.79  -0.83     1.90
  SINCE JUN 1     15.30                     10.64   4.66    11.79
  SINCE JAN 1     24.14                     22.95   1.19    25.55

SNOWFALL (IN)
  YESTERDAY        0.0           0.0  2002   0.0    0.0      0.0
                                      2001
  MONTH TO DATE    0.0                       0.0    0.0      0.0
  SINCE JUN 1      0.0                       0.0    0.0      0.0
  SINCE JUL 1      0.0                       0.0    0.0      0.0
  SNOW DEPTH       0

DEGREE DAYS
 HEATING
  YESTERDAY        0                         1     -1        0
  MONTH TO DATE    1                        17    -16       12
  SINCE JUN 1     77                       103    -26       33
  SINCE JUL 1      6                        30    -24       13

 COOLING
  YESTERDAY        8                         4      4        3
  MONTH TO DATE  173                       108     65       93
  SINCE JUN 1    467                       392     75      421
  SINCE JAN 1    560                       411    149      443
..................................................................


WIND (MPH)
  HIGHEST WIND SPEED    15   HIGHEST WIND DIRECTION     S (170)
  HIGHEST GUST SPEED    21   HIGHEST GUST DIRECTION     S (170)
  AVERAGE WIND SPEED     5.8


SKY COVER
  POSSIBLE SUNSHINE  MM
  AVERAGE SKY COVER 0.8


WEATHER CONDITIONS
 THE FOLLOWING WEATHER WAS RECORDED YESTERDAY.
  HEAVY RAIN
  RAIN
  LIGHT RAIN
  FOG


RELATIVE HUMIDITY (PERCENT)
 HIGHEST    93           300 AM
 LOWEST     45           300 PM
 AVERAGE    69

..........................................................


THE BURLINGTON VT CLIMATE NORMALS FOR TODAY
                         NORMAL    RECORD    YEAR
 MAXIMUM TEMPERATURE (F)   78        90      1916
 MINIMUM TEMPERATURE (F)   58        39      1982


SUNRISE AND SUNSET
AUGUST 22 2015........SUNRISE   603 AM EDT   SUNSET   747 PM EDT
AUGUST 23 2015........SUNRISE   604 AM EDT   SUNSET   745 PM EDT


-  INDICATES NEGATIVE NUMBERS.
R  INDICATES RECORD WAS SET OR TIED.
MM INDICATES DATA IS MISSING.
T  INDICATES TRACE AMOUNT.

&&

LAKE CHAMPLAIN DATA:
LEVEL...............96.14 FEET
TEMPERATURE.........75 DEGREES

MOUNT MANSFIELD DATA:
HIGH................73 DEGREES
LOW.................53 DEGREES
PRECIPITATION.......0.63 INCHES

$$
