000
CDUS41 KBTV 022031
CLIBTV


CLIMATE REPORT
NATIONAL WEATHER SERVICE BURLINGTON VT
431 PM EDT TUE MAY 2 2017


...................................

...THE BURLINGTON VT CLIMATE SUMMARY FOR MAY 2 2017...
VALID TODAY AS OF 0400 PM LOCAL TIME.

CLIMATE NORMAL PERIOD 1981 TO 2010
CLIMATE RECORD PERIOD 1884 TO 2017


WEATHER ITEM   OBSERVED TIME   RECORD YEAR NORMAL DEPARTURE LAST
                VALUE   (LST)  VALUE       VALUE  FROM      YEAR
                                                  NORMAL
..................................................................
TEMPERATURE (F)
 TODAY
  MAXIMUM         62    548 AM  86    2001  63     -1       49
  MINIMUM         55    135 AM  27    1966  41     14       44
  AVERAGE         59                        52      7       47

PRECIPITATION (IN)
  TODAY            0.14          0.96 1972   0.09   0.05     0.47
  MONTH TO DATE    0.90                      0.19   0.71     0.75
  SINCE MAR 1      8.00                      5.23   2.77     4.81
  SINCE JAN 1     12.67                      9.05   3.62     9.14

SNOWFALL (IN)
  TODAY            0.0           T    1984   0.0    0.0      0.0
                                      1978
                                      1963
  MONTH TO DATE    0.0                       0.1   -0.1      0.0
  SINCE MAR 1     41.2                      20.5   20.7      5.3
  SINCE JUL 1    100.4                      81.3   19.1     34.3
  SNOW DEPTH       0

DEGREE DAYS
 HEATING
  TODAY            6                        14     -8       18
  MONTH TO DATE   16                        28    -12       36
  SINCE MAR 1   1643                      1692    -49     1599
  SINCE JUL 1   6021                      7102  -1081     5983

 COOLING
  TODAY            0                         0      0        0
  MONTH TO DATE    0                         0      0        0
  SINCE MAR 1     15                         2     13        0
  SINCE JAN 1     15                         2     13        0
..................................................................


WIND (MPH)
  HIGHEST WIND SPEED    14   HIGHEST WIND DIRECTION     S (190)
  HIGHEST GUST SPEED    20   HIGHEST GUST DIRECTION     S (170)
  AVERAGE WIND SPEED     6.1


SKY COVER
  POSSIBLE SUNSHINE  MM
  AVERAGE SKY COVER 0.8


WEATHER CONDITIONS
 THE FOLLOWING WEATHER WAS RECORDED TODAY.
  LIGHT RAIN
  FOG


RELATIVE HUMIDITY (PERCENT)
 HIGHEST   100           900 AM
 LOWEST     86           200 PM
 AVERAGE    93

..........................................................


THE BURLINGTON VT CLIMATE NORMALS FOR TOMORROW
                         NORMAL    RECORD    YEAR
 MAXIMUM TEMPERATURE (F)   63        89      2001
 MINIMUM TEMPERATURE (F)   41        24      1966


SUNRISE AND SUNSET
MAY  2 2017...........SUNRISE   541 AM EDT   SUNSET   758 PM EDT
MAY  3 2017...........SUNRISE   540 AM EDT   SUNSET   800 PM EDT


-  INDICATES NEGATIVE NUMBERS.
R  INDICATES RECORD WAS SET OR TIED.
MM INDICATES DATA IS MISSING.
T  INDICATES TRACE AMOUNT.

$$
