000
CDUS41 KBTV 170531
CLIBTV

CLIMATE REPORT
NATIONAL WEATHER SERVICE BURLINGTON VT
1230 AM EST WED DEC 17 2014

...................................

...THE BURLINGTON VT CLIMATE SUMMARY FOR DECEMBER 16 2014...

CLIMATE NORMAL PERIOD 1981 TO 2010
CLIMATE RECORD PERIOD 1884 TO 2014


WEATHER ITEM   OBSERVED TIME   RECORD YEAR NORMAL DEPARTURE LAST
                VALUE   (LST)  VALUE       VALUE  FROM      YEAR
                                                  NORMAL
..................................................................
TEMPERATURE (F)
 YESTERDAY
  MAXIMUM         38   1146 PM  54    1982  33      5       15
  MINIMUM         30    659 AM -18    1917  18     12       -4
  AVERAGE         34                        26      8        6

PRECIPITATION (IN)
  YESTERDAY        0.01          1.03 2007   0.07  -0.06      T
  MONTH TO DATE    2.00                      1.33   0.67     1.01
  SINCE DEC 1      2.00                      1.33   0.67     1.01
  SINCE JAN 1     35.48                     35.77  -0.29    43.46

SNOWFALL (IN)
  YESTERDAY        0.0          11.9  2007   0.6   -0.6       T
  MONTH TO DATE   19.2                       8.2   11.0      8.5
  SINCE DEC 1     19.2                       8.2   11.0      8.5
  SINCE JUL 1     29.8                      13.6   16.2     14.9
  SNOW DEPTH       9

DEGREE DAYS
 HEATING
  YESTERDAY       31                        39     -8       59
  MONTH TO DATE  572                       579     -7      630
  SINCE DEC 1    572                       579     -7      630
  SINCE JUL 1   1897                      2124   -227     2123

 COOLING
  YESTERDAY        0                         0      0        0
  MONTH TO DATE    0                         0      0        0
  SINCE DEC 1      0                         0      0        0
  SINCE JAN 1    582                       491     91      662
..................................................................


WIND (MPH)
  HIGHEST WIND SPEED    15   HIGHEST WIND DIRECTION     S (160)
  HIGHEST GUST SPEED    20   HIGHEST GUST DIRECTION     S (170)
  AVERAGE WIND SPEED     7.6


SKY COVER
  POSSIBLE SUNSHINE  MM
  AVERAGE SKY COVER 1.0


WEATHER CONDITIONS
 THE FOLLOWING WEATHER WAS RECORDED YESTERDAY.
  LIGHT RAIN
  FOG


RELATIVE HUMIDITY (PERCENT)
 HIGHEST    89           500 PM
 LOWEST     75           900 AM
 AVERAGE    82

..........................................................


THE BURLINGTON VT CLIMATE NORMALS FOR TODAY
                         NORMAL    RECORD    YEAR
 MAXIMUM TEMPERATURE (F)   33        56      2000
 MINIMUM TEMPERATURE (F)   18       -11      2013


SUNRISE AND SUNSET
DECEMBER 17 2014......SUNRISE   723 AM EST   SUNSET   414 PM EST
DECEMBER 18 2014......SUNRISE   724 AM EST   SUNSET   414 PM EST


-  INDICATES NEGATIVE NUMBERS.
R  INDICATES RECORD WAS SET OR TIED.
MM INDICATES DATA IS MISSING.
T  INDICATES TRACE AMOUNT.

&&

LAKE CHAMPLAIN DATA:
LEVEL...............94.79 FEET
TEMPERATURE.........41 DEGREES

MOUNT MANSFIELD DATA:
HIGH................40 DEGREES
LOW.................24 DEGREES
PRECIPITATION.......NONE
NEW SNOW............NONE
SNOW AT STAKE.......29 INCHES

$$
