000
CDUS41 KBTV 010710
CLIBTV


CLIMATE REPORT
NATIONAL WEATHER SERVICE BURLINGTON VT
309 AM EDT FRI SEP 1 2017


...................................

...THE BURLINGTON VT CLIMATE SUMMARY FOR AUGUST 31 2017...

CLIMATE NORMAL PERIOD 1981 TO 2010
CLIMATE RECORD PERIOD 1884 TO 2017


WEATHER ITEM   OBSERVED TIME   RECORD YEAR NORMAL DEPARTURE LAST
                VALUE   (LST)  VALUE       VALUE  FROM      YEAR
                                                  NORMAL
..................................................................
TEMPERATURE (F)
 YESTERDAY
  MAXIMUM         70    232 PM  92    2010  76     -6       79
  MINIMUM         52    314 AM  35    1976  56     -4       66
                                      1965
  AVERAGE         61                        66     -5       73

PRECIPITATION (IN)
  YESTERDAY        T             2.42 2005   0.11  -0.11     0.16
  MONTH TO DATE    2.40                      3.91  -1.51     2.25
  SINCE JUN 1     13.02                     11.76   1.26     8.35
  SINCE JAN 1     29.70                     24.07   5.63    19.20

SNOWFALL (IN)
  YESTERDAY        0.0           0.0  2002   0.0    0.0      0.0
                                      2001
  MONTH TO DATE    0.0                       0.0    0.0      0.0
  SINCE JUN 1      0.0                       0.0    0.0      0.0
  SINCE JUL 1      0.0                       0.0    0.0      0.0
  SNOW DEPTH       0

DEGREE DAYS
 HEATING
  YESTERDAY        4                         2      2        0
  MONTH TO DATE   19                        32    -13        2
  SINCE JUN 1     75                       115    -40       53
  SINCE JUL 1     23                        42    -19        5

 COOLING
  YESTERDAY        0                         3     -3        8
  MONTH TO DATE  162                       145     17      283
  SINCE JUN 1    475                       429     46      672
  SINCE JAN 1    517                       448     69      744
..................................................................


WIND (MPH)
  HIGHEST WIND SPEED    26   HIGHEST WIND DIRECTION    NW (320)
  HIGHEST GUST SPEED    35   HIGHEST GUST DIRECTION    NW (310)
  AVERAGE WIND SPEED    12.0


SKY COVER
  POSSIBLE SUNSHINE  MM
  AVERAGE SKY COVER 0.6


WEATHER CONDITIONS
 THE FOLLOWING WEATHER WAS RECORDED YESTERDAY.
  LIGHT RAIN
  FOG


RELATIVE HUMIDITY (PERCENT)
 HIGHEST    90           900 AM
 LOWEST     47           200 PM
 AVERAGE    69

..........................................................


THE BURLINGTON VT CLIMATE NORMALS FOR TODAY
                         NORMAL    RECORD    YEAR
 MAXIMUM TEMPERATURE (F)   76        92      2010
 MINIMUM TEMPERATURE (F)   56        40      1967


SUNRISE AND SUNSET
SEPTEMBER  1 2017.....SUNRISE   615 AM EDT   SUNSET   729 PM EDT
SEPTEMBER  2 2017.....SUNRISE   617 AM EDT   SUNSET   727 PM EDT


-  INDICATES NEGATIVE NUMBERS.
R  INDICATES RECORD WAS SET OR TIED.
MM INDICATES DATA IS MISSING.
T  INDICATES TRACE AMOUNT.







&&

LAKE CHAMPLAIN DATA:
LEVEL...............95.64 FEET
TEMPERATURE.........71 DEGREES

MOUNT MANSFIELD DATA:
HIGH................58 DEGREES
LOW.................43 DEGREES
PRECIPITATION.......0.10 INCHES

$$
