000
CDUS41 KBTV 210532
CLIBTV


CLIMATE REPORT
NATIONAL WEATHER SERVICE BURLINGTON VT
1231 AM EST WED FEB 21 2018


...................................

...THE BURLINGTON VT CLIMATE SUMMARY FOR FEBRUARY 20 2018...

CLIMATE NORMAL PERIOD 1981 TO 2010
CLIMATE RECORD PERIOD 1884 TO 2018


WEATHER ITEM   OBSERVED TIME   RECORD YEAR NORMAL DEPARTURE LAST
                VALUE   (LST)  VALUE       VALUE  FROM      YEAR
                                                  NORMAL
..................................................................
TEMPERATURE (F)
 YESTERDAY
  MAXIMUM         59R  1159 PM  58    1981  32     27       37
  MINIMUM         42   1229 AM -13    1968  14     28       23
                                      1950
  AVERAGE         51                        23     28       30

PRECIPITATION (IN)
  YESTERDAY        0.13          0.76 1909   0.06   0.07     0.00
  MONTH TO DATE    1.12                      1.24  -0.12     1.74
  SINCE DEC 1      5.84                      5.68   0.16     6.09
  SINCE JAN 1      3.66                      3.30   0.36     3.74

SNOWFALL (IN)
  YESTERDAY        0.0           9.6  1946   0.6   -0.6      0.0
  MONTH TO DATE   12.3                      11.9    0.4     30.4
  SINCE DEC 1     51.0                      50.9    0.1     54.7
  SINCE JUL 1     54.0                      56.3   -2.3     59.0
  SNOW DEPTH       0

DEGREE DAYS
 HEATING
  YESTERDAY       14                        42    -28       35
  MONTH TO DATE  743                       888   -145      793
  SINCE DEC 1   3446                      3537    -91     2990
  SINCE JUL 1   4585                      5082   -497     4195

 COOLING
  YESTERDAY        0                         0      0        0
  MONTH TO DATE    0                         0      0        0
  SINCE DEC 1      0                         0      0        0
  SINCE JAN 1      0                         0      0        0
..................................................................


WIND (MPH)
  HIGHEST WIND SPEED    23   HIGHEST WIND DIRECTION     S (190)
  HIGHEST GUST SPEED    28   HIGHEST GUST DIRECTION     S (190)
  AVERAGE WIND SPEED    12.3


SKY COVER
  POSSIBLE SUNSHINE  MM
  AVERAGE SKY COVER 1.0


WEATHER CONDITIONS
 THE FOLLOWING WEATHER WAS RECORDED YESTERDAY.
  LIGHT RAIN
  FOG


RELATIVE HUMIDITY (PERCENT)
 HIGHEST    93           800 AM
 LOWEST     72           800 PM
 AVERAGE    83

..........................................................


THE BURLINGTON VT CLIMATE NORMALS FOR TODAY
                         NORMAL    RECORD    YEAR
 MAXIMUM TEMPERATURE (F)   32        59      1981
 MINIMUM TEMPERATURE (F)   14       -19      1950


SUNRISE AND SUNSET
FEBRUARY 21 2018......SUNRISE   643 AM EST   SUNSET   530 PM EST
FEBRUARY 22 2018......SUNRISE   642 AM EST   SUNSET   531 PM EST


-  INDICATES NEGATIVE NUMBERS.
R  INDICATES RECORD WAS SET OR TIED.
MM INDICATES DATA IS MISSING.
T  INDICATES TRACE AMOUNT.

&&

LAKE CHAMPLAIN DATA:
LEVEL...............95.78 FEET
TEMPERATURE.........34 DEGREES

MOUNT MANSFIELD DATA:
HIGH................49 DEGREES
LOW.................31 DEGREES
PRECIPITATION.......0.31 INCHES
SNOW AT STAKE.......MISSING

$$
