628
CDUS41 KBTV 290543
CLIBTV


CLIMATE REPORT
NATIONAL WEATHER SERVICE BURLINGTON VT
140 AM EDT SUN MAY 29 2016


...................................

...THE BURLINGTON VT CLIMATE SUMMARY FOR MAY 28 2016...

CLIMATE NORMAL PERIOD 1981 TO 2010
CLIMATE RECORD PERIOD 1884 TO 2016


WEATHER ITEM   OBSERVED TIME   RECORD YEAR NORMAL DEPARTURE LAST
                VALUE   (LST)  VALUE       VALUE  FROM      YEAR
                                                  NORMAL
..................................................................
TEMPERATURE (F)
 YESTERDAY
  MAXIMUM         91    316 PM  92    1978  71     20       80
  MINIMUM         69    528 AM  30    1961  49     20       61
  AVERAGE         80                        60     20       71

PRECIPITATION (IN)
  YESTERDAY        0.00          1.07 1940   0.12  -0.12     0.17
  MONTH TO DATE    1.79                      3.08  -1.29     1.59
  SINCE MAR 1      5.85                      8.12  -2.27     5.13
  SINCE JAN 1     10.18                     11.94  -1.76     7.51

SNOWFALL (IN)
  YESTERDAY        0.0           T    1907   0.0    0.0      0.0
  MONTH TO DATE    T                         0.0    0.0      0.0
  SINCE MAR 1      5.3                      20.4  -15.1      7.5
  SINCE JUL 1     34.3                      81.2  -46.9     83.4
  SNOW DEPTH       0

DEGREE DAYS
 HEATING
  YESTERDAY        0                         6     -6        0
  MONTH TO DATE  231                       270    -39      124
  SINCE MAR 1   1794                      1934   -140     1913
  SINCE JUL 1   6178                      7344  -1166     7430

 COOLING
  YESTERDAY       15                         1     14        6
  MONTH TO DATE   25                        11     14       77
  SINCE MAR 1     25                        13     12       77
  SINCE JAN 1     25                        13     12       77
..................................................................


WIND (MPH)
  HIGHEST WIND SPEED    12   HIGHEST WIND DIRECTION    NW (330)
  HIGHEST GUST SPEED    15   HIGHEST GUST DIRECTION     N (360)
  AVERAGE WIND SPEED     3.6


SKY COVER
  POSSIBLE SUNSHINE  MM
  AVERAGE SKY COVER 0.5


WEATHER CONDITIONS
 THE FOLLOWING WEATHER WAS RECORDED YESTERDAY.
  NO SIGNIFICANT WEATHER WAS OBSERVED.


RELATIVE HUMIDITY (PERCENT)
 HIGHEST    84           500 AM
 LOWEST     34           400 PM
 AVERAGE    59

..........................................................


THE BURLINGTON VT CLIMATE NORMALS FOR TODAY
                         NORMAL    RECORD    YEAR
 MAXIMUM TEMPERATURE (F)   71        89      1978
 MINIMUM TEMPERATURE (F)   50        34      1970
                                             1907


SUNRISE AND SUNSET
MAY 29 2016...........SUNRISE   513 AM EDT   SUNSET   828 PM EDT
MAY 30 2016...........SUNRISE   512 AM EDT   SUNSET   829 PM EDT


-  INDICATES NEGATIVE NUMBERS.
R  INDICATES RECORD WAS SET OR TIED.
MM INDICATES DATA IS MISSING.
T  INDICATES TRACE AMOUNT.

&&

LAKE CHAMPLAIN DATA:
LEVEL...............96.09 FEET
TEMPERATURE.........61 DEGREES

MOUNT MANSFIELD DATA:
HIGH................72 DEGREES
LOW.................59 DEGREES
PRECIPITATION.......NONE

$$
