000
CDUS41 KBTV 280523
CLIBTV


CLIMATE REPORT
NATIONAL WEATHER SERVICE BURLINGTON VT
121 AM EDT WED SEP 28 2016


...................................

...THE BURLINGTON VT CLIMATE SUMMARY FOR SEPTEMBER 27 2016...

CLIMATE NORMAL PERIOD 1981 TO 2010
CLIMATE RECORD PERIOD 1884 TO 2016


WEATHER ITEM   OBSERVED TIME   RECORD YEAR NORMAL DEPARTURE LAST
                VALUE   (LST)  VALUE       VALUE  FROM      YEAR
                                                  NORMAL
..................................................................
TEMPERATURE (F)
 YESTERDAY
  MAXIMUM         74    133 PM  83    1920  65      9       74
                                      1908
  MINIMUM         54   1159 PM  27    1947  46      8       42
  AVERAGE         64                        56      8       58

PRECIPITATION (IN)
  YESTERDAY        0.10          2.43 1942   0.13  -0.03     0.00
  MONTH TO DATE    1.39                      3.26  -1.87     1.50
  SINCE SEP 1      1.39                      3.26  -1.87     1.50
  SINCE JAN 1     20.59                     27.33  -6.74    25.66

SNOWFALL (IN)
  YESTERDAY        0.0           0.0  2002   0.0    0.0      0.0
                                      2001
  MONTH TO DATE    0.0                       0.0    0.0      0.0
  SINCE SEP 1      0.0                       0.0    0.0      0.0
  SINCE JUL 1      0.0                       0.0    0.0      0.0
  SNOW DEPTH       0

DEGREE DAYS
 HEATING
  YESTERDAY        1                        10     -9        7
  MONTH TO DATE   66                       143    -77       54
  SINCE SEP 1     66                       143    -77       54
  SINCE JUL 1     71                       185   -114       60

 COOLING
  YESTERDAY        0                         0      0        0
  MONTH TO DATE  108                        41     67      141
  SINCE SEP 1    108                        41     67      141
  SINCE JAN 1    852                       489    363      763
..................................................................


WIND (MPH)
  HIGHEST WIND SPEED    16   HIGHEST WIND DIRECTION     S (180)
  HIGHEST GUST SPEED    24   HIGHEST GUST DIRECTION     S (190)
  AVERAGE WIND SPEED     7.5


SKY COVER
  POSSIBLE SUNSHINE  MM
  AVERAGE SKY COVER 0.5


WEATHER CONDITIONS
 THE FOLLOWING WEATHER WAS RECORDED YESTERDAY.
  LIGHT RAIN
  FOG


RELATIVE HUMIDITY (PERCENT)
 HIGHEST    86           200 AM
 LOWEST     35           100 PM
 AVERAGE    61

..........................................................


THE BURLINGTON VT CLIMATE NORMALS FOR TODAY
                         NORMAL    RECORD    YEAR
 MAXIMUM TEMPERATURE (F)   65        83      2014
 MINIMUM TEMPERATURE (F)   46        26      1947


SUNRISE AND SUNSET
SEPTEMBER 28 2016.....SUNRISE   647 AM EDT   SUNSET   638 PM EDT
SEPTEMBER 29 2016.....SUNRISE   649 AM EDT   SUNSET   636 PM EDT


-  INDICATES NEGATIVE NUMBERS.
R  INDICATES RECORD WAS SET OR TIED.
MM INDICATES DATA IS MISSING.
T  INDICATES TRACE AMOUNT.

&&

LAKE CHAMPLAIN DATA:
LEVEL...............93.84 FEET
TEMPERATURE.........66 DEGREES

MOUNT MANSFIELD DATA:
HIGH................56 DEGREES
LOW.................43 DEGREES
PRECIPITATION.......0.42 INCHES

$$
