000
CDUS41 KBTV 110619
CLIBTV


CLIMATE REPORT
NATIONAL WEATHER SERVICE BURLINGTON VT
117 AM EST MON DEC 11 2017


...................................

...THE BURLINGTON VT CLIMATE SUMMARY FOR DECEMBER 10 2017...

CLIMATE NORMAL PERIOD 1981 TO 2010
CLIMATE RECORD PERIOD 1884 TO 2017


WEATHER ITEM   OBSERVED TIME   RECORD YEAR NORMAL DEPARTURE LAST
                VALUE   (LST)  VALUE       VALUE  FROM      YEAR
                                                  NORMAL
..................................................................
TEMPERATURE (F)
 YESTERDAY
  MAXIMUM         34   1226 PM  61    1966  35     -1       24
  MINIMUM         28    753 AM  -9    1958  21      7       19
                                      1910
  AVERAGE         31                        28      3       22

PRECIPITATION (IN)
  YESTERDAY        0.02          1.10 1938   0.09  -0.07      T
  MONTH TO DATE    0.34                      0.87  -0.53     0.75
  SINCE DEC 1      0.34                      0.87  -0.53     0.75
  SINCE JAN 1     38.06                     35.31   2.75    26.13

SNOWFALL (IN)
  YESTERDAY        0.3           9.4  2014   0.5   -0.2      0.2
  MONTH TO DATE    0.5                       4.8   -4.3      4.0
  SINCE DEC 1      0.5                       4.8   -4.3      4.0
  SINCE JUL 1      3.5                      10.2   -6.7      8.3
  SNOW DEPTH       0

DEGREE DAYS
 HEATING
  YESTERDAY       34                        37     -3       43
  MONTH TO DATE  283                       349    -66      307
  SINCE DEC 1    283                       349    -66      307
  SINCE JUL 1   1422                      1894   -472     1512

 COOLING
  YESTERDAY        0                         0      0        0
  MONTH TO DATE    0                         0      0        0
  SINCE DEC 1      0                         0      0        0
  SINCE JAN 1    652                       491    161      855
..................................................................


WIND (MPH)
  HIGHEST WIND SPEED    21   HIGHEST WIND DIRECTION     W (270)
  HIGHEST GUST SPEED    28   HIGHEST GUST DIRECTION     W (270)
  AVERAGE WIND SPEED     7.6


SKY COVER
  POSSIBLE SUNSHINE  MM
  AVERAGE SKY COVER 0.9


WEATHER CONDITIONS
 THE FOLLOWING WEATHER WAS RECORDED YESTERDAY.
  LIGHT SNOW
  FOG


RELATIVE HUMIDITY (PERCENT)
 HIGHEST    92           600 AM
 LOWEST     45           700 PM
 AVERAGE    69

..........................................................


THE BURLINGTON VT CLIMATE NORMALS FOR TODAY
                         NORMAL    RECORD    YEAR
 MAXIMUM TEMPERATURE (F)   35        61      1966
 MINIMUM TEMPERATURE (F)   21       -13      1958


SUNRISE AND SUNSET
DECEMBER 11 2017......SUNRISE   719 AM EST   SUNSET   413 PM EST
DECEMBER 12 2017......SUNRISE   720 AM EST   SUNSET   413 PM EST


-  INDICATES NEGATIVE NUMBERS.
R  INDICATES RECORD WAS SET OR TIED.
MM INDICATES DATA IS MISSING.
T  INDICATES TRACE AMOUNT.







&&

LAKE CHAMPLAIN DATA:
LEVEL...............94.76 FEET
TEMPERATURE.........45 DEGREES

MOUNT MANSFIELD DATA:
HIGH................18 DEGREES
LOW.................13 DEGREES
PRECIPITATION.......0.20 INCHES
NEW SNOW............1.3 INCHES
SNOW AT STAKE.......16 INCHES

$$
