000
CDUS41 KBTV 110606
CLIBTV


CLIMATE REPORT
NATIONAL WEATHER SERVICE BURLINGTON VT
205 AM EDT MON MAY 11 2015


...................................

...THE BURLINGTON VT CLIMATE SUMMARY FOR MAY 10 2015...

CLIMATE NORMAL PERIOD 1981 TO 2010
CLIMATE RECORD PERIOD 1884 TO 2015


WEATHER ITEM   OBSERVED TIME   RECORD YEAR NORMAL DEPARTURE LAST
                VALUE   (LST)  VALUE       VALUE  FROM      YEAR
                                                  NORMAL
..................................................................
TEMPERATURE (F)
 YESTERDAY
  MAXIMUM         84    224 PM  89    2007  65     19       80
  MINIMUM         56   1159 PM  25    1947  43     13       61
  AVERAGE         70                        54     16       71

PRECIPITATION (IN)
  YESTERDAY        0.30          1.65 1909   0.11   0.19     0.26
  MONTH TO DATE    0.30                      1.02  -0.72     0.80
  SINCE MAR 1      3.84                      6.06  -2.22     6.34
  SINCE JAN 1      6.22                      9.88  -3.66    10.62

SNOWFALL (IN)
  YESTERDAY        0.0           T    1994   0.0    0.0      0.0
                                      1983
                                      1966
  MONTH TO DATE    0.0                       0.0    0.0      0.0
  SINCE MAR 1      7.5                      20.4  -12.9     28.2
  SINCE JUL 1     83.4                      81.2    2.2     86.5
  SNOW DEPTH       0

DEGREE DAYS
 HEATING
  YESTERDAY        0                        11    -11        0
  MONTH TO DATE   28                       123    -95      110
  SINCE MAR 1   1817                      1787     30     2037
  SINCE JUL 1   7334                      7197    137     7502

 COOLING
  YESTERDAY        5                         0      5        6
  MONTH TO DATE   23                         0     23        6
  SINCE MAR 1     23                         2     21        6
  SINCE JAN 1     23                         2     21        6
..................................................................


WIND (MPH)
  HIGHEST WIND SPEED    23   HIGHEST WIND DIRECTION     S (190)
  HIGHEST GUST SPEED    33   HIGHEST GUST DIRECTION     S (190)
  AVERAGE WIND SPEED    11.2


SKY COVER
  POSSIBLE SUNSHINE  MM
  AVERAGE SKY COVER 0.7


WEATHER CONDITIONS
 THE FOLLOWING WEATHER WAS RECORDED YESTERDAY.
  HEAVY RAIN
  RAIN
  LIGHT RAIN
  FOG


RELATIVE HUMIDITY (PERCENT)
 HIGHEST    90           800 PM
 LOWEST     51           100 PM
 AVERAGE    71

..........................................................


THE BURLINGTON VT CLIMATE NORMALS FOR TODAY
                         NORMAL    RECORD    YEAR
 MAXIMUM TEMPERATURE (F)   66        90      1911
 MINIMUM TEMPERATURE (F)   44        27      1966
                                             1962


SUNRISE AND SUNSET
MAY 11 2015...........SUNRISE   530 AM EDT   SUNSET   808 PM EDT
MAY 12 2015...........SUNRISE   529 AM EDT   SUNSET   810 PM EDT


-  INDICATES NEGATIVE NUMBERS.
R  INDICATES RECORD WAS SET OR TIED.
MM INDICATES DATA IS MISSING.
T  INDICATES TRACE AMOUNT.

&&

LAKE CHAMPLAIN DATA:
LEVEL...............97.30 FEET
TEMPERATURE.........51 DEGREES

MOUNT MANSFIELD DATA:
HIGH................69 DEGREES
LOW.................53 DEGREES
PRECIPITATION.......TRACE
NEW SNOW............NONE
SNOW AT STAKE.......34 INCHES

$$
