000
CDUS41 KBTV 150605
CLIBTV


CLIMATE REPORT
NATIONAL WEATHER SERVICE BURLINGTON VT
104 AM EST THU JAN 15 2015


...................................

...THE BURLINGTON VT CLIMATE SUMMARY FOR JANUARY 14 2015...

CLIMATE NORMAL PERIOD 1981 TO 2010
CLIMATE RECORD PERIOD 1884 TO 2015


WEATHER ITEM   OBSERVED TIME   RECORD YEAR NORMAL DEPARTURE LAST
                VALUE   (LST)  VALUE       VALUE  FROM      YEAR
                                                  NORMAL
..................................................................
TEMPERATURE (F)
 YESTERDAY
  MAXIMUM         22    321 PM  60    1995  27     -5       46
  MINIMUM         -8    707 AM -26    1914  10    -18       38
  AVERAGE          7                        18    -11       42

PRECIPITATION (IN)
  YESTERDAY        0.00          1.03 2005   0.06  -0.06     0.26
  MONTH TO DATE    0.42                      0.92  -0.50     2.06
  SINCE DEC 1      3.27                      3.30  -0.03     4.60
  SINCE JAN 1      0.42                      0.92  -0.50     2.06

SNOWFALL (IN)
  YESTERDAY        0.0          23.1  1934   0.7   -0.7      0.0
  MONTH TO DATE    5.7                       9.5   -3.8      3.7
  SINCE DEC 1     27.6                      27.4    0.2     19.0
  SINCE JUL 1     38.2                      32.8    5.4     25.4
  SNOW DEPTH       1

DEGREE DAYS
 HEATING
  YESTERDAY       58                        47     11       23
  MONTH TO DATE  667                       643     24      617
  SINCE DEC 1   1745                      1857   -112     1897
  SINCE JUL 1   3070                      3402   -332     3390

 COOLING
  YESTERDAY        0                         0      0        0
  MONTH TO DATE    0                         0      0        0
  SINCE DEC 1      0                         0      0        0
  SINCE JAN 1      0                         0      0        0
..................................................................


WIND (MPH)
  HIGHEST WIND SPEED    20   HIGHEST WIND DIRECTION     S (190)
  HIGHEST GUST SPEED    26   HIGHEST GUST DIRECTION     S (200)
  AVERAGE WIND SPEED     4.3


SKY COVER
  POSSIBLE SUNSHINE  MM
  AVERAGE SKY COVER 0.2


WEATHER CONDITIONS
 THE FOLLOWING WEATHER WAS RECORDED YESTERDAY.
  NO SIGNIFICANT WEATHER WAS OBSERVED.


RELATIVE HUMIDITY (PERCENT)
 HIGHEST    83           100 AM
 LOWEST     46          1100 AM
 AVERAGE    65

..........................................................


THE BURLINGTON VT CLIMATE NORMALS FOR TODAY
                         NORMAL    RECORD    YEAR
 MAXIMUM TEMPERATURE (F)   27        66      1995
 MINIMUM TEMPERATURE (F)   10       -30      1957


SUNRISE AND SUNSET
JANUARY 15 2015.......SUNRISE   726 AM EST   SUNSET   439 PM EST
JANUARY 16 2015.......SUNRISE   725 AM EST   SUNSET   440 PM EST


-  INDICATES NEGATIVE NUMBERS.
R  INDICATES RECORD WAS SET OR TIED.
MM INDICATES DATA IS MISSING.
T  INDICATES TRACE AMOUNT.

&&

LAKE CHAMPLAIN DATA:
LEVEL...............96.13 FEET
TEMPERATURE.........36 DEGREES

MOUNT MANSFIELD DATA:
HIGH................18 DEGREES
LOW.................8 DEGREES
PRECIPITATION.......NONE
NEW SNOW............NONE
SNOW AT STAKE.......45 INCHES

$$
