000
CDUS41 KBTV 080547
CLIBTV


CLIMATE REPORT
NATIONAL WEATHER SERVICE BURLINGTON VT
147 AM EDT FRI AUG 8 2014


...................................

...THE BURLINGTON VT CLIMATE SUMMARY FOR AUGUST 7 2014...

CLIMATE NORMAL PERIOD 1981 TO 2010
CLIMATE RECORD PERIOD 1884 TO 2014


WEATHER ITEM   OBSERVED TIME   RECORD YEAR NORMAL DEPARTURE LAST
                VALUE   (LST)  VALUE       VALUE  FROM      YEAR
                                                  NORMAL
..................................................................
TEMPERATURE (F)
 YESTERDAY
  MAXIMUM         76    249 PM  95    2001  80     -4       82
  MINIMUM         59    517 AM  40    1964  60     -1       56
  AVERAGE         68                        70     -2       69

PRECIPITATION (IN)
  YESTERDAY        0.04          2.50 1893   0.13  -0.09      T
  MONTH TO DATE    0.30                      0.96  -0.66     0.86
  SINCE JUN 1     10.19                      8.81   1.38    15.21
  SINCE JAN 1     23.95                     21.12   2.83    30.48

SNOWFALL (IN)
  YESTERDAY        0.0           0.0  2002   0.0    0.0      0.0
                                      2001
  MONTH TO DATE    0.0                       0.0    0.0      0.0
  SINCE JUN 1      0.0                       0.0    0.0      0.0
  SINCE JUL 1      0.0                       0.0    0.0      0.0
  SNOW DEPTH       0

DEGREE DAYS
 HEATING
  YESTERDAY        0                         1     -1        0
  MONTH TO DATE    0                         3     -3        2
  SINCE JUN 1     21                        89    -68       74
  SINCE JUL 1      1                        16    -15        9

 COOLING
  YESTERDAY        3                         5     -2        4
  MONTH TO DATE   50                        41      9       25
  SINCE JUN 1    378                       325     53      425
  SINCE JAN 1    400                       344     56      472
..................................................................


WIND (MPH)
  HIGHEST WIND SPEED    17   HIGHEST WIND DIRECTION    NW (320)
  HIGHEST GUST SPEED    23   HIGHEST GUST DIRECTION    NW (320)
  AVERAGE WIND SPEED     4.7


SKY COVER
  POSSIBLE SUNSHINE  MM
  AVERAGE SKY COVER 0.7


WEATHER CONDITIONS
 THE FOLLOWING WEATHER WAS RECORDED YESTERDAY.
  LIGHT RAIN
  FOG


RELATIVE HUMIDITY (PERCENT)
 HIGHEST    93           500 AM
 LOWEST     46          1200 PM
 AVERAGE    70

..........................................................


THE BURLINGTON VT CLIMATE NORMALS FOR TODAY
                         NORMAL    RECORD    YEAR
 MAXIMUM TEMPERATURE (F)   80        97      1949
 MINIMUM TEMPERATURE (F)   60        45      1929


SUNRISE AND SUNSET
AUGUST  8 2014........SUNRISE   547 AM EDT   SUNSET   808 PM EDT
AUGUST  9 2014........SUNRISE   548 AM EDT   SUNSET   807 PM EDT


-  INDICATES NEGATIVE NUMBERS.
R  INDICATES RECORD WAS SET OR TIED.
MM INDICATES DATA IS MISSING.
T  INDICATES TRACE AMOUNT.

&&

LAKE CHAMPLAIN DATA:
LEVEL...............95.96 FEET
TEMPERATURE.........72 DEGREES

MOUNT MANSFIELD DATA:
HIGH................62 DEGREES
LOW.................47 DEGREES
PRECIPITATION.......0.31 INCHES

$$
