000
CDUS41 KBTV 302127
CLIBTV


CLIMATE REPORT
NATIONAL WEATHER SERVICE BURLINGTON VT
526 PM EDT THU JUN 30 2016


...................................

...THE BURLINGTON VT CLIMATE SUMMARY FOR JUNE 30 2016...
VALID TODAY AS OF 0500 PM LOCAL TIME.

CLIMATE NORMAL PERIOD 1981 TO 2010
CLIMATE RECORD PERIOD 1884 TO 2016


WEATHER ITEM   OBSERVED TIME   RECORD YEAR NORMAL DEPARTURE LAST
                VALUE   (LST)  VALUE       VALUE  FROM      YEAR
                                                  NORMAL
..................................................................
TEMPERATURE (F)
 TODAY
  MAXIMUM         84    359 PM  93    1964  80      4       79
                                      1946
  MINIMUM         57    445 AM  42    1936  59     -2       54
  AVERAGE         71                        70      1       67

PRECIPITATION (IN)
  TODAY            0.00          1.75 1973   0.12  -0.12     0.03
  MONTH TO DATE    3.05                      3.69  -0.64     8.67
  SINCE JUN 1      3.05                      3.69  -0.64     8.67
  SINCE JAN 1     13.90                     16.00  -2.10    17.51

SNOWFALL (IN)
  TODAY            0.0           0.0  2002   0.0    0.0      0.0
                                      2001
  MONTH TO DATE    0.0                       0.0    0.0      0.0
  SINCE JUN 1      0.0                       0.0    0.0      0.0
  SINCE JUL 1     34.3                      81.2  -46.9     83.4
  SNOW DEPTH       0

DEGREE DAYS
 HEATING
  TODAY            0                         1     -1        0
  MONTH TO DATE   48                        73    -25       71
  SINCE JUN 1     48                        73    -25       71
  SINCE JUL 1   6226                      7434  -1208     7507

 COOLING
  TODAY            6                         5      1        2
  MONTH TO DATE  133                        97     36       75
  SINCE JUN 1    133                        97     36       75
  SINCE JAN 1    205                       116     89      168
..................................................................


WIND (MPH)
  HIGHEST WIND SPEED    13   HIGHEST WIND DIRECTION    NW (330)
  HIGHEST GUST SPEED    16   HIGHEST GUST DIRECTION    NW (330)
  AVERAGE WIND SPEED     5.9


SKY COVER
  POSSIBLE SUNSHINE  MM
  AVERAGE SKY COVER 0.2


WEATHER CONDITIONS
 THE FOLLOWING WEATHER WAS RECORDED TODAY.
  NO SIGNIFICANT WEATHER WAS OBSERVED.


RELATIVE HUMIDITY (PERCENT)
 HIGHEST    93           400 AM
 LOWEST     29           400 PM
 AVERAGE    61

..........................................................


THE BURLINGTON VT CLIMATE NORMALS FOR TOMORROW
                         NORMAL    RECORD    YEAR
 MAXIMUM TEMPERATURE (F)   80        96      1931
 MINIMUM TEMPERATURE (F)   59        44      1978
                                             1912


SUNRISE AND SUNSET
JUNE 30 2016..........SUNRISE   512 AM EDT   SUNSET   841 PM EDT
JULY  1 2016..........SUNRISE   512 AM EDT   SUNSET   841 PM EDT


-  INDICATES NEGATIVE NUMBERS.
R  INDICATES RECORD WAS SET OR TIED.
MM INDICATES DATA IS MISSING.
T  INDICATES TRACE AMOUNT.




$$
