000
CDUS41 KBTV 272129
CLIBTV


CLIMATE REPORT
NATIONAL WEATHER SERVICE BURLINGTON VT
429 PM EST FRI JAN 27 2017


...................................

...THE BURLINGTON VT CLIMATE SUMMARY FOR JANUARY 27 2017...
VALID TODAY AS OF 0400 PM LOCAL TIME.

CLIMATE NORMAL PERIOD 1981 TO 2010
CLIMATE RECORD PERIOD 1884 TO 2017


WEATHER ITEM   OBSERVED TIME   RECORD YEAR NORMAL DEPARTURE LAST
                VALUE   (LST)  VALUE       VALUE  FROM      YEAR
                                                  NORMAL
..................................................................
TEMPERATURE (F)
 TODAY
  MAXIMUM         38    221 AM  53    1996  27     11       41
  MINIMUM         35    126 PM -29    1994  10     25       20
  AVERAGE         37                        18     19       31

PRECIPITATION (IN)
  TODAY            T             1.15 1996   0.07  -0.07      T
  MONTH TO DATE    1.95                      1.80   0.15     1.09
  SINCE DEC 1      4.30                      4.18   0.12     5.53
  SINCE JAN 1      1.95                      1.80   0.15     1.09

SNOWFALL (IN)
  TODAY            T            10.3  1954   0.7   -0.7       T
  MONTH TO DATE    6.9                      18.4  -11.5     11.5
  SINCE DEC 1     23.6                      36.3  -12.7     18.6
  SINCE JUL 1     27.9                      41.7  -13.8     18.8
  SNOW DEPTH       1

DEGREE DAYS
 HEATING
  TODAY           28                        47    -19       34
  MONTH TO DATE  931                      1254   -323     1109
  SINCE DEC 1   2039                      2468   -429     1903
  SINCE JUL 1   3244                      4013   -769     3142

 COOLING
  TODAY            0                         0      0        0
  MONTH TO DATE    0                         0      0        0
  SINCE DEC 1      0                         0      0        0
  SINCE JAN 1      0                         0      0        0
..................................................................


WIND (MPH)
  HIGHEST WIND SPEED    23   HIGHEST WIND DIRECTION     W (270)
  HIGHEST GUST SPEED    32   HIGHEST GUST DIRECTION     W (270)
  AVERAGE WIND SPEED    14.7


SKY COVER
  POSSIBLE SUNSHINE  MM
  AVERAGE SKY COVER 0.9


WEATHER CONDITIONS
 THE FOLLOWING WEATHER WAS RECORDED TODAY.
  LIGHT SNOW


RELATIVE HUMIDITY (PERCENT)
 HIGHEST    70          1200 AM
 LOWEST     52           300 PM
 AVERAGE    61

..........................................................


THE BURLINGTON VT CLIMATE NORMALS FOR TOMORROW
                         NORMAL    RECORD    YEAR
 MAXIMUM TEMPERATURE (F)   27        56      1916
 MINIMUM TEMPERATURE (F)   10       -26      1925


SUNRISE AND SUNSET
JANUARY 27 2017.......SUNRISE   716 AM EST   SUNSET   455 PM EST
JANUARY 28 2017.......SUNRISE   715 AM EST   SUNSET   457 PM EST


-  INDICATES NEGATIVE NUMBERS.
R  INDICATES RECORD WAS SET OR TIED.
MM INDICATES DATA IS MISSING.
T  INDICATES TRACE AMOUNT.




$$
