000
CDUS41 KBTV 310522
CLIBTV


CLIMATE REPORT
NATIONAL WEATHER SERVICE BURLINGTON VT
120 AM EDT MON JUL 31 2017


...................................

...THE BURLINGTON VT CLIMATE SUMMARY FOR JULY 30 2017...

CLIMATE NORMAL PERIOD 1981 TO 2010
CLIMATE RECORD PERIOD 1884 TO 2017


WEATHER ITEM   OBSERVED TIME   RECORD YEAR NORMAL DEPARTURE LAST
                VALUE   (LST)  VALUE       VALUE  FROM      YEAR
                                                  NORMAL
..................................................................
TEMPERATURE (F)
 YESTERDAY
  MAXIMUM         81    424 PM  96    1959  81      0       80
  MINIMUM         50    448 AM  45    1968  60    -10       59
                                      1952
  AVERAGE         66                        70     -4       70

PRECIPITATION (IN)
  YESTERDAY        0.00          2.10 1905   0.14  -0.14     0.00
  MONTH TO DATE    3.42                      4.03  -0.61     3.05
  SINCE JUN 1     10.59                      7.72   2.87     6.10
  SINCE JAN 1     27.27                     20.03   7.24    16.95

SNOWFALL (IN)
  YESTERDAY        0.0           0.0  2002   0.0    0.0      0.0
                                      2001
  MONTH TO DATE    0.0                       0.0    0.0      0.0
  SINCE JUN 1      0.0                       0.0    0.0      0.0
  SINCE JUL 1      0.0                       0.0    0.0      0.0
  SNOW DEPTH       0

DEGREE DAYS
 HEATING
  YESTERDAY        0                         0      0        0
  MONTH TO DATE    4                         8     -4        3
  SINCE JUN 1     56                        81    -25       51
  SINCE JUL 1      4                         8     -4        3

 COOLING
  YESTERDAY        1                         6     -5        5
  MONTH TO DATE  179                       180     -1      251
  SINCE JUN 1    305                       277     28      384
  SINCE JAN 1    347                       296     51      456
..................................................................


WIND (MPH)
  HIGHEST WIND SPEED    13   HIGHEST WIND DIRECTION     N (350)
  HIGHEST GUST SPEED    18   HIGHEST GUST DIRECTION     N (20)
  AVERAGE WIND SPEED     4.0


SKY COVER
  POSSIBLE SUNSHINE  MM
  AVERAGE SKY COVER 0.1


WEATHER CONDITIONS
 THE FOLLOWING WEATHER WAS RECORDED YESTERDAY.
  NO SIGNIFICANT WEATHER WAS OBSERVED.


RELATIVE HUMIDITY (PERCENT)
 HIGHEST    89           200 AM
 LOWEST     33           400 PM
 AVERAGE    61

..........................................................


THE BURLINGTON VT CLIMATE NORMALS FOR TODAY
                         NORMAL    RECORD    YEAR
 MAXIMUM TEMPERATURE (F)   81        96      1999
 MINIMUM TEMPERATURE (F)   60        42      1964


SUNRISE AND SUNSET
JULY 31 2017..........SUNRISE   539 AM EDT   SUNSET   819 PM EDT
AUGUST  1 2017........SUNRISE   540 AM EDT   SUNSET   817 PM EDT


-  INDICATES NEGATIVE NUMBERS.
R  INDICATES RECORD WAS SET OR TIED.
MM INDICATES DATA IS MISSING.
T  INDICATES TRACE AMOUNT.


&&

LAKE CHAMPLAIN DATA:
LEVEL...............97.08 FEET
TEMPERATURE.........69 DEGREES

MOUNT MANSFIELD DATA:
HIGH................62 DEGREES
LOW.................46 DEGREES
PRECIPITATION.......NONE

$$
