000
CDUS41 KBTV 062037
CLIBTV


CLIMATE REPORT
NATIONAL WEATHER SERVICE BURLINGTON VT
436 PM EDT THU APR 6 2017


...................................

...THE BURLINGTON VT CLIMATE SUMMARY FOR APRIL 6 2017...
VALID TODAY AS OF 0400 PM LOCAL TIME.

CLIMATE NORMAL PERIOD 1981 TO 2010
CLIMATE RECORD PERIOD 1884 TO 2017


WEATHER ITEM   OBSERVED TIME   RECORD YEAR NORMAL DEPARTURE LAST
                VALUE   (LST)  VALUE       VALUE  FROM      YEAR
                                                  NORMAL
..................................................................
TEMPERATURE (F)
 TODAY
  MAXIMUM         45    750 AM  77    1928  50     -5       39
  MINIMUM         41    155 PM  10    1943  31     10       18
  AVERAGE         43                        40      3       29

PRECIPITATION (IN)
  TODAY            0.27          0.71 1949   0.08   0.19     0.09
  MONTH TO DATE    1.04                      0.52   0.52     0.25
  SINCE MAR 1      4.31                      2.74   1.57     2.51
  SINCE JAN 1      8.98                      6.56   2.42     6.84

SNOWFALL (IN)
  TODAY            0.0           4.1  1967   0.2   -0.2      0.8
  MONTH TO DATE    4.4                       1.4    3.0      0.8
  SINCE MAR 1     41.2                      17.2   24.0      2.6
  SINCE JUL 1    100.4                      78.0   22.4     31.6
  SNOW DEPTH       0

DEGREE DAYS
 HEATING
  TODAY           22                        25     -3       36
  MONTH TO DATE  141                       156    -15      187
  SINCE MAR 1   1298                      1210     88     1054
  SINCE JUL 1   5676                      6620   -944     5438

 COOLING
  TODAY            0                         0      0        0
  MONTH TO DATE    0                         0      0        0
  SINCE MAR 1      0                         0      0        0
  SINCE JAN 1      0                         0      0        0
..................................................................


WIND (MPH)
  HIGHEST WIND SPEED    18   HIGHEST WIND DIRECTION    SE (130)
  HIGHEST GUST SPEED    23   HIGHEST GUST DIRECTION    SE (130)
  AVERAGE WIND SPEED     9.6


SKY COVER
  POSSIBLE SUNSHINE  MM
  AVERAGE SKY COVER 1.0


WEATHER CONDITIONS
 THE FOLLOWING WEATHER WAS RECORDED TODAY.
  THUNDERSTORM
  RAIN
  LIGHT RAIN
  FOG


RELATIVE HUMIDITY (PERCENT)
 HIGHEST    89          1200 PM
 LOWEST     70           800 AM
 AVERAGE    80

..........................................................


THE BURLINGTON VT CLIMATE NORMALS FOR TOMORROW
                         NORMAL    RECORD    YEAR
 MAXIMUM TEMPERATURE (F)   50        83      1991
 MINIMUM TEMPERATURE (F)   32         2      1972


SUNRISE AND SUNSET
APRIL  6 2017.........SUNRISE   624 AM EDT   SUNSET   726 PM EDT
APRIL  7 2017.........SUNRISE   622 AM EDT   SUNSET   728 PM EDT


-  INDICATES NEGATIVE NUMBERS.
R  INDICATES RECORD WAS SET OR TIED.
MM INDICATES DATA IS MISSING.
T  INDICATES TRACE AMOUNT.


$$
