000
CDUS41 KBTV 100528
CLIBTV


CLIMATE REPORT
NATIONAL WEATHER SERVICE BURLINGTON VT
125 AM EDT TUE OCT 10 2017


...................................

...THE BURLINGTON VT CLIMATE SUMMARY FOR OCTOBER 9 2017...

CLIMATE NORMAL PERIOD 1981 TO 2010
CLIMATE RECORD PERIOD 1884 TO 2017


WEATHER ITEM   OBSERVED TIME   RECORD YEAR NORMAL DEPARTURE LAST
                VALUE   (LST)  VALUE       VALUE  FROM      YEAR
                                                  NORMAL
..................................................................
TEMPERATURE (F)
 YESTERDAY
  MAXIMUM         67    606 PM  80    2011  60      7       57
  MINIMUM         59    408 AM  24    1963  41     18       48
  AVERAGE         63                        50     13       53

PRECIPITATION (IN)
  YESTERDAY        1.13          1.40 1903   0.12   1.01      T
  MONTH TO DATE    1.46                      1.11   0.35     0.13
  SINCE SEP 1      4.25                      4.75  -0.50     1.52
  SINCE JAN 1     33.95                     28.82   5.13    20.72

SNOWFALL (IN)
  YESTERDAY        0.0           1.4  1979   0.0    0.0      0.0
  MONTH TO DATE    0.0                       0.0    0.0      0.0
  SINCE SEP 1      0.0                       T      0.0      0.0
  SINCE JUL 1      0.0                       T      0.0      0.0
  SNOW DEPTH       0

DEGREE DAYS
 HEATING
  YESTERDAY        2                        15    -13       12
  MONTH TO DATE   44                       117    -73       48
  SINCE SEP 1    130                       292   -162      127
  SINCE JUL 1    153                       334   -181      132

 COOLING
  YESTERDAY        0                         0      0        0
  MONTH TO DATE    8                         0      8        0
  SINCE SEP 1    122                        41     81      108
  SINCE JAN 1    639                       489    150      852
..................................................................


WIND (MPH)
  HIGHEST WIND SPEED    16   HIGHEST WIND DIRECTION    NW (320)
  HIGHEST GUST SPEED    21   HIGHEST GUST DIRECTION    NW (330)
  AVERAGE WIND SPEED     5.6


SKY COVER
  POSSIBLE SUNSHINE  MM
  AVERAGE SKY COVER 0.9


WEATHER CONDITIONS
 THE FOLLOWING WEATHER WAS RECORDED YESTERDAY.
  HEAVY RAIN
  RAIN
  LIGHT RAIN
  FOG


RELATIVE HUMIDITY (PERCENT)
 HIGHEST   100           100 PM
 LOWEST     90          1200 AM
 AVERAGE    95

..........................................................


THE BURLINGTON VT CLIMATE NORMALS FOR TODAY
                         NORMAL    RECORD    YEAR
 MAXIMUM TEMPERATURE (F)   59        81      1909
 MINIMUM TEMPERATURE (F)   41        25      1943


SUNRISE AND SUNSET
OCTOBER 10 2017.......SUNRISE   702 AM EDT   SUNSET   617 PM EDT
OCTOBER 11 2017.......SUNRISE   703 AM EDT   SUNSET   615 PM EDT


-  INDICATES NEGATIVE NUMBERS.
R  INDICATES RECORD WAS SET OR TIED.
MM INDICATES DATA IS MISSING.
T  INDICATES TRACE AMOUNT.

&&

LAKE CHAMPLAIN DATA:
LEVEL...............94.50 FEET
TEMPERATURE.........65 DEGREES

MOUNT MANSFIELD DATA:
HIGH................59 DEGREES
LOW.................51 DEGREES
PRECIPITATION.......0.66 INCHES

$$
