000
CDUS41 KBTV 030618
CLIBTV


CLIMATE REPORT
NATIONAL WEATHER SERVICE BURLINGTON VT
115 AM EST MON NOV 3 2014


...................................

...THE BURLINGTON VT CLIMATE SUMMARY FOR NOVEMBER 2 2014...

CLIMATE NORMAL PERIOD 1981 TO 2010
CLIMATE RECORD PERIOD 1884 TO 2014


WEATHER ITEM   OBSERVED TIME   RECORD YEAR NORMAL DEPARTURE LAST
                VALUE   (LST)  VALUE       VALUE  FROM      YEAR
                                                  NORMAL
..................................................................
TEMPERATURE (F)
 YESTERDAY
  MAXIMUM         44    351 PM  75    1950  51     -7       56
  MINIMUM         33    730 AM  15    1951  35     -2       35
  AVERAGE         39                        43     -4       46

PRECIPITATION (IN)
  YESTERDAY        0.00          1.18 1946   0.11  -0.11     0.12
  MONTH TO DATE    0.02                      0.23  -0.21     0.29
  SINCE SEP 1      5.82                      7.47  -1.65     7.62
  SINCE JAN 1     31.52                     31.54  -0.02    40.31

SNOWFALL (IN)
  YESTERDAY        0.0           1.4  1911   0.0    0.0      0.0
  MONTH TO DATE    T                         0.1   -0.1      0.0
  SINCE SEP 1      T                         0.4   -0.4       T
  SINCE JUL 1      T                         0.4   -0.4       T
  SNOW DEPTH       0

DEGREE DAYS
 HEATING
  YESTERDAY       26                        22      4       19
  MONTH TO DATE   53                        44      9       21
  SINCE SEP 1    570                       743   -173      624
  SINCE JUL 1    583                       785   -202      640

 COOLING
  YESTERDAY        0                         0      0        0
  MONTH TO DATE    0                         0      0        0
  SINCE SEP 1     89                        43     46       62
  SINCE JAN 1    582                       491     91      662
..................................................................


WIND (MPH)
  HIGHEST WIND SPEED    31   HIGHEST WIND DIRECTION    NW (330)
  HIGHEST GUST SPEED    40   HIGHEST GUST DIRECTION     N (340)
  AVERAGE WIND SPEED    18.9


SKY COVER
  POSSIBLE SUNSHINE  MM
  AVERAGE SKY COVER 0.5


WEATHER CONDITIONS
 THE FOLLOWING WEATHER WAS RECORDED YESTERDAY.
  NO SIGNIFICANT WEATHER WAS OBSERVED.


RELATIVE HUMIDITY (PERCENT)
 HIGHEST    70          1200 AM
 LOWEST     33           400 PM
 AVERAGE    52

..........................................................


THE BURLINGTON VT CLIMATE NORMALS FOR TODAY
                         NORMAL    RECORD    YEAR
 MAXIMUM TEMPERATURE (F)   51        74      1982
 MINIMUM TEMPERATURE (F)   34        12      1920


SUNRISE AND SUNSET
NOVEMBER  3 2014......SUNRISE   633 AM EST   SUNSET   439 PM EST
NOVEMBER  4 2014......SUNRISE   634 AM EST   SUNSET   438 PM EST


-  INDICATES NEGATIVE NUMBERS.
R  INDICATES RECORD WAS SET OR TIED.
MM INDICATES DATA IS MISSING.
T  INDICATES TRACE AMOUNT.

&&

LAKE CHAMPLAIN DATA:
LEVEL...............94.57 FEET
TEMPERATURE.........54 DEGREES

MOUNT MANSFIELD DATA:
HIGH................26 DEGREES
LOW.................17 DEGREES
PRECIPITATION.......0.10 INCHES
NEW SNOW............0.9 INCHES
SNOW AT STAKE.......3 INCHES

$$
