000
CDUS41 KBTV 231245
CLIBTV


CLIMATE REPORT
NATIONAL WEATHER SERVICE BURLINGTON VT
845 AM EDT THU JUL 23 2015


...................................

...THE BURLINGTON VT CLIMATE SUMMARY FOR JULY 22 2015...

CLIMATE NORMAL PERIOD 1981 TO 2010
CLIMATE RECORD PERIOD 1884 TO 2015


WEATHER ITEM   OBSERVED TIME   RECORD YEAR NORMAL DEPARTURE LAST
                VALUE   (LST)  VALUE       VALUE  FROM      YEAR
                                                  NORMAL
..................................................................
TEMPERATURE (F)
 YESTERDAY
  MAXIMUM         77    431 PM  97    1955  81     -4       90
  MINIMUM         59    503 AM  44    1914  61     -2       68
  AVERAGE         68                        71     -3       79

PRECIPITATION (IN)
  YESTERDAY        0.20          2.03 1980   0.13   0.07     0.00
  MONTH TO DATE    4.14                      2.94   1.20     2.42
  SINCE JUN 1     12.81                      6.63   6.18     6.77
  SINCE JAN 1     21.65                     18.94   2.71    20.53

SNOWFALL (IN)
  YESTERDAY        0.0           0.0  2002   0.0    0.0      0.0
                                      2001
  MONTH TO DATE    0.0                       0.0    0.0      0.0
  SINCE JUN 1      0.0                       0.0    0.0      0.0
  SINCE JUL 1      0.0                       0.0    0.0      0.0
  SNOW DEPTH       0

DEGREE DAYS
 HEATING
  YESTERDAY        0                         0      0        0
  MONTH TO DATE    5                         8     -3        0
  SINCE JUN 1     76                        81     -5       20
  SINCE JUL 1      5                         8     -3        0

 COOLING
  YESTERDAY        3                         6     -3       14
  MONTH TO DATE  135                       132      3      180
  SINCE JUN 1    210                       229    -19      300
  SINCE JAN 1    303                       248     55      322
..................................................................


WIND (MPH)
  HIGHEST WIND SPEED    16   HIGHEST WIND DIRECTION    NW (320)
  HIGHEST GUST SPEED    19   HIGHEST GUST DIRECTION    NW (320)
  AVERAGE WIND SPEED     4.4


SKY COVER
  POSSIBLE SUNSHINE  MM
  AVERAGE SKY COVER 0.6


WEATHER CONDITIONS
 THE FOLLOWING WEATHER WAS RECORDED YESTERDAY.
  RAIN
  LIGHT RAIN


RELATIVE HUMIDITY (PERCENT)
 HIGHEST    87           500 AM
 LOWEST     46           500 PM
 AVERAGE    67

..........................................................


THE BURLINGTON VT CLIMATE NORMALS FOR TODAY
                         NORMAL    RECORD    YEAR
 MAXIMUM TEMPERATURE (F)   81        93      2011
                                             1952
 MINIMUM TEMPERATURE (F)   61        46      1977
                                             1923


SUNRISE AND SUNSET
JULY 23 2015..........SUNRISE   530 AM EDT   SUNSET   828 PM EDT
JULY 24 2015..........SUNRISE   531 AM EDT   SUNSET   827 PM EDT


-  INDICATES NEGATIVE NUMBERS.
R  INDICATES RECORD WAS SET OR TIED.
MM INDICATES DATA IS MISSING.
T  INDICATES TRACE AMOUNT.




$$
