000
CDUS41 KBTV 250535
CLIBTV


CLIMATE REPORT
NATIONAL WEATHER SERVICE BURLINGTON VT
1232 AM EST MON DEC 25 2017


...................................

...THE BURLINGTON VT CLIMATE SUMMARY FOR DECEMBER 24 2017...

CLIMATE NORMAL PERIOD 1981 TO 2010
CLIMATE RECORD PERIOD 1884 TO 2017


WEATHER ITEM   OBSERVED TIME   RECORD YEAR NORMAL DEPARTURE LAST
                VALUE   (LST)  VALUE       VALUE  FROM      YEAR
                                                  NORMAL
..................................................................
TEMPERATURE (F)
 YESTERDAY
  MAXIMUM         31    506 AM  68    2015  30      1       41
  MINIMUM         20    631 PM -18    1989  15      5       35
  AVERAGE         26                        23      3       38

PRECIPITATION (IN)
  YESTERDAY        T             0.88 1910   0.08  -0.08      T
  MONTH TO DATE    1.92                      1.90   0.02     1.92
  SINCE DEC 1      1.92                      1.90   0.02     1.92
  SINCE JAN 1     39.64                     36.34   3.30    27.30

SNOWFALL (IN)
  YESTERDAY        T            10.1  1929   0.7   -0.7       T
  MONTH TO DATE   18.9                      13.3    5.6     12.9
  SINCE DEC 1     18.9                      13.3    5.6     12.9
  SINCE JUL 1     21.9                      18.7    3.2     17.2
  SNOW DEPTH       7

DEGREE DAYS
 HEATING
  YESTERDAY       39                        42     -3       27
  MONTH TO DATE  901                       908     -7      860
  SINCE DEC 1    901                       908     -7      860
  SINCE JUL 1   2040                      2453   -413     2065

 COOLING
  YESTERDAY        0                         0      0        0
  MONTH TO DATE    0                         0      0        0
  SINCE DEC 1      0                         0      0        0
  SINCE JAN 1    652                       491    161      855
..................................................................


WIND (MPH)
  HIGHEST WIND SPEED    16   HIGHEST WIND DIRECTION    NW (320)
  HIGHEST GUST SPEED    21   HIGHEST GUST DIRECTION    NW (310)
  AVERAGE WIND SPEED     7.5


SKY COVER
  POSSIBLE SUNSHINE  MM
  AVERAGE SKY COVER 0.8


WEATHER CONDITIONS
 THE FOLLOWING WEATHER WAS RECORDED YESTERDAY.
  LIGHT SNOW


RELATIVE HUMIDITY (PERCENT)
 HIGHEST    75          1200 AM
 LOWEST     46           400 PM
 AVERAGE    61

..........................................................


THE BURLINGTON VT CLIMATE NORMALS FOR TODAY
                         NORMAL    RECORD    YEAR
 MAXIMUM TEMPERATURE (F)   30        62      1964
 MINIMUM TEMPERATURE (F)   15       -25      1980


SUNRISE AND SUNSET
DECEMBER 25 2017......SUNRISE   728 AM EST   SUNSET   418 PM EST
DECEMBER 26 2017......SUNRISE   728 AM EST   SUNSET   419 PM EST


-  INDICATES NEGATIVE NUMBERS.
R  INDICATES RECORD WAS SET OR TIED.
MM INDICATES DATA IS MISSING.
T  INDICATES TRACE AMOUNT.







&&

LAKE CHAMPLAIN DATA:
LEVEL...............94.70 FEET
TEMPERATURE.........39 DEGREES

MOUNT MANSFIELD DATA:
HIGH................M DEGREES
LOW.................M DEGREES
PRECIPITATION.......M INCHES
NEW SNOW............NONE
SNOW AT STAKE.......38 INCHES

$$
