000
CDUS41 KBTV 120524
CLIBTV


CLIMATE REPORT
NATIONAL WEATHER SERVICE BURLINGTON VT
124 AM EDT FRI AUG 12 2016


...................................

...THE BURLINGTON VT CLIMATE SUMMARY FOR AUGUST 11 2016...

CLIMATE NORMAL PERIOD 1981 TO 2010
CLIMATE RECORD PERIOD 1884 TO 2016


WEATHER ITEM   OBSERVED TIME   RECORD YEAR NORMAL DEPARTURE LAST
                VALUE   (LST)  VALUE       VALUE  FROM      YEAR
                                                  NORMAL
..................................................................
TEMPERATURE (F)
 YESTERDAY
  MAXIMUM         96    309 PM 101    1944  80     16       76
  MINIMUM         74    555 AM  46    1972  59     15       64
                                      1963
  AVERAGE         85                        70     15       70

PRECIPITATION (IN)
  YESTERDAY        0.00          3.62 1998   0.13  -0.13     0.97
  MONTH TO DATE    0.20                      1.50  -1.30     1.04
  SINCE JUN 1      6.30                      9.35  -3.05    14.38
  SINCE JAN 1     17.15                     21.66  -4.51    23.22

SNOWFALL (IN)
  YESTERDAY        0.0           0.0  2002   0.0    0.0      0.0
                                      2001
  MONTH TO DATE    0.0                       0.0    0.0      0.0
  SINCE JUN 1      0.0                       0.0    0.0      0.0
  SINCE JUL 1      0.0                       0.0    0.0      0.0
  SNOW DEPTH       0

DEGREE DAYS
 HEATING
  YESTERDAY        0                         1     -1        0
  MONTH TO DATE    0                         7     -7        1
  SINCE JUN 1     51                        93    -42       77
  SINCE JUL 1      3                        20    -17        6

 COOLING
  YESTERDAY       20                         5     15        5
  MONTH TO DATE  117                        61     56       65
  SINCE JUN 1    506                       345    161      359
  SINCE JAN 1    578                       364    214      452
..................................................................


WIND (MPH)
  HIGHEST WIND SPEED    15   HIGHEST WIND DIRECTION     S (180)
  HIGHEST GUST SPEED    19   HIGHEST GUST DIRECTION     S (190)
  AVERAGE WIND SPEED     6.8


SKY COVER
  POSSIBLE SUNSHINE  MM
  AVERAGE SKY COVER 0.4


WEATHER CONDITIONS
 THE FOLLOWING WEATHER WAS RECORDED YESTERDAY.
  NO SIGNIFICANT WEATHER WAS OBSERVED.


RELATIVE HUMIDITY (PERCENT)
 HIGHEST    87           400 AM
 LOWEST     35           300 PM
 AVERAGE    61

..........................................................


THE BURLINGTON VT CLIMATE NORMALS FOR TODAY
                         NORMAL    RECORD    YEAR
 MAXIMUM TEMPERATURE (F)   80        93      2002
                                             1947
 MINIMUM TEMPERATURE (F)   59        44      1913


SUNRISE AND SUNSET
AUGUST 12 2016........SUNRISE   553 AM EDT   SUNSET   802 PM EDT
AUGUST 13 2016........SUNRISE   554 AM EDT   SUNSET   800 PM EDT


-  INDICATES NEGATIVE NUMBERS.
R  INDICATES RECORD WAS SET OR TIED.
MM INDICATES DATA IS MISSING.
T  INDICATES TRACE AMOUNT.

&&

LAKE CHAMPLAIN DATA:
LAKE LEVEL..........94.32 FEET
WATER TEMPERATURE...76 DEGREES

MOUNT MANSFIELD DATA:
HIGH TEMPERATURE...76 DEGREES
LOW TEMPERATURE....61 DEGREES
PRECIPITATION......NONE

$$
