002
CDUS41 KBTV 221428
CLIBTV


CLIMATE REPORT
NATIONAL WEATHER SERVICE BURLINGTON VT
921 AM EST TUE NOV 22 2016


...................................

...THE BURLINGTON VT CLIMATE SUMMARY FOR NOVEMBER 21 2016...

CLIMATE NORMAL PERIOD 1981 TO 2010
CLIMATE RECORD PERIOD 1884 TO 2016


WEATHER ITEM   OBSERVED TIME   RECORD YEAR NORMAL DEPARTURE LAST
                VALUE   (LST)  VALUE       VALUE  FROM      YEAR
                                                  NORMAL
..................................................................
TEMPERATURE (F)
 YESTERDAY
  MAXIMUM         31   1159 PM  66    1931  43    -12       44
  MINIMUM         29    942 AM   1    1933  30     -1       27
  AVERAGE         30                        36     -6       36

PRECIPITATION (IN)
  YESTERDAY        0.05          0.94 1954   0.10  -0.05     0.00
  MONTH TO DATE    1.69                      2.26  -0.57     1.02
  SINCE SEP 1      5.74                      9.50  -3.76     9.05
  SINCE JAN 1     24.94                     33.57  -8.63    33.21

SNOWFALL (IN)
  YESTERDAY        0.4           5.3  1986   0.2    0.2      0.0
  MONTH TO DATE    2.6                       2.6    0.0       T
  SINCE SEP 1      2.6                       2.9   -0.3       T
  SINCE JUL 1      2.6                       2.9   -0.3       T
  SNOW DEPTH       3

DEGREE DAYS
 HEATING
  YESTERDAY       35                        29      6       29
  MONTH TO DATE  459                       527    -68      378
  SINCE SEP 1    943                      1226   -283      973
  SINCE JUL 1    948                      1268   -320      979

 COOLING
  YESTERDAY        0                         0      0        0
  MONTH TO DATE    0                         0      0        0
  SINCE SEP 1    111                        43     68      146
  SINCE JAN 1    855                       491    364      768
..................................................................


WIND (MPH)
  HIGHEST WIND SPEED    24   HIGHEST WIND DIRECTION     W (270)
  HIGHEST GUST SPEED    37   HIGHEST GUST DIRECTION     W (250)
  AVERAGE WIND SPEED    15.0


SKY COVER
  POSSIBLE SUNSHINE  MM
  AVERAGE SKY COVER 1.0


WEATHER CONDITIONS
 THE FOLLOWING WEATHER WAS RECORDED YESTERDAY.
  LIGHT SNOW
  FOG


RELATIVE HUMIDITY (PERCENT)
 HIGHEST    85           100 AM
 LOWEST     63           400 AM
 AVERAGE    74

..........................................................


THE BURLINGTON VT CLIMATE NORMALS FOR TODAY
                         NORMAL    RECORD    YEAR
 MAXIMUM TEMPERATURE (F)   43        69      1953
 MINIMUM TEMPERATURE (F)   29         3      1969


SUNRISE AND SUNSET
NOVEMBER 22 2016......SUNRISE   658 AM EST   SUNSET   419 PM EST
NOVEMBER 23 2016......SUNRISE   700 AM EST   SUNSET   418 PM EST


-  INDICATES NEGATIVE NUMBERS.
R  INDICATES RECORD WAS SET OR TIED.
MM INDICATES DATA IS MISSING.
T  INDICATES TRACE AMOUNT.







&&

LAKE CHAMPLAIN DATA:
LEVEL...............94.16 FEET
TEMPERATURE.........47 DEGREES

MOUNT MANSFIELD DATA:
HIGH................20 DEGREES
LOW.................12 DEGREES
PRECIPITATION.......0.70 INCHES
NEW SNOW............4.4 INCHES
SNOW AT STAKE.......11 INCHES

$$
