000
CDUS41 KBTV 280547
CLIBTV

CLIMATE REPORT
NATIONAL WEATHER SERVICE BURLINGTON VT
1240 AM EST WED DEC 28 2016

...................................

...THE BURLINGTON VT CLIMATE SUMMARY FOR DECEMBER 27 2016...

CLIMATE NORMAL PERIOD 1981 TO 2010
CLIMATE RECORD PERIOD 1884 TO 2016


WEATHER ITEM   OBSERVED TIME   RECORD YEAR NORMAL DEPARTURE LAST
                VALUE   (LST)  VALUE       VALUE  FROM      YEAR
                                                  NORMAL
..................................................................
TEMPERATURE (F)
 YESTERDAY
  MAXIMUM         47    752 AM  55    1949  30     17       43
                                      1895
  MINIMUM         35   1159 PM -23    1968  14     21       28
  AVERAGE         41                        22     19       36

PRECIPITATION (IN)
  YESTERDAY        0.05          1.57 1969   0.07  -0.02     0.42
  MONTH TO DATE    2.12                      2.11   0.01     3.40
  SINCE DEC 1      2.12                      2.11   0.01     3.40
  SINCE JAN 1     27.50                     36.55  -9.05    36.80

SNOWFALL (IN)
  YESTERDAY        T            14.5  1969   0.7   -0.7      0.3
  MONTH TO DATE   12.9                      15.3   -2.4      1.9
  SINCE DEC 1     12.9                      15.3   -2.4      1.9
  SINCE JUL 1     17.2                      20.7   -3.5      2.1
  SNOW DEPTH       0

DEGREE DAYS
 HEATING
  YESTERDAY       24                        43    -19       29
  MONTH TO DATE  958                      1037    -79      651
  SINCE DEC 1    958                      1037    -79      651
  SINCE JUL 1   2163                      2582   -419     1890

 COOLING
  YESTERDAY        0                         0      0        0
  MONTH TO DATE    0                         0      0        0
  SINCE DEC 1      0                         0      0        0
  SINCE JAN 1    855                       491    364      768
..................................................................


WIND (MPH)
  HIGHEST WIND SPEED    29   HIGHEST WIND DIRECTION     S (180)
  HIGHEST GUST SPEED    39   HIGHEST GUST DIRECTION     S (190)
  AVERAGE WIND SPEED    13.5


SKY COVER
  POSSIBLE SUNSHINE  MM
  AVERAGE SKY COVER 0.8


WEATHER CONDITIONS
 THE FOLLOWING WEATHER WAS RECORDED YESTERDAY.
  LIGHT RAIN
  LIGHT SNOW
  FOG


RELATIVE HUMIDITY (PERCENT)
 HIGHEST    89           200 AM
 LOWEST     49          1100 AM
 AVERAGE    69

..........................................................


THE BURLINGTON VT CLIMATE NORMALS FOR TODAY
                         NORMAL    RECORD    YEAR
 MAXIMUM TEMPERATURE (F)   29        57      1982
 MINIMUM TEMPERATURE (F)   13       -16      1960
                                             1933


SUNRISE AND SUNSET
DECEMBER 28 2016......SUNRISE   728 AM EST   SUNSET   420 PM EST
DECEMBER 29 2016......SUNRISE   729 AM EST   SUNSET   421 PM EST


-  INDICATES NEGATIVE NUMBERS.
R  INDICATES RECORD WAS SET OR TIED.
MM INDICATES DATA IS MISSING.
T  INDICATES TRACE AMOUNT.

&&

LAKE CHAMPLAIN DATA:
LEVEL...............94.70 FEET
TEMPERATURE.........40 DEGREES

MOUNT MANSFIELD DATA:
HIGH................37 DEGREES
LOW.................19 DEGREES
PRECIPITATION.......0.50 INCHES
NEW SNOW............TRACE
SNOW AT STAKE.......40 INCHES

$$
