000
CDUS41 KBTV 290544
CLIBTV


CLIMATE REPORT
NATIONAL WEATHER SERVICE BURLINGTON VT
143 AM EDT WED OCT 29 2014


...................................

...THE BURLINGTON VT CLIMATE SUMMARY FOR OCTOBER 28 2014...

CLIMATE NORMAL PERIOD 1981 TO 2010
CLIMATE RECORD PERIOD 1884 TO 2014


WEATHER ITEM   OBSERVED TIME   RECORD YEAR NORMAL DEPARTURE LAST
                VALUE   (LST)  VALUE       VALUE  FROM      YEAR
                                                  NORMAL
..................................................................
TEMPERATURE (F)
 YESTERDAY
  MAXIMUM         64   1021 PM  75    1947  53     11       48
  MINIMUM         43   1239 AM  19    1974  36      7       27
  AVERAGE         54                        44     10       38

PRECIPITATION (IN)
  YESTERDAY        0.13          1.35 1987   0.11   0.02     0.01
  MONTH TO DATE    4.07                      3.27   0.80     2.39
  SINCE SEP 1      5.70                      6.91  -1.21     7.13
  SINCE JAN 1     31.40                     30.98   0.42    39.82

SNOWFALL (IN)
  YESTERDAY        0.0           0.4  1965   0.0    0.0      0.0
  MONTH TO DATE    0.0                       0.2   -0.2       T
  SINCE SEP 1      0.0                       0.2   -0.2       T
  SINCE JUL 1      0.0                       0.2   -0.2       T
  SNOW DEPTH       0

DEGREE DAYS
 HEATING
  YESTERDAY       11                        21    -10       27
  MONTH TO DATE  316                       459   -143      331
  SINCE SEP 1    467                       634   -167      526
  SINCE JUL 1    480                       676   -196      542

 COOLING
  YESTERDAY        0                         0      0        0
  MONTH TO DATE   18                         0     18        4
  SINCE SEP 1     89                        41     48       62
  SINCE JAN 1    582                       489     93      662
..................................................................


WIND (MPH)
  HIGHEST WIND SPEED    17   HIGHEST WIND DIRECTION     S (160)
  HIGHEST GUST SPEED    26   HIGHEST GUST DIRECTION     S (160)
  AVERAGE WIND SPEED     4.8


SKY COVER
  POSSIBLE SUNSHINE  MM
  AVERAGE SKY COVER 0.9


WEATHER CONDITIONS
 THE FOLLOWING WEATHER WAS RECORDED YESTERDAY.
  LIGHT RAIN
  FOG


RELATIVE HUMIDITY (PERCENT)
 HIGHEST    89          1200 AM
 LOWEST     55           200 PM
 AVERAGE    72

..........................................................


THE BURLINGTON VT CLIMATE NORMALS FOR TODAY
                         NORMAL    RECORD    YEAR
 MAXIMUM TEMPERATURE (F)   52        71      1946
 MINIMUM TEMPERATURE (F)   35        20      1969


SUNRISE AND SUNSET
OCTOBER 29 2014.......SUNRISE   726 AM EDT   SUNSET   546 PM EDT
OCTOBER 30 2014.......SUNRISE   727 AM EDT   SUNSET   545 PM EDT


-  INDICATES NEGATIVE NUMBERS.
R  INDICATES RECORD WAS SET OR TIED.
MM INDICATES DATA IS MISSING.
T  INDICATES TRACE AMOUNT.

&&

LAKE CHAMPLAIN DATA:
LEVEL...............94.48 FEET
TEMPERATURE.........54 DEGREES

MOUNT MANSFIELD DATA:
HIGH................54 DEGREES
LOW.................28 DEGREES
PRECIPITATION.......0.13 INCHES

$$
