000
CDUS41 KBTV 300526
CLIBTV


CLIMATE REPORT
NATIONAL WEATHER SERVICE BURLINGTON VT
125 AM EDT TUE AUG 30 2016


...................................

...THE BURLINGTON VT CLIMATE SUMMARY FOR AUGUST 29 2016...

CLIMATE NORMAL PERIOD 1981 TO 2010
CLIMATE RECORD PERIOD 1884 TO 2016


WEATHER ITEM   OBSERVED TIME   RECORD YEAR NORMAL DEPARTURE LAST
                VALUE   (LST)  VALUE       VALUE  FROM      YEAR
                                                  NORMAL
..................................................................
TEMPERATURE (F)
 YESTERDAY
  MAXIMUM         78    122 PM  92    1977  77      1       79
                                      1953
  MINIMUM         59   1159 PM  41    1986  57      2       56
                                      1941
  AVERAGE         69                        67      2       68

PRECIPITATION (IN)
  YESTERDAY        0.00          2.31 1949   0.11  -0.11     0.00
  MONTH TO DATE    2.09                      3.69  -1.60     1.98
  SINCE JUN 1      8.19                     11.54  -3.35    15.32
  SINCE JAN 1     19.04                     23.85  -4.81    24.16

SNOWFALL (IN)
  YESTERDAY        0.0           0.0  2002   0.0    0.0      0.0
                                      2001
  MONTH TO DATE    0.0                       0.0    0.0      0.0
  SINCE JUN 1      0.0                       0.0    0.0      0.0
  SINCE JUL 1      0.0                       0.0    0.0      0.0
  SNOW DEPTH       0

DEGREE DAYS
 HEATING
  YESTERDAY        0                         2     -2        0
  MONTH TO DATE    2                        28    -26        1
  SINCE JUN 1     53                       114    -61       77
  SINCE JUL 1      5                        41    -36        6

 COOLING
  YESTERDAY        4                         3      1        3
  MONTH TO DATE  272                       139    133      219
  SINCE JUN 1    661                       423    238      513
  SINCE JAN 1    733                       442    291      606
..................................................................


WIND (MPH)
  HIGHEST WIND SPEED    22   HIGHEST WIND DIRECTION    NW (320)
  HIGHEST GUST SPEED    29   HIGHEST GUST DIRECTION    NW (330)
  AVERAGE WIND SPEED     9.4


SKY COVER
  POSSIBLE SUNSHINE  MM
  AVERAGE SKY COVER 0.3


WEATHER CONDITIONS
 THE FOLLOWING WEATHER WAS RECORDED YESTERDAY.
  NO SIGNIFICANT WEATHER WAS OBSERVED.


RELATIVE HUMIDITY (PERCENT)
 HIGHEST    84          1100 PM
 LOWEST     43           100 PM
 AVERAGE    64

..........................................................


THE BURLINGTON VT CLIMATE NORMALS FOR TODAY
                         NORMAL    RECORD    YEAR
 MAXIMUM TEMPERATURE (F)   77        93      1991
 MINIMUM TEMPERATURE (F)   56        39      1965


SUNRISE AND SUNSET
AUGUST 30 2016........SUNRISE   613 AM EDT   SUNSET   732 PM EDT
AUGUST 31 2016........SUNRISE   615 AM EDT   SUNSET   730 PM EDT


-  INDICATES NEGATIVE NUMBERS.
R  INDICATES RECORD WAS SET OR TIED.
MM INDICATES DATA IS MISSING.
T  INDICATES TRACE AMOUNT.







&&

LAKE CHAMPLAIN DATA:
LEVEL...............94.34 FEET
TEMPERATURE.........74 DEGREES

MOUNT MANSFIELD DATA:
HIGH................71 DEGREES
LOW.................50 DEGREES
PRECIPITATION.......0.17 INCHES

$$
