000
CDUS41 KBTV 190530
CLIBTV


CLIMATE REPORT
NATIONAL WEATHER SERVICE BURLINGTON VT
129 AM EDT TUE AUG 19 2014


...................................

...THE BURLINGTON VT CLIMATE SUMMARY FOR AUGUST 18 2014...

CLIMATE NORMAL PERIOD 1981 TO 2010
CLIMATE RECORD PERIOD 1884 TO 2014


WEATHER ITEM   OBSERVED TIME   RECORD YEAR NORMAL DEPARTURE LAST
                VALUE   (LST)  VALUE       VALUE  FROM      YEAR
                                                  NORMAL
..................................................................
TEMPERATURE (F)
 YESTERDAY
  MAXIMUM         72    215 PM  93    2002  79     -7       79
  MINIMUM         53   1159 PM  40    1918  59     -6       55
  AVERAGE         63                        69     -6       67

PRECIPITATION (IN)
  YESTERDAY        0.02          1.59 1973   0.14  -0.12     0.00
  MONTH TO DATE    1.76                      2.43  -0.67     2.08
  SINCE JUN 1     11.65                     10.28   1.37    16.43
  SINCE JAN 1     25.41                     22.59   2.82    31.70

SNOWFALL (IN)
  YESTERDAY        0.0           0.0  2002   0.0    0.0      0.0
                                      2001
  MONTH TO DATE    0.0                       0.0    0.0      0.0
  SINCE JUN 1      0.0                       0.0    0.0      0.0
  SINCE JUL 1      0.0                       0.0    0.0      0.0
  SNOW DEPTH       0

DEGREE DAYS
 HEATING
  YESTERDAY        2                         1      1        0
  MONTH TO DATE   10                        14     -4        7
  SINCE JUN 1     31                       100    -69       79
  SINCE JUL 1     11                        27    -16       14

 COOLING
  YESTERDAY        0                         5     -5        2
  MONTH TO DATE   87                        96     -9       64
  SINCE JUN 1    415                       380     35      464
  SINCE JAN 1    437                       399     38      511
..................................................................


WIND (MPH)
  HIGHEST WIND SPEED    17   HIGHEST WIND DIRECTION    NW (320)
  HIGHEST GUST SPEED    22   HIGHEST GUST DIRECTION     N (20)
  AVERAGE WIND SPEED     8.1


SKY COVER
  POSSIBLE SUNSHINE  MM
  AVERAGE SKY COVER 0.6


WEATHER CONDITIONS
 THE FOLLOWING WEATHER WAS RECORDED YESTERDAY.
  LIGHT RAIN
  FOG


RELATIVE HUMIDITY (PERCENT)
 HIGHEST    93          1100 PM
 LOWEST     41           200 PM
 AVERAGE    67

..........................................................


THE BURLINGTON VT CLIMATE NORMALS FOR TODAY
                         NORMAL    RECORD    YEAR
 MAXIMUM TEMPERATURE (F)   79        93      1899
 MINIMUM TEMPERATURE (F)   58        40      1963


SUNRISE AND SUNSET
AUGUST 19 2014........SUNRISE   600 AM EDT   SUNSET   752 PM EDT
AUGUST 20 2014........SUNRISE   601 AM EDT   SUNSET   750 PM EDT


-  INDICATES NEGATIVE NUMBERS.
R  INDICATES RECORD WAS SET OR TIED.
MM INDICATES DATA IS MISSING.
T  INDICATES TRACE AMOUNT.

&&

LAKE CHAMPLAIN DATA:
LEVEL...............95.81 FEET
TEMPERATURE.........70 DEGREES

MOUNT MANSFIELD DATA:
HIGH................51 DEGREES
LOW.................43 DEGREES
PRECIPITATION.......0.33 INCHES

$$
