000
CDUS41 KBTV 070547
CLIBTV


CLIMATE REPORT
NATIONAL WEATHER SERVICE BURLINGTON VT
1247 AM EST SUN FEB 7 2016


...................................

...THE BURLINGTON VT CLIMATE SUMMARY FOR FEBRUARY 6 2016...

CLIMATE NORMAL PERIOD 1981 TO 2010
CLIMATE RECORD PERIOD 1884 TO 2016


WEATHER ITEM   OBSERVED TIME   RECORD YEAR NORMAL DEPARTURE LAST
                VALUE   (LST)  VALUE       VALUE  FROM      YEAR
                                                  NORMAL
..................................................................
TEMPERATURE (F)
 YESTERDAY
  MAXIMUM         37    813 PM  50    2012  29      8       19
                                      2005
  MINIMUM         19    134 AM -24    1993  11      8      -14
  AVERAGE         28                        20      8        3

PRECIPITATION (IN)
  YESTERDAY        T             0.67 2008   0.06  -0.06     0.03
  MONTH TO DATE    0.24                      0.38  -0.14     0.48
  SINCE DEC 1      5.87                      4.82   1.05     4.62
  SINCE JAN 1      1.43                      2.44  -1.01     1.77

SNOWFALL (IN)
  YESTERDAY        T            11.3  2008   0.6   -0.6      1.2
  MONTH TO DATE    T                         3.6   -3.6     11.0
  SINCE DEC 1     20.2                      42.6  -22.4     53.6
  SINCE JUL 1     20.4                      48.0  -27.6     64.2
  SNOW DEPTH       0

DEGREE DAYS
 HEATING
  YESTERDAY       37                        45     -8       62
  MONTH TO DATE  174                       274   -100      350
  SINCE DEC 1   2203                      2923   -720     2943
  SINCE JUL 1   3442                      4468  -1026     4268

 COOLING
  YESTERDAY        0                         0      0        0
  MONTH TO DATE    0                         0      0        0
  SINCE DEC 1      0                         0      0        0
  SINCE JAN 1      0                         0      0        0
..................................................................


WIND (MPH)
  HIGHEST WIND SPEED    21   HIGHEST WIND DIRECTION     S (200)
  HIGHEST GUST SPEED    28   HIGHEST GUST DIRECTION     S (190)
  AVERAGE WIND SPEED    11.0


SKY COVER
  POSSIBLE SUNSHINE  MM
  AVERAGE SKY COVER 0.9


WEATHER CONDITIONS
 THE FOLLOWING WEATHER WAS RECORDED YESTERDAY.
  LIGHT SNOW


RELATIVE HUMIDITY (PERCENT)
 HIGHEST    77           200 AM
 LOWEST     48           200 PM
 AVERAGE    63

..........................................................


THE BURLINGTON VT CLIMATE NORMALS FOR TODAY
                         NORMAL    RECORD    YEAR
 MAXIMUM TEMPERATURE (F)   29        49      2005
 MINIMUM TEMPERATURE (F)   11       -27      1993


SUNRISE AND SUNSET
FEBRUARY  7 2016......SUNRISE   704 AM EST   SUNSET   510 PM EST
FEBRUARY  8 2016......SUNRISE   703 AM EST   SUNSET   511 PM EST


-  INDICATES NEGATIVE NUMBERS.
R  INDICATES RECORD WAS SET OR TIED.
MM INDICATES DATA IS MISSING.
T  INDICATES TRACE AMOUNT.

&&

LAKE CHAMPLAIN DATA:
LAKE LEVEL..........95.76 FEET
WATER TEMPERATURE...38 DEGREES

MOUNT MANSFIELD DATA:
HIGH TEMPERATURE...24 DEGREES
LOW TEMPERATURE....7 DEGREES
PRECIPITATION......0.01 INCHES
NEW SNOW...........0.2 INCHES
SNOW AT STAKE......21 INCHES

$$
