000
CDUS41 KBTV 230542
CLIBTV

CLIMATE REPORT
NATIONAL WEATHER SERVICE BURLINGTON VT
142 AM EDT FRI JUN 23 2017

...................................

...THE BURLINGTON VT CLIMATE SUMMARY FOR JUNE 22 2017...

CLIMATE NORMAL PERIOD 1981 TO 2010
CLIMATE RECORD PERIOD 1884 TO 2017


WEATHER ITEM   OBSERVED TIME   RECORD YEAR NORMAL DEPARTURE LAST
                VALUE   (LST)  VALUE       VALUE  FROM      YEAR
                                                  NORMAL
..................................................................
TEMPERATURE (F)
 YESTERDAY
  MAXIMUM         80    220 PM  92    1921  78      2       70
  MINIMUM         56    455 AM  39    1940  57     -1       54
  AVERAGE         68                        68      0       62

PRECIPITATION (IN)
  YESTERDAY        0.00          1.27 2008   0.12  -0.12     0.43
  MONTH TO DATE    2.97                      2.69   0.28     2.44
  SINCE JUN 1      2.97                      2.69   0.28     2.44
  SINCE JAN 1     19.65                     15.00   4.65    13.29

SNOWFALL (IN)
  YESTERDAY        0.0           0.0  2002   0.0    0.0      0.0
                                      2001
  MONTH TO DATE    0.0                       0.0    0.0      0.0
  SINCE JUN 1      0.0                       0.0    0.0      0.0
  SINCE JUL 1    100.4                      81.2   19.2     34.3
  SNOW DEPTH       0

DEGREE DAYS
 HEATING
  YESTERDAY        0                         1     -1        3
  MONTH TO DATE   50                        65    -15       48
  SINCE JUN 1     50                        65    -15       48
  SINCE JUL 1   6326                      7426  -1100     6226

 COOLING
  YESTERDAY        3                         4     -1        0
  MONTH TO DATE   99                        59     40       79
  SINCE JUN 1     99                        59     40       79
  SINCE JAN 1    141                        78     63      151
..................................................................


WIND (MPH)
  HIGHEST WIND SPEED    13   HIGHEST WIND DIRECTION    SW (240)
  HIGHEST GUST SPEED    18   HIGHEST GUST DIRECTION    SW (220)
  AVERAGE WIND SPEED     3.9


SKY COVER
  POSSIBLE SUNSHINE  MM
  AVERAGE SKY COVER 0.4


WEATHER CONDITIONS
 THE FOLLOWING WEATHER WAS RECORDED YESTERDAY.
  NO SIGNIFICANT WEATHER WAS OBSERVED.


RELATIVE HUMIDITY (PERCENT)
 HIGHEST    93           200 AM
 LOWEST     39           100 PM
 AVERAGE    66

..........................................................


THE BURLINGTON VT CLIMATE NORMALS FOR TODAY
                         NORMAL    RECORD    YEAR
 MAXIMUM TEMPERATURE (F)   79        93      1975
                                             1888
 MINIMUM TEMPERATURE (F)   58        41      1940


SUNRISE AND SUNSET
JUNE 23 2017..........SUNRISE   509 AM EDT   SUNSET   841 PM EDT
JUNE 24 2017..........SUNRISE   509 AM EDT   SUNSET   841 PM EDT


-  INDICATES NEGATIVE NUMBERS.
R  INDICATES RECORD WAS SET OR TIED.
MM INDICATES DATA IS MISSING.
T  INDICATES TRACE AMOUNT.

&&

LAKE CHAMPLAIN DATA:
LEVEL...............97.02 FEET
TEMPERATURE.........60 DEGREES

MOUNT MANSFIELD DATA:
HIGH................61 DEGREES
LOW.................48 DEGREES
PRECIPITATION.......0.32 INCHES

$$
