000
CDUS41 KBTV 140526
CLIBTV


CLIMATE REPORT
NATIONAL WEATHER SERVICE BURLINGTON VT
124 AM EDT SUN SEP 14 2014


...................................

...THE BURLINGTON VT CLIMATE SUMMARY FOR SEPTEMBER 13 2014...

CLIMATE NORMAL PERIOD 1981 TO 2010
CLIMATE RECORD PERIOD 1884 TO 2014


WEATHER ITEM   OBSERVED TIME   RECORD YEAR NORMAL DEPARTURE LAST
                VALUE   (LST)  VALUE       VALUE  FROM      YEAR
                                                  NORMAL
..................................................................
TEMPERATURE (F)
 YESTERDAY
  MAXIMUM         56    841 PM  92    1948  72    -16       65
  MINIMUM         40    423 AM  32    1964  52    -12       52
                                      1946
                                      1927
  AVERAGE         48                        62    -14       59

PRECIPITATION (IN)
  YESTERDAY        0.11          1.88 1925   0.12  -0.01     0.16
  MONTH TO DATE    1.11                      1.46  -0.35     3.47
  SINCE SEP 1      1.11                      1.46  -0.35     3.47
  SINCE JAN 1     26.81                     25.53   1.28    36.16

SNOWFALL (IN)
  YESTERDAY       MM             0.0  2002   0.0   MM        0.0
                                      2001
  MONTH TO DATE    0.0                       0.0    0.0      0.0
  SINCE SEP 1      0.0                       0.0    0.0      0.0
  SINCE JUL 1      0.0                       0.0    0.0      0.0
  SNOW DEPTH       0

DEGREE DAYS
 HEATING
  YESTERDAY       17                         5     12        6
  MONTH TO DATE   33                        42     -9       48
  SINCE SEP 1     33                        42     -9       48
  SINCE JUL 1     46                        84    -38       64

 COOLING
  YESTERDAY        0                         2     -2        0
  MONTH TO DATE   58                        31     27       53
  SINCE SEP 1     58                        31     27       53
  SINCE JAN 1    551                       479     72      653
..................................................................


WIND (MPH)
  HIGHEST WIND SPEED    17   HIGHEST WIND DIRECTION    SW (230)
  HIGHEST GUST SPEED    26   HIGHEST GUST DIRECTION    SW (240)
  AVERAGE WIND SPEED     6.2


SKY COVER
  POSSIBLE SUNSHINE  MM
  AVERAGE SKY COVER 0.7


WEATHER CONDITIONS
 THE FOLLOWING WEATHER WAS RECORDED YESTERDAY.
  LIGHT RAIN
  FOG


RELATIVE HUMIDITY (PERCENT)
 HIGHEST    93           500 AM
 LOWEST     64          1000 PM
 AVERAGE    79

..........................................................


THE BURLINGTON VT CLIMATE NORMALS FOR TODAY
                         NORMAL    RECORD    YEAR
 MAXIMUM TEMPERATURE (F)   71        89      1915
 MINIMUM TEMPERATURE (F)   52        32      1963
                                             1911


SUNRISE AND SUNSET
SEPTEMBER 14 2014.....SUNRISE   630 AM EDT   SUNSET   705 PM EDT
SEPTEMBER 15 2014.....SUNRISE   631 AM EDT   SUNSET   703 PM EDT


-  INDICATES NEGATIVE NUMBERS.
R  INDICATES RECORD WAS SET OR TIED.
MM INDICATES DATA IS MISSING.
T  INDICATES TRACE AMOUNT.

&&

LAKE CHAMPLAIN DATA:
LEVEL...............94.94 FEET
TEMPERATURE.........66 DEGREES

MOUNT MANSFIELD DATA:
HIGH................40 DEGREES
LOW.................33 DEGREES
PRECIPITATION.......0.06 INCHES

$$
