000
CDUS41 KBTV 140520
CLIBTV


CLIMATE REPORT
NATIONAL WEATHER SERVICE BURLINGTON VT
1218 AM EST SAT JAN 14 2017


...................................

...THE BURLINGTON VT CLIMATE SUMMARY FOR JANUARY 13 2017...

CLIMATE NORMAL PERIOD 1981 TO 2010
CLIMATE RECORD PERIOD 1884 TO 2017


WEATHER ITEM   OBSERVED TIME   RECORD YEAR NORMAL DEPARTURE LAST
                VALUE   (LST)  VALUE       VALUE  FROM      YEAR
                                                  NORMAL
..................................................................
TEMPERATURE (F)
 YESTERDAY
  MAXIMUM         47   1220 AM  60    1932  27     20       26
  MINIMUM         13   1159 PM -23    1914  10      3       14
  AVERAGE         30                        18     12       20

PRECIPITATION (IN)
  YESTERDAY        T             0.80 1934   0.07  -0.07      T
  MONTH TO DATE    0.54                      0.86  -0.32     0.66
  SINCE DEC 1      2.89                      3.24  -0.35     5.10
  SINCE JAN 1      0.54                      0.86  -0.32     0.66

SNOWFALL (IN)
  YESTERDAY        T             8.0  1993   0.7   -0.7       T
  MONTH TO DATE    0.8                       8.8   -8.0      6.8
  SINCE DEC 1     17.5                      26.7   -9.2     13.9
  SINCE JUL 1     21.8                      32.1  -10.3     14.1
  SNOW DEPTH       0

DEGREE DAYS
 HEATING
  YESTERDAY       35                        47    -12       45
  MONTH TO DATE  472                       596   -124      503
  SINCE DEC 1   1580                      1810   -230     1297
  SINCE JUL 1   2785                      3355   -570     2536

 COOLING
  YESTERDAY        0                         0      0        0
  MONTH TO DATE    0                         0      0        0
  SINCE DEC 1      0                         0      0        0
  SINCE JAN 1      0                         0      0        0
..................................................................


WIND (MPH)
  HIGHEST WIND SPEED    32   HIGHEST WIND DIRECTION    NW (320)
  HIGHEST GUST SPEED    39   HIGHEST GUST DIRECTION    NW (320)
  AVERAGE WIND SPEED    15.8


SKY COVER
  POSSIBLE SUNSHINE  MM
  AVERAGE SKY COVER 0.5


WEATHER CONDITIONS
 THE FOLLOWING WEATHER WAS RECORDED YESTERDAY.
  LIGHT SNOW


RELATIVE HUMIDITY (PERCENT)
 HIGHEST    63          1000 AM
 LOWEST     36           100 PM
 AVERAGE    50

..........................................................


THE BURLINGTON VT CLIMATE NORMALS FOR TODAY
                         NORMAL    RECORD    YEAR
 MAXIMUM TEMPERATURE (F)   27        60      1995
 MINIMUM TEMPERATURE (F)   10       -26      1914


SUNRISE AND SUNSET
JANUARY 14 2017.......SUNRISE   726 AM EST   SUNSET   438 PM EST
JANUARY 15 2017.......SUNRISE   725 AM EST   SUNSET   439 PM EST


-  INDICATES NEGATIVE NUMBERS.
R  INDICATES RECORD WAS SET OR TIED.
MM INDICATES DATA IS MISSING.
T  INDICATES TRACE AMOUNT.

&&

LAKE CHAMPLAIN DATA:
LEVEL...............94.96 FEET
TEMPERATURE.........39 DEGREES

MOUNT MANSFIELD DATA:
HIGH................41 DEGREES
LOW.................3 DEGREES
PRECIPITATION.......0.19 INCHES
NEW SNOW............0.5 INCHES
SNOW AT STAKE.......49 INCHES

$$
