000
CDUS41 KBTV 130607
CLIBTV

CLIMATE REPORT
NATIONAL WEATHER SERVICE BURLINGTON VT
1258 AM EST WED DEC 13 2017

...................................

...THE BURLINGTON VT CLIMATE SUMMARY FOR DECEMBER 12 2017...

CLIMATE NORMAL PERIOD 1981 TO 2010
CLIMATE RECORD PERIOD 1884 TO 2017


WEATHER ITEM   OBSERVED TIME   RECORD YEAR NORMAL DEPARTURE LAST
                VALUE   (LST)  VALUE       VALUE  FROM      YEAR
                                                  NORMAL
..................................................................
TEMPERATURE (F)
 YESTERDAY
  MAXIMUM         33    749 PM  59    1899  34     -1       39
  MINIMUM         19    122 AM -13    1977  20     -1       25
  AVERAGE         26                        27     -1       32

PRECIPITATION (IN)
  YESTERDAY        0.45          1.32 1952   0.08   0.37     0.28
  MONTH TO DATE    0.84                      1.03  -0.19     1.03
  SINCE DEC 1      0.84                      1.03  -0.19     1.03
  SINCE JAN 1     38.56                     35.47   3.09    26.41

SNOWFALL (IN)
  YESTERDAY        6.1           9.4  1952   0.5    5.6      3.2
  MONTH TO DATE    7.6                       5.9    1.7      7.2
  SINCE DEC 1      7.6                       5.9    1.7      7.2
  SINCE JUL 1     10.6                      11.3   -0.7     11.5
  SNOW DEPTH       1

DEGREE DAYS
 HEATING
  YESTERDAY       39                        38      1       33
  MONTH TO DATE  363                       424    -61      383
  SINCE DEC 1    363                       424    -61      383
  SINCE JUL 1   1502                      1969   -467     1588

 COOLING
  YESTERDAY        0                         0      0        0
  MONTH TO DATE    0                         0      0        0
  SINCE DEC 1      0                         0      0        0
  SINCE JAN 1    652                       491    161      855
..................................................................


WIND (MPH)
  HIGHEST WIND SPEED    22   HIGHEST WIND DIRECTION    NW (330)
  HIGHEST GUST SPEED    25   HIGHEST GUST DIRECTION    NW (330)
  AVERAGE WIND SPEED     4.0


SKY COVER
  POSSIBLE SUNSHINE  MM
  AVERAGE SKY COVER 1.0


WEATHER CONDITIONS
 THE FOLLOWING WEATHER WAS RECORDED YESTERDAY.
  SNOW
  LIGHT SNOW
  FOG


RELATIVE HUMIDITY (PERCENT)
 HIGHEST    92          1200 PM
 LOWEST     73          1200 AM
 AVERAGE    83

..........................................................


THE BURLINGTON VT CLIMATE NORMALS FOR TODAY
                         NORMAL    RECORD    YEAR
 MAXIMUM TEMPERATURE (F)   34        56      1946
 MINIMUM TEMPERATURE (F)   20        -9      1982


SUNRISE AND SUNSET
DECEMBER 13 2017......SUNRISE   721 AM EST   SUNSET   413 PM EST
DECEMBER 14 2017......SUNRISE   721 AM EST   SUNSET   413 PM EST


-  INDICATES NEGATIVE NUMBERS.
R  INDICATES RECORD WAS SET OR TIED.
MM INDICATES DATA IS MISSING.
T  INDICATES TRACE AMOUNT.

&&

LAKE CHAMPLAIN DATA:
LEVEL...............94.70 FEET
TEMPERATURE.........44 DEGREES

MOUNT MANSFIELD DATA:
HIGH................21 DEGREES
LOW.................5 DEGREES
PRECIPITATION.......0.46 INCHES
NEW SNOW............5.0 INCHES
SNOW AT STAKE.......25 INCHES

$$
