000
CDUS41 KBTV 250540
CLIBTV


CLIMATE REPORT
NATIONAL WEATHER SERVICE BURLINGTON VT
137 AM EDT MON JUL 25 2016


...................................

...THE BURLINGTON VT CLIMATE SUMMARY FOR JULY 24 2016...

CLIMATE NORMAL PERIOD 1981 TO 2010
CLIMATE RECORD PERIOD 1884 TO 2016


WEATHER ITEM   OBSERVED TIME   RECORD YEAR NORMAL DEPARTURE LAST
                VALUE   (LST)  VALUE       VALUE  FROM      YEAR
                                                  NORMAL
..................................................................
TEMPERATURE (F)
 YESTERDAY
  MAXIMUM         79    605 PM  95    1987  81     -2       76
  MINIMUM         60    456 AM  45    1912  61     -1       59
  AVERAGE         70                        71     -1       68

PRECIPITATION (IN)
  YESTERDAY        0.00          1.15 1897   0.13  -0.13     0.15
  MONTH TO DATE    3.03                      3.21  -0.18     4.29
  SINCE JUN 1      6.08                      6.90  -0.82    12.96
  SINCE JAN 1     16.93                     19.21  -2.28    21.80

SNOWFALL (IN)
  YESTERDAY        0.0           0.0  2002   0.0    0.0      0.0
                                      2001
  MONTH TO DATE    0.0                       0.0    0.0      0.0
  SINCE JUN 1      0.0                       0.0    0.0      0.0
  SINCE JUL 1      0.0                       0.0    0.0      0.0
  SNOW DEPTH       0

DEGREE DAYS
 HEATING
  YESTERDAY        0                         0      0        0
  MONTH TO DATE    3                         8     -5        5
  SINCE JUN 1     51                        81    -30       76
  SINCE JUL 1      3                         8     -5        5

 COOLING
  YESTERDAY        5                         6     -1        3
  MONTH TO DATE  194                       144     50      143
  SINCE JUN 1    327                       241     86      218
  SINCE JAN 1    399                       260    139      311
..................................................................


WIND (MPH)
  HIGHEST WIND SPEED    12   HIGHEST WIND DIRECTION     N (360)
  HIGHEST GUST SPEED    15   HIGHEST GUST DIRECTION     N (360)
  AVERAGE WIND SPEED     5.3


SKY COVER
  POSSIBLE SUNSHINE  MM
  AVERAGE SKY COVER 0.5


WEATHER CONDITIONS
 THE FOLLOWING WEATHER WAS RECORDED YESTERDAY.
  NO SIGNIFICANT WEATHER WAS OBSERVED.


RELATIVE HUMIDITY (PERCENT)
 HIGHEST    93           100 AM
 LOWEST     39           600 PM
 AVERAGE    66

..........................................................


THE BURLINGTON VT CLIMATE NORMALS FOR TODAY
                         NORMAL    RECORD    YEAR
 MAXIMUM TEMPERATURE (F)   81        97      1963
 MINIMUM TEMPERATURE (F)   61        45      1912


SUNRISE AND SUNSET
JULY 25 2016..........SUNRISE   532 AM EDT   SUNSET   825 PM EDT
JULY 26 2016..........SUNRISE   533 AM EDT   SUNSET   824 PM EDT


-  INDICATES NEGATIVE NUMBERS.
R  INDICATES RECORD WAS SET OR TIED.
MM INDICATES DATA IS MISSING.
T  INDICATES TRACE AMOUNT.







&&

LAKE CHAMPLAIN DATA:
LEVEL...............94.84 FEET
TEMPERATURE.........72 DEGREES

MOUNT MANSFIELD DATA:
HIGH................74 DEGREES
LOW.................48 DEGREES
PRECIPITATION.......0.16 INCHES

$$
