000
CDUS41 KBTV 272136
CLIBTV


CLIMATE REPORT
NATIONAL WEATHER SERVICE BURLINGTON VT
536 PM EDT THU APR 27 2017


...................................

...THE BURLINGTON VT CLIMATE SUMMARY FOR APRIL 27 2017...
VALID TODAY AS OF 0500 PM LOCAL TIME.

CLIMATE NORMAL PERIOD 1981 TO 2010
CLIMATE RECORD PERIOD 1884 TO 2017


WEATHER ITEM   OBSERVED TIME   RECORD YEAR NORMAL DEPARTURE LAST
                VALUE   (LST)  VALUE       VALUE  FROM      YEAR
                                                  NORMAL
..................................................................
TEMPERATURE (F)
 TODAY
  MAXIMUM         79    352 PM  90    1990  60     19       51
  MINIMUM         52    523 AM  22    1972  39     13       27
  AVERAGE         66                        50     16       39

PRECIPITATION (IN)
  TODAY            0.00          1.18 1945   0.10  -0.10     0.00
  MONTH TO DATE    3.81                      2.51   1.30     1.80
  SINCE MAR 1      7.08                      4.73   2.35     4.06
  SINCE JAN 1     11.75                      8.55   3.20     8.39

SNOWFALL (IN)
  TODAY            0.0           2.8  2010   0.1   -0.1      0.0
  MONTH TO DATE    4.4                       4.4    0.0      3.5
  SINCE MAR 1     41.2                      20.2   21.0      5.3
  SINCE JUL 1    100.4                      81.0   19.4     34.3
  SNOW DEPTH       0

DEGREE DAYS
 HEATING
  TODAY            0                        15    -15       26
  MONTH TO DATE  440                       567   -127      629
  SINCE MAR 1   1597                      1621    -24     1496
  SINCE JUL 1   5975                      7031  -1056     5880

 COOLING
  TODAY            1                         0      1        0
  MONTH TO DATE    7                         0      7        0
  SINCE MAR 1      7                         0      7        0
  SINCE JAN 1      7                         0      7        0
..................................................................


WIND (MPH)
  HIGHEST WIND SPEED    16   HIGHEST WIND DIRECTION     S (180)
  HIGHEST GUST SPEED    21   HIGHEST GUST DIRECTION    SW (220)
  AVERAGE WIND SPEED     8.6


SKY COVER
  POSSIBLE SUNSHINE  MM
  AVERAGE SKY COVER 0.3


WEATHER CONDITIONS
 THE FOLLOWING WEATHER WAS RECORDED TODAY.
  NO SIGNIFICANT WEATHER WAS OBSERVED.


RELATIVE HUMIDITY (PERCENT)
 HIGHEST   100           500 AM
 LOWEST     45           300 PM
 AVERAGE    73

..........................................................


THE BURLINGTON VT CLIMATE NORMALS FOR TOMORROW
                         NORMAL    RECORD    YEAR
 MAXIMUM TEMPERATURE (F)   61        90      1990
 MINIMUM TEMPERATURE (F)   40        24      1947


SUNRISE AND SUNSET
APRIL 27 2017.........SUNRISE   549 AM EDT   SUNSET   752 PM EDT
APRIL 28 2017.........SUNRISE   547 AM EDT   SUNSET   754 PM EDT


-  INDICATES NEGATIVE NUMBERS.
R  INDICATES RECORD WAS SET OR TIED.
MM INDICATES DATA IS MISSING.
T  INDICATES TRACE AMOUNT.




$$
