000
CDUS41 KBTV 200604
CLIBTV


CLIMATE REPORT
NATIONAL WEATHER SERVICE BURLINGTON VT
104 AM EST THU NOV 20 2014


...................................

...THE BURLINGTON VT CLIMATE SUMMARY FOR NOVEMBER 19 2014...

CLIMATE NORMAL PERIOD 1981 TO 2010
CLIMATE RECORD PERIOD 1884 TO 2014


WEATHER ITEM   OBSERVED TIME   RECORD YEAR NORMAL DEPARTURE LAST
                VALUE   (LST)  VALUE       VALUE  FROM      YEAR
                                                  NORMAL
..................................................................
TEMPERATURE (F)
 YESTERDAY
  MAXIMUM         33   1247 PM  70    1921  44    -11       40
  MINIMUM         25    334 AM   7    1924  30     -5       29
  AVERAGE         29                        37     -8       35

PRECIPITATION (IN)
  YESTERDAY        T             1.20 1918   0.11  -0.11     0.02
  MONTH TO DATE    1.05                      2.06  -1.01     0.94
  SINCE SEP 1      6.85                      9.30  -2.45     8.27
  SINCE JAN 1     32.55                     33.37  -0.82    40.96

SNOWFALL (IN)
  YESTERDAY        T             2.0  1967   0.2   -0.2       T
  MONTH TO DATE    0.6                       2.2   -1.6      0.3
  SINCE SEP 1      0.6                       2.5   -1.9      0.3
  SINCE JUL 1      0.6                       2.5   -1.9      0.3
  SNOW DEPTH       0

DEGREE DAYS
 HEATING
  YESTERDAY       36                        28      8       30
  MONTH TO DATE  471                       470      1      451
  SINCE SEP 1    988                      1169   -181     1054
  SINCE JUL 1   1001                      1211   -210     1070

 COOLING
  YESTERDAY        0                         0      0        0
  MONTH TO DATE    0                         0      0        0
  SINCE SEP 1     89                        43     46       62
  SINCE JAN 1    582                       491     91      662
..................................................................


WIND (MPH)
  HIGHEST WIND SPEED    23   HIGHEST WIND DIRECTION     S (190)
  HIGHEST GUST SPEED    30   HIGHEST GUST DIRECTION     S (190)
  AVERAGE WIND SPEED     9.5


SKY COVER
  POSSIBLE SUNSHINE  MM
  AVERAGE SKY COVER 0.8


WEATHER CONDITIONS
 THE FOLLOWING WEATHER WAS RECORDED YESTERDAY.
  LIGHT SNOW


RELATIVE HUMIDITY (PERCENT)
 HIGHEST    68           400 AM
 LOWEST     33           100 PM
 AVERAGE    51

..........................................................


THE BURLINGTON VT CLIMATE NORMALS FOR TODAY
                         NORMAL    RECORD    YEAR
 MAXIMUM TEMPERATURE (F)   44        71      1991
 MINIMUM TEMPERATURE (F)   30         5      1933


SUNRISE AND SUNSET
NOVEMBER 20 2014......SUNRISE   655 AM EST   SUNSET   421 PM EST
NOVEMBER 21 2014......SUNRISE   657 AM EST   SUNSET   420 PM EST


-  INDICATES NEGATIVE NUMBERS.
R  INDICATES RECORD WAS SET OR TIED.
MM INDICATES DATA IS MISSING.
T  INDICATES TRACE AMOUNT.

&&

LAKE CHAMPLAIN DATA:
LEVEL...............94.22 FEET
TEMPERATURE.........47 DEGREES

MOUNT MANSFIELD DATA:
HIGH................12 DEGREES
LOW.................5 DEGREES
PRECIPITATION.......0.11


$$
