353
CDUS41 KBTV 020525
CLIBTV


CLIMATE REPORT
NATIONAL WEATHER SERVICE BURLINGTON VT
1223 AM EST FRI DEC 2 2016


...................................

...THE BURLINGTON VT CLIMATE SUMMARY FOR DECEMBER 1 2016...

CLIMATE NORMAL PERIOD 1981 TO 2010
CLIMATE RECORD PERIOD 1884 TO 2016


WEATHER ITEM   OBSERVED TIME   RECORD YEAR NORMAL DEPARTURE LAST
                VALUE   (LST)  VALUE       VALUE  FROM      YEAR
                                                  NORMAL
..................................................................
TEMPERATURE (F)
 YESTERDAY
  MAXIMUM         51   1125 AM  64    1934  39     12       40
  MINIMUM         44   1159 PM  -4    1958  25     19       19
  AVERAGE         48                        32     16       30

PRECIPITATION (IN)
  YESTERDAY        0.42          1.74 2006   0.09   0.33     0.47
  MONTH TO DATE    0.42                      0.09   0.33     0.47
  SINCE DEC 1      0.42                      0.09   0.33     0.47
  SINCE JAN 1     25.80                     34.53  -8.73    33.87

SNOWFALL (IN)
  YESTERDAY        0.0           5.0  1972   0.4   -0.4      0.0
  MONTH TO DATE    0.0                       0.4   -0.4      0.0
  SINCE DEC 1      0.0                       0.4   -0.4      0.0
  SINCE JUL 1      4.3                       5.8   -1.5      0.2
  SNOW DEPTH       0

DEGREE DAYS
 HEATING
  YESTERDAY       17                        33    -16       35
  MONTH TO DATE   17                        33    -16       35
  SINCE DEC 1     17                        33    -16       35
  SINCE JUL 1   1222                      1578   -356     1274

 COOLING
  YESTERDAY        0                         0      0        0
  MONTH TO DATE    0                         0      0        0
  SINCE DEC 1      0                         0      0        0
  SINCE JAN 1    855                       491    364      768
..................................................................


WIND (MPH)
  HIGHEST WIND SPEED    28   HIGHEST WIND DIRECTION    SE (140)
  HIGHEST GUST SPEED    36   HIGHEST GUST DIRECTION    SE (130)
  AVERAGE WIND SPEED    10.5


SKY COVER
  POSSIBLE SUNSHINE  MM
  AVERAGE SKY COVER 0.9


WEATHER CONDITIONS
 THE FOLLOWING WEATHER WAS RECORDED YESTERDAY.
  HEAVY RAIN
  RAIN
  LIGHT RAIN
  FOG


RELATIVE HUMIDITY (PERCENT)
 HIGHEST    93           500 AM
 LOWEST     56          1200 PM
 AVERAGE    75

..........................................................


THE BURLINGTON VT CLIMATE NORMALS FOR TODAY
                         NORMAL    RECORD    YEAR
 MAXIMUM TEMPERATURE (F)   39        62      1914
 MINIMUM TEMPERATURE (F)   25        -3      1989


SUNRISE AND SUNSET
DECEMBER  2 2016......SUNRISE   710 AM EST   SUNSET   414 PM EST
DECEMBER  3 2016......SUNRISE   711 AM EST   SUNSET   414 PM EST


-  INDICATES NEGATIVE NUMBERS.
R  INDICATES RECORD WAS SET OR TIED.
MM INDICATES DATA IS MISSING.
T  INDICATES TRACE AMOUNT.

&&

LAKE CHAMPLAIN DATA:
LEVEL...............94.28 FEET
TEMPERATURE.........48 DEGREES

MOUNT MANSFIELD DATA:
HIGH................35 DEGREES
LOW.................27 DEGREES
PRECIPITATION.......0.41 INCHES
NEW SNOW............NONE
SNOW AT STAKE.......8 INCHES

$$
