000
CDUS41 KBTV 262033
CLIBTV


CLIMATE REPORT
NATIONAL WEATHER SERVICE BURLINGTON VT
433 PM EDT TUE APR 26 2016


...................................

...THE BURLINGTON VT CLIMATE SUMMARY FOR APRIL 26 2016...
VALID TODAY AS OF 0400 PM LOCAL TIME.

CLIMATE NORMAL PERIOD 1981 TO 2010
CLIMATE RECORD PERIOD 1884 TO 2016


WEATHER ITEM   OBSERVED TIME   RECORD YEAR NORMAL DEPARTURE LAST
                VALUE   (LST)  VALUE       VALUE  FROM      YEAR
                                                  NORMAL
..................................................................
TEMPERATURE (F)
 TODAY
  MAXIMUM         44   1239 AM  84    1913  60    -16       54
  MINIMUM         32    816 AM  20    1919  39     -7       43
  AVERAGE         38                        49    -11       49

PRECIPITATION (IN)
  TODAY            0.42          2.74 2011   0.10   0.32      T
  MONTH TO DATE    1.80                      2.41  -0.61     2.52
  SINCE MAR 1      4.06                      4.63  -0.57     3.42
  SINCE JAN 1      8.39                      8.45  -0.06     5.80

SNOWFALL (IN)
  TODAY            2.0 R         0.6  1919   0.0    2.0      0.0
  MONTH TO DATE    3.4                       4.3   -0.9      3.1
  SINCE MAR 1      5.2                      20.1  -14.9      7.5
  SINCE JUL 1     34.2                      80.9  -46.7     83.4
  SNOW DEPTH       0

DEGREE DAYS
 HEATING
  TODAY           27                        16     11       16
  MONTH TO DATE  603                       552     51      537
  SINCE MAR 1   1470                      1606   -136     1727
  SINCE JUL 1   5854                      7016  -1162     7244

 COOLING
  TODAY            0                         0      0        0
  MONTH TO DATE    0                         0      0        0
  SINCE MAR 1      0                         0      0        0
  SINCE JAN 1      0                         0      0        0
..................................................................


WIND (MPH)
  HIGHEST WIND SPEED    12   HIGHEST WIND DIRECTION    NW (330)
  HIGHEST GUST SPEED    14   HIGHEST GUST DIRECTION     N (340)
  AVERAGE WIND SPEED     5.8


SKY COVER
  POSSIBLE SUNSHINE  MM
  AVERAGE SKY COVER 1.0


WEATHER CONDITIONS
 THE FOLLOWING WEATHER WAS RECORDED TODAY.
  LIGHT RAIN
  SNOW
  LIGHT SNOW
  FOG


RELATIVE HUMIDITY (PERCENT)
 HIGHEST    89           600 AM
 LOWEST     40          1200 AM
 AVERAGE    65

..........................................................


THE BURLINGTON VT CLIMATE NORMALS FOR TOMORROW
                         NORMAL    RECORD    YEAR
 MAXIMUM TEMPERATURE (F)   60        90      1990
 MINIMUM TEMPERATURE (F)   39        22      1972


SUNRISE AND SUNSET
APRIL 26 2016.........SUNRISE   550 AM EDT   SUNSET   751 PM EDT
APRIL 27 2016.........SUNRISE   548 AM EDT   SUNSET   753 PM EDT


-  INDICATES NEGATIVE NUMBERS.
R  INDICATES RECORD WAS SET OR TIED.
MM INDICATES DATA IS MISSING.
T  INDICATES TRACE AMOUNT.

$$
