000
CDUS41 KBTV 160602
CLIBTV


CLIMATE REPORT
NATIONAL WEATHER SERVICE BURLINGTON VT
202 AM EDT SAT SEP 16 2017


...................................

...THE BURLINGTON VT CLIMATE SUMMARY FOR SEPTEMBER 15 2017...

CLIMATE NORMAL PERIOD 1981 TO 2010
CLIMATE RECORD PERIOD 1884 TO 2017


WEATHER ITEM   OBSERVED TIME   RECORD YEAR NORMAL DEPARTURE LAST
                VALUE   (LST)  VALUE       VALUE  FROM      YEAR
                                                  NORMAL
..................................................................
TEMPERATURE (F)
 YESTERDAY
  MAXIMUM         81    426 PM  92    1915  71     10       67
  MINIMUM         64   1159 PM  30    1913  51     13       47
  AVERAGE         73                        61     12       57

PRECIPITATION (IN)
  YESTERDAY        0.00          1.50 1945   0.12  -0.12     0.00
  MONTH TO DATE    2.78                      1.70   1.08     0.62
  SINCE SEP 1      2.78                      1.70   1.08     0.62
  SINCE JAN 1     32.48                     25.77   6.71    19.82

SNOWFALL (IN)
  YESTERDAY        0.0           0.0  2002   0.0    0.0      0.0
                                      2001
  MONTH TO DATE    0.0                       0.0    0.0      0.0
  SINCE SEP 1      0.0                       0.0    0.0      0.0
  SINCE JUL 1      0.0                       0.0    0.0      0.0
  SNOW DEPTH       0

DEGREE DAYS
 HEATING
  YESTERDAY        0                         5     -5        8
  MONTH TO DATE   59                        52      7       16
  SINCE SEP 1     59                        52      7       16
  SINCE JUL 1     82                        94    -12       21

 COOLING
  YESTERDAY        8                         1      7        0
  MONTH TO DATE   17                        33    -16       69
  SINCE SEP 1     17                        33    -16       69
  SINCE JAN 1    534                       481     53      813
..................................................................


WIND (MPH)
  HIGHEST WIND SPEED     9   HIGHEST WIND DIRECTION     N (360)
  HIGHEST GUST SPEED    13   HIGHEST GUST DIRECTION    NW (300)
  AVERAGE WIND SPEED     2.9


SKY COVER
  POSSIBLE SUNSHINE  MM
  AVERAGE SKY COVER 0.5


WEATHER CONDITIONS
 THE FOLLOWING WEATHER WAS RECORDED YESTERDAY.
  FOG
  FOG W/VISIBILITY <= 1/4 MILE


RELATIVE HUMIDITY (PERCENT)
 HIGHEST   100           300 AM
 LOWEST     54           200 PM
 AVERAGE    77

..........................................................


THE BURLINGTON VT CLIMATE NORMALS FOR TODAY
                         NORMAL    RECORD    YEAR
 MAXIMUM TEMPERATURE (F)   70        92      1939
 MINIMUM TEMPERATURE (F)   51        30      1964


SUNRISE AND SUNSET
SEPTEMBER 16 2017.....SUNRISE   633 AM EDT   SUNSET   701 PM EDT
SEPTEMBER 17 2017.....SUNRISE   634 AM EDT   SUNSET   659 PM EDT


-  INDICATES NEGATIVE NUMBERS.
R  INDICATES RECORD WAS SET OR TIED.
MM INDICATES DATA IS MISSING.
T  INDICATES TRACE AMOUNT.

&&

LAKE CHAMPLAIN DATA:
LEVEL...............95.42 FEET
TEMPERATURE.........69 DEGREES

MOUNT MANSFIELD DATA:
HIGH................67 DEGREES
LOW.................56 DEGREES
PRECIPITATION.......0.03 INCHES

$$
