000
CDUS41 KBTV 240528
CLIBTV


CLIMATE REPORT
NATIONAL WEATHER SERVICE BURLINGTON VT
127 AM EDT TUE MAR 24 2015


...................................

...THE BURLINGTON VT CLIMATE SUMMARY FOR MARCH 23 2015...

CLIMATE NORMAL PERIOD 1981 TO 2010
CLIMATE RECORD PERIOD 1884 TO 2015


WEATHER ITEM   OBSERVED TIME   RECORD YEAR NORMAL DEPARTURE LAST
                VALUE   (LST)  VALUE       VALUE  FROM      YEAR
                                                  NORMAL
..................................................................
TEMPERATURE (F)
 YESTERDAY
  MAXIMUM         23    410 PM  73    1938  43    -20       35
  MINIMUM          8    636 AM   1    1934  25    -17        8
                                      1896
  AVERAGE         16                        34    -18       22

PRECIPITATION (IN)
  YESTERDAY        T             1.36 1968   0.08  -0.08      T
  MONTH TO DATE    0.48                      1.61  -1.13     1.04
  SINCE MAR 1      0.48                      1.61  -1.13     1.04
  SINCE JAN 1      2.86                      5.43  -2.57     5.32

SNOWFALL (IN)
  YESTERDAY        T             5.6  2001   0.4   -0.4       T
  MONTH TO DATE    4.4                      13.0   -8.6     24.9
  SINCE MAR 1      4.4                      13.0   -8.6     24.9
  SINCE JUL 1     80.3                      73.8    6.5     83.2
  SNOW DEPTH       T

DEGREE DAYS
 HEATING
  YESTERDAY       49                        31     18       43
  MONTH TO DATE  920                       821     99     1023
  SINCE MAR 1    920                       821     99     1023
  SINCE JUL 1   6437                      6231    206     6488

 COOLING
  YESTERDAY        0                         0      0        0
  MONTH TO DATE    0                         0      0        0
  SINCE MAR 1      0                         0      0        0
  SINCE JAN 1      0                         0      0        0
..................................................................


WIND (MPH)
  HIGHEST WIND SPEED    25   HIGHEST WIND DIRECTION    NW (320)
  HIGHEST GUST SPEED    31   HIGHEST GUST DIRECTION    NW (320)
  AVERAGE WIND SPEED    10.8


SKY COVER
  POSSIBLE SUNSHINE  MM
  AVERAGE SKY COVER 0.2


WEATHER CONDITIONS
 THE FOLLOWING WEATHER WAS RECORDED YESTERDAY.
  NO SIGNIFICANT WEATHER WAS OBSERVED.


RELATIVE HUMIDITY (PERCENT)
 HIGHEST    59           900 PM
 LOWEST     33          1000 AM
 AVERAGE    46

..........................................................


THE BURLINGTON VT CLIMATE NORMALS FOR TODAY
                         NORMAL    RECORD    YEAR
 MAXIMUM TEMPERATURE (F)   43        66      1979
 MINIMUM TEMPERATURE (F)   25        -6      1896


SUNRISE AND SUNSET
MARCH 24 2015.........SUNRISE   649 AM EDT   SUNSET   710 PM EDT
MARCH 25 2015.........SUNRISE   647 AM EDT   SUNSET   711 PM EDT


-  INDICATES NEGATIVE NUMBERS.
R  INDICATES RECORD WAS SET OR TIED.
MM INDICATES DATA IS MISSING.
T  INDICATES TRACE AMOUNT.







&&

LAKE CHAMPLAIN DATA:
LEVEL...............94.62 FEET
TEMPERATURE.........36 DEGREES

MOUNT MANSFIELD DATA:
HIGH................3 DEGREES
LOW.................-13 DEGREES
PRECIPITATION.......NONE
NEW SNOW............NONE
SNOW AT STAKE.......87 INCHES

$$
