000
CDUS41 KBTV 210533
CLIBTV


CLIMATE REPORT
NATIONAL WEATHER SERVICE BURLINGTON VT
130 AM EDT THU MAY 21 2015


...................................

...THE BURLINGTON VT CLIMATE SUMMARY FOR MAY 20 2015...

CLIMATE NORMAL PERIOD 1981 TO 2010
CLIMATE RECORD PERIOD 1884 TO 2015


WEATHER ITEM   OBSERVED TIME   RECORD YEAR NORMAL DEPARTURE LAST
                VALUE   (LST)  VALUE       VALUE  FROM      YEAR
                                                  NORMAL
..................................................................
TEMPERATURE (F)
 YESTERDAY
  MAXIMUM         60    417 PM  91    1975  69     -9       72
  MINIMUM         43   1159 PM  30    2002  47     -4       42
  AVERAGE         52                        58     -6       57

PRECIPITATION (IN)
  YESTERDAY        0.00          1.46 1890   0.11  -0.11     0.00
  MONTH TO DATE    1.31                      2.11  -0.80     2.35
  SINCE MAR 1      4.85                      7.15  -2.30     7.89
  SINCE JAN 1      7.23                     10.97  -3.74    12.17

SNOWFALL (IN)
  YESTERDAY        0.0           T    1935   0.0    0.0      0.0
                                      1912
                                      1907
  MONTH TO DATE    0.0                       0.0    0.0      0.0
  SINCE MAR 1      7.5                      20.4  -12.9     28.2
  SINCE JUL 1     83.4                      81.2    2.2     86.5
  SNOW DEPTH       0

DEGREE DAYS
 HEATING
  YESTERDAY       13                         8      5        8
  MONTH TO DATE   88                       216   -128      156
  SINCE MAR 1   1877                      1880     -3     2083
  SINCE JUL 1   7394                      7290    104     7548

 COOLING
  YESTERDAY        0                         1     -1        0
  MONTH TO DATE   38                         3     35       20
  SINCE MAR 1     38                         5     33       20
  SINCE JAN 1     38                         5     33       20
..................................................................


WIND (MPH)
  HIGHEST WIND SPEED    25   HIGHEST WIND DIRECTION     N (340)
  HIGHEST GUST SPEED    32   HIGHEST GUST DIRECTION     N (340)
  AVERAGE WIND SPEED    12.7


SKY COVER
  POSSIBLE SUNSHINE  MM
  AVERAGE SKY COVER 0.6


WEATHER CONDITIONS
 THE FOLLOWING WEATHER WAS RECORDED YESTERDAY.
  NO SIGNIFICANT WEATHER WAS OBSERVED.


RELATIVE HUMIDITY (PERCENT)
 HIGHEST    61           700 AM
 LOWEST     28           400 PM
 AVERAGE    45

..........................................................


THE BURLINGTON VT CLIMATE NORMALS FOR TODAY
                         NORMAL    RECORD    YEAR
 MAXIMUM TEMPERATURE (F)   69        92      1911
 MINIMUM TEMPERATURE (F)   47        29      1964


SUNRISE AND SUNSET
MAY 21 2015...........SUNRISE   519 AM EDT   SUNSET   820 PM EDT
MAY 22 2015...........SUNRISE   518 AM EDT   SUNSET   821 PM EDT


-  INDICATES NEGATIVE NUMBERS.
R  INDICATES RECORD WAS SET OR TIED.
MM INDICATES DATA IS MISSING.
T  INDICATES TRACE AMOUNT.

&&

LAKE CHAMPLAIN DATA:
LEVEL...............96.97 FEET
TEMPERATURE.........55 DEGREES

MOUNT MANSFIELD DATA:
HIGH................62 DEGREES
LOW.................27 DEGREES
PRECIPITATION.......0.03 INCHES
NEW SNOW............NONE
SNOW AT STAKE.......7 INCHES

$$
