000
CDUS41 KBTV 162134
CLIBTV


CLIMATE REPORT
NATIONAL WEATHER SERVICE BURLINGTON VT
434 PM EST FRI FEB 16 2018


...................................

...THE BURLINGTON VT CLIMATE SUMMARY FOR FEBRUARY 16 2018...
VALID TODAY AS OF 0400 PM LOCAL TIME.

CLIMATE NORMAL PERIOD 1981 TO 2010
CLIMATE RECORD PERIOD 1884 TO 2018


WEATHER ITEM   OBSERVED TIME   RECORD YEAR NORMAL DEPARTURE LAST
                VALUE   (LST)  VALUE       VALUE  FROM      YEAR
                                                  NORMAL
..................................................................
TEMPERATURE (F)
 TODAY
  MAXIMUM         45    206 AM  55    2016  31     14       28
  MINIMUM         33    359 PM -26    1943  13     20       25
  AVERAGE         39                        22     17       27

PRECIPITATION (IN)
  TODAY            0.07          1.34 1954   0.06   0.01     0.14
  MONTH TO DATE    0.92                      1.00  -0.08     1.74
  SINCE DEC 1      5.64                      5.44   0.20     6.09
  SINCE JAN 1      3.46                      3.06   0.40     3.74

SNOWFALL (IN)
  TODAY            0.3          12.1  1958   0.6   -0.3      2.9
  MONTH TO DATE   11.7                       9.6    2.1     30.4
  SINCE DEC 1     50.4                      48.6    1.8     54.7
  SINCE JUL 1     53.4                      54.0   -0.6     59.0
  SNOW DEPTH       3

DEGREE DAYS
 HEATING
  TODAY           26                        43    -17       38
  MONTH TO DATE  624                       717    -93      663
  SINCE DEC 1   3327                      3366    -39     2860
  SINCE JUL 1   4466                      4911   -445     4065

 COOLING
  TODAY            0                         0      0        0
  MONTH TO DATE    0                         0      0        0
  SINCE DEC 1      0                         0      0        0
  SINCE JAN 1      0                         0      0        0
..................................................................


WIND (MPH)
  HIGHEST WIND SPEED    18   HIGHEST WIND DIRECTION     N (360)
  HIGHEST GUST SPEED    26   HIGHEST GUST DIRECTION     N (20)
  AVERAGE WIND SPEED     5.3


SKY COVER
  POSSIBLE SUNSHINE  MM
  AVERAGE SKY COVER 0.8


WEATHER CONDITIONS
 THE FOLLOWING WEATHER WAS RECORDED TODAY.
  LIGHT RAIN
  LIGHT SNOW
  FOG
  HAZE


RELATIVE HUMIDITY (PERCENT)
 HIGHEST    89           300 PM
 LOWEST     65          1000 AM
 AVERAGE    77

..........................................................


THE BURLINGTON VT CLIMATE NORMALS FOR TOMORROW
                         NORMAL    RECORD    YEAR
 MAXIMUM TEMPERATURE (F)   31        53      1981
 MINIMUM TEMPERATURE (F)   13       -21      1963


SUNRISE AND SUNSET
FEBRUARY 16 2018......SUNRISE   651 AM EST   SUNSET   523 PM EST
FEBRUARY 17 2018......SUNRISE   650 AM EST   SUNSET   524 PM EST


-  INDICATES NEGATIVE NUMBERS.
R  INDICATES RECORD WAS SET OR TIED.
MM INDICATES DATA IS MISSING.
T  INDICATES TRACE AMOUNT.




$$
