000
CDUS41 KBTV 270552
CLIBTV


CLIMATE REPORT
NATIONAL WEATHER SERVICE BURLINGTON VT
151 AM EDT SUN JUL 27 2014


...................................

...THE BURLINGTON VT CLIMATE SUMMARY FOR JULY 26 2014...

CLIMATE NORMAL PERIOD 1981 TO 2010
CLIMATE RECORD PERIOD 1884 TO 2014


WEATHER ITEM   OBSERVED TIME   RECORD YEAR NORMAL DEPARTURE LAST
                VALUE   (LST)  VALUE       VALUE  FROM      YEAR
                                                  NORMAL
..................................................................
TEMPERATURE (F)
 YESTERDAY
  MAXIMUM         82    224 PM  94    1989  81      1       76
                                      1963
                                      1939
  MINIMUM         58    506 AM  45    1976  61     -3       53
  AVERAGE         70                        71     -1       65

PRECIPITATION (IN)
  YESTERDAY        0.00          1.56 1986   0.14  -0.14     0.00
  MONTH TO DATE    2.56                      3.48  -0.92     4.32
  SINCE JUN 1      6.91                      7.17  -0.26    14.18
  SINCE JAN 1     20.67                     19.48   1.19    29.45

SNOWFALL (IN)
  YESTERDAY        0.0           0.0  2002   0.0    0.0      0.0
                                      2001
  MONTH TO DATE    0.0                       0.0    0.0      0.0
  SINCE JUN 1      0.0                       0.0    0.0      0.0
  SINCE JUL 1      0.0                       0.0    0.0      0.0
  SNOW DEPTH       0

DEGREE DAYS
 HEATING
  YESTERDAY        0                         0      0        0
  MONTH TO DATE    0                         8     -8        7
  SINCE JUN 1     20                        81    -61       72
  SINCE JUL 1      0                         8     -8        7

 COOLING
  YESTERDAY        5                         6     -1        0
  MONTH TO DATE  200                       156     44      254
  SINCE JUN 1    320                       253     67      369
  SINCE JAN 1    342                       272     70      416
..................................................................


WIND (MPH)
  HIGHEST WIND SPEED    15   HIGHEST WIND DIRECTION    SW (230)
  HIGHEST GUST SPEED    22   HIGHEST GUST DIRECTION    SW (220)
  AVERAGE WIND SPEED     5.3


SKY COVER
  POSSIBLE SUNSHINE  MM
  AVERAGE SKY COVER 0.6


WEATHER CONDITIONS
 THE FOLLOWING WEATHER WAS RECORDED YESTERDAY.
  NO SIGNIFICANT WEATHER WAS OBSERVED.


RELATIVE HUMIDITY (PERCENT)
 HIGHEST    90          1200 AM
 LOWEST     36           200 PM
 AVERAGE    63

..........................................................


THE BURLINGTON VT CLIMATE NORMALS FOR TODAY
                         NORMAL    RECORD    YEAR
 MAXIMUM TEMPERATURE (F)   81        98      1949
 MINIMUM TEMPERATURE (F)   60        46      2001


SUNRISE AND SUNSET
JULY 27 2014..........SUNRISE   534 AM EDT   SUNSET   824 PM EDT
JULY 28 2014..........SUNRISE   535 AM EDT   SUNSET   822 PM EDT


-  INDICATES NEGATIVE NUMBERS.
R  INDICATES RECORD WAS SET OR TIED.
MM INDICATES DATA IS MISSING.
T  INDICATES TRACE AMOUNT.

&&

LAKE CHAMPLAIN DATA:
LEVEL...............96.01 FEET
TEMPERATURE.........72 DEGREES

MOUNT MANSFIELD DATA:
HIGH................63 DEGREES
LOW.................47 DEGREES
PRECIPITATION.......NONE

$$
