000
CDUS41 KBTV 142137
CLIBTV


CLIMATE REPORT
NATIONAL WEATHER SERVICE BURLINGTON VT
537 PM EDT MON APR 14 2014


...................................

...THE BURLINGTON VT CLIMATE SUMMARY FOR APRIL 14 2014...
VALID TODAY AS OF 0500 PM LOCAL TIME.

CLIMATE NORMAL PERIOD 1981 TO 2010
CLIMATE RECORD PERIOD 1884 TO 2014


WEATHER ITEM   OBSERVED TIME   RECORD YEAR NORMAL DEPARTURE LAST
                VALUE   (LST)  VALUE       VALUE  FROM      YEAR
                                                  NORMAL
..................................................................
TEMPERATURE (F)
 TODAY
  MAXIMUM         81    241 PM  84    1968  54     27       49
  MINIMUM         48    410 AM  17    1973  34     14       29
                                      1923
  AVERAGE         65                        44     21       39

PRECIPITATION (IN)
  TODAY            T             0.64 1979   0.09  -0.09     0.05
  MONTH TO DATE    0.74                      1.27  -0.53     1.30
  SINCE MAR 1      2.62                      3.49  -0.87     3.35
  SINCE JAN 1      6.90                      7.31  -0.41     5.78

SNOWFALL (IN)
  TODAY            0.0           4.6  1943   0.1   -0.1      0.0
  MONTH TO DATE    T                         2.9   -2.9      1.0
  SINCE MAR 1     25.4                      18.7    6.7     17.2
  SINCE JUL 1     83.7                      79.5    4.2     82.9
  SNOW DEPTH       0

DEGREE DAYS
 HEATING
  TODAY            0                        21    -21       26
  MONTH TO DATE  285                       336    -51      360
  SINCE MAR 1   1607                      1390    217     1348
  SINCE JUL 1   7072                      6800    272     6226

 COOLING
  TODAY            0                         0      0        0
  MONTH TO DATE    0                         0      0        0
  SINCE MAR 1      0                         0      0        0
  SINCE JAN 1      0                         0      0        0
..................................................................


WIND (MPH)
  HIGHEST WIND SPEED    31   HIGHEST WIND DIRECTION     S (180)
  HIGHEST GUST SPEED    45   HIGHEST GUST DIRECTION     S (170)
  AVERAGE WIND SPEED    19.6


SKY COVER
  POSSIBLE SUNSHINE  MM
  AVERAGE SKY COVER 0.5


WEATHER CONDITIONS
 THE FOLLOWING WEATHER WAS RECORDED TODAY.
  LIGHT RAIN


RELATIVE HUMIDITY (PERCENT)
 HIGHEST    80           400 AM
 LOWEST     36           100 PM
 AVERAGE    58

..........................................................


THE BURLINGTON VT CLIMATE NORMALS FOR TOMORROW
                         NORMAL    RECORD    YEAR
 MAXIMUM TEMPERATURE (F)   55        82      2003
 MINIMUM TEMPERATURE (F)   35        18      1926


SUNRISE AND SUNSET
APRIL 14 2014.........SUNRISE   611 AM EDT   SUNSET   736 PM EDT
APRIL 15 2014.........SUNRISE   609 AM EDT   SUNSET   737 PM EDT


-  INDICATES NEGATIVE NUMBERS.
R  INDICATES RECORD WAS SET OR TIED.
MM INDICATES DATA IS MISSING.
T  INDICATES TRACE AMOUNT.




$$
