000
CDUS41 KBTV 250535
CLIBTV

CLIMATE REPORT
NATIONAL WEATHER SERVICE BURLINGTON VT
135 AM EDT SAT MAR 25 2017

...................................

...THE BURLINGTON VT CLIMATE SUMMARY FOR MARCH 24 2017...

CLIMATE NORMAL PERIOD 1981 TO 2010
CLIMATE RECORD PERIOD 1884 TO 2017


WEATHER ITEM   OBSERVED TIME   RECORD YEAR NORMAL DEPARTURE LAST
                VALUE   (LST)  VALUE       VALUE  FROM      YEAR
                                                  NORMAL
..................................................................
TEMPERATURE (F)
 YESTERDAY
  MAXIMUM         36    743 PM  66    1979  43     -7       40
  MINIMUM         25   1235 AM  -6    1896  25      0       27
  AVERAGE         31                        34     -3       34

PRECIPITATION (IN)
  YESTERDAY        0.57          0.63 1953   0.08   0.49     0.11
  MONTH TO DATE    2.35                      1.69   0.66     1.47
  SINCE MAR 1      2.35                      1.69   0.66     1.47
  SINCE JAN 1      7.02                      5.51   1.51     5.80

SNOWFALL (IN)
  YESTERDAY        2.3           2.5  1912   0.4    1.9      0.8
  MONTH TO DATE   34.3                      13.4   20.9      1.8
  SINCE MAR 1     34.3                      13.4   20.9      1.8
  SINCE JUL 1     93.5                      74.2   19.3     30.8
  SNOW DEPTH       6

DEGREE DAYS
 HEATING
  YESTERDAY       34                        31      3       31
  MONTH TO DATE  953                       852    101      717
  SINCE MAR 1    953                       852    101      717
  SINCE JUL 1   5331                      6262   -931     5101

 COOLING
  YESTERDAY        0                         0      0        0
  MONTH TO DATE    0                         0      0        0
  SINCE MAR 1      0                         0      0        0
  SINCE JAN 1      0                         0      0        0
..................................................................


WIND (MPH)
  HIGHEST WIND SPEED    25   HIGHEST WIND DIRECTION     S (180)
  HIGHEST GUST SPEED    33   HIGHEST GUST DIRECTION     S (190)
  AVERAGE WIND SPEED    11.0


SKY COVER
  POSSIBLE SUNSHINE  MM
  AVERAGE SKY COVER 1.0


WEATHER CONDITIONS
 THE FOLLOWING WEATHER WAS RECORDED YESTERDAY.
  RAIN
  LIGHT RAIN
  HEAVY SNOW
  SNOW
  LIGHT SNOW
  SLEET
  FOG
  FOG W/VISIBILITY <= 1/4 MILE
  HAZE


RELATIVE HUMIDITY (PERCENT)
 HIGHEST    96          1000 PM
 LOWEST     32           200 AM
 AVERAGE    64

..........................................................


THE BURLINGTON VT CLIMATE NORMALS FOR TODAY
                         NORMAL    RECORD    YEAR
 MAXIMUM TEMPERATURE (F)   44        68      1996
                                             1987
 MINIMUM TEMPERATURE (F)   26         0      1960


SUNRISE AND SUNSET
MARCH 25 2017.........SUNRISE   646 AM EDT   SUNSET   712 PM EDT
MARCH 26 2017.........SUNRISE   644 AM EDT   SUNSET   713 PM EDT


-  INDICATES NEGATIVE NUMBERS.
R  INDICATES RECORD WAS SET OR TIED.
MM INDICATES DATA IS MISSING.
T  INDICATES TRACE AMOUNT.

&&

LAKE CHAMPLAIN DATA:
LEVEL...............96.74 FEET
TEMPERATURE.........34 DEGREES

MOUNT MANSFIELD DATA:
HIGH................23 DEGREES
LOW.................-3 DEGREES
PRECIPITATION.......0.35 INCHES
NEW SNOW............2.5 INCHES
SNOW AT STAKE.......97 INCHES

$$
