000
CDUS41 KBTV 200645
CLIBTV


CLIMATE REPORT
NATIONAL WEATHER SERVICE BURLINGTON VT
244 AM EDT SAT AUG 20 2016


...................................

...THE BURLINGTON VT CLIMATE SUMMARY FOR AUGUST 19 2016...

CLIMATE NORMAL PERIOD 1981 TO 2010
CLIMATE RECORD PERIOD 1884 TO 2016


WEATHER ITEM   OBSERVED TIME   RECORD YEAR NORMAL DEPARTURE LAST
                VALUE   (LST)  VALUE       VALUE  FROM      YEAR
                                                  NORMAL
..................................................................
TEMPERATURE (F)
 YESTERDAY
  MAXIMUM         82    247 PM  93    1899  79      3       90
  MINIMUM         61    605 AM  40    1963  58      3       71
  AVERAGE         72                        69      3       81

PRECIPITATION (IN)
  YESTERDAY        0.00          1.38 1965   0.12  -0.12     0.00
  MONTH TO DATE    1.73                      2.55  -0.82     1.36
  SINCE JUN 1      7.83                     10.40  -2.57    14.70
  SINCE JAN 1     18.68                     22.71  -4.03    23.54

SNOWFALL (IN)
  YESTERDAY        0.0           0.0  2002   0.0    0.0      0.0
                                      2001
  MONTH TO DATE    0.0                       0.0    0.0      0.0
  SINCE JUN 1      0.0                       0.0    0.0      0.0
  SINCE JUL 1      0.0                       0.0    0.0      0.0
  SNOW DEPTH       0

DEGREE DAYS
 HEATING
  YESTERDAY        0                         1     -1        0
  MONTH TO DATE    0                        15    -15        1
  SINCE JUN 1     51                       101    -50       77
  SINCE JUL 1      3                        28    -25        6

 COOLING
  YESTERDAY        7                         4      3       16
  MONTH TO DATE  190                       100     90      147
  SINCE JUN 1    579                       384    195      441
  SINCE JAN 1    651                       403    248      534
..................................................................


WIND (MPH)
  HIGHEST WIND SPEED    13   HIGHEST WIND DIRECTION    NW (330)
  HIGHEST GUST SPEED    18   HIGHEST GUST DIRECTION    NW (330)
  AVERAGE WIND SPEED     3.2


SKY COVER
  POSSIBLE SUNSHINE  MM
  AVERAGE SKY COVER 0.2


WEATHER CONDITIONS
 THE FOLLOWING WEATHER WAS RECORDED YESTERDAY.
  FOG
  FOG W/VISIBILITY <= 1/4 MILE


RELATIVE HUMIDITY (PERCENT)
 HIGHEST    97           500 AM
 LOWEST     36           100 PM
 AVERAGE    67

..........................................................


THE BURLINGTON VT CLIMATE NORMALS FOR TODAY
                         NORMAL    RECORD    YEAR
 MAXIMUM TEMPERATURE (F)   79        94      1916
 MINIMUM TEMPERATURE (F)   58        42      1953


SUNRISE AND SUNSET
AUGUST 20 2016........SUNRISE   602 AM EDT   SUNSET   749 PM EDT
AUGUST 21 2016........SUNRISE   603 AM EDT   SUNSET   747 PM EDT


-  INDICATES NEGATIVE NUMBERS.
R  INDICATES RECORD WAS SET OR TIED.
MM INDICATES DATA IS MISSING.
T  INDICATES TRACE AMOUNT.

&&

LAKE CHAMPLAIN DATA:
LEVEL...............94.46 FEET
TEMPERATURE.........75 DEGREES

MOUNT MANSFIELD DATA:
HIGH................66 DEGREES
LOW.................54 DEGREES
PRECIPITATION.......NONE

$$
