000
CDUS41 KBTV 270601
CLIBTV


CLIMATE REPORT
NATIONAL WEATHER SERVICE BURLINGTON VT
100 AM EST TUE JAN 27 2015


...................................

...THE BURLINGTON VT CLIMATE SUMMARY FOR JANUARY 26 2015...

CLIMATE NORMAL PERIOD 1981 TO 2010
CLIMATE RECORD PERIOD 1884 TO 2015


WEATHER ITEM   OBSERVED TIME   RECORD YEAR NORMAL DEPARTURE LAST
                VALUE   (LST)  VALUE       VALUE  FROM      YEAR
                                                  NORMAL
..................................................................
TEMPERATURE (F)
 YESTERDAY
  MAXIMUM         11    419 PM  55    1950  27    -16       22
  MINIMUM         -4    736 AM -25    1994  10    -14        0
  AVERAGE          4                        18    -14       11

PRECIPITATION (IN)
  YESTERDAY        0.00          1.22 1986   0.06  -0.06      T
  MONTH TO DATE    1.06                      1.73  -0.67     2.45
  SINCE DEC 1      3.91                      4.11  -0.20     4.99
  SINCE JAN 1      1.06                      1.73  -0.67     2.45

SNOWFALL (IN)
  YESTERDAY        0.0          11.2  1986   0.7   -0.7       T
  MONTH TO DATE    9.3                      17.7   -8.4     12.5
  SINCE DEC 1     31.2                      35.6   -4.4     27.8
  SINCE JUL 1     41.8                      41.0    0.8     34.2
  SNOW DEPTH       2

DEGREE DAYS
 HEATING
  YESTERDAY       61                        47     14       54
  MONTH TO DATE 1240                      1207     33     1209
  SINCE DEC 1   2318                      2421   -103     2489
  SINCE JUL 1   3643                      3966   -323     3982

 COOLING
  YESTERDAY        0                         0      0        0
  MONTH TO DATE    0                         0      0        0
  SINCE DEC 1      0                         0      0        0
  SINCE JAN 1      0                         0      0        0
..................................................................


WIND (MPH)
  HIGHEST WIND SPEED    15   HIGHEST WIND DIRECTION    NW (320)
  HIGHEST GUST SPEED    18   HIGHEST GUST DIRECTION    NW (320)
  AVERAGE WIND SPEED     6.8


SKY COVER
  POSSIBLE SUNSHINE  MM
  AVERAGE SKY COVER 0.5


WEATHER CONDITIONS
 THE FOLLOWING WEATHER WAS RECORDED YESTERDAY.
  HAZE


RELATIVE HUMIDITY (PERCENT)
 HIGHEST    79           500 AM
 LOWEST     57          1200 PM
 AVERAGE    68

..........................................................


THE BURLINGTON VT CLIMATE NORMALS FOR TODAY
                         NORMAL    RECORD    YEAR
 MAXIMUM TEMPERATURE (F)   27        53      1996
 MINIMUM TEMPERATURE (F)   10       -29      1994


SUNRISE AND SUNSET
JANUARY 27 2015.......SUNRISE   717 AM EST   SUNSET   454 PM EST
JANUARY 28 2015.......SUNRISE   716 AM EST   SUNSET   456 PM EST


-  INDICATES NEGATIVE NUMBERS.
R  INDICATES RECORD WAS SET OR TIED.
MM INDICATES DATA IS MISSING.
T  INDICATES TRACE AMOUNT.

&&

LAKE CHAMPLAIN DATA:
LEVEL...............95.67 FEET
TEMPERATURE.........35 DEGREES

MOUNT MANSFIELD DATA:
HIGH................6 DEGREES
LOW.................-11 DEGREES
PRECIPITATION.......NONE
NEW SNOW............NONE
SNOW AT STAKE.......55 INCHES

$$
