000
CDUS41 KBTV 240650
CLIBTV


CLIMATE REPORT
NATIONAL WEATHER SERVICE BURLINGTON VT
148 AM EST MON NOV 24 2014


...................................

...THE BURLINGTON VT CLIMATE SUMMARY FOR NOVEMBER 23 2014...

CLIMATE NORMAL PERIOD 1981 TO 2010
CLIMATE RECORD PERIOD 1884 TO 2014


WEATHER ITEM   OBSERVED TIME   RECORD YEAR NORMAL DEPARTURE LAST
                VALUE   (LST)  VALUE       VALUE  FROM      YEAR
                                                  NORMAL
..................................................................
TEMPERATURE (F)
 YESTERDAY
  MAXIMUM         52    838 PM  68    1953  42     10       42
  MINIMUM         39    342 AM   2    1972  29     10       21
                                      1888
  AVERAGE         46                        36     10       32

PRECIPITATION (IN)
  YESTERDAY        0.04          1.32 1924   0.10  -0.06     0.09
  MONTH TO DATE    1.09                      2.47  -1.38     1.18
  SINCE SEP 1      6.89                      9.71  -2.82     8.51
  SINCE JAN 1     32.59                     33.78  -1.19    41.20

SNOWFALL (IN)
  YESTERDAY        0.0           7.5  1943   0.3   -0.3      2.0
  MONTH TO DATE    0.6                       3.1   -2.5      2.3
  SINCE SEP 1      0.6                       3.4   -2.8      2.3
  SINCE JUL 1      0.6                       3.4   -2.8      2.3
  SNOW DEPTH       0

DEGREE DAYS
 HEATING
  YESTERDAY       19                        29    -10       33
  MONTH TO DATE  595                       585     10      580
  SINCE SEP 1   1112                      1284   -172     1183
  SINCE JUL 1   1125                      1326   -201     1199

 COOLING
  YESTERDAY        0                         0      0        0
  MONTH TO DATE    0                         0      0        0
  SINCE SEP 1     89                        43     46       62
  SINCE JAN 1    582                       491     91      662
..................................................................


WIND (MPH)
  HIGHEST WIND SPEED    20   HIGHEST WIND DIRECTION     S (190)
  HIGHEST GUST SPEED    26   HIGHEST GUST DIRECTION     S (190)
  AVERAGE WIND SPEED     9.5


SKY COVER
  POSSIBLE SUNSHINE  MM
  AVERAGE SKY COVER 0.9


WEATHER CONDITIONS
 THE FOLLOWING WEATHER WAS RECORDED YESTERDAY.
  LIGHT RAIN


RELATIVE HUMIDITY (PERCENT)
 HIGHEST    79           400 AM
 LOWEST     54          1200 AM
 AVERAGE    67

..........................................................


THE BURLINGTON VT CLIMATE NORMALS FOR TODAY
                         NORMAL    RECORD    YEAR
 MAXIMUM TEMPERATURE (F)   42        65      1999
                                             1931
 MINIMUM TEMPERATURE (F)   28         2      1956


SUNRISE AND SUNSET
NOVEMBER 24 2014......SUNRISE   700 AM EST   SUNSET   418 PM EST
NOVEMBER 25 2014......SUNRISE   702 AM EST   SUNSET   417 PM EST


-  INDICATES NEGATIVE NUMBERS.
R  INDICATES RECORD WAS SET OR TIED.
MM INDICATES DATA IS MISSING.
T  INDICATES TRACE AMOUNT.

&&

LAKE CHAMPLAIN DATA:
LEVEL...............94.18 FEET
TEMPERATURE.........44 DEGREES

MOUNT MANSFIELD DATA:
HIGH................34 DEGREES
LOW.................20 DEGREES
PRECIPITATION.......0.13 INCHES
NEW SNOW............NONE
SNOW AT STAKE.......10 INCHES

$$
