000
CXUS51 KBUF 011435
CLMBUF


CLIMATE REPORT
NATIONAL WEATHER SERVICE BUFFALO NY
935 AM EST SUN MAR 1 2015

...................................

...THE BUFFALO NY CLIMATE SUMMARY FOR THE MONTH OF FEBRUARY 2015...

CLIMATE NORMAL PERIOD 1981 TO 2010
CLIMATE RECORD PERIOD 1871 TO 2015

WEATHER         OBSERVED          NORMAL  DEPART  LAST YEAR`S
                 VALUE   DATE(S)  VALUE   FROM    VALUE  DATE(S)
                                          NORMAL
................................................................
TEMPERATURE (F)
RECORD
 HIGH              71   02/26/2000
 LOW              -21   02/09/1934
HIGHEST            32   02/07                         49  02/21
                        02/04
LOWEST            -10   02/16                         -3  02/28
                        02/15                             02/12
AVG. MAXIMUM     18.5              33.3   -14.8     26.5
AVG. MINIMUM      3.3              19.2   -15.9     13.2
MEAN             10.9              26.3   -15.4     19.8
DAYS MAX >= 90      0               0.0     0.0        0
DAYS MAX <= 32     28              13.6    14.4       21
DAYS MIN <= 32     28              25.3     2.7       26
DAYS MIN <= 0      12               0.6    11.4        3

PRECIPITATION (INCHES)
RECORD
 MAXIMUM         5.90   1990
 MINIMUM         0.46   1877
TOTALS           2.40              2.49   -0.09     3.62
DAYS >= .01        20                                 16
DAYS >= .10         7                                  8
DAYS >= .50         0                                  3
DAYS >= 1.00        0                                  1
GREATEST
 24 HR. TOTAL    0.48   02/01 TO 02/02           02/20 TO 02/21
                                                          02/21 TO 02/21
                                                          02/21 TO 02/21

SNOWFALL (INCHES)
RECORDS
 TOTAL           54.2   1958
TOTALS           46.2              17.3    28.9     23.3
SINCE 7/1       103.0              78.8    24.2
SNOWDEPTH AVG.     21                 4      17        5
DAYS >= 1.0        14               5.3     8.7        6
GREATEST
 SNOW DEPTH        26   02/15                          9  02/12
                                                          02/11
                                                          02/10
 24 HR TOTAL      8.2   MM

DEGREE_DAYS
HEATING TOTAL    1509              1085     424     1259
 SINCE 7/1       5148              4744     404     5106
COOLING TOTAL       0                 0       0        0
 SINCE 1/1          0                 0       0        0
..................................................

WIND (MPH)
AVERAGE WIND SPEED              11.2
HIGHEST WIND SPEED/DIRECTION    31/230
HIGHEST GUST SPEED/DIRECTION    41/240    DATE  02/24

SKY COVER
POSSIBLE SUNSHINE (PERCENT)   MM
NUMBER OF DAYS FAIR            1
NUMBER OF DAYS PC              9
NUMBER OF DAYS CLOUDY         18

AVERAGE RH (PERCENT)     73

WEATHER CONDITIONS. NUMBER OF DAYS WITH
THUNDERSTORM              0     MIXED PRECIP               1
HEAVY RAIN                0     RAIN                       0
LIGHT RAIN                0     FREEZING RAIN              0
LT FREEZING RAIN          3     HAIL                       0
HEAVY SNOW                7     SNOW                      10
LIGHT SNOW               26     SLEET                      2
FOG                      18     FOG W/VIS <= 1/4 MILE      2
HAZE                     15

-  INDICATES NEGATIVE NUMBERS.
R  INDICATES RECORD WAS SET OR TIED.
MM INDICATES DATA IS MISSING.
T  INDICATES TRACE AMOUNT.

$$
