000
CXUS51 KBUF 011641
CLMBUF


CLIMATE REPORT
NATIONAL WEATHER SERVICE BUFFALO NY
1226 PM EDT SAT OCT 1 2016

...................................

...THE BUFFALO NY CLIMATE SUMMARY FOR THE MONTH OF SEPTEMBER 2016...

CLIMATE NORMAL PERIOD 1981 TO 2010
CLIMATE RECORD PERIOD 1871 TO 2016

WEATHER         OBSERVED          NORMAL  DEPART  LAST YEAR`S
                 VALUE   DATE(S)  VALUE   FROM    VALUE  DATE(S)
                                          NORMAL
................................................................
TEMPERATURE (F)
RECORD
 HIGH              98   09/03/1953
 LOW               32   09/30/1991
                        09/24/1963
                        09/28/1957
HIGHEST            88   09/10                         88  09/08
                                                          09/05
LOWEST             43   09/25                         47  09/30
                                                          09/21
AVG. MAXIMUM     76.3              71.1     5.2     76.3
AVG. MINIMUM     57.6              53.4     4.2     58.2
MEAN             67.0              62.2     4.8     67.3
DAYS MAX >= 90      0               0.1    -0.1        0
DAYS MAX <= 32      0               0.0     0.0        0
DAYS MIN <= 32      0               0.0     0.0        0
DAYS MIN <= 0       0               0.0     0.0        0

PRECIPITATION (INCHES)
RECORD
 MAXIMUM         8.99   1977
 MINIMUM         0.31   1897
TOTALS           3.53              3.90   -0.37     4.29
DAYS >= .01         7                                  9
DAYS >= .10         4                                  8
DAYS >= .50         2                                  2
DAYS >= 1.00        1                                  2
GREATEST
 24 HR. TOTAL    1.76   09/17 TO 09/17

SNOWFALL (INCHES)
RECORDS
 TOTAL              T   1956
                        1950
TOTALS            0.0               0.0     0.0      0.0
SINCE 7/1         0.0               0.0     0.0
SNOWDEPTH AVG.      0                MM      MM        0
DAYS >= 1.0         0               0.0     0.0        0
GREATEST
 SNOW DEPTH         0   MM                             0  MM
 24 HR TOTAL      0.0

DEGREE_DAYS
HEATING TOTAL      44               135     -91       55
 SINCE 7/1         44               162    -118       70
COOLING TOTAL     109                53      56      131
 SINCE 1/1        927               540     387      656
..........................................................

WIND (MPH)
AVERAGE WIND SPEED              8.2
HIGHEST WIND SPEED/DIRECTION    29/260    DATE  09/08
  DATE  09/10
HIGHEST GUST SPEED/DIRECTION    43/240    DATE  09/10

SKY COVER
POSSIBLE SUNSHINE (PERCENT)   MM
NUMBER OF DAYS FAIR           10
NUMBER OF DAYS PC             15
NUMBER OF DAYS CLOUDY          5

AVERAGE RH (PERCENT)     68

WEATHER CONDITIONS. NUMBER OF DAYS WITH
THUNDERSTORM              3     MIXED PRECIP               0
HEAVY RAIN                2     RAIN                       4
LIGHT RAIN               11     FREEZING RAIN              0
LT FREEZING RAIN          0     HAIL                       0
HEAVY SNOW                0     SNOW                       0
LIGHT SNOW                0     SLEET                      0
FOG                       9     FOG W/VIS <= 1/4 MILE      0
HAZE                      1

-  INDICATES NEGATIVE NUMBERS.
R  INDICATES RECORD WAS SET OR TIED.
MM INDICATES DATA IS MISSING.
T  INDICATES TRACE AMOUNT.

$$
