806
CXUS51 KBUF 011754
CLMBUF


CLIMATE REPORT
NATIONAL WEATHER SERVICE BUFFALO NY
127 PM EDT MON AUG 1 2016

...................................

...THE BUFFALO NY CLIMATE SUMMARY FOR THE MONTH OF JULY 2016...

CLIMATE NORMAL PERIOD 1981 TO 2010
CLIMATE RECORD PERIOD 1871 TO 2016

WEATHER         OBSERVED          NORMAL  DEPART  LAST YEAR`S
                 VALUE   DATE(S)  VALUE   FROM    VALUE  DATE(S)
                                          NORMAL
................................................................
TEMPERATURE (F)
RECORD
 HIGH              97   07/15/1995
                        07/06/1988
 LOW               43   07/11/1945
HIGHEST            91   07/23                         91  07/29
LOWEST             55   07/20                         50  07/03
                        07/02
AVG. MAXIMUM     82.8              79.9     2.9     79.9
AVG. MINIMUM     65.4              62.3     3.1     62.0
MEAN             74.1              71.1     3.0     71.0
DAYS MAX >= 90      2               1.1     0.9        1
DAYS MAX <= 32      0               0.0     0.0        0
DAYS MIN <= 32      0               0.0     0.0        0
DAYS MIN <= 0       0               0.0     0.0        0

PRECIPITATION (INCHES)
RECORD
 MAXIMUM         8.93   1992
 MINIMUM         0.15   1933
TOTALS           1.80              3.23   -1.43     2.42
DAYS >= .01         5                                 10
DAYS >= .10         2                                  6
DAYS >= .50         2                                  1
DAYS >= 1.00        1                                  0
GREATEST
 24 HR. TOTAL    1.04   07/25 TO 07/25

SNOWFALL (INCHES)
RECORDS
 TOTAL             MM   MM
TOTALS            0.0               0.0     0.0      0.0
SINCE 7/1         0.0               0.0     0.0
SNOWDEPTH AVG.      0                MM      MM        0
DAYS >= 1.0         0               0.0     0.0        0
GREATEST
 SNOW DEPTH         0   MM                             0  MM
 24 HR TOTAL      0.0   07/31 TO 07/31

DEGREE_DAYS
HEATING TOTAL       0                 9      -9        7
 SINCE 7/1          0                 9      -9        7
COOLING TOTAL     293               197      96      198
 SINCE 1/1        480               326     154      365
.....................................................

WIND (MPH)
AVERAGE WIND SPEED              9.6
HIGHEST WIND SPEED/DIRECTION    43/230    DATE  07/14
HIGHEST GUST SPEED/DIRECTION    62/250    DATE  07/14

SKY COVER
POSSIBLE SUNSHINE (PERCENT)   MM
NUMBER OF DAYS FAIR            5
NUMBER OF DAYS PC             24
NUMBER OF DAYS CLOUDY          2

AVERAGE RH (PERCENT)     63

WEATHER CONDITIONS. NUMBER OF DAYS WITH
THUNDERSTORM              3     MIXED PRECIP               0
HEAVY RAIN                2     RAIN                       1
LIGHT RAIN               12     FREEZING RAIN              0
LT FREEZING RAIN          0     HAIL                       0
HEAVY SNOW                0     SNOW                       0
LIGHT SNOW                0     SLEET                      0
FOG                       6     FOG W/VIS <= 1/4 MILE      0
HAZE                      2

-  INDICATES NEGATIVE NUMBERS.
R  INDICATES RECORD WAS SET OR TIED.
MM INDICATES DATA IS MISSING.
T  INDICATES TRACE AMOUNT.

$$
