000
CXUS51 KBUF 011049
CLMBUF


CLIMATE REPORT
NATIONAL WEATHER SERVICE BUFFALO NY
549 AM EST SUN DEC 1 2013

...................................

...THE BUFFALO NY CLIMATE SUMMARY FOR THE MONTH OF NOVEMBER 2013...

CLIMATE NORMAL PERIOD 1981 TO 2010
CLIMATE RECORD PERIOD 1871 TO 2013

WEATHER         OBSERVED          NORMAL  DEPART  LAST YEAR`S
                 VALUE   DATE(S)  VALUE   FROM    VALUE  DATE(S)
                                          NORMAL
................................................................
TEMPERATURE (F)
RECORD
 HIGH              80   11/03/1961
 LOW                2   11/30/1875
HIGHEST            67   11/06                         70  11/12
                                                          11/11
LOWEST             15   11/30                         24  11/08
                        11/29
                        11/24
AVG. MAXIMUM     44.8              47.6    -2.8     46.0
AVG. MINIMUM     30.5              33.9    -3.4     32.6
MEAN             37.6              40.7    -3.1     39.3
DAYS MAX >= 90      0               0.0     0.0        0
DAYS MAX <= 32      4               1.6     2.4        0
DAYS MIN <= 32     16              13.1     2.9       18
DAYS MIN <= 0       0               0.0     0.0        0

PRECIPITATION (INCHES)
RECORD
 MAXIMUM         9.75   1985
 MINIMUM         0.51   1904
TOTALS           2.93              4.01   -1.08     1.05
DAYS >= .01        17                                  9
DAYS >= .10         9                                  4
DAYS >= .50         0                                  0
DAYS >= 1.00        0                                  0
GREATEST
 24 HR. TOTAL    1.31   10/31 TO 11/01           11/12 TO 11/12
                                                          11/12 TO 11/12
                                                          11/12 TO 11/12

SNOWFALL (INCHES)
RECORDS
 TOTAL           45.6   2000
TOTALS           10.0               7.9     2.1      2.4
SINCE 7/1        10.0               8.8     1.2
SNOWDEPTH AVG.      1                MM      MM        0
DAYS >= 1.0         3               2.1     0.9        1
GREATEST
 SNOW DEPTH         6   11/28                          1  11/26
 24 HR TOTAL      3.4   MM

DEGREE_DAYS
HEATING TOTAL     813               728      85      762
 SINCE 7/1       1318              1333     -15     1279
COOLING TOTAL       0                 0       0        0
 SINCE 1/1        611               544      67      875
...................................................

WIND (MPH)
AVERAGE WIND SPEED              11.9
HIGHEST WIND SPEED/DIRECTION    46/240
HIGHEST GUST SPEED/DIRECTION    61/240    DATE  11/01

SKY COVER
POSSIBLE SUNSHINE (PERCENT)   42
NUMBER OF DAYS FAIR            0
NUMBER OF DAYS PC             13
NUMBER OF DAYS CLOUDY         17

AVERAGE RH (PERCENT)     67

WEATHER CONDITIONS. NUMBER OF DAYS WITH
THUNDERSTORM              0     MIXED PRECIP               0
HEAVY RAIN                2     RAIN                       7
LIGHT RAIN               11     FREEZING RAIN              0
LT FREEZING RAIN          0     HAIL                       1
HEAVY SNOW                0     SNOW                       4
LIGHT SNOW               12     SLEET                      0
FOG                      14     FOG W/VIS <= 1/4 MILE      1
HAZE                      4

-  INDICATES NEGATIVE NUMBERS.
R  INDICATES RECORD WAS SET OR TIED.
MM INDICATES DATA IS MISSING.
T  INDICATES TRACE AMOUNT.

$$
