000
CXUS51 KBUF 011746
CLMBUF


CLIMATE REPORT
NATIONAL WEATHER SERVICE BUFFALO NY
1223 PM EST MON DEC 1 2014

...................................

...THE BUFFALO NY CLIMATE SUMMARY FOR THE MONTH OF NOVEMBER 2014...

CLIMATE NORMAL PERIOD 1981 TO 2010
CLIMATE RECORD PERIOD 1871 TO 2014

WEATHER         OBSERVED          NORMAL  DEPART  LAST YEAR`S
                 VALUE   DATE(S)  VALUE   FROM    VALUE  DATE(S)
                                          NORMAL
................................................................
TEMPERATURE (F)
RECORD
 HIGH              80   11/03/1961
 LOW                2   11/30/1875
HIGHEST            68   11/11                         67  11/06
LOWEST             14   11/19                         15  11/30
                                                          11/29
                                                          11/24
AVG. MAXIMUM     44.0              47.6    -3.6     44.8
AVG. MINIMUM     31.6              33.9    -2.3     30.5
MEAN             37.8              40.7    -2.9     37.6
DAYS MAX >= 90      0               0.0     0.0        0
DAYS MAX <= 32      5               1.6     3.4        4
DAYS MIN <= 32     16              13.1     2.9       16
DAYS MIN <= 0       0               0.0     0.0        0

PRECIPITATION (INCHES)
RECORD
 MAXIMUM         9.75   1985
 MINIMUM         0.51   1904
TOTALS           2.58              4.01   -1.43     2.93
DAYS >= .01        19                                 17
DAYS >= .10        10                                  9
DAYS >= .50         1                                  0
DAYS >= 1.00        0                                  0
GREATEST
 24 HR. TOTAL    0.59   11/19 TO 11/20           10/31 TO 11/01


SNOWFALL (INCHES)
RECORDS
 TOTAL           45.6   2000
TOTALS           20.5               7.9    12.6     10.0
SINCE 7/1        20.5               8.8    11.7
SNOWDEPTH AVG.      1                MM      MM        1
DAYS >= 1.0         6               2.1     3.9        3
GREATEST
 SNOW DEPTH        12   11/20                          6  11/28
 24 HR TOTAL      7.6   11/19

DEGREE_DAYS
HEATING TOTAL     809               728      81      813
 SINCE 7/1       1298              1333     -35     1318
COOLING TOTAL       0                 0       0        0
 SINCE 1/1        516               544     -28      611
..................................................

WIND (MPH)
AVERAGE WIND SPEED              12.2
HIGHEST WIND SPEED/DIRECTION    38/240    DATE  11/24
HIGHEST GUST SPEED/DIRECTION    52/250    DATE  11/24

SKY COVER
POSSIBLE SUNSHINE (PERCENT)   MM
NUMBER OF DAYS FAIR            0
NUMBER OF DAYS PC              7
NUMBER OF DAYS CLOUDY         23

AVERAGE RH (PERCENT)     68

WEATHER CONDITIONS. NUMBER OF DAYS WITH
THUNDERSTORM              3     MIXED PRECIP               0
HEAVY RAIN                2     RAIN                       6
LIGHT RAIN               14     FREEZING RAIN              0
LT FREEZING RAIN          0     HAIL                       2
HEAVY SNOW                7     SNOW                       7
LIGHT SNOW               17     SLEET                      0
FOG                      19     FOG W/VIS <= 1/4 MILE      6
HAZE                      4

-  INDICATES NEGATIVE NUMBERS.
R  INDICATES RECORD WAS SET OR TIED.
MM INDICATES DATA IS MISSING.
T  INDICATES TRACE AMOUNT.

$$
