091
CXUS51 KBUF 011410
CLMBUF


CLIMATE REPORT
NATIONAL WEATHER SERVICE BUFFALO NY
1009 AM EDT FRI APR 1 2016

...................................

...THE BUFFALO NY CLIMATE SUMMARY FOR THE MONTH OF MARCH 2016...

CLIMATE NORMAL PERIOD 1981 TO 2010
CLIMATE RECORD PERIOD 1871 TO 2016

WEATHER         OBSERVED          NORMAL  DEPART  LAST YEAR`S
                 VALUE   DATE(S)  VALUE   FROM    VALUE  DATE(S)
                                          NORMAL
................................................................
TEMPERATURE (F)
RECORD
 HIGH              82   03/21/2012
 LOW               -7   03/08/1984
HIGHEST            70   03/27                         51  03/13
LOWEST             16   03/02                         -1  03/06
AVG. MAXIMUM     48.8              42.0     6.8     36.7
AVG. MINIMUM     31.0              26.0     5.0     21.6
MEAN             39.9              34.0     5.9     29.2
DAYS MAX >= 90      0               0.0     0.0        0
DAYS MAX <= 32      3               5.9    -2.9        8
DAYS MIN <= 32     20              22.9    -2.9       29
DAYS MIN <= 0       0               0.2    -0.2        1

PRECIPITATION (INCHES)
RECORD
 MAXIMUM         7.03   1936
 MINIMUM         0.68   1910
TOTALS           2.85              2.87   -0.02     1.44
DAYS >= .01        14                                 16
DAYS >= .10         8                                  5
DAYS >= .50         1                                  0
DAYS >= 1.00        0                                  0
GREATEST
 24 HR. TOTAL    0.80   03/10 TO 03/10           03/26 TO 03/26
                                                          03/02 TO 03/02
                                                          03/02 TO 03/02

SNOWFALL (INCHES)
RECORDS
 TOTAL           38.5   1936
TOTALS            0.9              12.9   -12.0      9.6
SINCE 7/1        48.0              91.7   -43.7
SNOWDEPTH AVG.      0                 3      -3        9
DAYS >= 1.0         0               3.4    -3.4        5
GREATEST
 SNOW DEPTH         1   03/03                         23  03/02
                        03/02
 24 HR TOTAL      0.8   MM

DEGREE_DAYS
HEATING TOTAL     772               961    -189     1102
 SINCE 7/1       4710              5705    -995     6250
COOLING TOTAL       0                 0       0        0
 SINCE 1/1          0                 0       0        0
...................................................

WIND (MPH)
AVERAGE WIND SPEED              10.5
HIGHEST WIND SPEED/DIRECTION    41/230
HIGHEST GUST SPEED/DIRECTION    56/220    DATE  03/28

SKY COVER
POSSIBLE SUNSHINE (PERCENT)   MM
NUMBER OF DAYS FAIR            2
NUMBER OF DAYS PC             16
NUMBER OF DAYS CLOUDY         13

AVERAGE RH (PERCENT)     67

WEATHER CONDITIONS. NUMBER OF DAYS WITH
THUNDERSTORM              0     MIXED PRECIP               0
HEAVY RAIN                2     RAIN                       8
LIGHT RAIN               14     FREEZING RAIN              0
LT FREEZING RAIN          2     HAIL                       0
HEAVY SNOW                0     SNOW                       2
LIGHT SNOW                6     SLEET                      0
FOG                      12     FOG W/VIS <= 1/4 MILE      2
HAZE                      3

-  INDICATES NEGATIVE NUMBERS.
R  INDICATES RECORD WAS SET OR TIED.
MM INDICATES DATA IS MISSING.
T  INDICATES TRACE AMOUNT.

$$
