000
CXUS51 KBUF 231129
CLMBUF


CLIMATE REPORT
NATIONAL WEATHER SERVICE BUFFALO NY
729 AM EDT FRI MAY 23 2014

...................................

...THE BUFFALO NY CLIMATE SUMMARY FOR THE MONTH OF APRIL 2014...

CLIMATE NORMAL PERIOD 1981 TO 2010
CLIMATE RECORD PERIOD 1871 TO 2014

WEATHER         OBSERVED          NORMAL  DEPART  LAST YEAR`S
                 VALUE   DATE(S)  VALUE   FROM    VALUE  DATE(S)
                                          NORMAL
................................................................
TEMPERATURE (F)
RECORD
 HIGH              94   04/28/1990
 LOW                5   04/01/1923
HIGHEST            76   04/14                         82  04/18
LOWEST             24   04/16                         23  04/06
                        04/15
AVG. MAXIMUM     56.0              55.0     1.0     56.4
AVG. MINIMUM     35.5              36.8    -1.3     36.3
MEAN             45.8              45.9    -0.1     46.3
DAYS MAX >= 90      0               0.0     0.0        0
DAYS MAX <= 32      0               0.5    -0.5        0
DAYS MIN <= 32     10               8.5     1.5        9
DAYS MIN <= 0       0               0.0     0.0        0

PRECIPITATION (INCHES)
RECORD
 MAXIMUM         5.90   1961
 MINIMUM         0.59   1915
TOTALS           5.08              3.01    2.07     3.92
DAYS >= .01        16                                 12
DAYS >= .10        11                                  8
DAYS >= .50         2                                  3
DAYS >= 1.00        0                                  1
GREATEST
 24 HR. TOTAL    1.17   04/07 TO 04/08           04/09 TO 04/10
                                                          04/10 TO 04/10
                                                          04/10 TO 04/10

SNOWFALL (INCHES)
RECORDS
 TOTAL           15.7   1885
TOTALS            1.2               2.7    -1.5      0.3
SINCE 7/1       129.9              94.4    35.5
SNOWDEPTH AVG.      0                MM      MM        0
DAYS >= 1.0         1               0.8     0.2        0
GREATEST
 SNOW DEPTH         T   04/05                         -1  04/01
 24 HR TOTAL      1.0   04/15 TO 04/15

DEGREE_DAYS
HEATING TOTAL     571               576      -5      552
 SINCE 7/1       6855              6281     574     5858
COOLING TOTAL       0                 3      -3        0
 SINCE 1/1          0                 3      -3        0
.................................................

WIND (MPH)
AVERAGE WIND SPEED              10.9
HIGHEST WIND SPEED/DIRECTION    37/230
HIGHEST GUST SPEED/DIRECTION    51/230    DATE  04/04

SKY COVER
POSSIBLE SUNSHINE (PERCENT)   61
NUMBER OF DAYS FAIR            6
NUMBER OF DAYS PC             12
NUMBER OF DAYS CLOUDY         12

AVERAGE RH (PERCENT)     64

WEATHER CONDITIONS. NUMBER OF DAYS WITH
THUNDERSTORM              0     MIXED PRECIP               0
HEAVY RAIN                6     RAIN                      12
LIGHT RAIN               14     FREEZING RAIN              0
LT FREEZING RAIN          0     HAIL                       1
HEAVY SNOW                0     SNOW                       3
LIGHT SNOW                2     SLEET                      0
FOG                      14     FOG W/VIS <= 1/4 MILE      3
HAZE                      2

-  INDICATES NEGATIVE NUMBERS.
R  INDICATES RECORD WAS SET OR TIED.
MM INDICATES DATA IS MISSING.
T  INDICATES TRACE AMOUNT.

$$
