000
CXUS51 KBUF 021142
CLMBUF


CLIMATE REPORT
NATIONAL WEATHER SERVICE BUFFALO NY
739 AM EDT SAT NOV 2 2013

...................................

...THE BUFFALO NY CLIMATE SUMMARY FOR THE MONTH OF OCTOBER 2013...

CLIMATE NORMAL PERIOD 1981 TO 2010
CLIMATE RECORD PERIOD 1871 TO 2013

WEATHER         OBSERVED          NORMAL  DEPART  LAST YEAR`S
                 VALUE   DATE(S)  VALUE   FROM    VALUE  DATE(S)
                                          NORMAL
................................................................
TEMPERATURE (F)
RECORD
 HIGH              92   10/02/1927
 LOW               20   10/29/1965
HIGHEST            83   10/06                         79  10/25
LOWEST             31   10/29                         30  10/13
AVG. MAXIMUM     62.6              59.0     3.6     59.4
AVG. MINIMUM     45.8              42.7     3.1     45.1
MEAN             54.2              50.8     3.4     52.2
DAYS MAX >= 90      0               0.0     0.0        0
DAYS MAX <= 32      0               0.0     0.0        0
DAYS MIN <= 32      2               2.3    -0.3        2
DAYS MIN <= 0       0               0.0     0.0        0

PRECIPITATION (INCHES)
RECORD
 MAXIMUM         9.13   1954
 MINIMUM         0.08   1924
TOTALS           7.00              3.52    3.48     6.98
DAYS >= .01        18                                 22
DAYS >= .10        13                                 15
DAYS >= .50         7                                  7
DAYS >= 1.00        1                                  1
GREATEST
 24 HR. TOTAL    1.22   10/31 TO 10/31           10/29 TO 10/30
                                                          10/31 TO 10/31
                                                          10/31 TO 10/31

SNOWFALL (INCHES)
RECORDS
 TOTAL           22.6   2006
TOTALS              T               0.9    -0.9      0.0
SINCE 7/1           T               0.9    -0.9
SNOWDEPTH AVG.      0                MM      MM        0
DAYS >= 1.0         0               0.1    -0.1        0
GREATEST
 SNOW DEPTH         0   MM                             0  MM
 24 HR TOTAL        T   10/26 TO 10/26

DEGREE_DAYS
HEATING TOTAL     337               443    -106      392
 SINCE 7/1        505               605    -100      517
COOLING TOTAL       8                 4       4        4
 SINCE 1/1        611               544      67      875
..................................................

WIND (MPH)
AVERAGE WIND SPEED              8.4
HIGHEST WIND SPEED/DIRECTION    32/190
HIGHEST GUST SPEED/DIRECTION    44/260    DATE  10/07

SKY COVER
POSSIBLE SUNSHINE (PERCENT)   52
NUMBER OF DAYS FAIR            2
NUMBER OF DAYS PC             17
NUMBER OF DAYS CLOUDY         12

AVERAGE RH (PERCENT)     71

WEATHER CONDITIONS. NUMBER OF DAYS WITH
THUNDERSTORM              0     MIXED PRECIP               0
HEAVY RAIN               11     RAIN                      14
LIGHT RAIN               20     FREEZING RAIN              0
LT FREEZING RAIN          0     HAIL                       2
HEAVY SNOW                0     SNOW                       1
LIGHT SNOW                0     SLEET                      0
FOG                      17     FOG W/VIS <= 1/4 MILE      1
HAZE                      1

-  INDICATES NEGATIVE NUMBERS.
R  INDICATES RECORD WAS SET OR TIED.
MM INDICATES DATA IS MISSING.
T  INDICATES TRACE AMOUNT.

$$
