000
CXUS51 KBUF 011401
CLMBUF


CLIMATE REPORT
NATIONAL WEATHER SERVICE BUFFALO NY
859 AM EST SAT MAR 1 2014

...................................

...THE BUFFALO NY CLIMATE SUMMARY FOR THE MONTH OF FEBRUARY 2014...

CLIMATE NORMAL PERIOD 1981 TO 2010
CLIMATE RECORD PERIOD 1871 TO 2014

WEATHER         OBSERVED          NORMAL  DEPART  LAST YEAR`S
                 VALUE   DATE(S)  VALUE   FROM    VALUE  DATE(S)
                                          NORMAL
................................................................
TEMPERATURE (F)
RECORD
 HIGH              71   02/26/2000
 LOW              -21   02/09/1934
HIGHEST            49   02/21                         49  02/11
LOWEST             -3   02/28                          7  02/10
                        02/12
AVG. MAXIMUM     26.5              33.3    -6.8     31.7
AVG. MINIMUM     13.2              19.2    -6.0     20.4
MEAN             19.8              26.3    -6.5     26.0
DAYS MAX >= 90      0               0.0     0.0        0
DAYS MAX <= 32     21              13.6     7.4       13
DAYS MIN <= 32     26              25.3     0.7       27
DAYS MIN <= 0       3               0.6     2.4        0

PRECIPITATION (INCHES)
RECORD
 MAXIMUM         5.90   1990
 MINIMUM         0.46   1877
TOTALS           3.62              2.49    1.13     3.05
DAYS >= .01        16                                 15
DAYS >= .10         8                                  8
DAYS >= .50         3                                  2
DAYS >= 1.00        1                                  0
GREATEST
 24 HR. TOTAL    1.78   02/20 TO 02/21           02/26 TO 02/27

SNOWFALL (INCHES)
RECORDS
 TOTAL           54.2   1958
TOTALS           23.3              17.3     6.0     20.5
SINCE 7/1       104.2              78.8    25.4
SNOWDEPTH AVG.      5                 4       1        2
DAYS >= 1.0         6               5.3     0.7        3
GREATEST
 SNOW DEPTH         9   02/12                          8  02/09
                        02/11
                        02/10
 24 HR TOTAL      8.8

DEGREE_DAYS
HEATING TOTAL    1259              1085     174     1082
 SINCE 7/1       5106              4744     362     4320
COOLING TOTAL       0                 0       0        0
 SINCE 1/1          0                 0       0        0
........................................................

WIND (MPH)
AVERAGE WIND SPEED              11.4
HIGHEST WIND SPEED/DIRECTION    39/230
HIGHEST GUST SPEED/DIRECTION    54/240    DATE  02/22

SKY COVER
POSSIBLE SUNSHINE (PERCENT)   48
NUMBER OF DAYS FAIR            2
NUMBER OF DAYS PC              9
NUMBER OF DAYS CLOUDY         17

AVERAGE RH (PERCENT)     72

WEATHER CONDITIONS. NUMBER OF DAYS WITH
THUNDERSTORM              1     MIXED PRECIP               2
HEAVY RAIN                1     RAIN                       4
LIGHT RAIN                5     FREEZING RAIN              0
LT FREEZING RAIN          0     HAIL                       0
HEAVY SNOW                3     SNOW                      10
LIGHT SNOW               24     SLEET                      0
FOG                      18     FOG W/VIS <= 1/4 MILE      2
HAZE                      7

-  INDICATES NEGATIVE NUMBERS.
R  INDICATES RECORD WAS SET OR TIED.
MM INDICATES DATA IS MISSING.
T  INDICATES TRACE AMOUNT.

$$
