444
CXUS51 KBUF 011528
CLMBUF


CLIMATE REPORT
NATIONAL WEATHER SERVICE BUFFALO NY
1027 AM EST THU DEC 1 2016

...................................

...THE BUFFALO NY CLIMATE SUMMARY FOR THE MONTH OF NOVEMBER 2016...

CLIMATE NORMAL PERIOD 1981 TO 2010
CLIMATE RECORD PERIOD 1871 TO 2016

WEATHER         OBSERVED          NORMAL  DEPART  LAST YEAR`S
                 VALUE   DATE(S)  VALUE   FROM    VALUE  DATE(S)
                                          NORMAL
................................................................
TEMPERATURE (F)
RECORD
 HIGH              80   11/03/1961
 LOW                2   11/30/1875
HIGHEST            72   11/18                         73  11/05
                        11/01                             11/04
LOWEST             24   11/23                         23  11/23
AVG. MAXIMUM     53.1              47.6     5.5     54.3
AVG. MINIMUM     37.0              33.9     3.1     38.0
MEAN             45.1              40.7     4.4     46.2
DAYS MAX >= 90      0               0.0     0.0        0
DAYS MAX <= 32      0               1.6    -1.6        0
DAYS MIN <= 32      7              13.1    -6.1        7
DAYS MIN <= 0       0               0.0     0.0        0

PRECIPITATION (INCHES)
RECORD
 MAXIMUM         9.75   1985
 MINIMUM         0.51   1904
TOTALS           3.35              4.01   -0.66     1.32
DAYS >= .01        12                                 11
DAYS >= .10         8                                  4
DAYS >= .50         3                                  0
DAYS >= 1.00        0                                  0
GREATEST
 24 HR. TOTAL    1.16   11/02 TO 11/03           11/12 TO 11/12
                                                          11/28 TO 11/28
                                                          11/28 TO 11/28

SNOWFALL (INCHES)
RECORDS
 TOTAL           45.6   2000
TOTALS            0.9               7.9    -7.0        T
SINCE 7/1         0.9               8.8    -7.9
SNOWDEPTH AVG.      0                MM      MM        0
DAYS >= 1.0         0               2.1    -2.1        0
GREATEST
 SNOW DEPTH         0   MM                             0  MM
 24 HR TOTAL      0.9   MM

DEGREE_DAYS
HEATING TOTAL     591               728    -137      558
 SINCE 7/1        970              1333    -363     1044
COOLING TOTAL       0                 0       0        0
 SINCE 1/1        939               544     395      657
.........................................................

WIND (MPH)
AVERAGE WIND SPEED              10.2
HIGHEST WIND SPEED/DIRECTION    35/230
HIGHEST GUST SPEED/DIRECTION    49/230    DATE  11/10

SKY COVER
POSSIBLE SUNSHINE (PERCENT)   MM
NUMBER OF DAYS FAIR            4
NUMBER OF DAYS PC             15
NUMBER OF DAYS CLOUDY         11

AVERAGE RH (PERCENT)     70

WEATHER CONDITIONS. NUMBER OF DAYS WITH
THUNDERSTORM              0     MIXED PRECIP               0
HEAVY RAIN                3     RAIN                       6
LIGHT RAIN               11     FREEZING RAIN              0
LT FREEZING RAIN          1     HAIL                       0
HEAVY SNOW                0     SNOW                       0
LIGHT SNOW                4     SLEET                      1
FOG                      14     FOG W/VIS <= 1/4 MILE      0
HAZE                      1

-  INDICATES NEGATIVE NUMBERS.
R  INDICATES RECORD WAS SET OR TIED.
MM INDICATES DATA IS MISSING.
T  INDICATES TRACE AMOUNT.

$$
