000
CXUS51 KBUF 011041
CLMBUF


CLIMATE REPORT
NATIONAL WEATHER SERVICE BUFFALO NY
541 AM EST FRI DEC 1 2017

...................................

...THE BUFFALO NY CLIMATE SUMMARY FOR THE MONTH OF NOVEMBER 2017...

CLIMATE NORMAL PERIOD 1981 TO 2010
CLIMATE RECORD PERIOD 1871 TO 2017

WEATHER         OBSERVED          NORMAL  DEPART  LAST YEAR`S
                 VALUE   DATE(S)  VALUE   FROM    VALUE  DATE(S)
                                          NORMAL
................................................................
TEMPERATURE (F)
RECORD
 HIGH              80   11/03/1961
 LOW                2   11/30/1875
HIGHEST            65   11/28                         72  11/18
                                                          11/01
LOWEST             19   11/11                         24  11/23
AVG. MAXIMUM     47.8              47.6     0.2     53.1
AVG. MINIMUM     31.9              33.9    -2.0     37.0
MEAN             39.8              40.7    -0.9     45.1
DAYS MAX >= 90      0               0.0     0.0        0
DAYS MAX <= 32      1               1.6    -0.6        0
DAYS MIN <= 32     16              13.1     2.9        7
DAYS MIN <= 0       0               0.0     0.0        0

PRECIPITATION (INCHES)
RECORD
 MAXIMUM         9.75   1985
 MINIMUM         0.51   1904
TOTALS           5.09              4.01    1.08     3.35
DAYS >= .01        17                                 12
DAYS >= .10        13                                  8
DAYS >= .50         4                                  3
DAYS >= 1.00        1                                  0
GREATEST
 24 HR. TOTAL    2.01   11/05 TO 11/05           11/02 TO 11/03
                                                          11/03 TO 11/03
                                                          11/03 TO 11/03

SNOWFALL (INCHES)
RECORDS
 TOTAL           45.6   2000
TOTALS            0.1               7.9    -7.8      0.9
SINCE 7/1         0.2               8.8    -8.6
SNOWDEPTH AVG.      0                MM      MM        0
DAYS >= 1.0         0               2.1    -2.1        0
GREATEST
 SNOW DEPTH         0   MM                             0  MM
 24 HR TOTAL      0.1   11/10 TO 11/10

DEGREE_DAYS
HEATING TOTAL     747               728      19      591
 SINCE 7/1       1115              1333    -218      970
COOLING TOTAL       0                 0       0        0
 SINCE 1/1        603               544      59      939
....................................................

WIND (MPH)
AVERAGE WIND SPEED              10.7
HIGHEST WIND SPEED/DIRECTION    35/290
HIGHEST GUST SPEED/DIRECTION    46/300    DATE  11/09

SKY COVER
POSSIBLE SUNSHINE (PERCENT)   MM
NUMBER OF DAYS FAIR            1
NUMBER OF DAYS PC             10
NUMBER OF DAYS CLOUDY         19

AVERAGE RH (PERCENT)     72

WEATHER CONDITIONS. NUMBER OF DAYS WITH
THUNDERSTORM              0     MIXED PRECIP               0
HEAVY RAIN                5     RAIN                      10
LIGHT RAIN               19     FREEZING RAIN              0
LT FREEZING RAIN          0     HAIL                       0
HEAVY SNOW                0     SNOW                       1
LIGHT SNOW                7     SLEET                      0
FOG                      16     FOG W/VIS <= 1/4 MILE      0
HAZE                      0

-  INDICATES NEGATIVE NUMBERS.
R  INDICATES RECORD WAS SET OR TIED.
MM INDICATES DATA IS MISSING.
T  INDICATES TRACE AMOUNT.

$$
