664
CXUS51 KBUF 011938
CLMBUF


CLIMATE REPORT
NATIONAL WEATHER SERVICE BUFFALO NY
338 PM EDT WED JUN 1 2016

...................................

...THE BUFFALO NY CLIMATE SUMMARY FOR THE MONTH OF MAY 2016...

CLIMATE NORMAL PERIOD 1981 TO 2010
CLIMATE RECORD PERIOD 1871 TO 2016

WEATHER         OBSERVED          NORMAL  DEPART  LAST YEAR`S
                 VALUE   DATE(S)  VALUE   FROM    VALUE  DATE(S)
                                          NORMAL
................................................................
TEMPERATURE (F)
RECORD
 HIGH              94   05/22/1911
 LOW               25   05/04/1926
HIGHEST            90   05/28                         89  05/09
LOWEST             38   05/16                         34  05/23
                        05/15
AVG. MAXIMUM     68.8              66.5     2.3     73.1
AVG. MINIMUM     49.0              47.4     1.6     52.2
MEAN             58.9              56.9     2.0     62.6
DAYS MAX >= 90      1               0.0     1.0        0
DAYS MAX <= 32      0               0.0     0.0        0
DAYS MIN <= 32      0               0.2    -0.2        0
DAYS MIN <= 0       0               0.0     0.0        0

PRECIPITATION (INCHES)
RECORD
 MAXIMUM         8.09   2011
 MINIMUM         0.53   1877
TOTALS           1.21              3.46   -2.25     3.50
DAYS >= .01         7                                  9
DAYS >= .10         3                                  4
DAYS >= .50         0                                  1
DAYS >= 1.00        0                                  1
GREATEST
 24 HR. TOTAL    0.41   05/13 TO 05/13           05/31 TO 05/31
                        05/12 TO 05/13                    05/31 TO 05/31
                        05/13 TO 05/13                    05/31 TO 05/31

SNOWFALL (INCHES)
RECORDS
 TOTAL            7.9   1989
TOTALS              T               0.3    -0.3      0.0
SINCE 7/1        55.1              94.7   -39.6
SNOWDEPTH AVG.      0                MM      MM        0
DAYS >= 1.0         0               0.0     0.0        0
GREATEST
 SNOW DEPTH         0   MM                             0  MM
 24 HR TOTAL        T   05/15 TO 05/15

DEGREE_DAYS
HEATING TOTAL     237               272     -35      158
 SINCE 7/1       5595              6553    -958     6978
COOLING TOTAL      59                23      36       91
 SINCE 1/1         59                26      33       91
..................................................

WIND (MPH)
AVERAGE WIND SPEED              8.8
HIGHEST WIND SPEED/DIRECTION    35/230
HIGHEST GUST SPEED/DIRECTION    47/230    DATE  05/14

SKY COVER
POSSIBLE SUNSHINE (PERCENT)   MM
NUMBER OF DAYS FAIR            3
NUMBER OF DAYS PC             22
NUMBER OF DAYS CLOUDY          6

AVERAGE RH (PERCENT)     62

WEATHER CONDITIONS. NUMBER OF DAYS WITH
THUNDERSTORM              0     MIXED PRECIP               0
HEAVY RAIN                1     RAIN                       2
LIGHT RAIN               10     FREEZING RAIN              0
LT FREEZING RAIN          0     HAIL                       0
HEAVY SNOW                0     SNOW                       0
LIGHT SNOW                0     SLEET                      0
FOG                       6     FOG W/VIS <= 1/4 MILE      1
HAZE                      3

-  INDICATES NEGATIVE NUMBERS.
R  INDICATES RECORD WAS SET OR TIED.
MM INDICATES DATA IS MISSING.
T  INDICATES TRACE AMOUNT.

$$
