015
CXUS51 KBUF 011747
CLMBUF


CLIMATE REPORT
NATIONAL WEATHER SERVICE BUFFALO NY
113 PM EDT TUE AUG 1 2017

...................................

...THE BUFFALO NY CLIMATE SUMMARY FOR THE MONTH OF JULY 2017...

CLIMATE NORMAL PERIOD 1981 TO 2010
CLIMATE RECORD PERIOD 1871 TO 2017

WEATHER         OBSERVED          NORMAL  DEPART  LAST YEAR`S
                 VALUE   DATE(S)  VALUE   FROM    VALUE  DATE(S)
                                          NORMAL
................................................................
TEMPERATURE (F)
RECORD
 HIGH              97   07/15/1995
                        07/06/1988
 LOW               43   07/11/1945
HIGHEST            87   07/05                         91  07/23
LOWEST             54   07/26                         55  07/20
                                                          07/02
AVG. MAXIMUM     79.0              79.9    -0.9     82.8
AVG. MINIMUM     62.3              62.3     0.0     65.4
MEAN             70.7              71.2    -0.5     74.1
DAYS MAX >= 90      0               1.1    -1.1        2
DAYS MAX <= 32      0               0.0     0.0        0
DAYS MIN <= 32      0               0.0     0.0        0
DAYS MIN <= 0       0               0.0     0.0        0

PRECIPITATION (INCHES)
RECORD
 MAXIMUM         8.93   1992
 MINIMUM         0.15   1933
TOTALS           4.65              3.23    1.42     1.80
DAYS >= .01        16                                  5
DAYS >= .10         6                                  2
DAYS >= .50         2                                  2
DAYS >= 1.00        2                                  1
GREATEST
 24 HR. TOTAL    2.29   07/13 TO 07/13

SNOWFALL (INCHES)
RECORDS
 TOTAL             MM   MM
TOTALS            0.0               0.0     0.0      0.0
SINCE 7/1         0.0               0.0     0.0
SNOWDEPTH AVG.      0                MM      MM        0
DAYS >= 1.0         0               0.0     0.0        0
GREATEST
 SNOW DEPTH         0   MM                             0  MM
 24 HR TOTAL      0.0

DEGREE_DAYS
HEATING TOTAL       1                 9      -8        0
 SINCE 7/1          1                 9      -8        0
COOLING TOTAL     183               197     -14      293
 SINCE 1/1        333               326       7      480
..................................................

WIND (MPH)
AVERAGE WIND SPEED              8.3
HIGHEST WIND SPEED/DIRECTION    26/240    DATE  07/02
HIGHEST GUST SPEED/DIRECTION    35/250    DATE  07/09, 07/02

SKY COVER
POSSIBLE SUNSHINE (PERCENT)   MM
NUMBER OF DAYS FAIR            5
NUMBER OF DAYS PC             18
NUMBER OF DAYS CLOUDY          8

AVERAGE RH (PERCENT)     73

WEATHER CONDITIONS. NUMBER OF DAYS WITH
THUNDERSTORM              7     MIXED PRECIP               0
HEAVY RAIN                5     RAIN                       4
LIGHT RAIN               14     FREEZING RAIN              0
LT FREEZING RAIN          0     HAIL                       0
HEAVY SNOW                0     SNOW                       0
LIGHT SNOW                0     SLEET                      0
FOG                      17     FOG W/VIS <= 1/4 MILE      1
HAZE                      4

-  INDICATES NEGATIVE NUMBERS.
R  INDICATES RECORD WAS SET OR TIED.
MM INDICATES DATA IS MISSING.
T  INDICATES TRACE AMOUNT.

$$
