000
CXUS51 KBUF 020026
CLMBUF


CLIMATE REPORT
NATIONAL WEATHER SERVICE BUFFALO NY
607 PM EDT MON JUN 1 2015

...................................

...THE BUFFALO NY CLIMATE SUMMARY FOR THE MONTH OF MAY 2015...

CLIMATE NORMAL PERIOD 1981 TO 2010
CLIMATE RECORD PERIOD 1871 TO 2015

WEATHER         OBSERVED          NORMAL  DEPART  LAST YEAR`S
                 VALUE   DATE(S)  VALUE   FROM    VALUE  DATE(S)
                                          NORMAL
................................................................
TEMPERATURE (F)
RECORD
 HIGH              94   05/22/1911
 LOW               25   05/04/1926
HIGHEST            89   05/09                         85  05/13
LOWEST             34   05/23                         37  05/05
AVG. MAXIMUM     73.1              66.5     6.6     66.7
AVG. MINIMUM     52.2              47.4     4.8     48.6
MEAN             62.6              56.9     5.7     57.7
DAYS MAX >= 90      0               0.0     0.0        0
DAYS MAX <= 32      0               0.0     0.0        0
DAYS MIN <= 32      0               0.2    -0.2        0
DAYS MIN <= 0       0               0.0     0.0        0

PRECIPITATION (INCHES)
RECORD
 MAXIMUM         8.09   2011
 MINIMUM         0.53   1877
TOTALS           3.50              3.46    0.04     3.12
DAYS >= .01         9                                 14
DAYS >= .10         4                                  8
DAYS >= .50         1                                  2
DAYS >= 1.00        1                                  0
GREATEST
 24 HR. TOTAL    2.44   05/31 TO 05/31

SNOWFALL (INCHES)
RECORDS
 TOTAL            7.9   1989
TOTALS            0.0               0.3    -0.3      0.0
SINCE 7/1       112.9              94.7    18.2
SNOWDEPTH AVG.      0                MM      MM        0
DAYS >= 1.0         0               0.0     0.0        0
GREATEST
 SNOW DEPTH         0   MM                             0  MM
 24 HR TOTAL      0.0   05/31 TO 05/31

DEGREE_DAYS
HEATING TOTAL     158               272    -114      242
 SINCE 7/1       6978              6553     425     7097
COOLING TOTAL      91                23      68       23
 SINCE 1/1         91                26      65       23
..................................................

WIND (MPH)
AVERAGE WIND SPEED              10.0
HIGHEST WIND SPEED/DIRECTION    31/280    DATE  05/27
HIGHEST GUST SPEED/DIRECTION    41/280    DATE  05/27

SKY COVER
POSSIBLE SUNSHINE (PERCENT)   MM
NUMBER OF DAYS FAIR            4
NUMBER OF DAYS PC             20
NUMBER OF DAYS CLOUDY          7

AVERAGE RH (PERCENT)     64

WEATHER CONDITIONS. NUMBER OF DAYS WITH
THUNDERSTORM              3     MIXED PRECIP               0
HEAVY RAIN                3     RAIN                       4
LIGHT RAIN               12     FREEZING RAIN              0
LT FREEZING RAIN          0     HAIL                       0
HEAVY SNOW                0     SNOW                       0
LIGHT SNOW                0     SLEET                      0
FOG                      15     FOG W/VIS <= 1/4 MILE      1
HAZE                      6

-  INDICATES NEGATIVE NUMBERS.
R  INDICATES RECORD WAS SET OR TIED.
MM INDICATES DATA IS MISSING.
T  INDICATES TRACE AMOUNT.

$$
