872
CXUS51 KBUF 011125
CLMBUF


CLIMATE REPORT
NATIONAL WEATHER SERVICE BUFFALO NY
725 AM EDT TUE NOV 1 2016

...................................

...THE BUFFALO NY CLIMATE SUMMARY FOR THE MONTH OF OCTOBER 2016...

CLIMATE NORMAL PERIOD 1981 TO 2010
CLIMATE RECORD PERIOD 1871 TO 2016

WEATHER         OBSERVED          NORMAL  DEPART  LAST YEAR`S
                 VALUE   DATE(S)  VALUE   FROM    VALUE  DATE(S)
                                          NORMAL
................................................................
TEMPERATURE (F)
RECORD
 HIGH              92   10/02/1927
 LOW               20   10/29/1965
HIGHEST            77   10/06                         76  10/12
LOWEST             32   10/31                         30  10/19
AVG. MAXIMUM     62.6              59.0     3.6     59.3
AVG. MINIMUM     46.2              42.7     3.5     43.5
MEAN             54.4              50.8     3.6     51.4
DAYS MAX >= 90      0               0.0     0.0        0
DAYS MAX <= 32      0               0.0     0.0        0
DAYS MIN <= 32      1               2.3    -1.3        1
DAYS MIN <= 0       0               0.0     0.0        0

PRECIPITATION (INCHES)
RECORD
 MAXIMUM         9.13   1954
 MINIMUM         0.08   1924
TOTALS           4.41              3.52    0.89     3.81
DAYS >= .01        13                                 15
DAYS >= .10         8                                  8
DAYS >= .50         3                                  2
DAYS >= 1.00        2                                  1
GREATEST
 24 HR. TOTAL    1.47   10/20 TO 10/21           10/28 TO 10/29
                                                          10/18 TO 10/18
                                                          10/18 TO 10/18

SNOWFALL (INCHES)
RECORDS
 TOTAL           22.6   2006
TOTALS              T               0.9    -0.9        T
SINCE 7/1           T               0.9    -0.9
SNOWDEPTH AVG.      0                MM      MM        0
DAYS >= 1.0         0               0.1    -0.1        0
GREATEST
 SNOW DEPTH         0   MM                             0  MM
 24 HR TOTAL        T   10/27 TO 10/27

DEGREE_DAYS
HEATING TOTAL     335               443    -108      416
 SINCE 7/1        379               605    -226      486
COOLING TOTAL      12                 4       8        1
 SINCE 1/1        939               544     395      657
.........................................................

WIND (MPH)
AVERAGE WIND SPEED              8.9
HIGHEST WIND SPEED/DIRECTION    31/230
HIGHEST GUST SPEED/DIRECTION    43/250    DATE  10/29

SKY COVER
POSSIBLE SUNSHINE (PERCENT)   MM
NUMBER OF DAYS FAIR            6
NUMBER OF DAYS PC             12
NUMBER OF DAYS CLOUDY         13

AVERAGE RH (PERCENT)     72

WEATHER CONDITIONS. NUMBER OF DAYS WITH
THUNDERSTORM              0     MIXED PRECIP               0
HEAVY RAIN                5     RAIN                      10
LIGHT RAIN               16     FREEZING RAIN              0
LT FREEZING RAIN          0     HAIL                       0
HEAVY SNOW                0     SNOW                       2
LIGHT SNOW                2     SLEET                      0
FOG                      15     FOG W/VIS <= 1/4 MILE      0
HAZE                      1

-  INDICATES NEGATIVE NUMBERS.
R  INDICATES RECORD WAS SET OR TIED.
MM INDICATES DATA IS MISSING.
T  INDICATES TRACE AMOUNT.

$$
