000
CXUS51 KBUF 021223
CLMBUF


CLIMATE REPORT
NATIONAL WEATHER SERVICE BUFFALO NY
822 AM EDT TUE MAY 2 2017

...................................

...THE BUFFALO NY CLIMATE SUMMARY FOR THE MONTH OF APRIL 2017...

CLIMATE NORMAL PERIOD 1981 TO 2010
CLIMATE RECORD PERIOD 1871 TO 2017

WEATHER         OBSERVED          NORMAL  DEPART  LAST YEAR`S
                 VALUE   DATE(S)  VALUE   FROM    VALUE  DATE(S)
                                          NORMAL
................................................................
TEMPERATURE (F)
RECORD
 HIGH              94   04/28/1990
 LOW                5   04/01/1923
HIGHEST            85   04/27                         74  04/17
LOWEST             31   04/08                         17  04/05
AVG. MAXIMUM     60.3              55.0     5.3     52.3
AVG. MINIMUM     40.8              36.8     4.0     33.9
MEAN             50.5              45.9     4.6     43.1
DAYS MAX >= 90      0               0.0     0.0        0
DAYS MAX <= 32      0               0.5    -0.5        2
DAYS MIN <= 32      2               8.5    -6.5       12
DAYS MIN <= 0       0               0.0     0.0        0

PRECIPITATION (INCHES)
RECORD
 MAXIMUM         6.38   2017
 MINIMUM         0.59   1915
TOTALS           6.38              3.01    3.37     1.90
DAYS >= .01        13                                 11
DAYS >= .10         8                                  7
DAYS >= .50         3                                  0
DAYS >= 1.00        3                                  0
GREATEST
 24 HR. TOTAL    1.95   04/20 TO 04/20

SNOWFALL (INCHES)
RECORDS
 TOTAL           15.7   1885
TOTALS            2.3               2.7    -0.4      7.1
SINCE 7/1        76.1              94.4   -18.3
SNOWDEPTH AVG.      0                MM      MM    999999
DAYS >= 1.0         1               0.8     0.2        3
GREATEST
 SNOW DEPTH         1   04/08                          2  04/05
                        04/07                             04/04
 24 HR TOTAL      2.3   04/06 TO 04/07

DEGREE_DAYS
HEATING TOTAL     432               576    -144      648
 SINCE 7/1       5308              6281    -973     5358
COOLING TOTAL       6                 3       3        0
 SINCE 1/1          6                 3       3        0
.....................................................

WIND (MPH)
AVERAGE WIND SPEED              10.7
HIGHEST WIND SPEED/DIRECTION    40/260
HIGHEST GUST SPEED/DIRECTION    53/260    DATE  04/16

SKY COVER
POSSIBLE SUNSHINE (PERCENT)   MM
NUMBER OF DAYS FAIR            3
NUMBER OF DAYS PC             11
NUMBER OF DAYS CLOUDY         16

AVERAGE RH (PERCENT)     68

WEATHER CONDITIONS. NUMBER OF DAYS WITH
THUNDERSTORM              4     MIXED PRECIP               0
HEAVY RAIN                7     RAIN                       6
LIGHT RAIN               15     FREEZING RAIN              0
LT FREEZING RAIN          0     HAIL                       0
HEAVY SNOW                0     SNOW                       0
LIGHT SNOW                2     SLEET                      0
FOG                      12     FOG W/VIS <= 1/4 MILE      1
HAZE                      1

-  INDICATES NEGATIVE NUMBERS.
R  INDICATES RECORD WAS SET OR TIED.
MM INDICATES DATA IS MISSING.
T  INDICATES TRACE AMOUNT.

$$
