000
CXUS51 KBUF 011259
CLMBUF


CLIMATE REPORT
NATIONAL WEATHER SERVICE BUFFALO NY
757 AM EST WED FEB 1 2017

...................................

...THE BUFFALO NY CLIMATE SUMMARY FOR THE MONTH OF JANUARY 2017...

CLIMATE NORMAL PERIOD 1981 TO 2010
CLIMATE RECORD PERIOD 1871 TO 2017

WEATHER         OBSERVED          NORMAL  DEPART  LAST YEAR`S
                 VALUE   DATE(S)  VALUE   FROM    VALUE  DATE(S)
                                          NORMAL
................................................................
TEMPERATURE (F)
RECORD
 HIGH              72   01/25/1950
 LOW              -16   01/17/1982
HIGHEST            60   01/21                         57  01/31
LOWEST              5   01/07                          6  01/05
AVG. MAXIMUM     36.8              31.2     5.6     33.9
AVG. MINIMUM     25.3              18.5     6.8     19.9
MEAN             31.0              24.9     6.1     26.9
DAYS MAX >= 90      0               0.0     0.0        0
DAYS MAX <= 32     11              17.0    -6.0       15
DAYS MIN <= 32     21              27.4    -6.4       28
DAYS MIN <= 0       0               1.8    -1.8        0

PRECIPITATION (INCHES)
RECORD
 MAXIMUM         6.88   1982
 MINIMUM         0.89   1921
TOTALS           2.92              3.18   -0.26     1.81
DAYS >= .01        17                                 18
DAYS >= .10        10                                  7
DAYS >= .50         2                                  0
DAYS >= 1.00        0                                  0
GREATEST
 24 HR. TOTAL    0.70   01/17 TO 01/18

SNOWFALL (INCHES)
RECORDS
 TOTAL           68.3   1977
TOTALS           11.0              25.3   -14.3     25.6
SINCE 7/1        42.0              61.5   -19.5
SNOWDEPTH AVG.      1                 5      -4        2
DAYS >= 1.0         3               7.3    -4.3        6
GREATEST
 SNOW DEPTH         5   01/29                         10  01/14
 24 HR TOTAL      5.6   01/28 TO 01/28

DEGREE_DAYS
HEATING TOTAL    1045              1244    -199     1173
 SINCE 7/1       3055              3659    -604     2920
COOLING TOTAL       0                 0       0        0
 SINCE 1/1          0                 0       0        0
.................................................

WIND (MPH)
AVERAGE WIND SPEED              11.1
HIGHEST WIND SPEED/DIRECTION    46/240
HIGHEST GUST SPEED/DIRECTION    60/230    DATE  01/11

SKY COVER
POSSIBLE SUNSHINE (PERCENT)   MM
NUMBER OF DAYS FAIR            1
NUMBER OF DAYS PC              7
NUMBER OF DAYS CLOUDY         23

AVERAGE RH (PERCENT)     75

WEATHER CONDITIONS. NUMBER OF DAYS WITH
THUNDERSTORM              0     MIXED PRECIP               0
HEAVY RAIN                2     RAIN                       7
LIGHT RAIN               16     FREEZING RAIN              0
LT FREEZING RAIN          1     HAIL                       0
HEAVY SNOW                2     SNOW                       7
LIGHT SNOW               17     SLEET                      1
FOG                      19     FOG W/VIS <= 1/4 MILE      5
HAZE                      4

-  INDICATES NEGATIVE NUMBERS.
R  INDICATES RECORD WAS SET OR TIED.
MM INDICATES DATA IS MISSING.
T  INDICATES TRACE AMOUNT.

$$
