000
CXUS51 KBUF 011755
CLMBUF


CLIMATE REPORT
NATIONAL WEATHER SERVICE BUFFALO NY
142 PM EDT THU JUN 1 2017

...................................

...THE BUFFALO NY CLIMATE SUMMARY FOR THE MONTH OF MAY 2017...

CLIMATE NORMAL PERIOD 1981 TO 2010
CLIMATE RECORD PERIOD 1871 TO 2017

WEATHER         OBSERVED          NORMAL  DEPART  LAST YEAR`S
                 VALUE   DATE(S)  VALUE   FROM    VALUE  DATE(S)
                                          NORMAL
................................................................
TEMPERATURE (F)
RECORD
 HIGH              94   05/22/1911
 LOW               25   05/04/1926
HIGHEST            83   05/18                         90  05/28
LOWEST             34   05/09                         38  05/16
                        05/08                             05/15
AVG. MAXIMUM     63.9              66.5    -2.6     68.8
AVG. MINIMUM     48.3              47.4     0.9     49.0
MEAN             56.1              56.9    -0.8     58.9
DAYS MAX >= 90      0               0.0     0.0        1
DAYS MAX <= 32      0               0.0     0.0        0
DAYS MIN <= 32      0               0.2    -0.2        0
DAYS MIN <= 0       0               0.0     0.0        0

PRECIPITATION (INCHES)
RECORD
 MAXIMUM         8.09   2011
 MINIMUM         0.53   1877
TOTALS           6.35              3.46    2.89     1.21
DAYS >= .01        14                                  7
DAYS >= .10        10                                  3
DAYS >= .50         3                                  0
DAYS >= 1.00        3                                  0
GREATEST
 24 HR. TOTAL    1.79   05/25 TO 05/25

SNOWFALL (INCHES)
RECORDS
 TOTAL            7.9   1989
TOTALS            0.0               0.3    -0.3        T
SINCE 7/1        76.1              94.7   -18.6
SNOWDEPTH AVG.      0                MM      MM        0
DAYS >= 1.0         0               0.0     0.0        0
GREATEST
 SNOW DEPTH         0   MM                             0  MM
 24 HR TOTAL      0.0

DEGREE_DAYS
HEATING TOTAL     286               272      14      237
 SINCE 7/1       5594              6553    -959     5595
COOLING TOTAL      21                23      -2       59
 SINCE 1/1         27                26       1       59
....................................................

WIND (MPH)
AVERAGE WIND SPEED              10.4
HIGHEST WIND SPEED/DIRECTION    33/240    DATE  05/02
HIGHEST GUST SPEED/DIRECTION    51/230    DATE  05/01

SKY COVER
POSSIBLE SUNSHINE (PERCENT)   MM
NUMBER OF DAYS FAIR            1
NUMBER OF DAYS PC             12
NUMBER OF DAYS CLOUDY         18

AVERAGE RH (PERCENT)     68

WEATHER CONDITIONS. NUMBER OF DAYS WITH
THUNDERSTORM              5     MIXED PRECIP               0
HEAVY RAIN                6     RAIN                       7
LIGHT RAIN               18     FREEZING RAIN              0
LT FREEZING RAIN          0     HAIL                       1
HEAVY SNOW                0     SNOW                       0
LIGHT SNOW                0     SLEET                      0
FOG                      11     FOG W/VIS <= 1/4 MILE      2
HAZE                      1

-  INDICATES NEGATIVE NUMBERS.
R  INDICATES RECORD WAS SET OR TIED.
MM INDICATES DATA IS MISSING.
T  INDICATES TRACE AMOUNT.

$$
