000
CXUS51 KBUF 011646
CLMBUF


CLIMATE REPORT
NATIONAL WEATHER SERVICE BUFFALO NY
1221 PM EDT SUN JUN 1 2014

...................................

...THE BUFFALO NY CLIMATE SUMMARY FOR THE MONTH OF MAY 2014...

CLIMATE NORMAL PERIOD 1981 TO 2010
CLIMATE RECORD PERIOD 1871 TO 2014

WEATHER         OBSERVED          NORMAL  DEPART  LAST YEAR`S
                 VALUE   DATE(S)  VALUE   FROM    VALUE  DATE(S)
                                          NORMAL
................................................................
TEMPERATURE (F)
RECORD
 HIGH              94   05/22/1911
 LOW               25   05/04/1926
HIGHEST            85   05/13                         86  05/31
LOWEST             37   05/05                         34  05/13
AVG. MAXIMUM     66.7              66.5     0.2     71.6
AVG. MINIMUM     48.6              47.4     1.2     51.2
MEAN             57.7              56.9     0.8     61.4
DAYS MAX >= 90      0               0.0     0.0        0
DAYS MAX <= 32      0               0.0     0.0        0
DAYS MIN <= 32      0               0.2    -0.2        0
DAYS MIN <= 0       0               0.0     0.0        0

PRECIPITATION (INCHES)
RECORD
 MAXIMUM         8.09   2011
 MINIMUM         0.53   1877
TOTALS           3.12              3.46   -0.34     3.57
DAYS >= .01        14                                 12
DAYS >= .10         8                                  7
DAYS >= .50         2                                  2
DAYS >= 1.00        0                                  1
GREATEST
 24 HR. TOTAL    0.85   05/15 TO 05/16           05/28 TO 05/29
                                                          05/13 TO 05/13
                                                          05/13 TO 05/13

SNOWFALL (INCHES)
RECORDS
 TOTAL            7.9   1989
TOTALS            0.0               0.3    -0.3        T
SINCE 7/1       129.9              94.7    35.2
SNOWDEPTH AVG.      0                MM      MM        0
DAYS >= 1.0         0               0.0     0.0        0
GREATEST
 SNOW DEPTH         0   MM                             0  MM
 24 HR TOTAL      0.0   05/31 TO 05/31

DEGREE_DAYS
HEATING TOTAL     242               272     -30      174
 SINCE 7/1       7097              6553     544     6032
COOLING TOTAL      23                23       0       71
 SINCE 1/1         23                26      -3       71
....................................................

WIND (MPH)
AVERAGE WIND SPEED              10.0
HIGHEST WIND SPEED/DIRECTION    33/260    DATE  05/09
HIGHEST GUST SPEED/DIRECTION    44/260    DATE  05/09

SKY COVER
POSSIBLE SUNSHINE (PERCENT)   59
NUMBER OF DAYS FAIR            6
NUMBER OF DAYS PC             12
NUMBER OF DAYS CLOUDY         13

AVERAGE RH (PERCENT)     70

WEATHER CONDITIONS. NUMBER OF DAYS WITH
THUNDERSTORM              5     MIXED PRECIP               0
HEAVY RAIN                4     RAIN                       6
LIGHT RAIN               17     FREEZING RAIN              0
LT FREEZING RAIN          0     HAIL                       0
HEAVY SNOW                0     SNOW                       0
LIGHT SNOW                0     SLEET                      0
FOG                      17     FOG W/VIS <= 1/4 MILE      0
HAZE                      2

-  INDICATES NEGATIVE NUMBERS.
R  INDICATES RECORD WAS SET OR TIED.
MM INDICATES DATA IS MISSING.
T  INDICATES TRACE AMOUNT.

$$
