000
CXUS51 KBUF 011915
CLMBUF


CLIMATE REPORT
NATIONAL WEATHER SERVICE BUFFALO NY
315 PM EDT THU OCT 1 2015

...................................

...THE BUFFALO NY CLIMATE SUMMARY FOR THE MONTH OF SEPTEMBER 2015...

CLIMATE NORMAL PERIOD 1981 TO 2010
CLIMATE RECORD PERIOD 1871 TO 2015

WEATHER         OBSERVED          NORMAL  DEPART  LAST YEAR`S
                 VALUE   DATE(S)  VALUE   FROM    VALUE  DATE(S)
                                          NORMAL
................................................................
TEMPERATURE (F)
RECORD
 HIGH              98   09/03/1953
 LOW               32   09/30/1991
                        09/24/1963
                        09/28/1957
HIGHEST            88   09/08                         86  09/05
                        09/05
LOWEST             47   09/30                         41  09/19
                        09/21
AVG. MAXIMUM     76.3              71.1     5.2     72.6
AVG. MINIMUM     58.2              53.4     4.8     53.8
MEAN             67.3              62.2     5.1     63.2
DAYS MAX >= 90      0               0.1    -0.1        0
DAYS MAX <= 32      0               0.0     0.0        0
DAYS MIN <= 32      0               0.0     0.0        0
DAYS MIN <= 0       0               0.0     0.0        0

PRECIPITATION (INCHES)
RECORD
 MAXIMUM         8.99   1977
 MINIMUM         0.31   1897
TOTALS           4.29              3.90    0.39     3.13
DAYS >= .01         9                                 11
DAYS >= .10         8                                  6
DAYS >= .50         2                                  3
DAYS >= 1.00        2                                  1
GREATEST
 24 HR. TOTAL    1.87   09/12 TO 09/13           09/05 TO 09/06
                                                          09/30 TO 09/30
                                                          09/30 TO 09/30

SNOWFALL (INCHES)
RECORDS
 TOTAL              T   1956
                        1950
TOTALS            0.0               0.0     0.0      0.0
SINCE 7/1         0.0               0.0     0.0
SNOWDEPTH AVG.      0                MM      MM        0
DAYS >= 1.0         0               0.0     0.0        0
GREATEST
 SNOW DEPTH         0   MM                             0  MM
 24 HR TOTAL      0.0   09/29 TO 09/29

DEGREE_DAYS
HEATING TOTAL      55               135     -80      108
 SINCE 7/1         70               162     -92      130
COOLING TOTAL     131                53      78       61
 SINCE 1/1        656               540     116      507
.................................................

WIND (MPH)
AVERAGE WIND SPEED              8.0
HIGHEST WIND SPEED/DIRECTION    28/230
HIGHEST GUST SPEED/DIRECTION    39/220    DATE  09/19

SKY COVER
POSSIBLE SUNSHINE (PERCENT)   MM
NUMBER OF DAYS FAIR           11
NUMBER OF DAYS PC             13
NUMBER OF DAYS CLOUDY          6

AVERAGE RH (PERCENT)     70

WEATHER CONDITIONS. NUMBER OF DAYS WITH
THUNDERSTORM              0     MIXED PRECIP               0
HEAVY RAIN                5     RAIN                       4
LIGHT RAIN               11     FREEZING RAIN              0
LT FREEZING RAIN          0     HAIL                       0
HEAVY SNOW                0     SNOW                       0
LIGHT SNOW                0     SLEET                      0
FOG                      12     FOG W/VIS <= 1/4 MILE      0
HAZE                      6

-  INDICATES NEGATIVE NUMBERS.
R  INDICATES RECORD WAS SET OR TIED.
MM INDICATES DATA IS MISSING.
T  INDICATES TRACE AMOUNT.

$$
