000
CXUS51 KBUF 012052
CLMBUF


CLIMATE REPORT
NATIONAL WEATHER SERVICE BUFFALO NY
451 PM EDT FRI MAY 1 2015

...................................

...THE BUFFALO NY CLIMATE SUMMARY FOR THE MONTH OF APRIL 2015...

CLIMATE NORMAL PERIOD 1981 TO 2010
CLIMATE RECORD PERIOD 1871 TO 2015

WEATHER         OBSERVED          NORMAL  DEPART  LAST YEAR`S
                 VALUE   DATE(S)  VALUE   FROM    VALUE  DATE(S)
                                          NORMAL
................................................................
TEMPERATURE (F)
RECORD
 HIGH              94   04/28/1990
 LOW                5   04/01/1923
HIGHEST            78   04/13                         76  04/14
LOWEST             25   04/01                         24  04/16
                                                          04/15
AVG. MAXIMUM     55.4              55.0     0.4     56.0
AVG. MINIMUM     36.1              36.8    -0.7     35.5
MEAN             45.8              45.9    -0.1     45.8
DAYS MAX >= 90      0               0.0     0.0        0
DAYS MAX <= 32      0               0.5    -0.5        0
DAYS MIN <= 32      7               8.5    -1.5       10
DAYS MIN <= 0       0               0.0     0.0        0

PRECIPITATION (INCHES)
RECORD
 MAXIMUM         5.90   1961
 MINIMUM         0.59   1915
TOTALS           2.70              3.01   -0.31     5.08
DAYS >= .01        15                                 16
DAYS >= .10        10                                 11
DAYS >= .50         0                                  2
DAYS >= 1.00        0                                  0
GREATEST
 24 HR. TOTAL    0.49   04/19 TO 04/20           04/07 TO 04/08
                                                          04/15 TO 04/15
                                                          04/15 TO 04/15

SNOWFALL (INCHES)
RECORDS
 TOTAL           15.7   1885
TOTALS            0.3               2.7    -2.4      1.2
SINCE 7/1       112.9              94.4    18.5
SNOWDEPTH AVG.      0                MM      MM        0
DAYS >= 1.0         0               0.8    -0.8        1
GREATEST
 SNOW DEPTH         0   MM                            -1  04/05
 24 HR TOTAL      0.3   MM

DEGREE_DAYS
HEATING TOTAL     570               576      -6      571
 SINCE 7/1       6820              6281     539     6855
COOLING TOTAL       0                 3      -3        0
 SINCE 1/1          0                 3      -3        0
......................................................

WIND (MPH)
AVERAGE WIND SPEED              11.1
HIGHEST WIND SPEED/DIRECTION    40/240
HIGHEST GUST SPEED/DIRECTION    62/250    DATE  04/10

SKY COVER
POSSIBLE SUNSHINE (PERCENT)   MM
NUMBER OF DAYS FAIR            5
NUMBER OF DAYS PC             10
NUMBER OF DAYS CLOUDY         15

AVERAGE RH (PERCENT)     66

WEATHER CONDITIONS. NUMBER OF DAYS WITH
THUNDERSTORM              0     MIXED PRECIP               0
HEAVY RAIN                4     RAIN                      11
LIGHT RAIN               18     FREEZING RAIN              0
LT FREEZING RAIN          0     HAIL                       0
HEAVY SNOW                0     SNOW                       2
LIGHT SNOW                5     SLEET                      0
FOG                      18     FOG W/VIS <= 1/4 MILE      2
HAZE                      6

-  INDICATES NEGATIVE NUMBERS.
R  INDICATES RECORD WAS SET OR TIED.
MM INDICATES DATA IS MISSING.
T  INDICATES TRACE AMOUNT.

$$
