000
CXUS51 KBUF 011845
CLMBUF


CLIMATE REPORT
NATIONAL WEATHER SERVICE BUFFALO NY
1205 PM EDT FRI JUL 1 2016

...................................

...THE BUFFALO NY CLIMATE SUMMARY FOR THE MONTH OF JUNE 2016...

CLIMATE NORMAL PERIOD 1981 TO 2010
CLIMATE RECORD PERIOD 1871 TO 2016

WEATHER         OBSERVED          NORMAL  DEPART  LAST YEAR`S
                 VALUE   DATE(S)  VALUE   FROM    VALUE  DATE(S)
                                          NORMAL
................................................................
TEMPERATURE (F)
RECORD
 HIGH              97   06/29/1933
 LOW               36   06/11/1972
HIGHEST            90   06/26                         84  06/12
LOWEST             44   06/10                         45  06/03
                                                          06/01
AVG. MAXIMUM     77.8              75.3     2.5     73.8
AVG. MINIMUM     57.4              57.3     0.1     57.4
MEAN             67.6              66.3     1.3     65.6
DAYS MAX >= 90      1               0.5     0.5        0
DAYS MAX <= 32      0               0.0     0.0        0
DAYS MIN <= 32      0               0.0     0.0        0
DAYS MIN <= 0       0               0.0     0.0        0

PRECIPITATION (INCHES)
RECORD
 MAXIMUM         9.67   1928
 MINIMUM         0.11   1955
TOTALS           1.31              3.66   -2.35     5.03
DAYS >= .01         9                                 16
DAYS >= .10         5                                  9
DAYS >= .50         0                                  4
DAYS >= 1.00        0                                  1
GREATEST
 24 HR. TOTAL    0.41   06/20 TO 06/20

SNOWFALL (INCHES)
RECORDS
 TOTAL             MM   MM
TOTALS            0.0               0.0     0.0      0.0
SINCE 7/1        55.1              94.7   -39.6
SNOWDEPTH AVG.      0                MM      MM        0
DAYS >= 1.0         0               0.0     0.0        0
GREATEST
 SNOW DEPTH         0   MM                             0  MM
 24 HR TOTAL      0.0   06/30 TO 06/30

DEGREE_DAYS
HEATING TOTAL      42                64     -22       50
 SINCE 7/1       5637              6617    -980     7028
COOLING TOTAL     128               103      25       76
 SINCE 1/1        187               129      58      167
.................................................

WIND (MPH)
AVERAGE WIND SPEED              9.6
HIGHEST WIND SPEED/DIRECTION    31/260    DATE  06/20
HIGHEST GUST SPEED/DIRECTION    42/250    DATE  06/20

SKY COVER
POSSIBLE SUNSHINE (PERCENT)   MM
NUMBER OF DAYS FAIR            5
NUMBER OF DAYS PC             22
NUMBER OF DAYS CLOUDY          3

AVERAGE RH (PERCENT)     58

WEATHER CONDITIONS. NUMBER OF DAYS WITH
THUNDERSTORM              3     MIXED PRECIP               0
HEAVY RAIN                3     RAIN                       2
LIGHT RAIN               12     FREEZING RAIN              0
LT FREEZING RAIN          0     HAIL                       0
HEAVY SNOW                0     SNOW                       0
LIGHT SNOW                0     SLEET                      0
FOG                       7     FOG W/VIS <= 1/4 MILE      0
HAZE                      3

-  INDICATES NEGATIVE NUMBERS.
R  INDICATES RECORD WAS SET OR TIED.
MM INDICATES DATA IS MISSING.
T  INDICATES TRACE AMOUNT.

$$
